Current File : /home/tsgmexic/logs/4piecommx.tsgmexico.com.mx-ssl_log.bkup |
40.77.167.158 - - [07/Jun/2025:06:00:53 -0600] "GET /65970899104924 HTTP/1.1" 200 149128 "-" "Mozilla/5.0 AppleWebKit/537.36 (KHTML, like Gecko; compatible; bingbot/2.0; +http://www.bing.com/bingbot.htm) Chrome/116.0.1938.76 Safari/537.36"
40.77.167.158 - - [07/Jun/2025:06:00:58 -0600] "GET /779485998538 HTTP/1.1" 200 148124 "-" "Mozilla/5.0 AppleWebKit/537.36 (KHTML, like Gecko; compatible; bingbot/2.0; +http://www.bing.com/bingbot.htm) Chrome/116.0.1938.76 Safari/537.36"
20.171.207.133 - - [07/Jun/2025:06:01:00 -0600] "GET /?aksi=ransom&path=%2Fhome%2Ftsgmexic%2F4pie.com.mx%2Fwp-content%2Fuploads%2Fgravity_forms%2Fa%2Fc%2Fa HTTP/1.1" 200 66818 "-" "Mozilla/5.0 AppleWebKit/537.36 (KHTML, like Gecko; compatible; GPTBot/1.2; +https://openai.com/gptbot)"
20.171.207.163 - - [07/Jun/2025:06:01:20 -0600] "GET /wp-content/plugins/h5jiz7ib/public/css/cf7-customizer-public.css?ver=1.0.01749297577 HTTP/1.1" 200 2026 "-" "Mozilla/5.0 AppleWebKit/537.36 (KHTML, like Gecko; compatible; GPTBot/1.2; +https://openai.com/gptbot)"
20.171.207.163 - - [07/Jun/2025:06:01:41 -0600] "GET /wp-content/plugins/h5jiz7ib/public/js/cf7-customizer-public.js?ver=1.0.01749297577 HTTP/1.1" 200 2498 "-" "Mozilla/5.0 AppleWebKit/537.36 (KHTML, like Gecko; compatible; GPTBot/1.2; +https://openai.com/gptbot)"
57.141.2.14 - - [07/Jun/2025:06:01:42 -0600] "GET /?filesrc=//usr/sbin/cfdisk&path=//usr/sbin HTTP/1.1" 200 56100 "-" "meta-externalagent/1.1 (+https://developers.facebook.com/docs/sharing/webmasters/crawler)"
40.77.167.158 - - [07/Jun/2025:06:01:44 -0600] "GET /18427699330997 HTTP/1.1" 200 149349 "-" "Mozilla/5.0 AppleWebKit/537.36 (KHTML, like Gecko; compatible; bingbot/2.0; +http://www.bing.com/bingbot.htm) Chrome/116.0.1938.76 Safari/537.36"
40.77.167.158 - - [07/Jun/2025:06:01:49 -0600] "GET /7928709970913 HTTP/1.1" 200 150693 "-" "Mozilla/5.0 AppleWebKit/537.36 (KHTML, like Gecko; compatible; bingbot/2.0; +http://www.bing.com/bingbot.htm) Chrome/116.0.1938.76 Safari/537.36"
20.171.207.133 - - [07/Jun/2025:06:02:13 -0600] "GET /?aksi=ransom&path=%2Fhome%2Ftsgmexic%2F4pie.com.mx%2Fwp-content%2Fuploads%2Fgravity_forms%2Fe%2Ff%2Ff HTTP/1.1" 200 67983 "-" "Mozilla/5.0 AppleWebKit/537.36 (KHTML, like Gecko; compatible; GPTBot/1.2; +https://openai.com/gptbot)"
20.171.207.133 - - [07/Jun/2025:06:02:31 -0600] "GET /?aksi=buatfile&path=%2Fhome%2Ftsgmexic%2F4pie.com.mx%2Fwp-content%2Fuploads%2Fgravity_forms%2Fh%2Fa%2Ff HTTP/1.1" 200 66820 "-" "Mozilla/5.0 AppleWebKit/537.36 (KHTML, like Gecko; compatible; GPTBot/1.2; +https://openai.com/gptbot)"
40.77.167.8 - - [07/Jun/2025:06:02:35 -0600] "GET /45236699429654 HTTP/1.1" 200 13 "-" "Mozilla/5.0 AppleWebKit/537.36 (KHTML, like Gecko; compatible; bingbot/2.0; +http://www.bing.com/bingbot.htm) Chrome/116.0.1938.76 Safari/537.36"
40.77.167.154 - - [07/Jun/2025:06:02:43 -0600] "GET /94939499136673 HTTP/1.1" 200 13 "-" "Mozilla/5.0 AppleWebKit/537.36 (KHTML, like Gecko; compatible; bingbot/2.0; +http://www.bing.com/bingbot.htm) Chrome/116.0.1938.76 Safari/537.36"
57.141.2.13 - - [07/Jun/2025:06:02:44 -0600] "GET /?filesrc=//usr/sbin/setsebool&path=//usr/sbin HTTP/1.1" 200 56106 "-" "meta-externalagent/1.1 (+https://developers.facebook.com/docs/sharing/webmasters/crawler)"
20.171.207.133 - - [07/Jun/2025:06:03:05 -0600] "GET /?aksi=buatfile&path=%2Fhome%2Ftsgmexic%2F4pie.com.mx%2Fwp-content%2Fuploads%2Fgravity_forms%2Fa%2Fc%2Fa HTTP/1.1" 200 66820 "-" "Mozilla/5.0 AppleWebKit/537.36 (KHTML, like Gecko; compatible; GPTBot/1.2; +https://openai.com/gptbot)"
20.171.207.133 - - [07/Jun/2025:06:03:20 -0600] "GET /?aksi=buatfile&path=%2Fhome%2Ftsgmexic%2F4pie.com.mx%2Fwp-content%2Fuploads%2Fgravity_forms%2Fe%2Fd%2Fc HTTP/1.1" 200 66820 "-" "Mozilla/5.0 AppleWebKit/537.36 (KHTML, like Gecko; compatible; GPTBot/1.2; +https://openai.com/gptbot)"
40.77.167.8 - - [07/Jun/2025:06:03:25 -0600] "GET /71031899225962 HTTP/1.1" 200 13 "-" "Mozilla/5.0 AppleWebKit/537.36 (KHTML, like Gecko; compatible; bingbot/2.0; +http://www.bing.com/bingbot.htm) Chrome/116.0.1938.76 Safari/537.36"
20.171.207.133 - - [07/Jun/2025:06:03:33 -0600] "GET /?aksi=buatfile&path=%2Fhome%2Ftsgmexic%2F4pie.com.mx%2Fwp-content%2Fuploads%2Fgravity_forms%2Fe%2Ff%2Ff HTTP/1.1" 200 67985 "-" "Mozilla/5.0 AppleWebKit/537.36 (KHTML, like Gecko; compatible; GPTBot/1.2; +https://openai.com/gptbot)"
142.171.127.176 - - [07/Jun/2025:06:03:35 -0600] "POST /wp-cron.php?doing_wp_cron=1749297815.0605459213256835937500 HTTP/1.1" 404 15749 "-" "WordPress/6.8; https://4pie.com.mx"
40.77.167.154 - - [07/Jun/2025:06:03:43 -0600] "GET /6210059959981 HTTP/1.1" 200 13 "-" "Mozilla/5.0 AppleWebKit/537.36 (KHTML, like Gecko; compatible; bingbot/2.0; +http://www.bing.com/bingbot.htm) Chrome/116.0.1938.76 Safari/537.36"
20.171.207.133 - - [07/Jun/2025:06:03:44 -0600] "GET /?aksi=buatfile&path=%2Fhome%2Ftsgmexic%2F4pie.com.mx%2Fwp-content%2Fuploads%2Fgravity_forms%2Fd%2Fh%2Fh HTTP/1.1" 200 67974 "-" "Mozilla/5.0 AppleWebKit/537.36 (KHTML, like Gecko; compatible; GPTBot/1.2; +https://openai.com/gptbot)"
40.77.167.154 - - [07/Jun/2025:06:03:48 -0600] "GET /43097399150318 HTTP/1.1" 200 136861 "-" "Mozilla/5.0 AppleWebKit/537.36 (KHTML, like Gecko; compatible; bingbot/2.0; +http://www.bing.com/bingbot.htm) Chrome/116.0.1938.76 Safari/537.36"
20.171.207.133 - - [07/Jun/2025:06:03:54 -0600] "GET /?aksi=buatfile&path=%2Fhome%2Ftsgmexic%2F4pie.com.mx%2Fwp-content%2Fuploads%2Fgravity_forms%2Fd%2Fh%2Fa HTTP/1.1" 200 66820 "-" "Mozilla/5.0 AppleWebKit/537.36 (KHTML, like Gecko; compatible; GPTBot/1.2; +https://openai.com/gptbot)"
20.171.207.163 - - [07/Jun/2025:06:03:58 -0600] "GET /wp-content/plugins/h5jiz7ib/public/js/cf7-customizer-public.js?ver=1.0.01749297662 HTTP/1.1" 200 2498 "-" "Mozilla/5.0 AppleWebKit/537.36 (KHTML, like Gecko; compatible; GPTBot/1.2; +https://openai.com/gptbot)"
20.171.207.133 - - [07/Jun/2025:06:04:03 -0600] "GET /?aksi=buatfile&path=%2Fhome%2Ftsgmexic%2F4pie.com.mx%2Fwp-content%2Fuploads%2Fgravity_forms%2Fh%2Fa%2Fg HTTP/1.1" 200 66820 "-" "Mozilla/5.0 AppleWebKit/537.36 (KHTML, like Gecko; compatible; GPTBot/1.2; +https://openai.com/gptbot)"
20.171.207.163 - - [07/Jun/2025:06:04:13 -0600] "GET /wp-content/plugins/h5jiz7ib/public/css/cf7-customizer-public.css?ver=1.0.01749297662 HTTP/1.1" 200 2026 "-" "Mozilla/5.0 AppleWebKit/537.36 (KHTML, like Gecko; compatible; GPTBot/1.2; +https://openai.com/gptbot)"
20.171.207.133 - - [07/Jun/2025:06:04:12 -0600] "GET /?aksi=buatfile&path=%2Fhome%2Ftsgmexic%2F4pie.com.mx%2Fwp-content%2Fuploads%2Fgravity_forms%2Fa%2Fc%2Fb HTTP/1.1" 200 66820 "-" "Mozilla/5.0 AppleWebKit/537.36 (KHTML, like Gecko; compatible; GPTBot/1.2; +https://openai.com/gptbot)"
57.141.2.20 - - [07/Jun/2025:06:04:14 -0600] "GET /?filesrc=//sbin/vgdisplay&path=//sbin HTTP/1.1" 200 56044 "-" "meta-externalagent/1.1 (+https://developers.facebook.com/docs/sharing/webmasters/crawler)"
20.171.207.133 - - [07/Jun/2025:06:04:26 -0600] "GET /?path=%2Fhome%2Ftsgmexic%2F4pie.com.mx%2Fwp-content%2Fuploads%2Fgravity_forms%2Fe%2Fd%2Fa HTTP/1.1" 200 66801 "-" "Mozilla/5.0 AppleWebKit/537.36 (KHTML, like Gecko; compatible; GPTBot/1.2; +https://openai.com/gptbot)"
20.171.207.133 - - [07/Jun/2025:06:04:32 -0600] "GET /?path=%2Fhome%2Ftsgmexic%2F4pie.com.mx%2Fwp-content%2Fuploads%2Fgravity_forms%2Fd%2Fh%2Fb HTTP/1.1" 200 66801 "-" "Mozilla/5.0 AppleWebKit/537.36 (KHTML, like Gecko; compatible; GPTBot/1.2; +https://openai.com/gptbot)"
20.171.207.133 - - [07/Jun/2025:06:04:38 -0600] "GET /?path=%2Fhome%2Ftsgmexic%2F4pie.com.mx%2Fwp-content%2Fuploads%2Fgravity_forms%2Fh%2Fb%2Fg HTTP/1.1" 200 66801 "-" "Mozilla/5.0 AppleWebKit/537.36 (KHTML, like Gecko; compatible; GPTBot/1.2; +https://openai.com/gptbot)"
20.171.207.133 - - [07/Jun/2025:06:04:43 -0600] "GET /?path=%2Fhome%2Ftsgmexic%2F4pie.com.mx%2Fwp-content%2Fuploads%2Fgravity_forms%2Fh%2Fb%2Fd HTTP/1.1" 200 66801 "-" "Mozilla/5.0 AppleWebKit/537.36 (KHTML, like Gecko; compatible; GPTBot/1.2; +https://openai.com/gptbot)"
20.171.207.133 - - [07/Jun/2025:06:04:47 -0600] "GET /?path=%2Fhome%2Ftsgmexic%2F4pie.com.mx%2Fwp-content%2Fuploads%2Fgravity_forms%2Fh%2Fa%2Fb HTTP/1.1" 200 66801 "-" "Mozilla/5.0 AppleWebKit/537.36 (KHTML, like Gecko; compatible; GPTBot/1.2; +https://openai.com/gptbot)"
20.171.207.133 - - [07/Jun/2025:06:04:51 -0600] "GET /?path=%2Fhome%2Ftsgmexic%2F4pie.com.mx%2Fwp-content%2Fuploads%2Fgravity_forms%2Fh%2Fb%2Ff HTTP/1.1" 200 66801 "-" "Mozilla/5.0 AppleWebKit/537.36 (KHTML, like Gecko; compatible; GPTBot/1.2; +https://openai.com/gptbot)"
20.171.207.133 - - [07/Jun/2025:06:04:55 -0600] "GET /?path=%2Fhome%2Ftsgmexic%2F4pie.com.mx%2Fwp-content%2Fuploads%2Fgravity_forms%2Fh%2Fb%2Fa HTTP/1.1" 200 66801 "-" "Mozilla/5.0 AppleWebKit/537.36 (KHTML, like Gecko; compatible; GPTBot/1.2; +https://openai.com/gptbot)"
20.171.207.133 - - [07/Jun/2025:06:05:18 -0600] "GET /?path=%2Fhome%2Ftsgmexic%2F4pie.com.mx%2Fwp-content%2Fuploads%2Fgravity_forms%2Fe%2Ff%2Fb HTTP/1.1" 200 66801 "-" "Mozilla/5.0 AppleWebKit/537.36 (KHTML, like Gecko; compatible; GPTBot/1.2; +https://openai.com/gptbot)"
20.171.207.133 - - [07/Jun/2025:06:05:28 -0600] "GET /?path=%2Fhome%2Ftsgmexic%2F4pie.com.mx%2Fwp-content%2Fuploads%2Fgravity_forms%2Fe%2Fd%2Fa%2Fe HTTP/1.1" 200 58533 "-" "Mozilla/5.0 AppleWebKit/537.36 (KHTML, like Gecko; compatible; GPTBot/1.2; +https://openai.com/gptbot)"
40.77.167.8 - - [07/Jun/2025:06:05:36 -0600] "GET /71031899184296 HTTP/1.1" 200 144420 "-" "Mozilla/5.0 AppleWebKit/537.36 (KHTML, like Gecko; compatible; bingbot/2.0; +http://www.bing.com/bingbot.htm) Chrome/116.0.1938.76 Safari/537.36"
20.171.207.133 - - [07/Jun/2025:06:05:36 -0600] "GET /?aksi=buatfolder&path=%2Fhome%2Ftsgmexic%2F4pie.com.mx%2Fwp-content%2Fuploads%2Fgravity_forms%2Fd%2Fh%2Fb HTTP/1.1" 200 57159 "-" "Mozilla/5.0 AppleWebKit/537.36 (KHTML, like Gecko; compatible; GPTBot/1.2; +https://openai.com/gptbot)"
20.171.207.133 - - [07/Jun/2025:06:05:44 -0600] "GET /?aksi=buatfolder&path=%2Fhome%2Ftsgmexic%2F4pie.com.mx%2Fwp-content%2Fuploads%2Fgravity_forms%2Fh%2Fb%2Fg HTTP/1.1" 200 57159 "-" "Mozilla/5.0 AppleWebKit/537.36 (KHTML, like Gecko; compatible; GPTBot/1.2; +https://openai.com/gptbot)"
20.171.207.133 - - [07/Jun/2025:06:05:50 -0600] "GET /?aksi=buatfolder&path=%2Fhome%2Ftsgmexic%2F4pie.com.mx%2Fwp-content%2Fuploads%2Fgravity_forms%2Fh%2Fb%2Fd HTTP/1.1" 200 57159 "-" "Mozilla/5.0 AppleWebKit/537.36 (KHTML, like Gecko; compatible; GPTBot/1.2; +https://openai.com/gptbot)"
20.171.207.133 - - [07/Jun/2025:06:05:57 -0600] "GET /?aksi=buatfolder&path=%2Fhome%2Ftsgmexic%2F4pie.com.mx%2Fwp-content%2Fuploads%2Fgravity_forms%2Fh%2Fa%2Fb HTTP/1.1" 200 57159 "-" "Mozilla/5.0 AppleWebKit/537.36 (KHTML, like Gecko; compatible; GPTBot/1.2; +https://openai.com/gptbot)"
20.171.207.133 - - [07/Jun/2025:06:06:02 -0600] "GET /?aksi=buatfolder&path=%2Fhome%2Ftsgmexic%2F4pie.com.mx%2Fwp-content%2Fuploads%2Fgravity_forms%2Fe%2Fd%2Fa HTTP/1.1" 200 57159 "-" "Mozilla/5.0 AppleWebKit/537.36 (KHTML, like Gecko; compatible; GPTBot/1.2; +https://openai.com/gptbot)"
20.171.207.133 - - [07/Jun/2025:06:06:07 -0600] "GET /?aksi=buatfolder&path=%2Fhome%2Ftsgmexic%2F4pie.com.mx%2Fwp-content%2Fuploads%2Fgravity_forms%2Fh%2Fb%2Ff HTTP/1.1" 200 57159 "-" "Mozilla/5.0 AppleWebKit/537.36 (KHTML, like Gecko; compatible; GPTBot/1.2; +https://openai.com/gptbot)"
20.171.207.133 - - [07/Jun/2025:06:06:11 -0600] "GET /?aksi=buatfolder&path=%2Fhome%2Ftsgmexic%2F4pie.com.mx%2Fwp-content%2Fuploads%2Fgravity_forms%2Fh%2Fb%2Fa HTTP/1.1" 200 57159 "-" "Mozilla/5.0 AppleWebKit/537.36 (KHTML, like Gecko; compatible; GPTBot/1.2; +https://openai.com/gptbot)"
20.171.207.133 - - [07/Jun/2025:06:06:22 -0600] "GET /?aksi=buatfolder&path=%2Fhome%2Ftsgmexic%2F4pie.com.mx%2Fwp-content%2Fuploads%2Fgravity_forms%2Fe%2Ff%2Fb HTTP/1.1" 200 57159 "-" "Mozilla/5.0 AppleWebKit/537.36 (KHTML, like Gecko; compatible; GPTBot/1.2; +https://openai.com/gptbot)"
20.171.207.133 - - [07/Jun/2025:06:06:25 -0600] "GET /?path=%2Fhome%2Ftsgmexic%2F4pie.com.mx%2Fwp-content%2Fuploads%2Fgravity_forms%2Fe%2Ff%2Fb%2Ff HTTP/1.1" 200 58533 "-" "Mozilla/5.0 AppleWebKit/537.36 (KHTML, like Gecko; compatible; GPTBot/1.2; +https://openai.com/gptbot)"
20.171.207.133 - - [07/Jun/2025:06:06:28 -0600] "GET /?aksi=ransom&path=%2Fhome%2Ftsgmexic%2F4pie.com.mx%2Fwp-content%2Fuploads%2Fgravity_forms%2Fh%2Fa%2Fb HTTP/1.1" 200 66818 "-" "Mozilla/5.0 AppleWebKit/537.36 (KHTML, like Gecko; compatible; GPTBot/1.2; +https://openai.com/gptbot)"
20.171.207.133 - - [07/Jun/2025:06:06:32 -0600] "GET /?aksi=ransom&path=%2Fhome%2Ftsgmexic%2F4pie.com.mx%2Fwp-content%2Fuploads%2Fgravity_forms%2Fh%2Fb%2Fg HTTP/1.1" 200 66818 "-" "Mozilla/5.0 AppleWebKit/537.36 (KHTML, like Gecko; compatible; GPTBot/1.2; +https://openai.com/gptbot)"
20.171.207.133 - - [07/Jun/2025:06:06:35 -0600] "GET /?aksi=ransom&path=%2Fhome%2Ftsgmexic%2F4pie.com.mx%2Fwp-content%2Fuploads%2Fgravity_forms%2Fd%2Fh%2Fb HTTP/1.1" 200 66818 "-" "Mozilla/5.0 AppleWebKit/537.36 (KHTML, like Gecko; compatible; GPTBot/1.2; +https://openai.com/gptbot)"
142.171.127.176 - - [07/Jun/2025:06:06:38 -0600] "POST /wp-cron.php?doing_wp_cron=1749297998.2577359676361083984375 HTTP/1.1" 403 15958 "-" "WordPress/6.8; https://4pie.com.mx"
20.171.207.133 - - [07/Jun/2025:06:06:46 -0600] "GET /?aksi=ransom&path=%2Fhome%2Ftsgmexic%2F4pie.com.mx%2Fwp-content%2Fuploads%2Fgravity_forms%2Fe%2Fd%2Fa HTTP/1.1" 200 66818 "-" "Mozilla/5.0 AppleWebKit/537.36 (KHTML, like Gecko; compatible; GPTBot/1.2; +https://openai.com/gptbot)"
20.171.207.133 - - [07/Jun/2025:06:06:52 -0600] "GET /?aksi=ransom&path=%2Fhome%2Ftsgmexic%2F4pie.com.mx%2Fwp-content%2Fuploads%2Fgravity_forms%2Fh%2Fb%2Fd HTTP/1.1" 200 66818 "-" "Mozilla/5.0 AppleWebKit/537.36 (KHTML, like Gecko; compatible; GPTBot/1.2; +https://openai.com/gptbot)"
20.171.207.133 - - [07/Jun/2025:06:06:57 -0600] "GET /?aksi=ransom&path=%2Fhome%2Ftsgmexic%2F4pie.com.mx%2Fwp-content%2Fuploads%2Fgravity_forms%2Fh%2Fb%2Ff HTTP/1.1" 200 66818 "-" "Mozilla/5.0 AppleWebKit/537.36 (KHTML, like Gecko; compatible; GPTBot/1.2; +https://openai.com/gptbot)"
20.171.207.133 - - [07/Jun/2025:06:07:03 -0600] "GET /?aksi=ransom&path=%2Fhome%2Ftsgmexic%2F4pie.com.mx%2Fwp-content%2Fuploads%2Fgravity_forms%2Fh%2Fb%2Fa HTTP/1.1" 200 66818 "-" "Mozilla/5.0 AppleWebKit/537.36 (KHTML, like Gecko; compatible; GPTBot/1.2; +https://openai.com/gptbot)"
20.171.207.133 - - [07/Jun/2025:06:07:11 -0600] "GET /?aksi=ransom&path=%2Fhome%2Ftsgmexic%2F4pie.com.mx%2Fwp-content%2Fuploads%2Fgravity_forms%2Fe%2Ff%2Fb HTTP/1.1" 200 66818 "-" "Mozilla/5.0 AppleWebKit/537.36 (KHTML, like Gecko; compatible; GPTBot/1.2; +https://openai.com/gptbot)"
20.171.207.133 - - [07/Jun/2025:06:07:17 -0600] "GET /?aksi=buatfile&path=%2Fhome%2Ftsgmexic%2F4pie.com.mx%2Fwp-content%2Fuploads%2Fgravity_forms%2Fh%2Fb%2Fa HTTP/1.1" 200 66820 "-" "Mozilla/5.0 AppleWebKit/537.36 (KHTML, like Gecko; compatible; GPTBot/1.2; +https://openai.com/gptbot)"
57.141.2.14 - - [07/Jun/2025:06:07:20 -0600] "GET /wp-sitemap.xml?filesrc=%2F%2Fproc%2F150%2Fnet%2Fmcfilter6&path=%2F%2Fproc%2F150%2Fnet HTTP/1.1" 200 5995 "-" "meta-externalagent/1.1 (+https://developers.facebook.com/docs/sharing/webmasters/crawler)"
20.171.207.133 - - [07/Jun/2025:06:07:22 -0600] "GET /?aksi=buatfile&path=%2Fhome%2Ftsgmexic%2F4pie.com.mx%2Fwp-content%2Fuploads%2Fgravity_forms%2Fh%2Fa%2Fb HTTP/1.1" 200 66820 "-" "Mozilla/5.0 AppleWebKit/537.36 (KHTML, like Gecko; compatible; GPTBot/1.2; +https://openai.com/gptbot)"
20.171.207.133 - - [07/Jun/2025:06:07:27 -0600] "GET /?aksi=buatfile&path=%2Fhome%2Ftsgmexic%2F4pie.com.mx%2Fwp-content%2Fuploads%2Fgravity_forms%2Fh%2Fb%2Ff HTTP/1.1" 200 66820 "-" "Mozilla/5.0 AppleWebKit/537.36 (KHTML, like Gecko; compatible; GPTBot/1.2; +https://openai.com/gptbot)"
20.171.207.133 - - [07/Jun/2025:06:07:31 -0600] "GET /?aksi=buatfile&path=%2Fhome%2Ftsgmexic%2F4pie.com.mx%2Fwp-content%2Fuploads%2Fgravity_forms%2Fh%2Fb%2Fg HTTP/1.1" 200 66820 "-" "Mozilla/5.0 AppleWebKit/537.36 (KHTML, like Gecko; compatible; GPTBot/1.2; +https://openai.com/gptbot)"
40.77.167.154 - - [07/Jun/2025:06:07:35 -0600] "GET /94939499469217 HTTP/1.1" 200 13 "-" "Mozilla/5.0 AppleWebKit/537.36 (KHTML, like Gecko; compatible; bingbot/2.0; +http://www.bing.com/bingbot.htm) Chrome/116.0.1938.76 Safari/537.36"
40.77.167.8 - - [07/Jun/2025:06:07:47 -0600] "GET /94045899475233 HTTP/1.1" 200 148280 "-" "Mozilla/5.0 AppleWebKit/537.36 (KHTML, like Gecko; compatible; bingbot/2.0; +http://www.bing.com/bingbot.htm) Chrome/116.0.1938.76 Safari/537.36"
20.171.207.133 - - [07/Jun/2025:06:07:42 -0600] "GET /?aksi=buatfile&path=%2Fhome%2Ftsgmexic%2F4pie.com.mx%2Fwp-content%2Fuploads%2Fgravity_forms%2Fd%2Fh%2Fb HTTP/1.1" 200 66820 "-" "Mozilla/5.0 AppleWebKit/537.36 (KHTML, like Gecko; compatible; GPTBot/1.2; +https://openai.com/gptbot)"
20.171.207.133 - - [07/Jun/2025:06:07:57 -0600] "GET /?aksi=buatfile&path=%2Fhome%2Ftsgmexic%2F4pie.com.mx%2Fwp-content%2Fuploads%2Fgravity_forms%2Fe%2Fd%2Fa HTTP/1.1" 200 66820 "-" "Mozilla/5.0 AppleWebKit/537.36 (KHTML, like Gecko; compatible; GPTBot/1.2; +https://openai.com/gptbot)"
57.141.2.8 - - [07/Jun/2025:06:07:58 -0600] "GET /wp-sitemap.xml?filesrc=%2Fhome%2Ftsgmexic%2F4pie.com.mx%2Fwp-includes%2Fjs%2Ftw-sack.min.js&path=%2Fhome%2Ftsgmexic%2F4pie.com.mx%2Fwp-includes%2Fjs HTTP/1.1" 200 9740 "-" "meta-externalagent/1.1 (+https://developers.facebook.com/docs/sharing/webmasters/crawler)"
20.171.207.133 - - [07/Jun/2025:06:08:02 -0600] "GET /?aksi=buatfile&path=%2Fhome%2Ftsgmexic%2F4pie.com.mx%2Fwp-content%2Fuploads%2Fgravity_forms%2Fh%2Fb%2Fd HTTP/1.1" 200 66820 "-" "Mozilla/5.0 AppleWebKit/537.36 (KHTML, like Gecko; compatible; GPTBot/1.2; +https://openai.com/gptbot)"
20.171.207.133 - - [07/Jun/2025:06:08:07 -0600] "GET /?aksi=buatfile&path=%2Fhome%2Ftsgmexic%2F4pie.com.mx%2Fwp-content%2Fuploads%2Fgravity_forms%2Fe%2Ff%2Fb HTTP/1.1" 200 66820 "-" "Mozilla/5.0 AppleWebKit/537.36 (KHTML, like Gecko; compatible; GPTBot/1.2; +https://openai.com/gptbot)"
107.20.181.148 - - [07/Jun/2025:06:08:10 -0600] "GET /index.php/2025/05/25/75-gambling-enterprises-instead-of-gamstop-non-gamstop-gambling-enterprise-internet-sites/?path=/home/tsgmexic/4pie.com.mx/wp-content HTTP/1.1" 200 98315 "-" "Mozilla/5.0 AppleWebKit/537.36 (KHTML, like Gecko; compatible; Amazonbot/0.1; +https://developer.amazon.com/support/amazonbot) Chrome/119.0.6045.214 Safari/537.36"
20.171.207.133 - - [07/Jun/2025:06:08:12 -0600] "GET /?aksi=buatfile&path=%2Fhome%2Ftsgmexic%2F4pie.com.mx%2Fwp-content%2Fuploads%2Fgravity_forms%2Fe%2Ff%2Fb%2Ff HTTP/1.1" 200 58552 "-" "Mozilla/5.0 AppleWebKit/537.36 (KHTML, like Gecko; compatible; GPTBot/1.2; +https://openai.com/gptbot)"
20.171.207.163 - - [07/Jun/2025:06:08:15 -0600] "GET /wp-content/plugins/h5jiz7ib/public/css/cf7-customizer-public.css?ver=1.0.01749298037 HTTP/1.1" 200 2026 "-" "Mozilla/5.0 AppleWebKit/537.36 (KHTML, like Gecko; compatible; GPTBot/1.2; +https://openai.com/gptbot)"
18.204.152.114 - - [07/Jun/2025:06:08:13 -0600] "GET /index.php/2025/05/25/75-gambling-enterprises-instead-of-gamstop-non-gamstop-gambling-enterprise-internet-sites/?filesrc=/home/tsgmexic/4pie.com.mx/ss.php&path=/home/tsgmexic/4pie.com.mx HTTP/1.1" 200 701838 "-" "Mozilla/5.0 AppleWebKit/537.36 (KHTML, like Gecko; compatible; Amazonbot/0.1; +https://developer.amazon.com/support/amazonbot) Chrome/119.0.6045.214 Safari/537.36"
20.171.207.133 - - [07/Jun/2025:06:08:16 -0600] "GET /?aksi=buatfile&path=%2Fhome%2Ftsgmexic%2F4pie.com.mx%2Fwp-content%2Fuploads%2Fgravity_forms%2Fe%2Fd%2Fa%2Fe HTTP/1.1" 200 58552 "-" "Mozilla/5.0 AppleWebKit/537.36 (KHTML, like Gecko; compatible; GPTBot/1.2; +https://openai.com/gptbot)"
20.171.207.163 - - [07/Jun/2025:06:08:20 -0600] "GET /wp-content/plugins/h5jiz7ib/public/js/cf7-customizer-public.js?ver=1.0.01749298037 HTTP/1.1" 200 2498 "-" "Mozilla/5.0 AppleWebKit/537.36 (KHTML, like Gecko; compatible; GPTBot/1.2; +https://openai.com/gptbot)"
20.171.207.133 - - [07/Jun/2025:06:08:20 -0600] "GET /?aksi=ransom&path=%2Fhome%2Ftsgmexic%2F4pie.com.mx%2Fwp-content%2Fuploads%2Fgravity_forms%2Fe%2Ff%2Fb%2Ff HTTP/1.1" 200 58550 "-" "Mozilla/5.0 AppleWebKit/537.36 (KHTML, like Gecko; compatible; GPTBot/1.2; +https://openai.com/gptbot)"
20.171.207.133 - - [07/Jun/2025:06:08:24 -0600] "GET /?aksi=ransom&path=%2Fhome%2Ftsgmexic%2F4pie.com.mx%2Fwp-content%2Fuploads%2Fgravity_forms%2Fe%2Fd%2Fa%2Fe HTTP/1.1" 200 58550 "-" "Mozilla/5.0 AppleWebKit/537.36 (KHTML, like Gecko; compatible; GPTBot/1.2; +https://openai.com/gptbot)"
20.171.207.133 - - [07/Jun/2025:06:08:28 -0600] "GET /?aksi=buatfolder&path=%2Fhome%2Ftsgmexic%2F4pie.com.mx%2Fwp-content%2Fuploads%2Fgravity_forms%2Fe%2Fd%2Fa%2Fe HTTP/1.1" 200 57259 "-" "Mozilla/5.0 AppleWebKit/537.36 (KHTML, like Gecko; compatible; GPTBot/1.2; +https://openai.com/gptbot)"
20.171.207.133 - - [07/Jun/2025:06:08:32 -0600] "GET /?aksi=buatfolder&path=%2Fhome%2Ftsgmexic%2F4pie.com.mx%2Fwp-content%2Fuploads%2Fgravity_forms%2Fe%2Ff%2Fb%2Ff HTTP/1.1" 200 57259 "-" "Mozilla/5.0 AppleWebKit/537.36 (KHTML, like Gecko; compatible; GPTBot/1.2; +https://openai.com/gptbot)"
20.171.207.133 - - [07/Jun/2025:06:08:36 -0600] "GET /?path=%2Fhome%2Ftsgmexic%2F4pie.com.mx%2Fwp-content%2Fuploads%2Fgravity_forms%2Fe%2Fd%2Fb HTTP/1.1" 200 66801 "-" "Mozilla/5.0 AppleWebKit/537.36 (KHTML, like Gecko; compatible; GPTBot/1.2; +https://openai.com/gptbot)"
20.171.207.133 - - [07/Jun/2025:06:08:40 -0600] "GET /?path=%2Fhome%2Ftsgmexic%2F4pie.com.mx%2Fwp-content%2Fuploads%2Fgravity_forms%2Fh%2Fb%2Fc HTTP/1.1" 200 66801 "-" "Mozilla/5.0 AppleWebKit/537.36 (KHTML, like Gecko; compatible; GPTBot/1.2; +https://openai.com/gptbot)"
142.171.127.176 - - [07/Jun/2025:06:08:43 -0600] "POST /wp-cron.php?doing_wp_cron=1749298123.8376131057739257812500 HTTP/1.1" 403 15958 "-" "WordPress/6.8; https://4pie.com.mx"
20.171.207.133 - - [07/Jun/2025:06:08:45 -0600] "GET /?path=%2Fhome%2Ftsgmexic%2F4pie.com.mx%2Fwp-content%2Fuploads%2Fgravity_forms%2Fh%2Fb%2Fe HTTP/1.1" 200 66801 "-" "Mozilla/5.0 AppleWebKit/537.36 (KHTML, like Gecko; compatible; GPTBot/1.2; +https://openai.com/gptbot)"
20.171.207.133 - - [07/Jun/2025:06:08:52 -0600] "GET /?aksi=ransom&path=%2Fhome%2Ftsgmexic%2F4pie.com.mx%2Fwp-content%2Fuploads%2Fgravity_forms%2Fa%2Fc HTTP/1.1" 200 66664 "-" "Mozilla/5.0 AppleWebKit/537.36 (KHTML, like Gecko; compatible; GPTBot/1.2; +https://openai.com/gptbot)"
40.77.167.22 - - [07/Jun/2025:06:08:55 -0600] "GET /23326599335137 HTTP/1.1" 200 148680 "-" "Mozilla/5.0 AppleWebKit/537.36 (KHTML, like Gecko; compatible; bingbot/2.0; +http://www.bing.com/bingbot.htm) Chrome/116.0.1938.76 Safari/537.36"
20.171.207.133 - - [07/Jun/2025:06:09:06 -0600] "GET /?aksi=ransom&path=%2Fhome%2Ftsgmexic%2F4pie.com.mx%2Fwp-content%2Fuploads%2Fgravity_forms%2Fd%2Fh HTTP/1.1" 200 67820 "-" "Mozilla/5.0 AppleWebKit/537.36 (KHTML, like Gecko; compatible; GPTBot/1.2; +https://openai.com/gptbot)"
40.77.167.154 - - [07/Jun/2025:06:09:23 -0600] "GET /23326599173153 HTTP/1.1" 200 135535 "-" "Mozilla/5.0 AppleWebKit/537.36 (KHTML, like Gecko; compatible; bingbot/2.0; +http://www.bing.com/bingbot.htm) Chrome/116.0.1938.76 Safari/537.36"
40.77.167.22 - - [07/Jun/2025:06:09:36 -0600] "GET /43097399328118 HTTP/1.1" 200 146484 "-" "Mozilla/5.0 AppleWebKit/537.36 (KHTML, like Gecko; compatible; bingbot/2.0; +http://www.bing.com/bingbot.htm) Chrome/116.0.1938.76 Safari/537.36"
20.171.207.133 - - [07/Jun/2025:06:09:41 -0600] "GET /?aksi=ransom&path=%2Fhome%2Ftsgmexic%2F4pie.com.mx%2Fwp-content%2Fuploads%2Fgravity_forms%2Fh%2Fa HTTP/1.1" 200 66664 "-" "Mozilla/5.0 AppleWebKit/537.36 (KHTML, like Gecko; compatible; GPTBot/1.2; +https://openai.com/gptbot)"
20.171.207.133 - - [07/Jun/2025:06:09:58 -0600] "GET /?aksi=ransom&path=%2Fhome%2Ftsgmexic%2F4pie.com.mx%2Fwp-content%2Fuploads%2Fgravity_forms%2Fh%2Fb HTTP/1.1" 200 67821 "-" "Mozilla/5.0 AppleWebKit/537.36 (KHTML, like Gecko; compatible; GPTBot/1.2; +https://openai.com/gptbot)"
57.141.2.4 - - [07/Jun/2025:06:10:00 -0600] "GET /?path=/home/tsgmexic/.trash/Joomla_3.6.2-Stable-Full_Package/components/com_users&aksi=ransom HTTP/1.1" 200 66322 "-" "meta-externalagent/1.1 (+https://developers.facebook.com/docs/sharing/webmasters/crawler)"
20.171.207.133 - - [07/Jun/2025:06:10:12 -0600] "GET /?aksi=ransom&path=%2Fhome%2Ftsgmexic%2F4pie.com.mx%2Fwp-content%2Fuploads%2Fgravity_forms%2Fe%2Fd HTTP/1.1" 200 66664 "-" "Mozilla/5.0 AppleWebKit/537.36 (KHTML, like Gecko; compatible; GPTBot/1.2; +https://openai.com/gptbot)"
20.171.207.133 - - [07/Jun/2025:06:10:26 -0600] "GET /?aksi=buatfolder&path=%2Fhome%2Ftsgmexic%2F4pie.com.mx%2Fwp-content%2Fuploads%2Fgravity_forms%2Fe%2Fd%2Fb HTTP/1.1" 200 57159 "-" "Mozilla/5.0 AppleWebKit/537.36 (KHTML, like Gecko; compatible; GPTBot/1.2; +https://openai.com/gptbot)"
40.77.167.7 - - [07/Jun/2025:06:10:37 -0600] "GET /72762899303644 HTTP/1.1" 200 134103 "-" "Mozilla/5.0 AppleWebKit/537.36 (KHTML, like Gecko; compatible; bingbot/2.0; +http://www.bing.com/bingbot.htm) Chrome/116.0.1938.76 Safari/537.36"
20.171.207.133 - - [07/Jun/2025:06:10:38 -0600] "GET /?aksi=buatfolder&path=%2Fhome%2Ftsgmexic%2F4pie.com.mx%2Fwp-content%2Fuploads%2Fgravity_forms%2Fh%2Fb%2Fc HTTP/1.1" 200 57159 "-" "Mozilla/5.0 AppleWebKit/537.36 (KHTML, like Gecko; compatible; GPTBot/1.2; +https://openai.com/gptbot)"
40.77.167.7 - - [07/Jun/2025:06:10:40 -0600] "GET /6761129927971 HTTP/1.1" 200 154386 "-" "Mozilla/5.0 AppleWebKit/537.36 (KHTML, like Gecko; compatible; bingbot/2.0; +http://www.bing.com/bingbot.htm) Chrome/116.0.1938.76 Safari/537.36"
20.171.207.133 - - [07/Jun/2025:06:10:48 -0600] "GET /?aksi=buatfolder&path=%2Fhome%2Ftsgmexic%2F4pie.com.mx%2Fwp-content%2Fuploads%2Fgravity_forms%2Fh%2Fb%2Fe HTTP/1.1" 200 57159 "-" "Mozilla/5.0 AppleWebKit/537.36 (KHTML, like Gecko; compatible; GPTBot/1.2; +https://openai.com/gptbot)"
142.171.127.176 - - [07/Jun/2025:06:10:50 -0600] "POST /wp-cron.php?doing_wp_cron=1749298249.9798090457916259765625 HTTP/1.1" 403 64606 "-" "WordPress/6.8; https://4pie.com.mx"
40.77.167.7 - - [07/Jun/2025:06:10:56 -0600] "GET /18427699242433 HTTP/1.1" 200 150046 "-" "Mozilla/5.0 AppleWebKit/537.36 (KHTML, like Gecko; compatible; bingbot/2.0; +http://www.bing.com/bingbot.htm) Chrome/116.0.1938.76 Safari/537.36"
20.171.207.133 - - [07/Jun/2025:06:10:58 -0600] "GET /?aksi=ransom&path=%2Fhome%2Ftsgmexic%2F4pie.com.mx%2Fwp-content%2Fuploads%2Fgravity_forms%2Fh%2Fb%2Fc HTTP/1.1" 200 66818 "-" "Mozilla/5.0 AppleWebKit/537.36 (KHTML, like Gecko; compatible; GPTBot/1.2; +https://openai.com/gptbot)"
57.141.2.15 - - [07/Jun/2025:06:11:05 -0600] "GET /?filesrc=//usr/sbin/setquota&path=//usr/sbin HTTP/1.1" 200 56104 "-" "meta-externalagent/1.1 (+https://developers.facebook.com/docs/sharing/webmasters/crawler)"
20.171.207.133 - - [07/Jun/2025:06:11:06 -0600] "GET /?aksi=ransom&path=%2Fhome%2Ftsgmexic%2F4pie.com.mx%2Fwp-content%2Fuploads%2Fgravity_forms%2Fe%2Fd%2Fb HTTP/1.1" 200 66818 "-" "Mozilla/5.0 AppleWebKit/537.36 (KHTML, like Gecko; compatible; GPTBot/1.2; +https://openai.com/gptbot)"
40.77.167.22 - - [07/Jun/2025:06:11:14 -0600] "GET /saiga/shop.php?shopdetail/1146122.html HTTP/1.1" 200 148891 "-" "Mozilla/5.0 AppleWebKit/537.36 (KHTML, like Gecko; compatible; bingbot/2.0; +http://www.bing.com/bingbot.htm) Chrome/116.0.1938.76 Safari/537.36"
20.171.207.133 - - [07/Jun/2025:06:11:14 -0600] "GET /?aksi=ransom&path=%2Fhome%2Ftsgmexic%2F4pie.com.mx%2Fwp-content%2Fuploads%2Fgravity_forms%2Fh%2Fb%2Fe HTTP/1.1" 200 66818 "-" "Mozilla/5.0 AppleWebKit/537.36 (KHTML, like Gecko; compatible; GPTBot/1.2; +https://openai.com/gptbot)"
40.77.167.154 - - [07/Jun/2025:06:11:18 -0600] "GET /91657199145562 HTTP/1.1" 200 139582 "-" "Mozilla/5.0 AppleWebKit/537.36 (KHTML, like Gecko; compatible; bingbot/2.0; +http://www.bing.com/bingbot.htm) Chrome/116.0.1938.76 Safari/537.36"
20.171.207.133 - - [07/Jun/2025:06:11:21 -0600] "GET /?aksi=buatfile&path=%2Fhome%2Ftsgmexic%2F4pie.com.mx%2Fwp-content%2Fuploads%2Fgravity_forms%2Fh%2Fb%2Fe HTTP/1.1" 200 66820 "-" "Mozilla/5.0 AppleWebKit/537.36 (KHTML, like Gecko; compatible; GPTBot/1.2; +https://openai.com/gptbot)"
57.141.2.21 - - [07/Jun/2025:06:11:24 -0600] "GET /?filesrc=//var/log/lastlog&path=//var/log HTTP/1.1" 200 56094 "-" "meta-externalagent/1.1 (+https://developers.facebook.com/docs/sharing/webmasters/crawler)"
20.171.207.133 - - [07/Jun/2025:06:11:28 -0600] "GET /?aksi=buatfile&path=%2Fhome%2Ftsgmexic%2F4pie.com.mx%2Fwp-content%2Fuploads%2Fgravity_forms%2Fh%2Fb%2Fc HTTP/1.1" 200 66820 "-" "Mozilla/5.0 AppleWebKit/537.36 (KHTML, like Gecko; compatible; GPTBot/1.2; +https://openai.com/gptbot)"
40.77.167.22 - - [07/Jun/2025:06:11:34 -0600] "GET /27926699110283 HTTP/1.1" 200 143552 "-" "Mozilla/5.0 AppleWebKit/537.36 (KHTML, like Gecko; compatible; bingbot/2.0; +http://www.bing.com/bingbot.htm) Chrome/116.0.1938.76 Safari/537.36"
20.171.207.133 - - [07/Jun/2025:06:11:33 -0600] "GET /?aksi=buatfile&path=%2Fhome%2Ftsgmexic%2F4pie.com.mx%2Fwp-content%2Fuploads%2Fgravity_forms%2Fe%2Fd%2Fb HTTP/1.1" 200 66820 "-" "Mozilla/5.0 AppleWebKit/537.36 (KHTML, like Gecko; compatible; GPTBot/1.2; +https://openai.com/gptbot)"
20.171.207.133 - - [07/Jun/2025:06:11:38 -0600] "GET /?aksi=ransom&path=%2Fhome%2Ftsgmexic%2F4pie.com.mx%2Fwp-content%2Fuploads%2Fgravity_forms%2Fe%2Ff HTTP/1.1" 200 66664 "-" "Mozilla/5.0 AppleWebKit/537.36 (KHTML, like Gecko; compatible; GPTBot/1.2; +https://openai.com/gptbot)"
57.141.2.30 - - [07/Jun/2025:06:11:40 -0600] "GET /index.php/2025/05/21/kiem-khoang-40-phi/?filesrc=//razor-agent.log&path=/ HTTP/1.1" 200 63932 "-" "meta-externalagent/1.1 (+https://developers.facebook.com/docs/sharing/webmasters/crawler)"
20.171.207.133 - - [07/Jun/2025:06:11:43 -0600] "GET /?path=%2Fhome%2Ftsgmexic%2F4pie.com.mx%2Fwp-content%2Fuploads%2Fgravity_forms%2Fe%2Ff%2Fg%2Fg HTTP/1.1" 200 58533 "-" "Mozilla/5.0 AppleWebKit/537.36 (KHTML, like Gecko; compatible; GPTBot/1.2; +https://openai.com/gptbot)"
40.77.167.22 - - [07/Jun/2025:06:11:45 -0600] "GET /6210059994223 HTTP/1.1" 200 148968 "-" "Mozilla/5.0 AppleWebKit/537.36 (KHTML, like Gecko; compatible; bingbot/2.0; +http://www.bing.com/bingbot.htm) Chrome/116.0.1938.76 Safari/537.36"
142.171.127.176 - - [07/Jun/2025:06:11:50 -0600] "POST /wp-cron.php?doing_wp_cron=1749298310.7468531131744384765625 HTTP/1.1" 403 9505 "-" "WordPress/6.8; https://4pie.com.mx"
57.141.2.28 - - [07/Jun/2025:06:11:49 -0600] "GET /?filesrc=//usr/sbin/genhomedircon&path=//usr/sbin HTTP/1.1" 200 56114 "-" "meta-externalagent/1.1 (+https://developers.facebook.com/docs/sharing/webmasters/crawler)"
20.171.207.163 - - [07/Jun/2025:06:11:55 -0600] "GET /wp-content/plugins/h5jiz7ib/public/js/cf7-customizer-public.js?ver=1.0.01749298227 HTTP/1.1" 200 2498 "-" "Mozilla/5.0 AppleWebKit/537.36 (KHTML, like Gecko; compatible; GPTBot/1.2; +https://openai.com/gptbot)"
20.171.207.133 - - [07/Jun/2025:06:11:58 -0600] "GET /?path=%2Fhome%2Ftsgmexic%2F4pie.com.mx%2Fwp-content%2Fuploads%2Fgravity_forms%2Fe%2Fd%2Fc%2Fe HTTP/1.1" 200 58533 "-" "Mozilla/5.0 AppleWebKit/537.36 (KHTML, like Gecko; compatible; GPTBot/1.2; +https://openai.com/gptbot)"
20.171.207.163 - - [07/Jun/2025:06:11:59 -0600] "GET /wp-content/plugins/h5jiz7ib/public/css/cf7-customizer-public.css?ver=1.0.01749298227 HTTP/1.1" 200 2026 "-" "Mozilla/5.0 AppleWebKit/537.36 (KHTML, like Gecko; compatible; GPTBot/1.2; +https://openai.com/gptbot)"
57.141.2.12 - - [07/Jun/2025:06:12:02 -0600] "GET /?path=/home/tsgmexic/.trash/Joomla_3.6.2-Stable-Full_Package/media/media/js&aksi=buatfolder HTTP/1.1" 200 56998 "-" "meta-externalagent/1.1 (+https://developers.facebook.com/docs/sharing/webmasters/crawler)"
20.171.207.163 - - [07/Jun/2025:06:12:08 -0600] "GET /wp-content/plugins/h5jiz7ib/public/css/cf7-customizer-public.css?ver=1.0.01749298259 HTTP/1.1" 200 2026 "-" "Mozilla/5.0 AppleWebKit/537.36 (KHTML, like Gecko; compatible; GPTBot/1.2; +https://openai.com/gptbot)"
20.171.207.133 - - [07/Jun/2025:06:12:04 -0600] "GET /?path=%2Fhome%2Ftsgmexic%2F4pie.com.mx%2Fwp-content%2Fuploads%2Fgravity_forms%2Fh%2Fa%2Fg%2Fc HTTP/1.1" 200 58533 "-" "Mozilla/5.0 AppleWebKit/537.36 (KHTML, like Gecko; compatible; GPTBot/1.2; +https://openai.com/gptbot)"
20.171.207.133 - - [07/Jun/2025:06:12:08 -0600] "GET /?path=%2Fhome%2Ftsgmexic%2F4pie.com.mx%2Fwp-content%2Fuploads%2Fgravity_forms%2Fa%2Fc%2Fh%2Fa HTTP/1.1" 200 58533 "-" "Mozilla/5.0 AppleWebKit/537.36 (KHTML, like Gecko; compatible; GPTBot/1.2; +https://openai.com/gptbot)"
20.171.207.163 - - [07/Jun/2025:06:12:12 -0600] "GET /wp-content/plugins/h5jiz7ib/public/js/cf7-customizer-public.js?ver=1.0.01749298259 HTTP/1.1" 200 2498 "-" "Mozilla/5.0 AppleWebKit/537.36 (KHTML, like Gecko; compatible; GPTBot/1.2; +https://openai.com/gptbot)"
20.171.207.133 - - [07/Jun/2025:06:12:15 -0600] "GET /?path=%2Fhome%2Ftsgmexic%2F4pie.com.mx%2Fwp-content%2Fuploads%2Fgravity_forms%2Fh%2Fa%2Fg%2Fh HTTP/1.1" 200 58533 "-" "Mozilla/5.0 AppleWebKit/537.36 (KHTML, like Gecko; compatible; GPTBot/1.2; +https://openai.com/gptbot)"
20.171.207.133 - - [07/Jun/2025:06:12:18 -0600] "GET /?aksi=buatfile&path=%2Fhome%2Ftsgmexic%2F4pie.com.mx%2Fwp-content%2Fuploads%2Fgravity_forms%2Fe%2Ff%2Fg%2Fg HTTP/1.1" 200 58552 "-" "Mozilla/5.0 AppleWebKit/537.36 (KHTML, like Gecko; compatible; GPTBot/1.2; +https://openai.com/gptbot)"
20.171.207.133 - - [07/Jun/2025:06:12:32 -0600] "GET /?aksi=buatfile&path=%2Fhome%2Ftsgmexic%2F4pie.com.mx%2Fwp-content%2Fuploads%2Fgravity_forms%2Fe%2Fd%2Fc%2Fe HTTP/1.1" 200 58552 "-" "Mozilla/5.0 AppleWebKit/537.36 (KHTML, like Gecko; compatible; GPTBot/1.2; +https://openai.com/gptbot)"
40.77.167.154 - - [07/Jun/2025:06:12:35 -0600] "GET /65970899599416 HTTP/1.1" 200 140297 "-" "Mozilla/5.0 AppleWebKit/537.36 (KHTML, like Gecko; compatible; bingbot/2.0; +http://www.bing.com/bingbot.htm) Chrome/116.0.1938.76 Safari/537.36"
20.171.207.133 - - [07/Jun/2025:06:12:35 -0600] "GET /?aksi=ransom&path=%2Fhome%2Ftsgmexic%2F4pie.com.mx%2Fwp-content%2Fuploads%2Fgravity_forms%2Fe%2Fd%2Fc%2Fe HTTP/1.1" 200 58550 "-" "Mozilla/5.0 AppleWebKit/537.36 (KHTML, like Gecko; compatible; GPTBot/1.2; +https://openai.com/gptbot)"
20.171.207.163 - - [07/Jun/2025:06:12:38 -0600] "GET /wp-content/plugins/h5jiz7ib/public/js/cf7-customizer-public.js?ver=1.0.01749298319 HTTP/1.1" 200 2498 "-" "Mozilla/5.0 AppleWebKit/537.36 (KHTML, like Gecko; compatible; GPTBot/1.2; +https://openai.com/gptbot)"
20.171.207.133 - - [07/Jun/2025:06:12:39 -0600] "GET /?aksi=buatfile&path=%2Fhome%2Ftsgmexic%2F4pie.com.mx%2Fwp-content%2Fuploads%2Fgravity_forms%2Fh%2Fa%2Fg%2Fc HTTP/1.1" 200 58552 "-" "Mozilla/5.0 AppleWebKit/537.36 (KHTML, like Gecko; compatible; GPTBot/1.2; +https://openai.com/gptbot)"
20.171.207.163 - - [07/Jun/2025:06:12:41 -0600] "GET /wp-content/plugins/h5jiz7ib/public/css/cf7-customizer-public.css?ver=1.0.01749298319 HTTP/1.1" 200 2026 "-" "Mozilla/5.0 AppleWebKit/537.36 (KHTML, like Gecko; compatible; GPTBot/1.2; +https://openai.com/gptbot)"
20.171.207.133 - - [07/Jun/2025:06:12:41 -0600] "GET /?aksi=buatfile&path=%2Fhome%2Ftsgmexic%2F4pie.com.mx%2Fwp-content%2Fuploads%2Fgravity_forms%2Fa%2Fc%2Fh%2Fa HTTP/1.1" 200 58552 "-" "Mozilla/5.0 AppleWebKit/537.36 (KHTML, like Gecko; compatible; GPTBot/1.2; +https://openai.com/gptbot)"
57.141.2.10 - - [07/Jun/2025:06:12:45 -0600] "GET /?path=/home/tsgmexic/.trash/Joomla_3.6.2-Stable-Full_Package/libraries/joomla/oauth2&aksi=buatfolder HTTP/1.1" 200 57061 "-" "meta-externalagent/1.1 (+https://developers.facebook.com/docs/sharing/webmasters/crawler)"
20.171.207.133 - - [07/Jun/2025:06:12:46 -0600] "GET /?aksi=buatfile&path=%2Fhome%2Ftsgmexic%2F4pie.com.mx%2Fwp-content%2Fuploads%2Fgravity_forms%2Fh%2Fa%2Fg%2Fh HTTP/1.1" 200 58552 "-" "Mozilla/5.0 AppleWebKit/537.36 (KHTML, like Gecko; compatible; GPTBot/1.2; +https://openai.com/gptbot)"
20.171.207.133 - - [07/Jun/2025:06:12:50 -0600] "GET /?aksi=ransom&path=%2Fhome%2Ftsgmexic%2F4pie.com.mx%2Fwp-content%2Fuploads%2Fgravity_forms%2Fh%2Fa%2Fg%2Fh HTTP/1.1" 200 58550 "-" "Mozilla/5.0 AppleWebKit/537.36 (KHTML, like Gecko; compatible; GPTBot/1.2; +https://openai.com/gptbot)"
20.171.207.163 - - [07/Jun/2025:06:12:54 -0600] "GET /wp-content/plugins/h5jiz7ib/public/js/cf7-customizer-public.js?ver=1.0.01749298341 HTTP/1.1" 200 2498 "-" "Mozilla/5.0 AppleWebKit/537.36 (KHTML, like Gecko; compatible; GPTBot/1.2; +https://openai.com/gptbot)"
40.77.167.22 - - [07/Jun/2025:06:12:54 -0600] "GET /58214199436865 HTTP/1.1" 200 144742 "-" "Mozilla/5.0 AppleWebKit/537.36 (KHTML, like Gecko; compatible; bingbot/2.0; +http://www.bing.com/bingbot.htm) Chrome/116.0.1938.76 Safari/537.36"
20.171.207.133 - - [07/Jun/2025:06:12:54 -0600] "GET /?aksi=ransom&path=%2Fhome%2Ftsgmexic%2F4pie.com.mx%2Fwp-content%2Fuploads%2Fgravity_forms%2Fh%2Fa%2Fg%2Fc HTTP/1.1" 200 58550 "-" "Mozilla/5.0 AppleWebKit/537.36 (KHTML, like Gecko; compatible; GPTBot/1.2; +https://openai.com/gptbot)"
20.171.207.163 - - [07/Jun/2025:06:12:57 -0600] "GET /wp-content/plugins/h5jiz7ib/public/css/cf7-customizer-public.css?ver=1.0.01749298341 HTTP/1.1" 200 2026 "-" "Mozilla/5.0 AppleWebKit/537.36 (KHTML, like Gecko; compatible; GPTBot/1.2; +https://openai.com/gptbot)"
20.171.207.133 - - [07/Jun/2025:06:13:05 -0600] "GET /?aksi=ransom&path=%2Fhome%2Ftsgmexic%2F4pie.com.mx%2Fwp-content%2Fuploads%2Fgravity_forms%2Fe%2Ff%2Fg%2Fg HTTP/1.1" 200 58550 "-" "Mozilla/5.0 AppleWebKit/537.36 (KHTML, like Gecko; compatible; GPTBot/1.2; +https://openai.com/gptbot)"
20.171.207.133 - - [07/Jun/2025:06:13:10 -0600] "GET /?aksi=ransom&path=%2Fhome%2Ftsgmexic%2F4pie.com.mx%2Fwp-content%2Fuploads%2Fgravity_forms%2Fa%2Fc%2Fh%2Fa HTTP/1.1" 200 58550 "-" "Mozilla/5.0 AppleWebKit/537.36 (KHTML, like Gecko; compatible; GPTBot/1.2; +https://openai.com/gptbot)"
57.141.2.5 - - [07/Jun/2025:06:13:10 -0600] "GET /?filesrc=/home/tsgmexic/.trash/Joomla_3.6.2-Stable-Full_Package/libraries/joomla/twitter/users.php&path=/home/tsgmexic/.trash/Joomla_3.6.2-Stable-Full_Package/libraries/joomla/twitter HTTP/1.1" 200 67305 "-" "meta-externalagent/1.1 (+https://developers.facebook.com/docs/sharing/webmasters/crawler)"
40.77.167.7 - - [07/Jun/2025:06:13:18 -0600] "GET /23326599194113 HTTP/1.1" 200 139377 "-" "Mozilla/5.0 AppleWebKit/537.36 (KHTML, like Gecko; compatible; bingbot/2.0; +http://www.bing.com/bingbot.htm) Chrome/116.0.1938.76 Safari/537.36"
20.171.207.133 - - [07/Jun/2025:06:13:34 -0600] "GET /?aksi=buatfolder&path=%2Fhome%2Ftsgmexic%2F4pie.com.mx%2Fwp-content%2Fuploads%2Fgravity_forms%2Fh%2Fa%2Fg%2Fc HTTP/1.1" 200 57259 "-" "Mozilla/5.0 AppleWebKit/537.36 (KHTML, like Gecko; compatible; GPTBot/1.2; +https://openai.com/gptbot)"
40.77.167.68 - - [07/Jun/2025:06:13:37 -0600] "GET /7276289966465 HTTP/1.1" 200 144643 "-" "Mozilla/5.0 AppleWebKit/537.36 (KHTML, like Gecko; compatible; bingbot/2.0; +http://www.bing.com/bingbot.htm) Chrome/116.0.1938.76 Safari/537.36"
57.141.2.13 - - [07/Jun/2025:06:13:33 -0600] "GET /?path=/home/tsgmexic/.trash/Joomla_3.6.2-Stable-Full_Package/language/en-GB&aksi=buatfolder HTTP/1.1" 200 56912 "-" "meta-externalagent/1.1 (+https://developers.facebook.com/docs/sharing/webmasters/crawler)"
20.171.207.133 - - [07/Jun/2025:06:13:36 -0600] "GET /?aksi=buatfolder&path=%2Fhome%2Ftsgmexic%2F4pie.com.mx%2Fwp-content%2Fuploads%2Fgravity_forms%2Fe%2Ff%2Fg%2Fg HTTP/1.1" 200 57259 "-" "Mozilla/5.0 AppleWebKit/537.36 (KHTML, like Gecko; compatible; GPTBot/1.2; +https://openai.com/gptbot)"
40.77.167.68 - - [07/Jun/2025:06:13:41 -0600] "GET /94045899155825 HTTP/1.1" 200 141427 "-" "Mozilla/5.0 AppleWebKit/537.36 (KHTML, like Gecko; compatible; bingbot/2.0; +http://www.bing.com/bingbot.htm) Chrome/116.0.1938.76 Safari/537.36"
20.171.207.133 - - [07/Jun/2025:06:13:42 -0600] "GET /?aksi=buatfolder&path=%2Fhome%2Ftsgmexic%2F4pie.com.mx%2Fwp-content%2Fuploads%2Fgravity_forms%2Fe%2Fd%2Fc%2Fe HTTP/1.1" 200 57259 "-" "Mozilla/5.0 AppleWebKit/537.36 (KHTML, like Gecko; compatible; GPTBot/1.2; +https://openai.com/gptbot)"
40.77.167.68 - - [07/Jun/2025:06:13:47 -0600] "GET /15056699372033 HTTP/1.1" 200 144678 "-" "Mozilla/5.0 AppleWebKit/537.36 (KHTML, like Gecko; compatible; bingbot/2.0; +http://www.bing.com/bingbot.htm) Chrome/116.0.1938.76 Safari/537.36"
20.171.207.133 - - [07/Jun/2025:06:13:56 -0600] "GET /?aksi=buatfolder&path=%2Fhome%2Ftsgmexic%2F4pie.com.mx%2Fwp-content%2Fuploads%2Fgravity_forms%2Fa%2Fc%2Fh%2Fa HTTP/1.1" 200 57259 "-" "Mozilla/5.0 AppleWebKit/537.36 (KHTML, like Gecko; compatible; GPTBot/1.2; +https://openai.com/gptbot)"
20.171.207.133 - - [07/Jun/2025:06:14:03 -0600] "GET /?aksi=buatfolder&path=%2Fhome%2Ftsgmexic%2F4pie.com.mx%2Fwp-content%2Fuploads%2Fgravity_forms%2Fh%2Fa%2Fg%2Fh HTTP/1.1" 200 57259 "-" "Mozilla/5.0 AppleWebKit/537.36 (KHTML, like Gecko; compatible; GPTBot/1.2; +https://openai.com/gptbot)"
20.171.207.133 - - [07/Jun/2025:06:14:11 -0600] "GET /?path=%2Fhome%2Ftsgmexic%2F4pie.com.mx%2Fwp-content%2Fuploads%2Fgravity_forms%2Fh%2Fa%2Fe%2Fa HTTP/1.1" 200 58533 "-" "Mozilla/5.0 AppleWebKit/537.36 (KHTML, like Gecko; compatible; GPTBot/1.2; +https://openai.com/gptbot)"
40.77.167.7 - - [07/Jun/2025:06:14:19 -0600] "GET /81812299229375 HTTP/1.1" 200 143346 "-" "Mozilla/5.0 AppleWebKit/537.36 (KHTML, like Gecko; compatible; bingbot/2.0; +http://www.bing.com/bingbot.htm) Chrome/116.0.1938.76 Safari/537.36"
20.171.207.133 - - [07/Jun/2025:06:14:19 -0600] "GET /?path=%2Fhome%2Ftsgmexic%2F4pie.com.mx%2Fwp-content%2Fuploads%2Fgravity_forms%2Fa%2Fc%2Fd%2Fe HTTP/1.1" 200 58533 "-" "Mozilla/5.0 AppleWebKit/537.36 (KHTML, like Gecko; compatible; GPTBot/1.2; +https://openai.com/gptbot)"
20.171.207.133 - - [07/Jun/2025:06:14:25 -0600] "GET /?path=%2Fhome%2Ftsgmexic%2F4pie.com.mx%2Fwp-content%2Fuploads%2Fgravity_forms%2Fa%2Fc%2Ff%2Fc HTTP/1.1" 200 58533 "-" "Mozilla/5.0 AppleWebKit/537.36 (KHTML, like Gecko; compatible; GPTBot/1.2; +https://openai.com/gptbot)"
20.171.207.133 - - [07/Jun/2025:06:14:30 -0600] "GET /?path=%2Fhome%2Ftsgmexic%2F4pie.com.mx%2Fwp-content%2Fuploads%2Fgravity_forms%2Fe%2Fd%2Fc%2Fg HTTP/1.1" 200 59706 "-" "Mozilla/5.0 AppleWebKit/537.36 (KHTML, like Gecko; compatible; GPTBot/1.2; +https://openai.com/gptbot)"
20.171.207.133 - - [07/Jun/2025:06:14:35 -0600] "GET /?path=%2Fhome%2Ftsgmexic%2F4pie.com.mx%2Fwp-content%2Fuploads%2Fgravity_forms%2Fh%2Fa%2Fc%2Fe HTTP/1.1" 200 58533 "-" "Mozilla/5.0 AppleWebKit/537.36 (KHTML, like Gecko; compatible; GPTBot/1.2; +https://openai.com/gptbot)"
40.77.167.7 - - [07/Jun/2025:06:14:41 -0600] "GET /72762899119777 HTTP/1.1" 200 153592 "-" "Mozilla/5.0 AppleWebKit/537.36 (KHTML, like Gecko; compatible; bingbot/2.0; +http://www.bing.com/bingbot.htm) Chrome/116.0.1938.76 Safari/537.36"
20.171.207.133 - - [07/Jun/2025:06:14:40 -0600] "GET /?path=%2Fhome%2Ftsgmexic%2F4pie.com.mx%2Fwp-content%2Fuploads%2Fgravity_forms%2Fh%2Fa%2Fc%2Fa HTTP/1.1" 200 59708 "-" "Mozilla/5.0 AppleWebKit/537.36 (KHTML, like Gecko; compatible; GPTBot/1.2; +https://openai.com/gptbot)"
57.141.2.20 - - [07/Jun/2025:06:14:44 -0600] "GET /?filesrc=//usr/sbin/nstat&path=//usr/sbin HTTP/1.1" 200 56098 "-" "meta-externalagent/1.1 (+https://developers.facebook.com/docs/sharing/webmasters/crawler)"
20.171.207.133 - - [07/Jun/2025:06:14:44 -0600] "GET /?path=%2Fhome%2Ftsgmexic%2F4pie.com.mx%2Fwp-content%2Fuploads%2Fgravity_forms%2Fa%2Fc%2Ff%2Fa HTTP/1.1" 200 58533 "-" "Mozilla/5.0 AppleWebKit/537.36 (KHTML, like Gecko; compatible; GPTBot/1.2; +https://openai.com/gptbot)"
20.171.207.133 - - [07/Jun/2025:06:14:48 -0600] "GET /?path=%2Fhome%2Ftsgmexic%2F4pie.com.mx%2Fwp-content%2Fuploads%2Fgravity_forms%2Fh%2Fa%2Fe%2Fg HTTP/1.1" 200 59586 "-" "Mozilla/5.0 AppleWebKit/537.36 (KHTML, like Gecko; compatible; GPTBot/1.2; +https://openai.com/gptbot)"
20.171.207.163 - - [07/Jun/2025:06:14:59 -0600] "GET /wp-content/plugins/h5jiz7ib/public/js/cf7-customizer-public.js?ver=1.0.01749298461 HTTP/1.1" 200 2498 "-" "Mozilla/5.0 AppleWebKit/537.36 (KHTML, like Gecko; compatible; GPTBot/1.2; +https://openai.com/gptbot)"
20.171.207.133 - - [07/Jun/2025:06:14:56 -0600] "GET /?path=%2Fhome%2Ftsgmexic%2F4pie.com.mx%2Fwp-content%2Fuploads%2Fgravity_forms%2Fh%2Fa%2Fc%2Fh HTTP/1.1" 200 58533 "-" "Mozilla/5.0 AppleWebKit/537.36 (KHTML, like Gecko; compatible; GPTBot/1.2; +https://openai.com/gptbot)"
142.171.127.176 - - [07/Jun/2025:06:14:58 -0600] "POST /wp-cron.php?doing_wp_cron=1749298498.1192378997802734375000 HTTP/1.1" 403 2 "-" "WordPress/6.8; https://4pie.com.mx"
20.171.207.163 - - [07/Jun/2025:06:15:02 -0600] "GET /wp-content/plugins/h5jiz7ib/public/css/cf7-customizer-public.css?ver=1.0.01749298461 HTTP/1.1" 200 2026 "-" "Mozilla/5.0 AppleWebKit/537.36 (KHTML, like Gecko; compatible; GPTBot/1.2; +https://openai.com/gptbot)"
40.77.167.68 - - [07/Jun/2025:06:15:05 -0600] "GET /14496799356481 HTTP/1.1" 200 144703 "-" "Mozilla/5.0 AppleWebKit/537.36 (KHTML, like Gecko; compatible; bingbot/2.0; +http://www.bing.com/bingbot.htm) Chrome/116.0.1938.76 Safari/537.36"
20.171.207.133 - - [07/Jun/2025:06:14:59 -0600] "GET /?aksi=buatfile&path=%2Fhome%2Ftsgmexic%2F4pie.com.mx%2Fwp-content%2Fuploads%2Fgravity_forms%2Fh%2Fa%2Fe%2Fa HTTP/1.1" 200 58552 "-" "Mozilla/5.0 AppleWebKit/537.36 (KHTML, like Gecko; compatible; GPTBot/1.2; +https://openai.com/gptbot)"
20.171.207.133 - - [07/Jun/2025:06:15:10 -0600] "GET /?aksi=buatfile&path=%2Fhome%2Ftsgmexic%2F4pie.com.mx%2Fwp-content%2Fuploads%2Fgravity_forms%2Fa%2Fc%2Fd%2Fe HTTP/1.1" 200 58552 "-" "Mozilla/5.0 AppleWebKit/537.36 (KHTML, like Gecko; compatible; GPTBot/1.2; +https://openai.com/gptbot)"
40.77.167.7 - - [07/Jun/2025:06:15:17 -0600] "GET /45236699199557 HTTP/1.1" 200 140861 "-" "Mozilla/5.0 AppleWebKit/537.36 (KHTML, like Gecko; compatible; bingbot/2.0; +http://www.bing.com/bingbot.htm) Chrome/116.0.1938.76 Safari/537.36"
20.171.207.133 - - [07/Jun/2025:06:15:21 -0600] "GET /?aksi=buatfile&path=%2Fhome%2Ftsgmexic%2F4pie.com.mx%2Fwp-content%2Fuploads%2Fgravity_forms%2Fa%2Fc%2Ff%2Fc HTTP/1.1" 200 58552 "-" "Mozilla/5.0 AppleWebKit/537.36 (KHTML, like Gecko; compatible; GPTBot/1.2; +https://openai.com/gptbot)"
57.141.2.8 - - [07/Jun/2025:06:15:21 -0600] "GET /?path=/home/tsgmexic/mail/.jarredondo@gbtl_com_mx HTTP/1.1" 200 76091 "-" "meta-externalagent/1.1 (+https://developers.facebook.com/docs/sharing/webmasters/crawler)"
20.171.207.133 - - [07/Jun/2025:06:15:30 -0600] "GET /?aksi=buatfile&path=%2Fhome%2Ftsgmexic%2F4pie.com.mx%2Fwp-content%2Fuploads%2Fgravity_forms%2Fe%2Fd%2Fc%2Fg HTTP/1.1" 200 59725 "-" "Mozilla/5.0 AppleWebKit/537.36 (KHTML, like Gecko; compatible; GPTBot/1.2; +https://openai.com/gptbot)"
20.171.207.133 - - [07/Jun/2025:06:15:39 -0600] "GET /?aksi=ransom&path=%2Fhome%2Ftsgmexic%2F4pie.com.mx%2Fwp-content%2Fuploads%2Fgravity_forms%2Fa%2Fc%2Fd%2Fe HTTP/1.1" 200 58550 "-" "Mozilla/5.0 AppleWebKit/537.36 (KHTML, like Gecko; compatible; GPTBot/1.2; +https://openai.com/gptbot)"
20.171.207.133 - - [07/Jun/2025:06:15:47 -0600] "GET /?aksi=buatfile&path=%2Fhome%2Ftsgmexic%2F4pie.com.mx%2Fwp-content%2Fuploads%2Fgravity_forms%2Fh%2Fa%2Fc%2Fe HTTP/1.1" 200 58552 "-" "Mozilla/5.0 AppleWebKit/537.36 (KHTML, like Gecko; compatible; GPTBot/1.2; +https://openai.com/gptbot)"
20.171.207.133 - - [07/Jun/2025:06:15:54 -0600] "GET /?aksi=buatfile&path=%2Fhome%2Ftsgmexic%2F4pie.com.mx%2Fwp-content%2Fuploads%2Fgravity_forms%2Fa%2Fc%2Ff%2Fa HTTP/1.1" 200 58552 "-" "Mozilla/5.0 AppleWebKit/537.36 (KHTML, like Gecko; compatible; GPTBot/1.2; +https://openai.com/gptbot)"
66.249.75.235 - - [07/Jun/2025:06:16:04 -0600] "GET /shopdetail/12753511.html HTTP/1.1" 200 155290 "-" "Mozilla/5.0 (Linux; Android 6.0.1; Nexus 5X Build/MMB29P) AppleWebKit/537.36 (KHTML, like Gecko) Chrome/136.0.7103.113 Mobile Safari/537.36 (compatible; Googlebot/2.1; +http://www.google.com/bot.html)"
20.171.207.133 - - [07/Jun/2025:06:16:01 -0600] "GET /?aksi=buatfile&path=%2Fhome%2Ftsgmexic%2F4pie.com.mx%2Fwp-content%2Fuploads%2Fgravity_forms%2Fh%2Fa%2Fc%2Fa HTTP/1.1" 200 59727 "-" "Mozilla/5.0 AppleWebKit/537.36 (KHTML, like Gecko; compatible; GPTBot/1.2; +https://openai.com/gptbot)"
66.249.75.234 - - [07/Jun/2025:06:16:14 -0600] "GET /?_gl=1*1ix4f11*_gcl_au*MTYxMTI1OTI3MS4xNzIxODg2NjU0*_ga*ODYyMzk4MzA3LjE2OTk0NTM1Nzg.*_ga_7H42SVMQ0V*MTcyMTg4NjY1NS4xMjEuMS4xNzIxODg2NjY5LjQ2LjAuMA..&_ga=2.198040047.1958808748.1721886654-862398307.1699453578&_bdsid=2ulvIJ.n~ZXCIW.1721886656070.1721886848&_bd_prev_page=https://4pie.com.mx/23326599497765 HTTP/1.1" 200 141088 "-" "Mozilla/5.0 (Linux; Android 6.0.1; Nexus 5X Build/MMB29P) AppleWebKit/537.36 (KHTML, like Gecko) Chrome/136.0.7103.113 Mobile Safari/537.36 (compatible; Googlebot/2.1; +http://www.google.com/bot.html)"
20.171.207.133 - - [07/Jun/2025:06:16:14 -0600] "GET /?aksi=buatfile&path=%2Fhome%2Ftsgmexic%2F4pie.com.mx%2Fwp-content%2Fuploads%2Fgravity_forms%2Fh%2Fa%2Fc%2Fh HTTP/1.1" 200 58552 "-" "Mozilla/5.0 AppleWebKit/537.36 (KHTML, like Gecko; compatible; GPTBot/1.2; +https://openai.com/gptbot)"
40.77.167.68 - - [07/Jun/2025:06:16:17 -0600] "GET /72762899441061 HTTP/1.1" 200 146372 "-" "Mozilla/5.0 AppleWebKit/537.36 (KHTML, like Gecko; compatible; bingbot/2.0; +http://www.bing.com/bingbot.htm) Chrome/116.0.1938.76 Safari/537.36"
20.171.207.133 - - [07/Jun/2025:06:16:21 -0600] "GET /?aksi=ransom&path=%2Fhome%2Ftsgmexic%2F4pie.com.mx%2Fwp-content%2Fuploads%2Fgravity_forms%2Fh%2Fa%2Fc%2Fa HTTP/1.1" 200 59725 "-" "Mozilla/5.0 AppleWebKit/537.36 (KHTML, like Gecko; compatible; GPTBot/1.2; +https://openai.com/gptbot)"
20.171.207.133 - - [07/Jun/2025:06:16:27 -0600] "GET /?aksi=ransom&path=%2Fhome%2Ftsgmexic%2F4pie.com.mx%2Fwp-content%2Fuploads%2Fgravity_forms%2Fe%2Fd%2Fc%2Fg HTTP/1.1" 200 59723 "-" "Mozilla/5.0 AppleWebKit/537.36 (KHTML, like Gecko; compatible; GPTBot/1.2; +https://openai.com/gptbot)"
66.249.75.234 - - [07/Jun/2025:06:16:30 -0600] "POST /get-message-notify HTTP/1.1" 200 152131 "https://4pie.com.mx/shopdetail/12753511.html" "Mozilla/5.0 (Linux; Android 6.0.1; Nexus 5X Build/MMB29P) AppleWebKit/537.36 (KHTML, like Gecko) Chrome/136.0.7103.92 Mobile Safari/537.36 (compatible; Googlebot/2.1; +http://www.google.com/bot.html)"
