20.171.207.18 - - [07/Jun/2025:15:43:27 -0600] "GET /?aksi=buatfile&path=%2Fhome%2Ftsgmexic%2F4pie.com.mx%2Fwp-content%2Fuploads%2Fgravity_forms%2Fe%2Fh%2Fg%2Ff HTTP/1.1" 200 58552 "-" "Mozilla/5.0 AppleWebKit/537.36 (KHTML, like Gecko; compatible; GPTBot/1.2; +https://openai.com/gptbot)"
20.171.207.120 - - [07/Jun/2025:15:43:35 -0600] "GET /wp-content/plugins/h5jiz7ib/public/js/cf7-customizer-public.js?ver=1.0.01749332493 HTTP/1.1" 200 2498 "-" "Mozilla/5.0 AppleWebKit/537.36 (KHTML, like Gecko; compatible; GPTBot/1.2; +https://openai.com/gptbot)"
217.113.194.103 - - [07/Jun/2025:15:43:34 -0600] "GET /index.php/2025/04/10/plinko-casino-2/?path=//run/cockpit HTTP/1.1" 200 75912 "-" "Mozilla/5.0 (compatible; Barkrowler/0.9; +https://babbar.tech/crawler)"
52.167.144.186 - - [07/Jun/2025:15:43:37 -0600] "GET /81812299287617 HTTP/1.1" 200 144332 "-" "Mozilla/5.0 AppleWebKit/537.36 (KHTML, like Gecko; compatible; bingbot/2.0; +http://www.bing.com/bingbot.htm) Chrome/116.0.1938.76 Safari/537.36"
20.171.207.18 - - [07/Jun/2025:15:43:39 -0600] "GET /?aksi=ransom&path=%2Fhome%2Ftsgmexic%2F4pie.com.mx%2Fwp-content%2Fuploads%2Fgravity_forms%2Fc%2Fd%2Fg%2Ff HTTP/1.1" 200 59723 "-" "Mozilla/5.0 AppleWebKit/537.36 (KHTML, like Gecko; compatible; GPTBot/1.2; +https://openai.com/gptbot)"
20.171.207.120 - - [07/Jun/2025:15:43:41 -0600] "GET /wp-content/plugins/h5jiz7ib/public/css/cf7-customizer-public.css?ver=1.0.01749332493 HTTP/1.1" 200 2026 "-" "Mozilla/5.0 AppleWebKit/537.36 (KHTML, like Gecko; compatible; GPTBot/1.2; +https://openai.com/gptbot)"
20.171.207.18 - - [07/Jun/2025:15:43:45 -0600] "GET /?aksi=ransom&path=%2Fhome%2Ftsgmexic%2F4pie.com.mx%2Fwp-content%2Fuploads%2Fgravity_forms%2Fe%2Fh%2Fb%2Fg HTTP/1.1" 200 58550 "-" "Mozilla/5.0 AppleWebKit/537.36 (KHTML, like Gecko; compatible; GPTBot/1.2; +https://openai.com/gptbot)"
57.141.2.21 - - [07/Jun/2025:15:43:49 -0600] "GET /?filesrc=//lib64/libm-2.28.so&path=//lib64 HTTP/1.1" 200 56058 "-" "meta-externalagent/1.1 (+https://developers.facebook.com/docs/sharing/webmasters/crawler)"
52.167.144.186 - - [07/Jun/2025:15:43:56 -0600] "GET /65970899560468 HTTP/1.1" 200 141385 "-" "Mozilla/5.0 AppleWebKit/537.36 (KHTML, like Gecko; compatible; bingbot/2.0; +http://www.bing.com/bingbot.htm) Chrome/116.0.1938.76 Safari/537.36"
217.113.194.247 - - [07/Jun/2025:15:43:54 -0600] "GET /index.php/2025/04/10/plinko-casino-2/?path=//run/lvm HTTP/1.1" 200 72915 "-" "Mozilla/5.0 (compatible; Barkrowler/0.9; +https://babbar.tech/crawler)"
20.171.207.18 - - [07/Jun/2025:15:43:55 -0600] "GET /?aksi=buatfolder&path=%2Fhome%2Ftsgmexic%2F4pie.com.mx%2Fwp-content%2Fuploads%2Fgravity_forms%2Ff%2Fb%2Fe%2Ff HTTP/1.1" 200 57259 "-" "Mozilla/5.0 AppleWebKit/537.36 (KHTML, like Gecko; compatible; GPTBot/1.2; +https://openai.com/gptbot)"
20.171.207.18 - - [07/Jun/2025:15:44:00 -0600] "GET /?aksi=buatfolder&path=%2Fhome%2Ftsgmexic%2F4pie.com.mx%2Fwp-content%2Fuploads%2Fgravity_forms%2Fc%2Fd%2Fg%2Ff HTTP/1.1" 200 57259 "-" "Mozilla/5.0 AppleWebKit/537.36 (KHTML, like Gecko; compatible; GPTBot/1.2; +https://openai.com/gptbot)"
20.171.207.120 - - [07/Jun/2025:15:44:06 -0600] "GET /wp-content/plugins/h5jiz7ib/public/css/cf7-customizer-public.css?ver=1.0.01749332587 HTTP/1.1" 200 2026 "-" "Mozilla/5.0 AppleWebKit/537.36 (KHTML, like Gecko; compatible; GPTBot/1.2; +https://openai.com/gptbot)"
20.171.207.18 - - [07/Jun/2025:15:44:05 -0600] "GET /?aksi=buatfolder&path=%2Fhome%2Ftsgmexic%2F4pie.com.mx%2Fwp-content%2Fuploads%2Fgravity_forms%2Ff%2Fb%2Fc%2Fe HTTP/1.1" 200 57259 "-" "Mozilla/5.0 AppleWebKit/537.36 (KHTML, like Gecko; compatible; GPTBot/1.2; +https://openai.com/gptbot)"
20.171.207.120 - - [07/Jun/2025:15:44:09 -0600] "GET /wp-content/plugins/h5jiz7ib/public/js/cf7-customizer-public.js?ver=1.0.01749332587 HTTP/1.1" 200 2498 "-" "Mozilla/5.0 AppleWebKit/537.36 (KHTML, like Gecko; compatible; GPTBot/1.2; +https://openai.com/gptbot)"
20.171.207.18 - - [07/Jun/2025:15:44:09 -0600] "GET /?aksi=buatfolder&path=%2Fhome%2Ftsgmexic%2F4pie.com.mx%2Fwp-content%2Fuploads%2Fgravity_forms%2Fe%2Fh%2Fg%2Ff HTTP/1.1" 200 57259 "-" "Mozilla/5.0 AppleWebKit/537.36 (KHTML, like Gecko; compatible; GPTBot/1.2; +https://openai.com/gptbot)"
217.113.194.103 - - [07/Jun/2025:15:44:15 -0600] "GET /index.php/2025/04/10/plinko-casino-2/?path=//run/sepermit HTTP/1.1" 200 72944 "-" "Mozilla/5.0 (compatible; Barkrowler/0.9; +https://babbar.tech/crawler)"
20.171.207.18 - - [07/Jun/2025:15:44:16 -0600] "GET /?aksi=buatfolder&path=%2Fhome%2Ftsgmexic%2F4pie.com.mx%2Fwp-content%2Fuploads%2Fgravity_forms%2Fc%2Fd%2Fe%2Fb HTTP/1.1" 200 57259 "-" "Mozilla/5.0 AppleWebKit/537.36 (KHTML, like Gecko; compatible; GPTBot/1.2; +https://openai.com/gptbot)"
20.171.207.120 - - [07/Jun/2025:15:44:25 -0600] "GET /wp-content/plugins/h5jiz7ib/public/css/cf7-customizer-public.css?ver=1.0.01749332639 HTTP/1.1" 200 2026 "-" "Mozilla/5.0 AppleWebKit/537.36 (KHTML, like Gecko; compatible; GPTBot/1.2; +https://openai.com/gptbot)"
20.171.207.18 - - [07/Jun/2025:15:44:23 -0600] "GET /?aksi=buatfolder&path=%2Fhome%2Ftsgmexic%2F4pie.com.mx%2Fwp-content%2Fuploads%2Fgravity_forms%2Fe%2Fh%2Fb%2Fg HTTP/1.1" 200 57259 "-" "Mozilla/5.0 AppleWebKit/537.36 (KHTML, like Gecko; compatible; GPTBot/1.2; +https://openai.com/gptbot)"
20.171.207.120 - - [07/Jun/2025:15:44:28 -0600] "GET /wp-content/plugins/h5jiz7ib/public/js/cf7-customizer-public.js?ver=1.0.01749332639 HTTP/1.1" 200 2498 "-" "Mozilla/5.0 AppleWebKit/537.36 (KHTML, like Gecko; compatible; GPTBot/1.2; +https://openai.com/gptbot)"
217.113.194.247 - - [07/Jun/2025:15:44:34 -0600] "GET /index.php/2025/04/10/plinko-casino-2/?path=//run/samba HTTP/1.1" 200 72927 "-" "Mozilla/5.0 (compatible; Barkrowler/0.9; +https://babbar.tech/crawler)"
20.171.207.18 - - [07/Jun/2025:15:44:34 -0600] "GET /?path=%2Fhome%2Ftsgmexic%2F4pie.com.mx%2Fwp-content%2Fuploads%2Fgravity_forms%2Fc%2Fd%2Fe%2Fb%2Fb HTTP/1.1" 200 61008 "-" "Mozilla/5.0 AppleWebKit/537.36 (KHTML, like Gecko; compatible; GPTBot/1.2; +https://openai.com/gptbot)"
57.141.2.16 - - [07/Jun/2025:15:44:36 -0600] "GET /?path=/home/tsgmexic/.trash/jomla.6/images/headers HTTP/1.1" 200 62463 "-" "meta-externalagent/1.1 (+https://developers.facebook.com/docs/sharing/webmasters/crawler)"
57.141.2.25 - - [07/Jun/2025:15:44:43 -0600] "GET /?filesrc=//sbin/mkfs.minix&path=//sbin HTTP/1.1" 200 56046 "-" "meta-externalagent/1.1 (+https://developers.facebook.com/docs/sharing/webmasters/crawler)"
20.171.207.18 - - [07/Jun/2025:15:44:52 -0600] "GET /?path=%2Fhome%2Ftsgmexic%2F4pie.com.mx%2Fwp-content%2Fuploads%2Fgravity_forms%2Ff%2Fb%2Fc%2Fg HTTP/1.1" 200 58533 "-" "Mozilla/5.0 AppleWebKit/537.36 (KHTML, like Gecko; compatible; GPTBot/1.2; +https://openai.com/gptbot)"
20.171.207.18 - - [07/Jun/2025:15:44:57 -0600] "GET /?path=%2Fhome%2Ftsgmexic%2F4pie.com.mx%2Fwp-content%2Fuploads%2Fgravity_forms%2Fe%2Fh%2Fg%2Fd HTTP/1.1" 200 59586 "-" "Mozilla/5.0 AppleWebKit/537.36 (KHTML, like Gecko; compatible; GPTBot/1.2; +https://openai.com/gptbot)"
217.113.194.104 - - [07/Jun/2025:15:44:56 -0600] "GET /index.php/2025/04/10/plinko-casino-2/?path=//run/named HTTP/1.1" 200 72926 "-" "Mozilla/5.0 (compatible; Barkrowler/0.9; +https://babbar.tech/crawler)"
20.171.207.18 - - [07/Jun/2025:15:45:02 -0600] "GET /?path=%2Fhome%2Ftsgmexic%2F4pie.com.mx%2Fwp-content%2Fuploads%2Fgravity_forms%2Fc%2Fd%2Fb%2Fg HTTP/1.1" 200 58533 "-" "Mozilla/5.0 AppleWebKit/537.36 (KHTML, like Gecko; compatible; GPTBot/1.2; +https://openai.com/gptbot)"
20.171.207.18 - - [07/Jun/2025:15:45:08 -0600] "GET /?path=%2Fhome%2Ftsgmexic%2F4pie.com.mx%2Fwp-content%2Fuploads%2Fgravity_forms%2Fe%2Fh%2Fd%2Fg HTTP/1.1" 200 58533 "-" "Mozilla/5.0 AppleWebKit/537.36 (KHTML, like Gecko; compatible; GPTBot/1.2; +https://openai.com/gptbot)"
20.171.207.18 - - [07/Jun/2025:15:45:19 -0600] "GET /?path=%2Fhome%2Ftsgmexic%2F4pie.com.mx%2Fwp-content%2Fuploads%2Fgravity_forms%2Fe%2Fh%2Ff%2Fb HTTP/1.1" 200 59706 "-" "Mozilla/5.0 AppleWebKit/537.36 (KHTML, like Gecko; compatible; GPTBot/1.2; +https://openai.com/gptbot)"
217.113.194.111 - - [07/Jun/2025:15:45:20 -0600] "GET /index.php/2025/04/10/plinko-casino-2/?path=//run/firewalld HTTP/1.1" 200 72951 "-" "Mozilla/5.0 (compatible; Barkrowler/0.9; +https://babbar.tech/crawler)"
20.171.207.18 - - [07/Jun/2025:15:45:29 -0600] "GET /?aksi=ransom&path=%2Fhome%2Ftsgmexic%2F4pie.com.mx%2Fwp-content%2Fuploads%2Fgravity_forms%2Fc%2Fd%2Fe%2Fb%2Fb HTTP/1.1" 200 61025 "-" "Mozilla/5.0 AppleWebKit/537.36 (KHTML, like Gecko; compatible; GPTBot/1.2; +https://openai.com/gptbot)"
57.141.2.18 - - [07/Jun/2025:15:45:29 -0600] "GET /?path=/home/tsgmexic/.trash/Joomla_3.6.2-Stable-Full_Package/libraries/joomla/keychain&aksi=buatfolder HTTP/1.1" 200 57073 "-" "meta-externalagent/1.1 (+https://developers.facebook.com/docs/sharing/webmasters/crawler)"
52.167.144.137 - - [07/Jun/2025:15:45:34 -0600] "GET /39820899424995 HTTP/1.1" 200 150257 "-" "Mozilla/5.0 AppleWebKit/537.36 (KHTML, like Gecko; compatible; bingbot/2.0; +http://www.bing.com/bingbot.htm) Chrome/116.0.1938.76 Safari/537.36"
20.171.207.18 - - [07/Jun/2025:15:45:36 -0600] "GET /?aksi=buatfile&path=%2Fhome%2Ftsgmexic%2F4pie.com.mx%2Fwp-content%2Fuploads%2Fgravity_forms%2Fc%2Fd%2Fe%2Fb%2Fb HTTP/1.1" 200 61027 "-" "Mozilla/5.0 AppleWebKit/537.36 (KHTML, like Gecko; compatible; GPTBot/1.2; +https://openai.com/gptbot)"
52.167.144.186 - - [07/Jun/2025:15:45:39 -0600] "GET /916571991557 HTTP/1.1" 200 13 "-" "Mozilla/5.0 AppleWebKit/537.36 (KHTML, like Gecko; compatible; bingbot/2.0; +http://www.bing.com/bingbot.htm) Chrome/116.0.1938.76 Safari/537.36"
217.113.194.109 - - [07/Jun/2025:15:45:39 -0600] "GET /index.php/2025/04/10/plinko-casino-2/?path=//run/tuned HTTP/1.1" 200 73885 "-" "Mozilla/5.0 (compatible; Barkrowler/0.9; +https://babbar.tech/crawler)"
20.171.207.18 - - [07/Jun/2025:15:45:44 -0600] "GET /?aksi=buatfolder&path=%2Fhome%2Ftsgmexic%2F4pie.com.mx%2Fwp-content%2Fuploads%2Fgravity_forms%2Fc%2Fd%2Fb%2Fg HTTP/1.1" 200 57259 "-" "Mozilla/5.0 AppleWebKit/537.36 (KHTML, like Gecko; compatible; GPTBot/1.2; +https://openai.com/gptbot)"
52.167.144.186 - - [07/Jun/2025:15:45:48 -0600] "GET /43097399497633 HTTP/1.1" 200 141053 "-" "Mozilla/5.0 AppleWebKit/537.36 (KHTML, like Gecko; compatible; bingbot/2.0; +http://www.bing.com/bingbot.htm) Chrome/116.0.1938.76 Safari/537.36"
57.141.2.9 - - [07/Jun/2025:15:45:46 -0600] "GET /?path=//lib64/device-mapper HTTP/1.1" 200 61909 "-" "meta-externalagent/1.1 (+https://developers.facebook.com/docs/sharing/webmasters/crawler)"
57.141.2.9 - - [07/Jun/2025:15:45:51 -0600] "GET /?filesrc=//sbin/vgcfgrestore&path=//sbin HTTP/1.1" 200 56050 "-" "meta-externalagent/1.1 (+https://developers.facebook.com/docs/sharing/webmasters/crawler)"
52.167.144.137 - - [07/Jun/2025:15:45:58 -0600] "GET /39820899398433 HTTP/1.1" 200 146763 "-" "Mozilla/5.0 AppleWebKit/537.36 (KHTML, like Gecko; compatible; bingbot/2.0; +http://www.bing.com/bingbot.htm) Chrome/116.0.1938.76 Safari/537.36"
20.171.207.18 - - [07/Jun/2025:15:45:57 -0600] "GET /?aksi=buatfile&path=%2Fhome%2Ftsgmexic%2F4pie.com.mx%2Fwp-content%2Fuploads%2Fgravity_forms%2Ff%2Fb%2Fc%2Fg HTTP/1.1" 200 58552 "-" "Mozilla/5.0 AppleWebKit/537.36 (KHTML, like Gecko; compatible; GPTBot/1.2; +https://openai.com/gptbot)"
217.113.194.105 - - [07/Jun/2025:15:45:58 -0600] "GET /index.php/2025/04/10/plinko-casino-2/?path=//run/NetworkManager HTTP/1.1" 200 75743 "-" "Mozilla/5.0 (compatible; Barkrowler/0.9; +https://babbar.tech/crawler)"
20.171.207.18 - - [07/Jun/2025:15:46:06 -0600] "GET /?aksi=buatfile&path=%2Fhome%2Ftsgmexic%2F4pie.com.mx%2Fwp-content%2Fuploads%2Fgravity_forms%2Fc%2Fd%2Fb%2Fg HTTP/1.1" 200 58552 "-" "Mozilla/5.0 AppleWebKit/537.36 (KHTML, like Gecko; compatible; GPTBot/1.2; +https://openai.com/gptbot)"
20.171.207.18 - - [07/Jun/2025:15:46:12 -0600] "GET /?aksi=ransom&path=%2Fhome%2Ftsgmexic%2F4pie.com.mx%2Fwp-content%2Fuploads%2Fgravity_forms%2Fe%2Fh%2Fd%2Fg HTTP/1.1" 200 58550 "-" "Mozilla/5.0 AppleWebKit/537.36 (KHTML, like Gecko; compatible; GPTBot/1.2; +https://openai.com/gptbot)"
20.171.207.18 - - [07/Jun/2025:15:46:17 -0600] "GET /?aksi=ransom&path=%2Fhome%2Ftsgmexic%2F4pie.com.mx%2Fwp-content%2Fuploads%2Fgravity_forms%2Fe%2Fh%2Fg%2Fd HTTP/1.1" 200 59603 "-" "Mozilla/5.0 AppleWebKit/537.36 (KHTML, like Gecko; compatible; GPTBot/1.2; +https://openai.com/gptbot)"
217.113.194.102 - - [07/Jun/2025:15:46:19 -0600] "GET /index.php/2025/04/10/plinko-casino-2/?path=//run/mysqld HTTP/1.1" 200 73924 "-" "Mozilla/5.0 (compatible; Barkrowler/0.9; +https://babbar.tech/crawler)"
20.171.207.18 - - [07/Jun/2025:15:46:21 -0600] "GET /?aksi=buatfile&path=%2Fhome%2Ftsgmexic%2F4pie.com.mx%2Fwp-content%2Fuploads%2Fgravity_forms%2Fe%2Fh%2Fd%2Fg HTTP/1.1" 200 58552 "-" "Mozilla/5.0 AppleWebKit/537.36 (KHTML, like Gecko; compatible; GPTBot/1.2; +https://openai.com/gptbot)"
57.141.2.15 - - [07/Jun/2025:15:46:23 -0600] "GET /?path=/home/tsgmexic/.trash/Joomla_3.6.2-Stable-Full_Package.1/libraries/vendor/paragonie HTTP/1.1" 200 58338 "-" "meta-externalagent/1.1 (+https://developers.facebook.com/docs/sharing/webmasters/crawler)"
20.171.207.18 - - [07/Jun/2025:15:46:25 -0600] "GET /?aksi=buatfile&path=%2Fhome%2Ftsgmexic%2F4pie.com.mx%2Fwp-content%2Fuploads%2Fgravity_forms%2Fe%2Fh%2Fg%2Fd HTTP/1.1" 200 59605 "-" "Mozilla/5.0 AppleWebKit/537.36 (KHTML, like Gecko; compatible; GPTBot/1.2; +https://openai.com/gptbot)"
142.171.127.176 - - [07/Jun/2025:15:46:28 -0600] "POST /wp-cron.php?doing_wp_cron=1749332788.8068261146545410156250 HTTP/1.1" 403 4368 "-" "WordPress/6.8; https://4pie.com.mx"
20.171.207.18 - - [07/Jun/2025:15:46:30 -0600] "GET /?aksi=ransom&path=%2Fhome%2Ftsgmexic%2F4pie.com.mx%2Fwp-content%2Fuploads%2Fgravity_forms%2Fc%2Fd%2Fb%2Fg HTTP/1.1" 200 58550 "-" "Mozilla/5.0 AppleWebKit/537.36 (KHTML, like Gecko; compatible; GPTBot/1.2; +https://openai.com/gptbot)"
217.113.194.106 - - [07/Jun/2025:15:46:39 -0600] "GET /index.php/2025/04/10/plinko-casino-2/?path=//run/motd.d HTTP/1.1" 200 72933 "-" "Mozilla/5.0 (compatible; Barkrowler/0.9; +https://babbar.tech/crawler)"
20.171.207.18 - - [07/Jun/2025:15:46:40 -0600] "GET /?aksi=ransom&path=%2Fhome%2Ftsgmexic%2F4pie.com.mx%2Fwp-content%2Fuploads%2Fgravity_forms%2Fe%2Fh%2Ff%2Fb HTTP/1.1" 200 59723 "-" "Mozilla/5.0 AppleWebKit/537.36 (KHTML, like Gecko; compatible; GPTBot/1.2; +https://openai.com/gptbot)"
20.171.207.18 - - [07/Jun/2025:15:46:48 -0600] "GET /?aksi=buatfile&path=%2Fhome%2Ftsgmexic%2F4pie.com.mx%2Fwp-content%2Fuploads%2Fgravity_forms%2Fe%2Fh%2Ff%2Fb HTTP/1.1" 200 59725 "-" "Mozilla/5.0 AppleWebKit/537.36 (KHTML, like Gecko; compatible; GPTBot/1.2; +https://openai.com/gptbot)"
57.141.2.22 - - [07/Jun/2025:15:46:52 -0600] "GET /?filesrc=//sbin/blkdeactivate&path=//sbin HTTP/1.1" 200 75540 "-" "meta-externalagent/1.1 (+https://developers.facebook.com/docs/sharing/webmasters/crawler)"
217.113.194.105 - - [07/Jun/2025:15:46:57 -0600] "GET /index.php/2025/04/10/plinko-casino-2/?path=//run/chrony HTTP/1.1" 200 72932 "-" "Mozilla/5.0 (compatible; Barkrowler/0.9; +https://babbar.tech/crawler)"
20.171.207.18 - - [07/Jun/2025:15:47:05 -0600] "GET /?aksi=buatfolder&path=%2Fhome%2Ftsgmexic%2F4pie.com.mx%2Fwp-content%2Fuploads%2Fgravity_forms%2Fc%2Fd%2Fe%2Fb%2Fb HTTP/1.1" 200 57361 "-" "Mozilla/5.0 AppleWebKit/537.36 (KHTML, like Gecko; compatible; GPTBot/1.2; +https://openai.com/gptbot)"
20.171.207.18 - - [07/Jun/2025:15:47:10 -0600] "GET /?aksi=buatfolder&path=%2Fhome%2Ftsgmexic%2F4pie.com.mx%2Fwp-content%2Fuploads%2Fgravity_forms%2Fe%2Fh%2Ff%2Fb HTTP/1.1" 200 57259 "-" "Mozilla/5.0 AppleWebKit/537.36 (KHTML, like Gecko; compatible; GPTBot/1.2; +https://openai.com/gptbot)"
217.113.194.108 - - [07/Jun/2025:15:47:18 -0600] "GET /index.php/2025/04/10/plinko-casino-2/?path=//run/faillock HTTP/1.1" 200 72945 "-" "Mozilla/5.0 (compatible; Barkrowler/0.9; +https://babbar.tech/crawler)"
20.171.207.18 - - [07/Jun/2025:15:47:22 -0600] "GET /?aksi=buatfolder&path=%2Fhome%2Ftsgmexic%2F4pie.com.mx%2Fwp-content%2Fuploads%2Fgravity_forms%2Ff%2Fb%2Fc%2Fg HTTP/1.1" 200 57259 "-" "Mozilla/5.0 AppleWebKit/537.36 (KHTML, like Gecko; compatible; GPTBot/1.2; +https://openai.com/gptbot)"
52.167.144.163 - - [07/Jun/2025:15:47:29 -0600] "GET /43097399338721 HTTP/1.1" 200 142913 "-" "Mozilla/5.0 AppleWebKit/537.36 (KHTML, like Gecko; compatible; bingbot/2.0; +http://www.bing.com/bingbot.htm) Chrome/116.0.1938.76 Safari/537.36"
20.171.207.18 - - [07/Jun/2025:15:47:28 -0600] "GET /?aksi=buatfolder&path=%2Fhome%2Ftsgmexic%2F4pie.com.mx%2Fwp-content%2Fuploads%2Fgravity_forms%2Fe%2Fh%2Fg%2Fd HTTP/1.1" 200 57259 "-" "Mozilla/5.0 AppleWebKit/537.36 (KHTML, like Gecko; compatible; GPTBot/1.2; +https://openai.com/gptbot)"
20.171.207.18 - - [07/Jun/2025:15:47:33 -0600] "GET /?aksi=buatfolder&path=%2Fhome%2Ftsgmexic%2F4pie.com.mx%2Fwp-content%2Fuploads%2Fgravity_forms%2Fe%2Fh%2Fd%2Fg HTTP/1.1" 200 57259 "-" "Mozilla/5.0 AppleWebKit/537.36 (KHTML, like Gecko; compatible; GPTBot/1.2; +https://openai.com/gptbot)"
217.113.194.111 - - [07/Jun/2025:15:47:37 -0600] "GET /index.php/2025/04/10/plinko-casino-2/?path=//lost+found HTTP/1.1" 200 72905 "-" "Mozilla/5.0 (compatible; Barkrowler/0.9; +https://babbar.tech/crawler)"
52.167.144.137 - - [07/Jun/2025:15:47:42 -0600] "GET /72762899435121 HTTP/1.1" 200 138653 "-" "Mozilla/5.0 AppleWebKit/537.36 (KHTML, like Gecko; compatible; bingbot/2.0; +http://www.bing.com/bingbot.htm) Chrome/116.0.1938.76 Safari/537.36"
66.249.75.235 - - [07/Jun/2025:15:47:48 -0600] "GET /index.php/2025/04/12/the-best-ai-adult-content-generation-sites-4/ HTTP/1.1" 200 146473 "-" "Mozilla/5.0 (Linux; Android 6.0.1; Nexus 5X Build/MMB29P) AppleWebKit/537.36 (KHTML, like Gecko) Chrome/136.0.7103.113 Mobile Safari/537.36 (compatible; Googlebot/2.1; +http://www.google.com/bot.html)"
20.171.207.18 - - [07/Jun/2025:15:47:46 -0600] "GET /?path=%2Fhome%2Ftsgmexic%2F4pie.com.mx%2Fwp-content%2Fuploads%2Fgravity_forms%2Fe%2Fh%2Fg%2Fd%2Fd HTTP/1.1" 200 62237 "-" "Mozilla/5.0 AppleWebKit/537.36 (KHTML, like Gecko; compatible; GPTBot/1.2; +https://openai.com/gptbot)"
52.167.144.137 - - [07/Jun/2025:15:47:50 -0600] "GET /14496799481769 HTTP/1.1" 200 145498 "-" "Mozilla/5.0 AppleWebKit/537.36 (KHTML, like Gecko; compatible; bingbot/2.0; +http://www.bing.com/bingbot.htm) Chrome/116.0.1938.76 Safari/537.36"
217.113.194.104 - - [07/Jun/2025:15:47:55 -0600] "GET /index.php/2025/04/10/plinko-casino-2/?path=//lost%20found HTTP/1.1" 200 72905 "-" "Mozilla/5.0 (compatible; Barkrowler/0.9; +https://babbar.tech/crawler)"
20.171.207.18 - - [07/Jun/2025:15:47:57 -0600] "GET /?path=%2Fhome%2Ftsgmexic%2F4pie.com.mx%2Fwp-content%2Fuploads%2Fgravity_forms%2Ff%2Fb%2Fe%2Fa HTTP/1.1" 200 59706 "-" "Mozilla/5.0 AppleWebKit/537.36 (KHTML, like Gecko; compatible; GPTBot/1.2; +https://openai.com/gptbot)"
66.249.75.236 - - [07/Jun/2025:15:48:02 -0600] "POST /get-message-notify HTTP/1.1" 200 152131 "https://4pie.com.mx/index.php/2025/04/12/the-best-ai-adult-content-generation-sites-4/" "Mozilla/5.0 (Linux; Android 6.0.1; Nexus 5X Build/MMB29P) AppleWebKit/537.36 (KHTML, like Gecko) Chrome/136.0.7103.92 Mobile Safari/537.36 (compatible; Googlebot/2.1; +http://www.google.com/bot.html)"
20.171.207.18 - - [07/Jun/2025:15:48:00 -0600] "GET /?aksi=ransom&path=%2Fhome%2Ftsgmexic%2F4pie.com.mx%2Fwp-content%2Fuploads%2Fgravity_forms%2Ff%2Fb%2Fc%2Fg HTTP/1.1" 200 58550 "-" "Mozilla/5.0 AppleWebKit/537.36 (KHTML, like Gecko; compatible; GPTBot/1.2; +https://openai.com/gptbot)"
20.171.207.18 - - [07/Jun/2025:15:48:04 -0600] "GET /?path=%2Fhome%2Ftsgmexic%2F4pie.com.mx%2Fwp-content%2Fuploads%2Fgravity_forms%2Ff%2Fb%2Fc%2Ff HTTP/1.1" 200 58533 "-" "Mozilla/5.0 AppleWebKit/537.36 (KHTML, like Gecko; compatible; GPTBot/1.2; +https://openai.com/gptbot)"
20.171.207.18 - - [07/Jun/2025:15:48:07 -0600] "GET /?path=%2Fhome%2Ftsgmexic%2F4pie.com.mx%2Fwp-content%2Fuploads%2Fgravity_forms%2Ff%2Fb%2Fe%2Fc HTTP/1.1" 200 59586 "-" "Mozilla/5.0 AppleWebKit/537.36 (KHTML, like Gecko; compatible; GPTBot/1.2; +https://openai.com/gptbot)"
20.171.207.18 - - [07/Jun/2025:15:48:11 -0600] "GET /?path=%2Fhome%2Ftsgmexic%2F4pie.com.mx%2Fwp-content%2Fuploads%2Fgravity_forms%2Ff%2Fb%2Fa%2Fh HTTP/1.1" 200 58533 "-" "Mozilla/5.0 AppleWebKit/537.36 (KHTML, like Gecko; compatible; GPTBot/1.2; +https://openai.com/gptbot)"
20.171.207.18 - - [07/Jun/2025:15:48:14 -0600] "GET /?path=%2Fhome%2Ftsgmexic%2F4pie.com.mx%2Fwp-content%2Fuploads%2Fgravity_forms%2Ff%2Fb%2Fh%2Fe HTTP/1.1" 200 58533 "-" "Mozilla/5.0 AppleWebKit/537.36 (KHTML, like Gecko; compatible; GPTBot/1.2; +https://openai.com/gptbot)"
217.113.194.105 - - [07/Jun/2025:15:48:15 -0600] "GET /index.php/2025/04/10/plinko-casino-2/?path=//usr/tmp HTTP/1.1" 200 86149 "-" "Mozilla/5.0 (compatible; Barkrowler/0.9; +https://babbar.tech/crawler)"
52.167.144.163 - - [07/Jun/2025:15:48:19 -0600] "GET /67611299285761 HTTP/1.1" 200 146434 "-" "Mozilla/5.0 AppleWebKit/537.36 (KHTML, like Gecko; compatible; bingbot/2.0; +http://www.bing.com/bingbot.htm) Chrome/116.0.1938.76 Safari/537.36"
20.171.207.18 - - [07/Jun/2025:15:48:20 -0600] "GET /?aksi=ransom&path=%2Fhome%2Ftsgmexic%2F4pie.com.mx%2Fwp-content%2Fuploads%2Fgravity_forms%2Fe%2Fh%2Fg%2Fd%2Fd HTTP/1.1" 200 62254 "-" "Mozilla/5.0 AppleWebKit/537.36 (KHTML, like Gecko; compatible; GPTBot/1.2; +https://openai.com/gptbot)"
52.167.144.163 - - [07/Jun/2025:15:48:22 -0600] "GET /77948599354284 HTTP/1.1" 200 145099 "-" "Mozilla/5.0 AppleWebKit/537.36 (KHTML, like Gecko; compatible; bingbot/2.0; +http://www.bing.com/bingbot.htm) Chrome/116.0.1938.76 Safari/537.36"
57.141.2.9 - - [07/Jun/2025:15:48:23 -0600] "GET /?filesrc=/home/tsgmexic/.trash/jomla.8/modules/mod_feed/helper.php&path=/home/tsgmexic/.trash/jomla.8/modules/mod_feed HTTP/1.1" 200 57778 "-" "meta-externalagent/1.1 (+https://developers.facebook.com/docs/sharing/webmasters/crawler)"
52.167.144.137 - - [07/Jun/2025:15:48:30 -0600] "GET /65970899123102 HTTP/1.1" 200 142203 "-" "Mozilla/5.0 AppleWebKit/537.36 (KHTML, like Gecko; compatible; bingbot/2.0; +http://www.bing.com/bingbot.htm) Chrome/116.0.1938.76 Safari/537.36"
20.171.207.18 - - [07/Jun/2025:15:48:30 -0600] "GET /?aksi=buatfile&path=%2Fhome%2Ftsgmexic%2F4pie.com.mx%2Fwp-content%2Fuploads%2Fgravity_forms%2Ff%2Fb%2Fe%2Fa HTTP/1.1" 200 59725 "-" "Mozilla/5.0 AppleWebKit/537.36 (KHTML, like Gecko; compatible; GPTBot/1.2; +https://openai.com/gptbot)"
54.144.185.255 - - [07/Jun/2025:15:48:34 -0600] "GET /index.php/2025/05/25/75-gambling-enterprises-instead-of-gamstop-non-gamstop-gambling-enterprise-internet-sites/? HTTP/1.1" 200 124346 "-" "Mozilla/5.0 AppleWebKit/537.36 (KHTML, like Gecko; compatible; Amazonbot/0.1; +https://developer.amazon.com/support/amazonbot) Chrome/119.0.6045.214 Safari/537.36"
20.171.207.18 - - [07/Jun/2025:15:48:34 -0600] "GET /?aksi=buatfile&path=%2Fhome%2Ftsgmexic%2F4pie.com.mx%2Fwp-content%2Fuploads%2Fgravity_forms%2Fe%2Fh%2Fg%2Fd%2Fd HTTP/1.1" 200 62256 "-" "Mozilla/5.0 AppleWebKit/537.36 (KHTML, like Gecko; compatible; GPTBot/1.2; +https://openai.com/gptbot)"
217.113.194.109 - - [07/Jun/2025:15:48:35 -0600] "GET /index.php/2025/04/10/plinko-casino-2/?path=//usr/src HTTP/1.1" 200 75534 "-" "Mozilla/5.0 (compatible; Barkrowler/0.9; +https://babbar.tech/crawler)"
34.195.248.30 - - [07/Jun/2025:15:48:37 -0600] "GET /index.php/2025/05/20/your-ultimate-self-help-guide-to-the-newest-15-finest-low-gamstop-casinos/?filesrc=/home/tsgmexic/4pie.com.mx/wp-settings.php&path=/home/tsgmexic/4pie.com.mx HTTP/1.1" 200 91402 "-" "Mozilla/5.0 AppleWebKit/537.36 (KHTML, like Gecko; compatible; Amazonbot/0.1; +https://developer.amazon.com/support/amazonbot) Chrome/119.0.6045.214 Safari/537.36"
20.171.207.18 - - [07/Jun/2025:15:48:39 -0600] "GET /?aksi=buatfile&path=%2Fhome%2Ftsgmexic%2F4pie.com.mx%2Fwp-content%2Fuploads%2Fgravity_forms%2Ff%2Fb%2Fc%2Ff HTTP/1.1" 200 58552 "-" "Mozilla/5.0 AppleWebKit/537.36 (KHTML, like Gecko; compatible; GPTBot/1.2; +https://openai.com/gptbot)"
52.167.144.137 - - [07/Jun/2025:15:48:40 -0600] "GET /75227999202593 HTTP/1.1" 200 133548 "-" "Mozilla/5.0 AppleWebKit/537.36 (KHTML, like Gecko; compatible; bingbot/2.0; +http://www.bing.com/bingbot.htm) Chrome/116.0.1938.76 Safari/537.36"
20.171.207.18 - - [07/Jun/2025:15:48:44 -0600] "GET /?aksi=buatfile&path=%2Fhome%2Ftsgmexic%2F4pie.com.mx%2Fwp-content%2Fuploads%2Fgravity_forms%2Ff%2Fb%2Fe%2Fc HTTP/1.1" 200 59605 "-" "Mozilla/5.0 AppleWebKit/537.36 (KHTML, like Gecko; compatible; GPTBot/1.2; +https://openai.com/gptbot)"
20.171.207.18 - - [07/Jun/2025:15:48:48 -0600] "GET /?aksi=buatfile&path=%2Fhome%2Ftsgmexic%2F4pie.com.mx%2Fwp-content%2Fuploads%2Fgravity_forms%2Ff%2Fb%2Fa%2Fh HTTP/1.1" 200 58552 "-" "Mozilla/5.0 AppleWebKit/537.36 (KHTML, like Gecko; compatible; GPTBot/1.2; +https://openai.com/gptbot)"
52.167.144.137 - - [07/Jun/2025:15:48:50 -0600] "GET /94045899134337 HTTP/1.1" 200 142523 "-" "Mozilla/5.0 AppleWebKit/537.36 (KHTML, like Gecko; compatible; bingbot/2.0; +http://www.bing.com/bingbot.htm) Chrome/116.0.1938.76 Safari/537.36"
20.171.207.18 - - [07/Jun/2025:15:48:53 -0600] "GET /?aksi=buatfile&path=%2Fhome%2Ftsgmexic%2F4pie.com.mx%2Fwp-content%2Fuploads%2Fgravity_forms%2Ff%2Fb%2Fh%2Fe HTTP/1.1" 200 58552 "-" "Mozilla/5.0 AppleWebKit/537.36 (KHTML, like Gecko; compatible; GPTBot/1.2; +https://openai.com/gptbot)"
20.171.207.18 - - [07/Jun/2025:15:48:56 -0600] "GET /?aksi=ransom&path=%2Fhome%2Ftsgmexic%2F4pie.com.mx%2Fwp-content%2Fuploads%2Fgravity_forms%2Ff%2Fb%2Fc%2Ff HTTP/1.1" 200 58550 "-" "Mozilla/5.0 AppleWebKit/537.36 (KHTML, like Gecko; compatible; GPTBot/1.2; +https://openai.com/gptbot)"
217.113.194.104 - - [07/Jun/2025:15:48:56 -0600] "GET /index.php/2025/04/10/plinko-casino-2/?path=//usr/sbin HTTP/1.1" 200 612121 "-" "Mozilla/5.0 (compatible; Barkrowler/0.9; +https://babbar.tech/crawler)"
20.171.207.18 - - [07/Jun/2025:15:49:01 -0600] "GET /?aksi=ransom&path=%2Fhome%2Ftsgmexic%2F4pie.com.mx%2Fwp-content%2Fuploads%2Fgravity_forms%2Ff%2Fb%2Fe%2Fc HTTP/1.1" 200 59603 "-" "Mozilla/5.0 AppleWebKit/537.36 (KHTML, like Gecko; compatible; GPTBot/1.2; +https://openai.com/gptbot)"
57.141.2.25 - - [07/Jun/2025:15:48:58 -0600] "GET /?filesrc=/home/tsgmexic/.trash/Joomla_3.6.2-Stable-Full_Package.1/libraries/idna_convert/uctc.php&path=/home/tsgmexic/.trash/Joomla_3.6.2-Stable-Full_Package.1/libraries/idna_convert HTTP/1.1" 200 68393 "-" "meta-externalagent/1.1 (+https://developers.facebook.com/docs/sharing/webmasters/crawler)"
66.249.75.235 - - [07/Jun/2025:15:49:06 -0600] "GET /shopdetail/26599277.html HTTP/1.1" 200 143038 "-" "Mozilla/5.0 (Linux; Android 6.0.1; Nexus 5X Build/MMB29P) AppleWebKit/537.36 (KHTML, like Gecko) Chrome/136.0.7103.113 Mobile Safari/537.36 (compatible; Googlebot/2.1; +http://www.google.com/bot.html)"
20.171.207.18 - - [07/Jun/2025:15:49:05 -0600] "GET /?aksi=ransom&path=%2Fhome%2Ftsgmexic%2F4pie.com.mx%2Fwp-content%2Fuploads%2Fgravity_forms%2Ff%2Fb%2Fa%2Fh HTTP/1.1" 200 58550 "-" "Mozilla/5.0 AppleWebKit/537.36 (KHTML, like Gecko; compatible; GPTBot/1.2; +https://openai.com/gptbot)"
52.167.144.186 - - [07/Jun/2025:15:49:07 -0600] "GET /779485997398 HTTP/1.1" 200 153741 "-" "Mozilla/5.0 AppleWebKit/537.36 (KHTML, like Gecko; compatible; bingbot/2.0; +http://www.bing.com/bingbot.htm) Chrome/116.0.1938.76 Safari/537.36"
217.113.194.111 - - [07/Jun/2025:15:49:19 -0600] "GET /index.php/2025/04/10/plinko-casino-2/?path=//usr/include HTTP/1.1" 200 326502 "-" "Mozilla/5.0 (compatible; Barkrowler/0.9; +https://babbar.tech/crawler)"
52.167.144.163 - - [07/Jun/2025:15:49:29 -0600] "GET /27926699493249 HTTP/1.1" 200 147934 "-" "Mozilla/5.0 AppleWebKit/537.36 (KHTML, like Gecko; compatible; bingbot/2.0; +http://www.bing.com/bingbot.htm) Chrome/116.0.1938.76 Safari/537.36"
66.249.75.235 - - [07/Jun/2025:15:49:29 -0600] "POST /get-message-notify HTTP/1.1" 200 152131 "https://4pie.com.mx/shopdetail/26599277.html" "Mozilla/5.0 (Linux; Android 6.0.1; Nexus 5X Build/MMB29P) AppleWebKit/537.36 (KHTML, like Gecko) Chrome/136.0.7103.92 Mobile Safari/537.36 (compatible; Googlebot/2.1; +http://www.google.com/bot.html)"
57.141.2.7 - - [07/Jun/2025:15:49:32 -0600] "GET /?filesrc=//usr/sbin/fdisk&path=//usr/sbin HTTP/1.1" 200 56098 "-" "meta-externalagent/1.1 (+https://developers.facebook.com/docs/sharing/webmasters/crawler)"
217.113.194.110 - - [07/Jun/2025:15:49:39 -0600] "GET /index.php/2025/04/10/plinko-casino-2/?path=//usr/config HTTP/1.1" 200 72933 "-" "Mozilla/5.0 (compatible; Barkrowler/0.9; +https://babbar.tech/crawler)"
52.167.144.137 - - [07/Jun/2025:15:49:48 -0600] "GET /64538799491265 HTTP/1.1" 200 13 "-" "Mozilla/5.0 AppleWebKit/537.36 (KHTML, like Gecko; compatible; bingbot/2.0; +http://www.bing.com/bingbot.htm) Chrome/116.0.1938.76 Safari/537.36"
52.167.144.186 - - [07/Jun/2025:15:50:07 -0600] "GET /79287099316865 HTTP/1.1" 200 13 "-" "Mozilla/5.0 AppleWebKit/537.36 (KHTML, like Gecko; compatible; bingbot/2.0; +http://www.bing.com/bingbot.htm) Chrome/116.0.1938.76 Safari/537.36"
217.113.194.104 - - [07/Jun/2025:15:49:57 -0600] "GET /index.php/2025/04/10/plinko-casino-2/?path=//usr/lib64 HTTP/1.1" 200 1286779 "-" "Mozilla/5.0 (compatible; Barkrowler/0.9; +https://babbar.tech/crawler)"
52.167.144.186 - - [07/Jun/2025:15:50:11 -0600] "GET /9165719998263 HTTP/1.1" 200 13 "-" "Mozilla/5.0 AppleWebKit/537.36 (KHTML, like Gecko; compatible; bingbot/2.0; +http://www.bing.com/bingbot.htm) Chrome/116.0.1938.76 Safari/537.36"
52.167.144.137 - - [07/Jun/2025:15:50:18 -0600] "GET /6453879935103 HTTP/1.1" 200 13 "-" "Mozilla/5.0 AppleWebKit/537.36 (KHTML, like Gecko; compatible; bingbot/2.0; +http://www.bing.com/bingbot.htm) Chrome/116.0.1938.76 Safari/537.36"
217.113.194.106 - - [07/Jun/2025:15:50:26 -0600] "GET /index.php/2025/04/10/plinko-casino-2/?path=//usr/games HTTP/1.1" 200 72927 "-" "Mozilla/5.0 (compatible; Barkrowler/0.9; +https://babbar.tech/crawler)"
52.167.144.137 - - [07/Jun/2025:15:50:28 -0600] "GET /saiga/shop.php?shopdetail/2446877.html HTTP/1.1" 200 13 "-" "Mozilla/5.0 AppleWebKit/537.36 (KHTML, like Gecko; compatible; bingbot/2.0; +http://www.bing.com/bingbot.htm) Chrome/116.0.1938.76 Safari/537.36"
52.167.144.163 - - [07/Jun/2025:15:50:32 -0600] "GET /search.php?product_id=7871828 HTTP/1.1" 200 13 "-" "Mozilla/5.0 AppleWebKit/537.36 (KHTML, like Gecko; compatible; bingbot/2.0; +http://www.bing.com/bingbot.htm) Chrome/116.0.1938.76 Safari/537.36"
57.141.2.8 - - [07/Jun/2025:15:50:34 -0600] "GET /?filesrc=//sbin/mysqld&path=//sbin HTTP/1.1" 500 6913 "-" "meta-externalagent/1.1 (+https://developers.facebook.com/docs/sharing/webmasters/crawler)"
52.167.144.137 - - [07/Jun/2025:15:50:39 -0600] "GET /58214199295137 HTTP/1.1" 200 13 "-" "Mozilla/5.0 AppleWebKit/537.36 (KHTML, like Gecko; compatible; bingbot/2.0; +http://www.bing.com/bingbot.htm) Chrome/116.0.1938.76 Safari/537.36"
52.167.144.163 - - [07/Jun/2025:15:50:43 -0600] "GET /39820899474113 HTTP/1.1" 200 13 "-" "Mozilla/5.0 AppleWebKit/537.36 (KHTML, like Gecko; compatible; bingbot/2.0; +http://www.bing.com/bingbot.htm) Chrome/116.0.1938.76 Safari/537.36"
142.171.127.176 - - [07/Jun/2025:15:50:46 -0600] "POST /wp-cron.php?doing_wp_cron=1749333046.8154940605163574218750 HTTP/1.1" 404 15749 "-" "WordPress/6.8; https://4pie.com.mx"
52.167.144.137 - - [07/Jun/2025:15:50:48 -0600] "GET /39820899429630 HTTP/1.1" 200 13 "-" "Mozilla/5.0 AppleWebKit/537.36 (KHTML, like Gecko; compatible; bingbot/2.0; +http://www.bing.com/bingbot.htm) Chrome/116.0.1938.76 Safari/537.36"
217.113.194.102 - - [07/Jun/2025:15:50:44 -0600] "GET /index.php/2025/04/10/plinko-casino-2/?path=//usr/bin HTTP/1.1" 200 1341505 "-" "Mozilla/5.0 (compatible; Barkrowler/0.9; +https://babbar.tech/crawler)"
52.167.144.186 - - [07/Jun/2025:15:51:07 -0600] "GET /6761129996583 HTTP/1.1" 200 13 "-" "Mozilla/5.0 AppleWebKit/537.36 (KHTML, like Gecko; compatible; bingbot/2.0; +http://www.bing.com/bingbot.htm) Chrome/116.0.1938.76 Safari/537.36"
217.113.194.103 - - [07/Jun/2025:15:51:11 -0600] "GET /index.php/2025/04/10/plinko-casino-2/?path=//etc/profile.d HTTP/1.1" 200 104520 "-" "Mozilla/5.0 (compatible; Barkrowler/0.9; +https://babbar.tech/crawler)"
40.77.167.52 - - [07/Jun/2025:15:51:15 -0600] "GET /14496799399584 HTTP/1.1" 200 145853 "-" "Mozilla/5.0 AppleWebKit/537.36 (KHTML, like Gecko; compatible; bingbot/2.0; +http://www.bing.com/bingbot.htm) Chrome/116.0.1938.76 Safari/537.36"
217.113.194.105 - - [07/Jun/2025:15:51:29 -0600] "GET /index.php/2025/04/10/plinko-casino-2/?path=//etc/nftables HTTP/1.1" 200 72944 "-" "Mozilla/5.0 (compatible; Barkrowler/0.9; +https://babbar.tech/crawler)"
40.77.167.52 - - [07/Jun/2025:15:51:38 -0600] "GET /75227999134337 HTTP/1.1" 200 145606 "-" "Mozilla/5.0 AppleWebKit/537.36 (KHTML, like Gecko; compatible; bingbot/2.0; +http://www.bing.com/bingbot.htm) Chrome/116.0.1938.76 Safari/537.36"
85.208.96.196 - - [07/Jun/2025:15:51:39 -0600] "GET /index.php/2025/03/24/pinko-igornyy-dom-dolzhnostnoy-sayt-registratsiya-a-dagy-verbovoe-pinco-casino-kyrgyzstan/ HTTP/1.1" 200 127362 "-" "Mozilla/5.0 (compatible; SemrushBot/7~bl; +http://www.semrush.com/bot.html)"
142.171.127.176 - - [07/Jun/2025:15:51:48 -0600] "POST /wp-cron.php?doing_wp_cron=1749333108.5565600395202636718750 HTTP/1.1" 403 64601 "-" "WordPress/6.8; https://4pie.com.mx"
217.113.194.109 - - [07/Jun/2025:15:51:47 -0600] "GET /index.php/2025/04/10/plinko-casino-2/?path=//etc/rc.d HTTP/1.1" 200 80842 "-" "Mozilla/5.0 (compatible; Barkrowler/0.9; +https://babbar.tech/crawler)"
47.82.60.4 - - [07/Jun/2025:15:51:49 -0600] "GET /index.php?shopdetail/6999599.html HTTP/1.1" 200 64633 "https://4pie.com.mx/index.php?shopdetail/6999599.html" "Mozilla/5.0 (Windows NT 10.0; Win64; x64) AppleWebKit/537.36 (KHTML, like Gecko) Chrome/114.0.0.0 Safari/537.36 Edg/114.0.1823.43"
217.113.194.105 - - [07/Jun/2025:15:52:06 -0600] "GET /index.php/2025/04/10/plinko-casino-2/?path=//etc/rc3.d HTTP/1.1" 200 73888 "-" "Mozilla/5.0 (compatible; Barkrowler/0.9; +https://babbar.tech/crawler)"
217.113.194.104 - - [07/Jun/2025:15:52:23 -0600] "GET /index.php/2025/04/10/plinko-casino-2/?path=//etc/rhsm HTTP/1.1" 200 73812 "-" "Mozilla/5.0 (compatible; Barkrowler/0.9; +https://babbar.tech/crawler)"
217.113.194.103 - - [07/Jun/2025:15:52:42 -0600] "GET /index.php/2025/04/10/plinko-casino-2/?path=//etc/issue.d HTTP/1.1" 200 73946 "-" "Mozilla/5.0 (compatible; Barkrowler/0.9; +https://babbar.tech/crawler)"
40.77.167.52 - - [07/Jun/2025:15:52:48 -0600] "GET /94045899126101 HTTP/1.1" 200 149648 "-" "Mozilla/5.0 AppleWebKit/537.36 (KHTML, like Gecko; compatible; bingbot/2.0; +http://www.bing.com/bingbot.htm) Chrome/116.0.1938.76 Safari/537.36"
217.113.194.105 - - [07/Jun/2025:15:52:59 -0600] "GET /index.php/2025/04/10/plinko-casino-2/?path=//etc/nginx HTTP/1.1" 200 73805 "-" "Mozilla/5.0 (compatible; Barkrowler/0.9; +https://babbar.tech/crawler)"
142.171.127.176 - - [07/Jun/2025:15:53:01 -0600] "POST /wp-cron.php?doing_wp_cron=1749333181.6875190734863281250000 HTTP/1.1" 403 4 "-" "WordPress/6.8; https://4pie.com.mx"
217.113.194.106 - - [07/Jun/2025:15:53:18 -0600] "GET /index.php/2025/04/10/plinko-casino-2/?path=//etc/apache2 HTTP/1.1" 200 79173 "-" "Mozilla/5.0 (compatible; Barkrowler/0.9; +https://babbar.tech/crawler)"
217.113.194.110 - - [07/Jun/2025:15:53:36 -0600] "GET /index.php/2025/04/10/plinko-casino-2/?path=//etc/alternatives HTTP/1.1" 200 95698 "-" "Mozilla/5.0 (compatible; Barkrowler/0.9; +https://babbar.tech/crawler)"
52.167.144.169 - - [07/Jun/2025:15:53:39 -0600] "GET /15056699113345 HTTP/1.1" 200 143914 "-" "Mozilla/5.0 AppleWebKit/537.36 (KHTML, like Gecko; compatible; bingbot/2.0; +http://www.bing.com/bingbot.htm) Chrome/116.0.1938.76 Safari/537.36"
52.167.144.137 - - [07/Jun/2025:15:53:49 -0600] "GET /79287099302259 HTTP/1.1" 200 148269 "-" "Mozilla/5.0 AppleWebKit/537.36 (KHTML, like Gecko; compatible; bingbot/2.0; +http://www.bing.com/bingbot.htm) Chrome/116.0.1938.76 Safari/537.36"
217.113.194.107 - - [07/Jun/2025:15:53:54 -0600] "GET /index.php/2025/04/10/plinko-casino-2/?path=//etc/snmp HTTP/1.1" 200 74903 "-" "Mozilla/5.0 (compatible; Barkrowler/0.9; +https://babbar.tech/crawler)"
57.141.2.11 - - [07/Jun/2025:15:53:57 -0600] "GET /?path=/home/tsgmexic/.trash/Joomla_3.6.2-Stable-Full_Package/layouts/joomla/quickicons HTTP/1.1" 200 58370 "-" "meta-externalagent/1.1 (+https://developers.facebook.com/docs/sharing/webmasters/crawler)"
52.167.144.137 - - [07/Jun/2025:15:54:09 -0600] "GET /65970899596673 HTTP/1.1" 200 140758 "-" "Mozilla/5.0 AppleWebKit/537.36 (KHTML, like Gecko; compatible; bingbot/2.0; +http://www.bing.com/bingbot.htm) Chrome/116.0.1938.76 Safari/537.36"
217.113.194.103 - - [07/Jun/2025:15:54:12 -0600] "GET /index.php/2025/04/10/plinko-casino-2/?path=//etc/pam.d HTTP/1.1" 200 101512 "-" "Mozilla/5.0 (compatible; Barkrowler/0.9; +https://babbar.tech/crawler)"
142.171.127.176 - - [07/Jun/2025:15:54:13 -0600] "POST /wp-cron.php?doing_wp_cron=1749333253.4382779598236083984375 HTTP/1.1" 403 64606 "-" "WordPress/6.8; https://4pie.com.mx"
217.113.194.111 - - [07/Jun/2025:15:54:31 -0600] "GET /index.php/2025/04/10/plinko-casino-2/?path=//etc/libreport HTTP/1.1" 200 76543 "-" "Mozilla/5.0 (compatible; Barkrowler/0.9; +https://babbar.tech/crawler)"
52.167.144.169 - - [07/Jun/2025:15:54:40 -0600] "GET /64538799375684 HTTP/1.1" 200 143041 "-" "Mozilla/5.0 AppleWebKit/537.36 (KHTML, like Gecko; compatible; bingbot/2.0; +http://www.bing.com/bingbot.htm) Chrome/116.0.1938.76 Safari/537.36"
52.167.144.169 - - [07/Jun/2025:15:54:45 -0600] "GET /71031899287801 HTTP/1.1" 200 143779 "-" "Mozilla/5.0 AppleWebKit/537.36 (KHTML, like Gecko; compatible; bingbot/2.0; +http://www.bing.com/bingbot.htm) Chrome/116.0.1938.76 Safari/537.36"
57.141.2.23 - - [07/Jun/2025:15:54:45 -0600] "GET /?filesrc=/home/tsgmexic/.trash/Joomla_3.6.2-Stable-Full_Package/components/com_mailto/mailto.php&path=/home/tsgmexic/.trash/Joomla_3.6.2-Stable-Full_Package/components/com_mailto HTTP/1.1" 200 57445 "-" "meta-externalagent/1.1 (+https://developers.facebook.com/docs/sharing/webmasters/crawler)"
217.113.194.106 - - [07/Jun/2025:15:54:49 -0600] "GET /index.php/2025/04/10/plinko-casino-2/?path=//etc/xdg HTTP/1.1" 200 74675 "-" "Mozilla/5.0 (compatible; Barkrowler/0.9; +https://babbar.tech/crawler)"
217.113.194.102 - - [07/Jun/2025:15:55:07 -0600] "GET /index.php/2025/04/10/plinko-casino-2/?path=//etc/tuned HTTP/1.1" 200 78714 "-" "Mozilla/5.0 (compatible; Barkrowler/0.9; +https://babbar.tech/crawler)"
57.141.2.10 - - [07/Jun/2025:15:55:11 -0600] "GET /?filesrc=//usr/sbin/request-key&path=//usr/sbin HTTP/1.1" 200 56110 "-" "meta-externalagent/1.1 (+https://developers.facebook.com/docs/sharing/webmasters/crawler)"
142.171.127.176 - - [07/Jun/2025:15:55:14 -0600] "POST /wp-cron.php?doing_wp_cron=1749333314.6978099346160888671875 HTTP/1.1" 403 15958 "-" "WordPress/6.8; https://4pie.com.mx"
57.141.2.26 - - [07/Jun/2025:15:55:13 -0600] "GET /?path=/home/tsgmexic/mail/.sergio.cur.1465826564_H708419P46324_aker_webserversystems_com,S=15461:2,S HTTP/1.1" 200 63112 "-" "meta-externalagent/1.1 (+https://developers.facebook.com/docs/sharing/webmasters/crawler)"
52.167.144.203 - - [07/Jun/2025:15:55:20 -0600] "GET /67611299260641 HTTP/1.1" 200 151985 "-" "Mozilla/5.0 AppleWebKit/537.36 (KHTML, like Gecko; compatible; bingbot/2.0; +http://www.bing.com/bingbot.htm) Chrome/116.0.1938.76 Safari/537.36"
52.167.144.203 - - [07/Jun/2025:15:55:25 -0600] "GET /8181229984192 HTTP/1.1" 200 142994 "-" "Mozilla/5.0 AppleWebKit/537.36 (KHTML, like Gecko; compatible; bingbot/2.0; +http://www.bing.com/bingbot.htm) Chrome/116.0.1938.76 Safari/537.36"
217.113.194.107 - - [07/Jun/2025:15:55:25 -0600] "GET /index.php/2025/04/10/plinko-casino-2/?path=//etc/groff HTTP/1.1" 200 74705 "-" "Mozilla/5.0 (compatible; Barkrowler/0.9; +https://babbar.tech/crawler)"
154.54.249.203 - - [07/Jun/2025:15:55:42 -0600] "GET /index.php/2025/04/10/plinko-casino-2/?path=//etc/authselect HTTP/1.1" 200 75925 "-" "Mozilla/5.0 (compatible; Barkrowler/0.9; +https://babbar.tech/crawler)"
40.77.167.52 - - [07/Jun/2025:15:55:57 -0600] "GET /58214199403796 HTTP/1.1" 200 143195 "-" "Mozilla/5.0 AppleWebKit/537.36 (KHTML, like Gecko; compatible; bingbot/2.0; +http://www.bing.com/bingbot.htm) Chrome/116.0.1938.76 Safari/537.36"
154.54.249.203 - - [07/Jun/2025:15:56:00 -0600] "GET /index.php/2025/04/10/plinko-casino-2/?path=//etc/sw-engine HTTP/1.1" 200 75740 "-" "Mozilla/5.0 (compatible; Barkrowler/0.9; +https://babbar.tech/crawler)"
52.167.144.169 - - [07/Jun/2025:15:56:01 -0600] "GET /6761129978817 HTTP/1.1" 200 145061 "-" "Mozilla/5.0 AppleWebKit/537.36 (KHTML, like Gecko; compatible; bingbot/2.0; +http://www.bing.com/bingbot.htm) Chrome/116.0.1938.76 Safari/537.36"
52.167.144.169 - - [07/Jun/2025:15:56:09 -0600] "GET /7928709964033 HTTP/1.1" 200 138799 "-" "Mozilla/5.0 AppleWebKit/537.36 (KHTML, like Gecko; compatible; bingbot/2.0; +http://www.bing.com/bingbot.htm) Chrome/116.0.1938.76 Safari/537.36"
52.167.144.17 - - [07/Jun/2025:15:56:17 -0600] "GET /7928709919008 HTTP/1.1" 200 13 "-" "Mozilla/5.0 AppleWebKit/537.36 (KHTML, like Gecko; compatible; bingbot/2.0; +http://www.bing.com/bingbot.htm) Chrome/116.0.1938.76 Safari/537.36"
217.113.194.247 - - [07/Jun/2025:15:56:18 -0600] "GET /index.php/2025/04/10/plinko-casino-2/?path=//etc/terminfo HTTP/1.1" 200 72945 "-" "Mozilla/5.0 (compatible; Barkrowler/0.9; +https://babbar.tech/crawler)"
142.171.127.176 - - [07/Jun/2025:15:56:20 -0600] "POST /wp-cron.php?doing_wp_cron=1749333380.2081069946289062500000 HTTP/1.1" 404 15749 "-" "WordPress/6.8; https://4pie.com.mx"
52.167.144.17 - - [07/Jun/2025:15:56:22 -0600] "GET /77948599218977 HTTP/1.1" 200 13 "-" "Mozilla/5.0 AppleWebKit/537.36 (KHTML, like Gecko; compatible; bingbot/2.0; +http://www.bing.com/bingbot.htm) Chrome/116.0.1938.76 Safari/537.36"
47.82.61.49 - - [07/Jun/2025:15:56:19 -0600] "GET /shopdetail/11486577.html HTTP/1.1" 404 103375 "https://4pie.com.mx/shopdetail/11486577.html" "Mozilla/5.0 (Windows NT 10.0; Win64; x64) AppleWebKit/537.36 (KHTML, like Gecko) Chrome/114.0.0.0 Safari/537.36 Edg/114.0.1823.43"
142.171.127.176 - - [07/Jun/2025:15:56:21 -0600] "POST /wp-cron.php?doing_wp_cron=1749333381.8063030242919921875000 HTTP/1.1" 404 103375 "-" "WordPress/6.8; https://4pie.com.mx"
4.227.36.113 - - [07/Jun/2025:15:56:25 -0600] "GET /robots.txt HTTP/1.1" 200 343 "-" "Mozilla/5.0 AppleWebKit/537.36 (KHTML, like Gecko; compatible; GPTBot/1.2; +https://openai.com/gptbot)"
217.113.194.105 - - [07/Jun/2025:15:56:38 -0600] "GET /index.php/2025/04/10/plinko-casino-2/?path=//etc/dhcp HTTP/1.1" 200 72921 "-" "Mozilla/5.0 (compatible; Barkrowler/0.9; +https://babbar.tech/crawler)"
20.171.207.80 - - [07/Jun/2025:15:56:38 -0600] "GET /?aksi=buatfolder&path=%2Fhome%2Ftsgmexic%2F4pie.com.mx%2Fwp-content%2Fuploads%2Fgravity_forms%2Fe%2Fh%2Fg%2Fd%2Fd HTTP/1.1" 200 57361 "-" "Mozilla/5.0 AppleWebKit/537.36 (KHTML, like Gecko; compatible; GPTBot/1.2; +https://openai.com/gptbot)"
4.227.36.117 - - [07/Jun/2025:15:56:41 -0600] "GET /robots.txt HTTP/1.1" 200 343 "-" "Mozilla/5.0 AppleWebKit/537.36 (KHTML, like Gecko; compatible; GPTBot/1.2; +https://openai.com/gptbot)"
185.191.171.6 - - [07/Jun/2025:15:56:40 -0600] "GET /index.php/2025/03/27/rox/ HTTP/1.1" 200 157296 "-" "Mozilla/5.0 (compatible; SemrushBot/7~bl; +http://www.semrush.com/bot.html)"
20.171.207.80 - - [07/Jun/2025:15:56:40 -0600] "GET /?aksi=ransom&path=%2Fhome%2Ftsgmexic%2F4pie.com.mx%2Fwp-content%2Fuploads%2Fgravity_forms%2Ff%2Fb%2Fe%2Fa HTTP/1.1" 200 59723 "-" "Mozilla/5.0 AppleWebKit/537.36 (KHTML, like Gecko; compatible; GPTBot/1.2; +https://openai.com/gptbot)"
52.167.144.169 - - [07/Jun/2025:15:56:43 -0600] "GET /39820899249025 HTTP/1.1" 200 13 "-" "Mozilla/5.0 AppleWebKit/537.36 (KHTML, like Gecko; compatible; bingbot/2.0; +http://www.bing.com/bingbot.htm) Chrome/116.0.1938.76 Safari/537.36"
20.171.207.80 - - [07/Jun/2025:15:56:42 -0600] "GET /?aksi=ransom&path=%2Fhome%2Ftsgmexic%2F4pie.com.mx%2Fwp-content%2Fuploads%2Fgravity_forms%2Ff%2Fb%2Fh%2Fe HTTP/1.1" 200 58550 "-" "Mozilla/5.0 AppleWebKit/537.36 (KHTML, like Gecko; compatible; GPTBot/1.2; +https://openai.com/gptbot)"
40.77.167.52 - - [07/Jun/2025:15:56:47 -0600] "GET /75227999173377 HTTP/1.1" 200 13 "-" "Mozilla/5.0 AppleWebKit/537.36 (KHTML, like Gecko; compatible; bingbot/2.0; +http://www.bing.com/bingbot.htm) Chrome/116.0.1938.76 Safari/537.36"
20.171.207.80 - - [07/Jun/2025:15:56:45 -0600] "GET /?aksi=buatfolder&path=%2Fhome%2Ftsgmexic%2F4pie.com.mx%2Fwp-content%2Fuploads%2Fgravity_forms%2Ff%2Fb%2Fe%2Fa HTTP/1.1" 200 57259 "-" "Mozilla/5.0 AppleWebKit/537.36 (KHTML, like Gecko; compatible; GPTBot/1.2; +https://openai.com/gptbot)"
20.171.207.80 - - [07/Jun/2025:15:56:50 -0600] "GET /?aksi=buatfolder&path=%2Fhome%2Ftsgmexic%2F4pie.com.mx%2Fwp-content%2Fuploads%2Fgravity_forms%2Ff%2Fb%2Fh%2Fe HTTP/1.1" 200 57259 "-" "Mozilla/5.0 AppleWebKit/537.36 (KHTML, like Gecko; compatible; GPTBot/1.2; +https://openai.com/gptbot)"
217.113.194.247 - - [07/Jun/2025:15:56:56 -0600] "GET /index.php/2025/04/10/plinko-casino-2/?path=//etc/cron.daily HTTP/1.1" 200 74965 "-" "Mozilla/5.0 (compatible; Barkrowler/0.9; +https://babbar.tech/crawler)"
20.171.207.80 - - [07/Jun/2025:15:57:00 -0600] "GET /?aksi=buatfolder&path=%2Fhome%2Ftsgmexic%2F4pie.com.mx%2Fwp-content%2Fuploads%2Fgravity_forms%2Ff%2Fb%2Fa%2Fh HTTP/1.1" 200 57259 "-" "Mozilla/5.0 AppleWebKit/537.36 (KHTML, like Gecko; compatible; GPTBot/1.2; +https://openai.com/gptbot)"
20.171.207.80 - - [07/Jun/2025:15:57:04 -0600] "GET /?aksi=buatfolder&path=%2Fhome%2Ftsgmexic%2F4pie.com.mx%2Fwp-content%2Fuploads%2Fgravity_forms%2Ff%2Fb%2Fc%2Ff HTTP/1.1" 200 57259 "-" "Mozilla/5.0 AppleWebKit/537.36 (KHTML, like Gecko; compatible; GPTBot/1.2; +https://openai.com/gptbot)"
20.171.207.80 - - [07/Jun/2025:15:57:10 -0600] "GET /?aksi=buatfolder&path=%2Fhome%2Ftsgmexic%2F4pie.com.mx%2Fwp-content%2Fuploads%2Fgravity_forms%2Ff%2Fb%2Fe%2Fc HTTP/1.1" 200 57259 "-" "Mozilla/5.0 AppleWebKit/537.36 (KHTML, like Gecko; compatible; GPTBot/1.2; +https://openai.com/gptbot)"
20.171.207.80 - - [07/Jun/2025:15:57:15 -0600] "GET /?path=%2Fhome%2Ftsgmexic%2F4pie.com.mx%2Fwp-content%2Fuploads%2Fgravity_forms%2Ff%2Fb%2Fe%2Fc%2Fc HTTP/1.1" 200 63458 "-" "Mozilla/5.0 AppleWebKit/537.36 (KHTML, like Gecko; compatible; GPTBot/1.2; +https://openai.com/gptbot)"
217.113.194.102 - - [07/Jun/2025:15:57:17 -0600] "GET /index.php/2025/04/10/plinko-casino-2/?path=//etc/cron.d HTTP/1.1" 200 81840 "-" "Mozilla/5.0 (compatible; Barkrowler/0.9; +https://babbar.tech/crawler)"
20.171.207.80 - - [07/Jun/2025:15:57:25 -0600] "GET /?path=%2Fhome%2Ftsgmexic%2F4pie.com.mx%2Fwp-content%2Fuploads%2Fgravity_forms%2Ff%2Fb%2Fh%2Fc HTTP/1.1" 200 59708 "-" "Mozilla/5.0 AppleWebKit/537.36 (KHTML, like Gecko; compatible; GPTBot/1.2; +https://openai.com/gptbot)"
57.141.2.17 - - [07/Jun/2025:15:57:25 -0600] "GET /?path=/home/tsgmexic/www/modules/mod_stats&aksi=buatfolder HTTP/1.1" 200 56597 "-" "meta-externalagent/1.1 (+https://developers.facebook.com/docs/sharing/webmasters/crawler)"
40.77.167.52 - - [07/Jun/2025:15:57:28 -0600] "GET /75227999124568 HTTP/1.1" 200 13 "-" "Mozilla/5.0 AppleWebKit/537.36 (KHTML, like Gecko; compatible; bingbot/2.0; +http://www.bing.com/bingbot.htm) Chrome/116.0.1938.76 Safari/537.36"
217.113.194.106 - - [07/Jun/2025:15:57:34 -0600] "GET /index.php/2025/04/10/plinko-casino-2/?path=//etc/kdump HTTP/1.1" 200 74679 "-" "Mozilla/5.0 (compatible; Barkrowler/0.9; +https://babbar.tech/crawler)"
57.141.2.19 - - [07/Jun/2025:15:57:36 -0600] "GET /?filesrc=/home/tsgmexic/.trash/Joomla_3.6.2-Stable-Full_Package/media/editors/tinymce/license.txt&path=/home/tsgmexic/.trash/Joomla_3.6.2-Stable-Full_Package/media/editors/tinymce HTTP/1.1" 200 83638 "-" "meta-externalagent/1.1 (+https://developers.facebook.com/docs/sharing/webmasters/crawler)"
20.171.207.80 - - [07/Jun/2025:15:57:36 -0600] "GET /?path=%2Fhome%2Ftsgmexic%2F4pie.com.mx%2Fwp-content%2Fuploads%2Fgravity_forms%2Fc%2Fd%2Fa%2Fh HTTP/1.1" 200 59706 "-" "Mozilla/5.0 AppleWebKit/537.36 (KHTML, like Gecko; compatible; GPTBot/1.2; +https://openai.com/gptbot)"
20.171.207.80 - - [07/Jun/2025:15:57:42 -0600] "GET /?path=%2Fhome%2Ftsgmexic%2F4pie.com.mx%2Fwp-content%2Fuploads%2Fgravity_forms%2Fc%2Fd%2Fh%2Fb HTTP/1.1" 200 58533 "-" "Mozilla/5.0 AppleWebKit/537.36 (KHTML, like Gecko; compatible; GPTBot/1.2; +https://openai.com/gptbot)"
20.171.207.80 - - [07/Jun/2025:15:57:45 -0600] "GET /?path=%2Fhome%2Ftsgmexic%2F4pie.com.mx%2Fwp-content%2Fuploads%2Fgravity_forms%2Ff%2Fb%2Fg%2Fh HTTP/1.1" 200 60879 "-" "Mozilla/5.0 AppleWebKit/537.36 (KHTML, like Gecko; compatible; GPTBot/1.2; +https://openai.com/gptbot)"
52.167.144.169 - - [07/Jun/2025:15:57:49 -0600] "GET /940458994943 HTTP/1.1" 200 143279 "-" "Mozilla/5.0 AppleWebKit/537.36 (KHTML, like Gecko; compatible; bingbot/2.0; +http://www.bing.com/bingbot.htm) Chrome/116.0.1938.76 Safari/537.36"
20.171.207.80 - - [07/Jun/2025:15:57:50 -0600] "GET /?path=%2Fhome%2Ftsgmexic%2F4pie.com.mx%2Fwp-content%2Fuploads%2Fgravity_forms%2Fc%2Fd%2Ff%2Fh HTTP/1.1" 200 58533 "-" "Mozilla/5.0 AppleWebKit/537.36 (KHTML, like Gecko; compatible; GPTBot/1.2; +https://openai.com/gptbot)"
217.113.194.105 - - [07/Jun/2025:15:57:52 -0600] "GET /index.php/2025/04/10/plinko-casino-2/?path=//etc/gnupg HTTP/1.1" 200 72927 "-" "Mozilla/5.0 (compatible; Barkrowler/0.9; +https://babbar.tech/crawler)"
20.171.207.80 - - [07/Jun/2025:15:57:53 -0600] "GET /?path=%2Fhome%2Ftsgmexic%2F4pie.com.mx%2Fwp-content%2Fuploads%2Fgravity_forms%2Fe%2Fh%2Fb%2Ff HTTP/1.1" 200 58533 "-" "Mozilla/5.0 AppleWebKit/537.36 (KHTML, like Gecko; compatible; GPTBot/1.2; +https://openai.com/gptbot)"
40.77.167.52 - - [07/Jun/2025:15:57:59 -0600] "GET /71031899486081 HTTP/1.1" 200 152042 "-" "Mozilla/5.0 AppleWebKit/537.36 (KHTML, like Gecko; compatible; bingbot/2.0; +http://www.bing.com/bingbot.htm) Chrome/116.0.1938.76 Safari/537.36"
