20.171.207.133 - - [07/Jun/2025:10:52:20 -0600] "GET /?aksi=buatfolder&path=%2Fhome%2Ftsgmexic%2F4pie.com.mx%2Fwp-content%2Fuploads%2Fgravity_forms%2Fd%2Fb%2Fe%2Fb HTTP/1.1" 200 57259 "-" "Mozilla/5.0 AppleWebKit/537.36 (KHTML, like Gecko; compatible; GPTBot/1.2; +https://openai.com/gptbot)"
52.167.144.216 - - [07/Jun/2025:10:52:23 -0600] "GET /9165719942681 HTTP/1.1" 200 140642 "-" "Mozilla/5.0 AppleWebKit/537.36 (KHTML, like Gecko; compatible; bingbot/2.0; +http://www.bing.com/bingbot.htm) Chrome/116.0.1938.76 Safari/537.36"
52.167.144.181 - - [07/Jun/2025:10:52:30 -0600] "GET /91657199207548 HTTP/1.1" 200 13 "-" "Mozilla/5.0 AppleWebKit/537.36 (KHTML, like Gecko; compatible; bingbot/2.0; +http://www.bing.com/bingbot.htm) Chrome/116.0.1938.76 Safari/537.36"
217.113.194.103 - - [07/Jun/2025:10:52:30 -0600] "GET /index.php/2025/04/14/pin-ap-5/?path=//boot/efi HTTP/1.1" 200 116026 "-" "Mozilla/5.0 (compatible; Barkrowler/0.9; +https://babbar.tech/crawler)"
52.167.144.136 - - [07/Jun/2025:10:52:42 -0600] "GET /39820899468152 HTTP/1.1" 200 13 "-" "Mozilla/5.0 AppleWebKit/537.36 (KHTML, like Gecko; compatible; bingbot/2.0; +http://www.bing.com/bingbot.htm) Chrome/116.0.1938.76 Safari/537.36"
217.113.194.247 - - [07/Jun/2025:10:52:50 -0600] "GET /index.php/2025/04/14/pin-ap-5/?path=//boot/loader HTTP/1.1" 200 116095 "-" "Mozilla/5.0 (compatible; Barkrowler/0.9; +https://babbar.tech/crawler)"
20.171.207.133 - - [07/Jun/2025:10:53:02 -0600] "GET /?path=%2Fhome%2Ftsgmexic%2F4pie.com.mx%2Fwp-content%2Fuploads%2Fgravity_forms%2Fb%2Fb HTTP/1.1" 200 66647 "-" "Mozilla/5.0 AppleWebKit/537.36 (KHTML, like Gecko; compatible; GPTBot/1.2; +https://openai.com/gptbot)"
20.171.207.133 - - [07/Jun/2025:10:53:10 -0600] "GET /?path=%2Fhome%2Ftsgmexic%2F4pie.com.mx%2Fwp-content%2Fuploads%2Fgravity_forms%2Fc%2Ff HTTP/1.1" 200 67804 "-" "Mozilla/5.0 AppleWebKit/537.36 (KHTML, like Gecko; compatible; GPTBot/1.2; +https://openai.com/gptbot)"
52.167.144.216 - - [07/Jun/2025:10:53:13 -0600] "GET /77948599266273 HTTP/1.1" 200 149711 "-" "Mozilla/5.0 AppleWebKit/537.36 (KHTML, like Gecko; compatible; bingbot/2.0; +http://www.bing.com/bingbot.htm) Chrome/116.0.1938.76 Safari/537.36"
217.113.194.109 - - [07/Jun/2025:10:53:10 -0600] "GET /index.php/category/1/?filesrc=//bin/readelf&path=//bin HTTP/1.1" 200 58348 "-" "Mozilla/5.0 (compatible; Barkrowler/0.9; +https://babbar.tech/crawler)"
20.171.207.133 - - [07/Jun/2025:10:53:17 -0600] "GET /?path=%2Fhome%2Ftsgmexic%2F4pie.com.mx%2Fwp-content%2Fuploads%2Fgravity_forms%2Fh%2Fe HTTP/1.1" 200 66647 "-" "Mozilla/5.0 AppleWebKit/537.36 (KHTML, like Gecko; compatible; GPTBot/1.2; +https://openai.com/gptbot)"
52.167.144.181 - - [07/Jun/2025:10:53:34 -0600] "GET /7794859914913 HTTP/1.1" 200 152961 "-" "Mozilla/5.0 AppleWebKit/537.36 (KHTML, like Gecko; compatible; bingbot/2.0; +http://www.bing.com/bingbot.htm) Chrome/116.0.1938.76 Safari/537.36"
57.141.2.18 - - [07/Jun/2025:10:53:30 -0600] "GET /?filesrc=//usr/sbin/anacron&path=//usr/sbin HTTP/1.1" 200 56102 "-" "meta-externalagent/1.1 (+https://developers.facebook.com/docs/sharing/webmasters/crawler)"
217.113.194.103 - - [07/Jun/2025:10:53:30 -0600] "GET /index.php/category/1/?filesrc=//run/auditd.pid&path=//run HTTP/1.1" 200 58358 "-" "Mozilla/5.0 (compatible; Barkrowler/0.9; +https://babbar.tech/crawler)"
57.141.2.28 - - [07/Jun/2025:10:53:41 -0600] "GET /wp-sitemap.xml?filesrc=%2F%2Fproc%2F150%2Fnet%2Farp&path=%2F%2Fproc%2F150%2Fnet HTTP/1.1" 200 6131 "-" "meta-externalagent/1.1 (+https://developers.facebook.com/docs/sharing/webmasters/crawler)"
20.171.207.133 - - [07/Jun/2025:10:53:48 -0600] "GET /?aksi=buatfile&path=%2Fhome%2Ftsgmexic%2F4pie.com.mx%2Fwp-content%2Fuploads%2Fgravity_forms%2Fb%2Fb HTTP/1.1" 200 66666 "-" "Mozilla/5.0 AppleWebKit/537.36 (KHTML, like Gecko; compatible; GPTBot/1.2; +https://openai.com/gptbot)"
154.54.249.203 - - [07/Jun/2025:10:53:52 -0600] "GET /index.php/category/1/page/3/?path=/home/tsgmexic/.cpanel HTTP/1.1" 200 35623 "-" "Mozilla/5.0 (compatible; Barkrowler/0.9; +https://babbar.tech/crawler)"
20.171.207.133 - - [07/Jun/2025:10:54:05 -0600] "GET /?aksi=buatfile&path=%2Fhome%2Ftsgmexic%2F4pie.com.mx%2Fwp-content%2Fuploads%2Fgravity_forms%2Fh%2Fe HTTP/1.1" 200 66666 "-" "Mozilla/5.0 AppleWebKit/537.36 (KHTML, like Gecko; compatible; GPTBot/1.2; +https://openai.com/gptbot)"
52.167.144.181 - - [07/Jun/2025:10:54:12 -0600] "GET /94045899459585 HTTP/1.1" 200 143417 "-" "Mozilla/5.0 AppleWebKit/537.36 (KHTML, like Gecko; compatible; bingbot/2.0; +http://www.bing.com/bingbot.htm) Chrome/116.0.1938.76 Safari/537.36"
217.113.194.111 - - [07/Jun/2025:10:54:09 -0600] "GET /index.php/category/1/page/3/?path=/home/tsgmexic/.trash HTTP/1.1" 200 69229 "-" "Mozilla/5.0 (compatible; Barkrowler/0.9; +https://babbar.tech/crawler)"
57.141.2.10 - - [07/Jun/2025:10:54:12 -0600] "GET /?filesrc=//usr/swpDSK&path=//usr HTTP/1.1" 200 56030 "-" "meta-externalagent/1.1 (+https://developers.facebook.com/docs/sharing/webmasters/crawler)"
20.171.207.133 - - [07/Jun/2025:10:54:18 -0600] "GET /?aksi=buatfile&path=%2Fhome%2Ftsgmexic%2F4pie.com.mx%2Fwp-content%2Fuploads%2Fgravity_forms%2Fc%2Ff HTTP/1.1" 200 67823 "-" "Mozilla/5.0 AppleWebKit/537.36 (KHTML, like Gecko; compatible; GPTBot/1.2; +https://openai.com/gptbot)"
52.167.144.163 - - [07/Jun/2025:10:54:21 -0600] "GET /91657199112332 HTTP/1.1" 200 146389 "-" "Mozilla/5.0 AppleWebKit/537.36 (KHTML, like Gecko; compatible; bingbot/2.0; +http://www.bing.com/bingbot.htm) Chrome/116.0.1938.76 Safari/537.36"
20.171.207.133 - - [07/Jun/2025:10:54:20 -0600] "GET /?aksi=buatfolder&path=%2Fhome%2Ftsgmexic%2F4pie.com.mx%2Fwp-content%2Fuploads%2Fgravity_forms%2Fb%2Fb HTTP/1.1" 200 57061 "-" "Mozilla/5.0 AppleWebKit/537.36 (KHTML, like Gecko; compatible; GPTBot/1.2; +https://openai.com/gptbot)"
52.167.144.181 - - [07/Jun/2025:10:54:32 -0600] "GET /91657199197126 HTTP/1.1" 200 143249 "-" "Mozilla/5.0 AppleWebKit/537.36 (KHTML, like Gecko; compatible; bingbot/2.0; +http://www.bing.com/bingbot.htm) Chrome/116.0.1938.76 Safari/537.36"
57.141.2.28 - - [07/Jun/2025:10:54:28 -0600] "GET /?filesrc=//etc/security/pam_env.conf&path=//etc/security HTTP/1.1" 200 59193 "-" "meta-externalagent/1.1 (+https://developers.facebook.com/docs/sharing/webmasters/crawler)"
217.113.194.109 - - [07/Jun/2025:10:54:30 -0600] "GET /index.php/category/1/page/3/?path=/home/tsgmexic/public_html HTTP/1.1" 200 42240 "-" "Mozilla/5.0 (compatible; Barkrowler/0.9; +https://babbar.tech/crawler)"
3.214.176.44 - - [07/Jun/2025:10:54:41 -0600] "GET /index.php/2025/05/20/your-ultimate-self-help-guide-to-the-newest-15-finest-low-gamstop-casinos/?filesrc=/home/tsgmexic/4pie.com.mx/wp-log1n.php&path=/home/tsgmexic/4pie.com.mx HTTP/1.1" 200 63035 "-" "Mozilla/5.0 AppleWebKit/537.36 (KHTML, like Gecko; compatible; Amazonbot/0.1; +https://developer.amazon.com/support/amazonbot) Chrome/119.0.6045.214 Safari/537.36"
18.205.213.231 - - [07/Jun/2025:10:54:46 -0600] "GET /index.php/2025/05/20/your-ultimate-self-help-guide-to-the-newest-15-finest-low-gamstop-casinos/?filesrc=/home/tsgmexic/4pie.com.mx/radio.php&path=/home/tsgmexic/4pie.com.mx HTTP/1.1" 200 67527 "-" "Mozilla/5.0 AppleWebKit/537.36 (KHTML, like Gecko; compatible; Amazonbot/0.1; +https://developer.amazon.com/support/amazonbot) Chrome/119.0.6045.214 Safari/537.36"
52.167.144.139 - - [07/Jun/2025:10:54:52 -0600] "GET /43097399121537 HTTP/1.1" 200 144856 "-" "Mozilla/5.0 AppleWebKit/537.36 (KHTML, like Gecko; compatible; bingbot/2.0; +http://www.bing.com/bingbot.htm) Chrome/116.0.1938.76 Safari/537.36"
20.171.207.133 - - [07/Jun/2025:10:54:50 -0600] "GET /?aksi=buatfolder&path=%2Fhome%2Ftsgmexic%2F4pie.com.mx%2Fwp-content%2Fuploads%2Fgravity_forms%2Fh%2Fe HTTP/1.1" 200 57061 "-" "Mozilla/5.0 AppleWebKit/537.36 (KHTML, like Gecko; compatible; GPTBot/1.2; +https://openai.com/gptbot)"
217.113.194.109 - - [07/Jun/2025:10:54:51 -0600] "GET /index.php/category/1/page/3/?path=/home/tsgmexic/perl5 HTTP/1.1" 200 14334 "-" "Mozilla/5.0 (compatible; Barkrowler/0.9; +https://babbar.tech/crawler)"
20.171.207.133 - - [07/Jun/2025:10:54:55 -0600] "GET /?aksi=buatfolder&path=%2Fhome%2Ftsgmexic%2F4pie.com.mx%2Fwp-content%2Fuploads%2Fgravity_forms%2Fc%2Ff HTTP/1.1" 200 57061 "-" "Mozilla/5.0 AppleWebKit/537.36 (KHTML, like Gecko; compatible; GPTBot/1.2; +https://openai.com/gptbot)"
57.141.2.10 - - [07/Jun/2025:10:55:06 -0600] "GET /?filesrc=//sbin/vigr&path=//sbin HTTP/1.1" 200 56034 "-" "meta-externalagent/1.1 (+https://developers.facebook.com/docs/sharing/webmasters/crawler)"
217.113.194.106 - - [07/Jun/2025:10:55:12 -0600] "GET /index.php/category/1/page/3/?path=/home&aksi=buatfolder HTTP/1.1" 200 5348 "-" "Mozilla/5.0 (compatible; Barkrowler/0.9; +https://babbar.tech/crawler)"
66.249.75.236 - - [07/Jun/2025:10:55:15 -0600] "GET /index.php?shopdetail/15989344.html HTTP/1.1" 200 150864 "-" "Mozilla/5.0 (Linux; Android 6.0.1; Nexus 5X Build/MMB29P) AppleWebKit/537.36 (KHTML, like Gecko) Chrome/136.0.7103.113 Mobile Safari/537.36 (compatible; Googlebot/2.1; +http://www.google.com/bot.html)"
52.167.144.181 - - [07/Jun/2025:10:55:21 -0600] "GET /23326599165377 HTTP/1.1" 200 141448 "-" "Mozilla/5.0 AppleWebKit/537.36 (KHTML, like Gecko; compatible; bingbot/2.0; +http://www.bing.com/bingbot.htm) Chrome/116.0.1938.76 Safari/537.36"
66.249.75.235 - - [07/Jun/2025:10:55:28 -0600] "POST /get-message-notify HTTP/1.1" 200 152131 "https://4pie.com.mx/index.php?shopdetail/15989344.html" "Mozilla/5.0 (Linux; Android 6.0.1; Nexus 5X Build/MMB29P) AppleWebKit/537.36 (KHTML, like Gecko) Chrome/136.0.7103.92 Mobile Safari/537.36 (compatible; Googlebot/2.1; +http://www.google.com/bot.html)"
217.113.194.110 - - [07/Jun/2025:10:55:31 -0600] "GET /index.php/category/1/?path=/home/tsgmexic/.cphorde HTTP/1.1" 200 67885 "-" "Mozilla/5.0 (compatible; Barkrowler/0.9; +https://babbar.tech/crawler)"
66.249.75.234 - - [07/Jun/2025:10:55:43 -0600] "GET /index.php?shopdetail/21660844.html HTTP/1.1" 200 144084 "-" "Mozilla/5.0 (Linux; Android 6.0.1; Nexus 5X Build/MMB29P) AppleWebKit/537.36 (KHTML, like Gecko) Chrome/136.0.7103.113 Mobile Safari/537.36 (compatible; Googlebot/2.1; +http://www.google.com/bot.html)"
57.141.2.8 - - [07/Jun/2025:10:55:53 -0600] "GET /?filesrc=/home/tsgmexic/.trash/Joomla_3.6.2-Stable-Full_Package/libraries/joomla/twitter/object.php&path=/home/tsgmexic/.trash/Joomla_3.6.2-Stable-Full_Package/libraries/joomla/twitter HTTP/1.1" 200 62979 "-" "meta-externalagent/1.1 (+https://developers.facebook.com/docs/sharing/webmasters/crawler)"
217.113.194.107 - - [07/Jun/2025:10:55:55 -0600] "GET /index.php/category/1/?path=/home/tsgmexic/wordpress-backups HTTP/1.1" 200 66124 "-" "Mozilla/5.0 (compatible; Barkrowler/0.9; +https://babbar.tech/crawler)"
20.171.207.133 - - [07/Jun/2025:10:55:58 -0600] "GET /?path=%2Fhome%2Ftsgmexic%2F4pie.com.mx%2Fwp-content%2Fuploads%2Fgravity_forms%2Fh%2Fe%2Fc HTTP/1.1" 200 67965 "-" "Mozilla/5.0 AppleWebKit/537.36 (KHTML, like Gecko; compatible; GPTBot/1.2; +https://openai.com/gptbot)"
57.141.2.10 - - [07/Jun/2025:10:56:02 -0600] "GET /?filesrc=//etc/chkserv.d/nscd&path=//etc/chkserv.d HTTP/1.1" 200 56208 "-" "meta-externalagent/1.1 (+https://developers.facebook.com/docs/sharing/webmasters/crawler)"
20.171.207.133 - - [07/Jun/2025:10:56:05 -0600] "GET /?path=%2Fhome%2Ftsgmexic%2F4pie.com.mx%2Fwp-content%2Fuploads%2Fgravity_forms%2Fc%2Ff%2Fg HTTP/1.1" 200 66801 "-" "Mozilla/5.0 AppleWebKit/537.36 (KHTML, like Gecko; compatible; GPTBot/1.2; +https://openai.com/gptbot)"
57.141.2.18 - - [07/Jun/2025:10:56:13 -0600] "GET /?path=/home/tsgmexic/.trash/Joomla_3.6.2-Stable-Full_Package/plugins/editors-xtd/pagebreak HTTP/1.1" 200 59728 "-" "meta-externalagent/1.1 (+https://developers.facebook.com/docs/sharing/webmasters/crawler)"
217.113.194.109 - - [07/Jun/2025:10:56:13 -0600] "GET /index.php/category/uncategorized/?path=/home&aksi=buatfolder HTTP/1.1" 200 59773 "-" "Mozilla/5.0 (compatible; Barkrowler/0.9; +https://babbar.tech/crawler)"
57.141.2.17 - - [07/Jun/2025:10:56:17 -0600] "GET /?filesrc=/home/tsgmexic/.trash/Joomla_3.6.2-Stable-Full_Package/language/en-GB/en-GB.tpl_beez3.sys.ini&path=/home/tsgmexic/.trash/Joomla_3.6.2-Stable-Full_Package/language/en-GB HTTP/1.1" 200 58078 "-" "meta-externalagent/1.1 (+https://developers.facebook.com/docs/sharing/webmasters/crawler)"
43.153.48.240 - - [07/Jun/2025:10:56:27 -0600] "GET /?filesrc=%2Fhome%2Ftsgmexic%2F4pie.com.mx%2Fwp-trackback.php&path=%2Fhome%2Ftsgmexic%2F4pie.com.mx HTTP/1.1" 200 61677 "-" "Mozilla/5.0 (iPhone; CPU iPhone OS 13_2_3 like Mac OS X) AppleWebKit/605.1.15 (KHTML, like Gecko) Version/13.0.3 Mobile/15E148 Safari/604.1"
57.141.2.22 - - [07/Jun/2025:10:56:25 -0600] "GET /?filesrc=//usr/sbin/lvchange&path=//usr/sbin HTTP/1.1" 200 56104 "-" "meta-externalagent/1.1 (+https://developers.facebook.com/docs/sharing/webmasters/crawler)"
57.141.2.1 - - [07/Jun/2025:10:56:27 -0600] "GET /?filesrc=//usr/sbin/runuser&path=//usr/sbin HTTP/1.1" 200 56102 "-" "meta-externalagent/1.1 (+https://developers.facebook.com/docs/sharing/webmasters/crawler)"
142.171.127.176 - - [07/Jun/2025:10:56:30 -0600] "POST /wp-cron.php?doing_wp_cron=1749315390.6954600811004638671875 HTTP/1.1" 403 15958 "-" "WordPress/6.8; https://4pie.com.mx"
142.171.127.176 - - [07/Jun/2025:10:56:31 -0600] "POST /wp-cron.php?doing_wp_cron=1749315391.0204360485076904296875 HTTP/1.1" 403 2 "-" "WordPress/6.8; https://4pie.com.mx"
217.113.194.104 - - [07/Jun/2025:10:56:33 -0600] "GET /index.php/category/uncategorized/?path=/home/tsgmexic/.cpanel HTTP/1.1" 200 90048 "-" "Mozilla/5.0 (compatible; Barkrowler/0.9; +https://babbar.tech/crawler)"
20.171.207.133 - - [07/Jun/2025:10:56:42 -0600] "GET /?aksi=buatfolder&path=%2Fhome%2Ftsgmexic%2F4pie.com.mx%2Fwp-content%2Fuploads%2Fgravity_forms%2Fh%2Fe%2Fc HTTP/1.1" 200 57159 "-" "Mozilla/5.0 AppleWebKit/537.36 (KHTML, like Gecko; compatible; GPTBot/1.2; +https://openai.com/gptbot)"
20.171.207.133 - - [07/Jun/2025:10:56:50 -0600] "GET /?aksi=buatfolder&path=%2Fhome%2Ftsgmexic%2F4pie.com.mx%2Fwp-content%2Fuploads%2Fgravity_forms%2Fc%2Ff%2Fg HTTP/1.1" 200 57159 "-" "Mozilla/5.0 AppleWebKit/537.36 (KHTML, like Gecko; compatible; GPTBot/1.2; +https://openai.com/gptbot)"
52.167.144.163 - - [07/Jun/2025:10:56:52 -0600] "GET /23326599278062 HTTP/1.1" 200 140389 "-" "Mozilla/5.0 AppleWebKit/537.36 (KHTML, like Gecko; compatible; bingbot/2.0; +http://www.bing.com/bingbot.htm) Chrome/116.0.1938.76 Safari/537.36"
52.167.144.181 - - [07/Jun/2025:10:56:57 -0600] "GET /7276289923505 HTTP/1.1" 200 140386 "-" "Mozilla/5.0 AppleWebKit/537.36 (KHTML, like Gecko; compatible; bingbot/2.0; +http://www.bing.com/bingbot.htm) Chrome/116.0.1938.76 Safari/537.36"
217.113.194.104 - - [07/Jun/2025:10:56:56 -0600] "GET /index.php/category/uncategorized/?path=/home/tsgmexic/.trash HTTP/1.1" 200 123653 "-" "Mozilla/5.0 (compatible; Barkrowler/0.9; +https://babbar.tech/crawler)"
52.167.144.181 - - [07/Jun/2025:10:57:15 -0600] "GET /18427699290145 HTTP/1.1" 200 147617 "-" "Mozilla/5.0 AppleWebKit/537.36 (KHTML, like Gecko; compatible; bingbot/2.0; +http://www.bing.com/bingbot.htm) Chrome/116.0.1938.76 Safari/537.36"
20.171.207.133 - - [07/Jun/2025:10:57:16 -0600] "GET /?aksi=ransom&path=%2Fhome%2Ftsgmexic%2F4pie.com.mx%2Fwp-content%2Fuploads%2Fgravity_forms%2Fc%2Ff%2Fg HTTP/1.1" 200 66818 "-" "Mozilla/5.0 AppleWebKit/537.36 (KHTML, like Gecko; compatible; GPTBot/1.2; +https://openai.com/gptbot)"
217.113.194.111 - - [07/Jun/2025:10:57:14 -0600] "GET /index.php/category/uncategorized/?path=/home/tsgmexic/public_html HTTP/1.1" 200 96669 "-" "Mozilla/5.0 (compatible; Barkrowler/0.9; +https://babbar.tech/crawler)"
20.171.207.133 - - [07/Jun/2025:10:57:19 -0600] "GET /?aksi=ransom&path=%2Fhome%2Ftsgmexic%2F4pie.com.mx%2Fwp-content%2Fuploads%2Fgravity_forms%2Fh%2Fe%2Fc HTTP/1.1" 200 67982 "-" "Mozilla/5.0 AppleWebKit/537.36 (KHTML, like Gecko; compatible; GPTBot/1.2; +https://openai.com/gptbot)"
52.167.144.181 - - [07/Jun/2025:10:57:33 -0600] "GET /7928709940417 HTTP/1.1" 200 137550 "-" "Mozilla/5.0 AppleWebKit/537.36 (KHTML, like Gecko; compatible; bingbot/2.0; +http://www.bing.com/bingbot.htm) Chrome/116.0.1938.76 Safari/537.36"
217.113.194.104 - - [07/Jun/2025:10:57:35 -0600] "GET /index.php/category/uncategorized/?path=/home/tsgmexic/perl5 HTTP/1.1" 200 68757 "-" "Mozilla/5.0 (compatible; Barkrowler/0.9; +https://babbar.tech/crawler)"
217.113.194.110 - - [07/Jun/2025:10:57:59 -0600] "GET /index.php/category/uncategorized/?filesrc=//bin/c99&path=//bin HTTP/1.1" 200 59813 "-" "Mozilla/5.0 (compatible; Barkrowler/0.9; +https://babbar.tech/crawler)"
52.167.144.163 - - [07/Jun/2025:10:58:12 -0600] "GET /65970899570369 HTTP/1.1" 200 142690 "-" "Mozilla/5.0 AppleWebKit/537.36 (KHTML, like Gecko; compatible; bingbot/2.0; +http://www.bing.com/bingbot.htm) Chrome/116.0.1938.76 Safari/537.36"
57.141.2.11 - - [07/Jun/2025:10:58:15 -0600] "GET /?path=/home/tsgmexic/.trash/Joomla_3.6.2-Stable-Full_Package/administrator/components/com_templates HTTP/1.1" 200 70712 "-" "meta-externalagent/1.1 (+https://developers.facebook.com/docs/sharing/webmasters/crawler)"
20.171.207.133 - - [07/Jun/2025:10:58:15 -0600] "GET /?aksi=buatfile&path=%2Fhome%2Ftsgmexic%2F4pie.com.mx%2Fwp-content%2Fuploads%2Fgravity_forms%2Fh%2Fe%2Fc HTTP/1.1" 200 67984 "-" "Mozilla/5.0 AppleWebKit/537.36 (KHTML, like Gecko; compatible; GPTBot/1.2; +https://openai.com/gptbot)"
217.113.194.109 - - [07/Jun/2025:10:58:17 -0600] "GET /index.php/category/uncategorized/?filesrc=//quota.user&path=/ HTTP/1.1" 200 59497 "-" "Mozilla/5.0 (compatible; Barkrowler/0.9; +https://babbar.tech/crawler)"
52.167.144.139 - - [07/Jun/2025:10:58:22 -0600] "GET /67611299386849 HTTP/1.1" 200 141783 "-" "Mozilla/5.0 AppleWebKit/537.36 (KHTML, like Gecko; compatible; bingbot/2.0; +http://www.bing.com/bingbot.htm) Chrome/116.0.1938.76 Safari/537.36"
20.171.207.133 - - [07/Jun/2025:10:58:21 -0600] "GET /?aksi=buatfile&path=%2Fhome%2Ftsgmexic%2F4pie.com.mx%2Fwp-content%2Fuploads%2Fgravity_forms%2Fc%2Ff%2Fg HTTP/1.1" 200 66820 "-" "Mozilla/5.0 AppleWebKit/537.36 (KHTML, like Gecko; compatible; GPTBot/1.2; +https://openai.com/gptbot)"
57.141.2.22 - - [07/Jun/2025:10:58:29 -0600] "GET /?path=/home/tsgmexic/.trash/install/jomla/components/com_wrapper HTTP/1.1" 200 63767 "-" "meta-externalagent/1.1 (+https://developers.facebook.com/docs/sharing/webmasters/crawler)"
52.167.144.213 - - [07/Jun/2025:10:58:31 -0600] "GET /43097399438084 HTTP/1.1" 200 145185 "-" "Mozilla/5.0 AppleWebKit/537.36 (KHTML, like Gecko; compatible; bingbot/2.0; +http://www.bing.com/bingbot.htm) Chrome/116.0.1938.76 Safari/537.36"
217.113.194.109 - - [07/Jun/2025:10:58:36 -0600] "GET /index.php/category/uncategorized/page/3/?path=%2Fhome%2Ftsgmexic HTTP/1.1" 200 104132 "-" "Mozilla/5.0 (compatible; Barkrowler/0.9; +https://babbar.tech/crawler)"
142.171.127.176 - - [07/Jun/2025:10:58:39 -0600] "POST /wp-cron.php?doing_wp_cron=1749315519.9136469364166259765625 HTTP/1.1" 403 15958 "-" "WordPress/6.8; https://4pie.com.mx"
20.171.207.133 - - [07/Jun/2025:10:58:36 -0600] "GET /?path=%2Fhome%2Ftsgmexic%2F4pie.com.mx%2Fwp-content%2Fuploads%2Fgravity_forms%2Fh%2Fe%2Ff HTTP/1.1" 200 66801 "-" "Mozilla/5.0 AppleWebKit/537.36 (KHTML, like Gecko; compatible; GPTBot/1.2; +https://openai.com/gptbot)"
20.171.207.133 - - [07/Jun/2025:10:58:41 -0600] "GET /?path=%2Fhome%2Ftsgmexic%2F4pie.com.mx%2Fwp-content%2Fuploads%2Fgravity_forms%2Fc%2Ff%2Ff HTTP/1.1" 200 66801 "-" "Mozilla/5.0 AppleWebKit/537.36 (KHTML, like Gecko; compatible; GPTBot/1.2; +https://openai.com/gptbot)"
20.171.207.133 - - [07/Jun/2025:10:58:46 -0600] "GET /?path=%2Fhome%2Ftsgmexic%2F4pie.com.mx%2Fwp-content%2Fuploads%2Fgravity_forms%2Fc%2Ff%2Fc HTTP/1.1" 200 66801 "-" "Mozilla/5.0 AppleWebKit/537.36 (KHTML, like Gecko; compatible; GPTBot/1.2; +https://openai.com/gptbot)"
57.141.2.22 - - [07/Jun/2025:10:58:52 -0600] "GET /?filesrc=//usr/sbin/mkdosfs&path=//usr/sbin HTTP/1.1" 200 56102 "-" "meta-externalagent/1.1 (+https://developers.facebook.com/docs/sharing/webmasters/crawler)"
217.113.194.111 - - [07/Jun/2025:10:58:55 -0600] "GET /index.php/category/uncategorized/page/2/?path=%2Fhome%2Ftsgmexic HTTP/1.1" 200 103090 "-" "Mozilla/5.0 (compatible; Barkrowler/0.9; +https://babbar.tech/crawler)"
20.171.207.133 - - [07/Jun/2025:10:58:56 -0600] "GET /?path=%2Fhome%2Ftsgmexic%2F4pie.com.mx%2Fwp-content%2Fuploads%2Fgravity_forms%2Fc%2Ff%2Fd HTTP/1.1" 200 66801 "-" "Mozilla/5.0 AppleWebKit/537.36 (KHTML, like Gecko; compatible; GPTBot/1.2; +https://openai.com/gptbot)"
20.171.207.133 - - [07/Jun/2025:10:59:04 -0600] "GET /?path=%2Fhome%2Ftsgmexic%2F4pie.com.mx%2Fwp-content%2Fuploads%2Fgravity_forms%2Fh%2Fe%2Fh HTTP/1.1" 200 66801 "-" "Mozilla/5.0 AppleWebKit/537.36 (KHTML, like Gecko; compatible; GPTBot/1.2; +https://openai.com/gptbot)"
52.167.144.213 - - [07/Jun/2025:10:59:11 -0600] "GET /64538799417377 HTTP/1.1" 200 139574 "-" "Mozilla/5.0 AppleWebKit/537.36 (KHTML, like Gecko; compatible; bingbot/2.0; +http://www.bing.com/bingbot.htm) Chrome/116.0.1938.76 Safari/537.36"
52.167.144.163 - - [07/Jun/2025:10:59:15 -0600] "GET /27926699435457 HTTP/1.1" 200 145283 "-" "Mozilla/5.0 AppleWebKit/537.36 (KHTML, like Gecko; compatible; bingbot/2.0; +http://www.bing.com/bingbot.htm) Chrome/116.0.1938.76 Safari/537.36"
217.113.194.105 - - [07/Jun/2025:10:59:15 -0600] "GET /index.php/category/seo-linkk/?path=/home&aksi=buatfolder HTTP/1.1" 200 56735 "-" "Mozilla/5.0 (compatible; Barkrowler/0.9; +https://babbar.tech/crawler)"
20.171.207.133 - - [07/Jun/2025:10:59:24 -0600] "GET /?aksi=buatfolder&path=%2Fhome%2Ftsgmexic%2F4pie.com.mx%2Fwp-content%2Fuploads%2Fgravity_forms%2Fh%2Fe%2Ff HTTP/1.1" 200 57159 "-" "Mozilla/5.0 AppleWebKit/537.36 (KHTML, like Gecko; compatible; GPTBot/1.2; +https://openai.com/gptbot)"
20.171.207.133 - - [07/Jun/2025:10:59:27 -0600] "GET /?aksi=ransom&path=%2Fhome%2Ftsgmexic%2F4pie.com.mx%2Fwp-content%2Fuploads%2Fgravity_forms%2Fc%2Ff%2Ff HTTP/1.1" 200 66818 "-" "Mozilla/5.0 AppleWebKit/537.36 (KHTML, like Gecko; compatible; GPTBot/1.2; +https://openai.com/gptbot)"
20.171.207.133 - - [07/Jun/2025:10:59:31 -0600] "GET /?aksi=buatfolder&path=%2Fhome%2Ftsgmexic%2F4pie.com.mx%2Fwp-content%2Fuploads%2Fgravity_forms%2Fc%2Ff%2Fc HTTP/1.1" 200 57159 "-" "Mozilla/5.0 AppleWebKit/537.36 (KHTML, like Gecko; compatible; GPTBot/1.2; +https://openai.com/gptbot)"
52.167.144.213 - - [07/Jun/2025:10:59:32 -0600] "GET /15056699285404 HTTP/1.1" 200 141065 "-" "Mozilla/5.0 AppleWebKit/537.36 (KHTML, like Gecko; compatible; bingbot/2.0; +http://www.bing.com/bingbot.htm) Chrome/116.0.1938.76 Safari/537.36"
217.113.194.106 - - [07/Jun/2025:10:59:34 -0600] "GET /index.php/category/seo-linkk/?path=//lib/firmware/ath10k HTTP/1.1" 200 65196 "-" "Mozilla/5.0 (compatible; Barkrowler/0.9; +https://babbar.tech/crawler)"
20.171.207.133 - - [07/Jun/2025:10:59:36 -0600] "GET /?aksi=buatfolder&path=%2Fhome%2Ftsgmexic%2F4pie.com.mx%2Fwp-content%2Fuploads%2Fgravity_forms%2Fc%2Ff%2Fd HTTP/1.1" 200 57159 "-" "Mozilla/5.0 AppleWebKit/537.36 (KHTML, like Gecko; compatible; GPTBot/1.2; +https://openai.com/gptbot)"
20.171.207.133 - - [07/Jun/2025:10:59:39 -0600] "GET /?aksi=buatfolder&path=%2Fhome%2Ftsgmexic%2F4pie.com.mx%2Fwp-content%2Fuploads%2Fgravity_forms%2Fc%2Ff%2Ff HTTP/1.1" 200 57159 "-" "Mozilla/5.0 AppleWebKit/537.36 (KHTML, like Gecko; compatible; GPTBot/1.2; +https://openai.com/gptbot)"
142.171.127.176 - - [07/Jun/2025:10:59:42 -0600] "POST /wp-cron.php?doing_wp_cron=1749315582.0626060962677001953125 HTTP/1.1" 403 20398 "-" "WordPress/6.8; https://4pie.com.mx"
57.141.2.5 - - [07/Jun/2025:10:59:43 -0600] "GET /?path=/home/tsgmexic/.trash/administrator/templates/isis/img HTTP/1.1" 200 59409 "-" "meta-externalagent/1.1 (+https://developers.facebook.com/docs/sharing/webmasters/crawler)"
20.171.207.133 - - [07/Jun/2025:10:59:51 -0600] "GET /?aksi=buatfolder&path=%2Fhome%2Ftsgmexic%2F4pie.com.mx%2Fwp-content%2Fuploads%2Fgravity_forms%2Fh%2Fe%2Fh HTTP/1.1" 200 57159 "-" "Mozilla/5.0 AppleWebKit/537.36 (KHTML, like Gecko; compatible; GPTBot/1.2; +https://openai.com/gptbot)"
217.113.194.247 - - [07/Jun/2025:10:59:54 -0600] "GET /index.php/category/seo-linkk/?path=//lib/tuned/intel-sst HTTP/1.1" 200 57987 "-" "Mozilla/5.0 (compatible; Barkrowler/0.9; +https://babbar.tech/crawler)"
52.167.144.163 - - [07/Jun/2025:11:00:04 -0600] "GET /81812299482049 HTTP/1.1" 200 146621 "-" "Mozilla/5.0 AppleWebKit/537.36 (KHTML, like Gecko; compatible; bingbot/2.0; +http://www.bing.com/bingbot.htm) Chrome/116.0.1938.76 Safari/537.36"
52.167.144.213 - - [07/Jun/2025:11:00:08 -0600] "GET /94045899339537 HTTP/1.1" 200 132942 "-" "Mozilla/5.0 AppleWebKit/537.36 (KHTML, like Gecko; compatible; bingbot/2.0; +http://www.bing.com/bingbot.htm) Chrome/116.0.1938.76 Safari/537.36"
52.167.144.163 - - [07/Jun/2025:11:00:22 -0600] "GET /727628995624 HTTP/1.1" 200 142163 "-" "Mozilla/5.0 AppleWebKit/537.36 (KHTML, like Gecko; compatible; bingbot/2.0; +http://www.bing.com/bingbot.htm) Chrome/116.0.1938.76 Safari/537.36"
217.113.194.110 - - [07/Jun/2025:11:00:12 -0600] "GET /index.php/category/seo-linkk/?path=//opt&aksi=buatfile HTTP/1.1" 200 62091 "-" "Mozilla/5.0 (compatible; Barkrowler/0.9; +https://babbar.tech/crawler)"
20.171.207.133 - - [07/Jun/2025:11:00:32 -0600] "GET /?aksi=ransom&path=%2Fhome%2Ftsgmexic%2F4pie.com.mx%2Fwp-content%2Fuploads%2Fgravity_forms%2Fh%2Fe%2Ff HTTP/1.1" 200 66818 "-" "Mozilla/5.0 AppleWebKit/537.36 (KHTML, like Gecko; compatible; GPTBot/1.2; +https://openai.com/gptbot)"
57.141.2.17 - - [07/Jun/2025:11:00:39 -0600] "GET /?filesrc=/home/tsgmexic/4pie.com.mx/wp-includes/js/media-models.js&path=/home/tsgmexic/4pie.com.mx/wp-includes/js HTTP/1.1" 200 100437 "-" "meta-externalagent/1.1 (+https://developers.facebook.com/docs/sharing/webmasters/crawler)"
57.141.2.15 - - [07/Jun/2025:11:00:46 -0600] "GET /?filesrc=//etc/depmod.d/dist.conf&path=//etc/depmod.d HTTP/1.1" 200 56254 "-" "meta-externalagent/1.1 (+https://developers.facebook.com/docs/sharing/webmasters/crawler)"
217.113.194.106 - - [07/Jun/2025:11:00:48 -0600] "GET /index.php/category/seo-linkk/?path=//opt/imunify360 HTTP/1.1" 200 58694 "-" "Mozilla/5.0 (compatible; Barkrowler/0.9; +https://babbar.tech/crawler)"
20.171.207.133 - - [07/Jun/2025:11:00:49 -0600] "GET /?aksi=ransom&path=%2Fhome%2Ftsgmexic%2F4pie.com.mx%2Fwp-content%2Fuploads%2Fgravity_forms%2Fc%2Ff%2Fd HTTP/1.1" 200 66818 "-" "Mozilla/5.0 AppleWebKit/537.36 (KHTML, like Gecko; compatible; GPTBot/1.2; +https://openai.com/gptbot)"
52.167.144.213 - - [07/Jun/2025:11:00:55 -0600] "GET /6210059986622 HTTP/1.1" 200 180036 "-" "Mozilla/5.0 AppleWebKit/537.36 (KHTML, like Gecko; compatible; bingbot/2.0; +http://www.bing.com/bingbot.htm) Chrome/116.0.1938.76 Safari/537.36"
57.141.2.22 - - [07/Jun/2025:11:01:05 -0600] "GET /?path=/home/tsgmexic/.trash/Joomla_3.6.2-Stable-Full_Package.1/images/headers&aksi=buatfile HTTP/1.1" 200 63239 "-" "meta-externalagent/1.1 (+https://developers.facebook.com/docs/sharing/webmasters/crawler)"
20.171.207.133 - - [07/Jun/2025:11:01:06 -0600] "GET /?aksi=ransom&path=%2Fhome%2Ftsgmexic%2F4pie.com.mx%2Fwp-content%2Fuploads%2Fgravity_forms%2Fh%2Fe%2Fh HTTP/1.1" 200 66818 "-" "Mozilla/5.0 AppleWebKit/537.36 (KHTML, like Gecko; compatible; GPTBot/1.2; +https://openai.com/gptbot)"
217.113.194.104 - - [07/Jun/2025:11:01:06 -0600] "GET /index.php/category/seo-linkk/?path=//var&aksi=buatfile HTTP/1.1" 200 80041 "-" "Mozilla/5.0 (compatible; Barkrowler/0.9; +https://babbar.tech/crawler)"
52.167.144.163 - - [07/Jun/2025:11:01:18 -0600] "GET /81812299442852 HTTP/1.1" 200 144427 "-" "Mozilla/5.0 AppleWebKit/537.36 (KHTML, like Gecko; compatible; bingbot/2.0; +http://www.bing.com/bingbot.htm) Chrome/116.0.1938.76 Safari/537.36"
217.113.194.104 - - [07/Jun/2025:11:01:25 -0600] "GET /index.php/category/seo-linkk/?path=//etc/dracut.conf.d HTTP/1.1" 200 56943 "-" "Mozilla/5.0 (compatible; Barkrowler/0.9; +https://babbar.tech/crawler)"
57.141.2.30 - - [07/Jun/2025:11:01:26 -0600] "GET /?filesrc=/home/tsgmexic/.trash/jomla.8/libraries/cms.php&path=/home/tsgmexic/.trash/jomla.8/libraries HTTP/1.1" 200 59747 "-" "meta-externalagent/1.1 (+https://developers.facebook.com/docs/sharing/webmasters/crawler)"
217.113.194.109 - - [07/Jun/2025:11:01:42 -0600] "GET /index.php/category/seo-linkk/?path=//etc/imunify360 HTTP/1.1" 200 57841 "-" "Mozilla/5.0 (compatible; Barkrowler/0.9; +https://babbar.tech/crawler)"
142.171.127.176 - - [07/Jun/2025:11:01:46 -0600] "POST /wp-cron.php?doing_wp_cron=1749315706.2192449569702148437500 HTTP/1.1" 403 15958 "-" "WordPress/6.8; https://4pie.com.mx"
20.171.207.133 - - [07/Jun/2025:11:01:44 -0600] "GET /?aksi=ransom&path=%2Fhome%2Ftsgmexic%2F4pie.com.mx%2Fwp-content%2Fuploads%2Fgravity_forms%2Fc%2Ff%2Fc HTTP/1.1" 200 66818 "-" "Mozilla/5.0 AppleWebKit/537.36 (KHTML, like Gecko; compatible; GPTBot/1.2; +https://openai.com/gptbot)"
217.113.194.103 - - [07/Jun/2025:11:02:00 -0600] "GET /index.php/category/seo-linkk/?path=//etc/bash_completion.d HTTP/1.1" 200 66012 "-" "Mozilla/5.0 (compatible; Barkrowler/0.9; +https://babbar.tech/crawler)"
57.141.2.22 - - [07/Jun/2025:11:02:07 -0600] "GET /?path=/home/tsgmexic/mail/.mario.cur.1466040817_H194366P62069_aker_webserversystems_com,S=33792:2,S HTTP/1.1" 200 63089 "-" "meta-externalagent/1.1 (+https://developers.facebook.com/docs/sharing/webmasters/crawler)"
20.171.207.163 - - [07/Jun/2025:11:02:14 -0600] "GET /wp-content/plugins/h5jiz7ib/public/css/cf7-customizer-public.css?ver=1.0.01749315593 HTTP/1.1" 200 2026 "-" "Mozilla/5.0 AppleWebKit/537.36 (KHTML, like Gecko; compatible; GPTBot/1.2; +https://openai.com/gptbot)"
217.113.194.106 - - [07/Jun/2025:11:02:18 -0600] "GET /index.php/category/seo-linkk/?path=//etc/libibverbs.d HTTP/1.1" 200 69908 "-" "Mozilla/5.0 (compatible; Barkrowler/0.9; +https://babbar.tech/crawler)"
20.171.207.133 - - [07/Jun/2025:11:02:20 -0600] "GET /?aksi=buatfile&path=%2Fhome%2Ftsgmexic%2F4pie.com.mx%2Fwp-content%2Fuploads%2Fgravity_forms%2Fh%2Fe%2Ff HTTP/1.1" 200 66820 "-" "Mozilla/5.0 AppleWebKit/537.36 (KHTML, like Gecko; compatible; GPTBot/1.2; +https://openai.com/gptbot)"
20.171.207.163 - - [07/Jun/2025:11:02:24 -0600] "GET /wp-content/plugins/h5jiz7ib/public/js/cf7-customizer-public.js?ver=1.0.01749315593 HTTP/1.1" 200 2498 "-" "Mozilla/5.0 AppleWebKit/537.36 (KHTML, like Gecko; compatible; GPTBot/1.2; +https://openai.com/gptbot)"
20.171.207.133 - - [07/Jun/2025:11:02:27 -0600] "GET /?aksi=buatfile&path=%2Fhome%2Ftsgmexic%2F4pie.com.mx%2Fwp-content%2Fuploads%2Fgravity_forms%2Fc%2Ff%2Ff HTTP/1.1" 200 66820 "-" "Mozilla/5.0 AppleWebKit/537.36 (KHTML, like Gecko; compatible; GPTBot/1.2; +https://openai.com/gptbot)"
20.171.207.133 - - [07/Jun/2025:11:02:33 -0600] "GET /?aksi=buatfile&path=%2Fhome%2Ftsgmexic%2F4pie.com.mx%2Fwp-content%2Fuploads%2Fgravity_forms%2Fh%2Fe%2Fh HTTP/1.1" 200 66820 "-" "Mozilla/5.0 AppleWebKit/537.36 (KHTML, like Gecko; compatible; GPTBot/1.2; +https://openai.com/gptbot)"
217.113.194.109 - - [07/Jun/2025:11:02:35 -0600] "GET /index.php/category/seo-linkk/?path=//etc/ld.so.conf.d HTTP/1.1" 200 62216 "-" "Mozilla/5.0 (compatible; Barkrowler/0.9; +https://babbar.tech/crawler)"
57.141.2.29 - - [07/Jun/2025:11:02:39 -0600] "GET /?path=/home/tsgmexic/mail/.sergio.cur.1465732914_H890807P8806_aker_webserversystems_com,S=130693:2,S HTTP/1.1" 200 63112 "-" "meta-externalagent/1.1 (+https://developers.facebook.com/docs/sharing/webmasters/crawler)"
52.167.144.213 - - [07/Jun/2025:11:02:41 -0600] "GET /727628995144 HTTP/1.1" 200 137446 "-" "Mozilla/5.0 AppleWebKit/537.36 (KHTML, like Gecko; compatible; bingbot/2.0; +http://www.bing.com/bingbot.htm) Chrome/116.0.1938.76 Safari/537.36"
20.171.207.133 - - [07/Jun/2025:11:02:43 -0600] "GET /?aksi=buatfile&path=%2Fhome%2Ftsgmexic%2F4pie.com.mx%2Fwp-content%2Fuploads%2Fgravity_forms%2Fc%2Ff%2Fc HTTP/1.1" 200 66820 "-" "Mozilla/5.0 AppleWebKit/537.36 (KHTML, like Gecko; compatible; GPTBot/1.2; +https://openai.com/gptbot)"
20.171.207.133 - - [07/Jun/2025:11:02:52 -0600] "GET /?aksi=buatfile&path=%2Fhome%2Ftsgmexic%2F4pie.com.mx%2Fwp-content%2Fuploads%2Fgravity_forms%2Fc%2Ff%2Fd HTTP/1.1" 200 66820 "-" "Mozilla/5.0 AppleWebKit/537.36 (KHTML, like Gecko; compatible; GPTBot/1.2; +https://openai.com/gptbot)"
52.167.144.163 - - [07/Jun/2025:11:02:53 -0600] "GET /39820899360068 HTTP/1.1" 200 146309 "-" "Mozilla/5.0 AppleWebKit/537.36 (KHTML, like Gecko; compatible; bingbot/2.0; +http://www.bing.com/bingbot.htm) Chrome/116.0.1938.76 Safari/537.36"
217.113.194.102 - - [07/Jun/2025:11:02:53 -0600] "GET /index.php/category/seo-linkk/?path=//tmp&aksi=buatfile HTTP/1.1" 200 71091 "-" "Mozilla/5.0 (compatible; Barkrowler/0.9; +https://babbar.tech/crawler)"
217.113.194.110 - - [07/Jun/2025:11:03:10 -0600] "GET /index.php/category/seo-linkk/?path=//tmp&aksi=ransom HTTP/1.1" 200 71091 "-" "Mozilla/5.0 (compatible; Barkrowler/0.9; +https://babbar.tech/crawler)"
20.171.207.133 - - [07/Jun/2025:11:03:13 -0600] "GET /?path=%2Fhome%2Ftsgmexic%2F4pie.com.mx%2Fwp-content%2Fuploads%2Fgravity_forms%2Fh%2Fe%2Fg HTTP/1.1" 200 66801 "-" "Mozilla/5.0 AppleWebKit/537.36 (KHTML, like Gecko; compatible; GPTBot/1.2; +https://openai.com/gptbot)"
20.171.207.133 - - [07/Jun/2025:11:03:17 -0600] "GET /?path=%2Fhome%2Ftsgmexic%2F4pie.com.mx%2Fwp-content%2Fuploads%2Fgravity_forms%2Fh%2Fe%2Fe HTTP/1.1" 200 69131 "-" "Mozilla/5.0 AppleWebKit/537.36 (KHTML, like Gecko; compatible; GPTBot/1.2; +https://openai.com/gptbot)"
20.171.207.133 - - [07/Jun/2025:11:03:20 -0600] "GET /?path=%2Fhome%2Ftsgmexic%2F4pie.com.mx%2Fwp-content%2Fuploads%2Fgravity_forms%2Fc%2Ff%2Fa HTTP/1.1" 200 66801 "-" "Mozilla/5.0 AppleWebKit/537.36 (KHTML, like Gecko; compatible; GPTBot/1.2; +https://openai.com/gptbot)"
52.167.144.213 - - [07/Jun/2025:11:03:22 -0600] "GET /58214199456963 HTTP/1.1" 200 147395 "-" "Mozilla/5.0 AppleWebKit/537.36 (KHTML, like Gecko; compatible; bingbot/2.0; +http://www.bing.com/bingbot.htm) Chrome/116.0.1938.76 Safari/537.36"
52.167.144.163 - - [07/Jun/2025:11:03:26 -0600] "GET /4523669925025 HTTP/1.1" 200 155376 "-" "Mozilla/5.0 AppleWebKit/537.36 (KHTML, like Gecko; compatible; bingbot/2.0; +http://www.bing.com/bingbot.htm) Chrome/116.0.1938.76 Safari/537.36"
217.113.194.107 - - [07/Jun/2025:11:03:31 -0600] "GET /index.php/category/seo-linkk/?path=//mnt&aksi=ransom HTTP/1.1" 200 56847 "-" "Mozilla/5.0 (compatible; Barkrowler/0.9; +https://babbar.tech/crawler)"
52.167.144.139 - - [07/Jun/2025:11:03:45 -0600] "GET /6210059935674 HTTP/1.1" 200 134833 "-" "Mozilla/5.0 AppleWebKit/537.36 (KHTML, like Gecko; compatible; bingbot/2.0; +http://www.bing.com/bingbot.htm) Chrome/116.0.1938.76 Safari/537.36"
20.171.207.133 - - [07/Jun/2025:11:03:44 -0600] "GET /?aksi=buatfolder&path=%2Fhome%2Ftsgmexic%2F4pie.com.mx%2Fwp-content%2Fuploads%2Fgravity_forms%2Fh%2Fe%2Fg HTTP/1.1" 200 57159 "-" "Mozilla/5.0 AppleWebKit/537.36 (KHTML, like Gecko; compatible; GPTBot/1.2; +https://openai.com/gptbot)"
20.171.207.133 - - [07/Jun/2025:11:03:46 -0600] "GET /?aksi=buatfolder&path=%2Fhome%2Ftsgmexic%2F4pie.com.mx%2Fwp-content%2Fuploads%2Fgravity_forms%2Fh%2Fe%2Fe HTTP/1.1" 200 57159 "-" "Mozilla/5.0 AppleWebKit/537.36 (KHTML, like Gecko; compatible; GPTBot/1.2; +https://openai.com/gptbot)"
52.167.144.163 - - [07/Jun/2025:11:03:52 -0600] "GET /27926699254657 HTTP/1.1" 200 137258 "-" "Mozilla/5.0 AppleWebKit/537.36 (KHTML, like Gecko; compatible; bingbot/2.0; +http://www.bing.com/bingbot.htm) Chrome/116.0.1938.76 Safari/537.36"
20.171.207.133 - - [07/Jun/2025:11:03:51 -0600] "GET /?aksi=buatfolder&path=%2Fhome%2Ftsgmexic%2F4pie.com.mx%2Fwp-content%2Fuploads%2Fgravity_forms%2Fc%2Ff%2Fa HTTP/1.1" 200 57159 "-" "Mozilla/5.0 AppleWebKit/537.36 (KHTML, like Gecko; compatible; GPTBot/1.2; +https://openai.com/gptbot)"
57.141.2.25 - - [07/Jun/2025:11:03:47 -0600] "GET /?filesrc=//usr/sbin/umount.nfs&path=//usr/sbin HTTP/1.1" 200 56108 "-" "meta-externalagent/1.1 (+https://developers.facebook.com/docs/sharing/webmasters/crawler)"
217.113.194.247 - - [07/Jun/2025:11:03:51 -0600] "GET /index.php/category/seo-linkk/?path=//backup&aksi=buatfile HTTP/1.1" 200 56862 "-" "Mozilla/5.0 (compatible; Barkrowler/0.9; +https://babbar.tech/crawler)"
52.167.144.139 - - [07/Jun/2025:11:04:02 -0600] "GET /67611299447931 HTTP/1.1" 200 146937 "-" "Mozilla/5.0 AppleWebKit/537.36 (KHTML, like Gecko; compatible; bingbot/2.0; +http://www.bing.com/bingbot.htm) Chrome/116.0.1938.76 Safari/537.36"
57.141.2.28 - - [07/Jun/2025:11:04:01 -0600] "GET /?path=/home/tsgmexic/.trash/jomla.4/layouts/libraries HTTP/1.1" 200 57822 "-" "meta-externalagent/1.1 (+https://developers.facebook.com/docs/sharing/webmasters/crawler)"
20.171.207.133 - - [07/Jun/2025:11:04:02 -0600] "GET /?aksi=ransom&path=%2Fhome%2Ftsgmexic%2F4pie.com.mx%2Fwp-content%2Fuploads%2Fgravity_forms%2Fh%2Fe%2Fe HTTP/1.1" 200 69148 "-" "Mozilla/5.0 AppleWebKit/537.36 (KHTML, like Gecko; compatible; GPTBot/1.2; +https://openai.com/gptbot)"
217.113.194.108 - - [07/Jun/2025:11:04:11 -0600] "GET /index.php/category/seo-linkk/?path=//run&aksi=buatfile HTTP/1.1" 200 152367 "-" "Mozilla/5.0 (compatible; Barkrowler/0.9; +https://babbar.tech/crawler)"
52.167.144.139 - - [07/Jun/2025:11:04:15 -0600] "GET /43097399128240 HTTP/1.1" 200 142531 "-" "Mozilla/5.0 AppleWebKit/537.36 (KHTML, like Gecko; compatible; bingbot/2.0; +http://www.bing.com/bingbot.htm) Chrome/116.0.1938.76 Safari/537.36"
52.167.144.213 - - [07/Jun/2025:11:04:36 -0600] "GET /18427699216955 HTTP/1.1" 200 139102 "-" "Mozilla/5.0 AppleWebKit/537.36 (KHTML, like Gecko; compatible; bingbot/2.0; +http://www.bing.com/bingbot.htm) Chrome/116.0.1938.76 Safari/537.36"
20.171.207.133 - - [07/Jun/2025:11:04:33 -0600] "GET /?aksi=ransom&path=%2Fhome%2Ftsgmexic%2F4pie.com.mx%2Fwp-content%2Fuploads%2Fgravity_forms%2Fh%2Fe%2Fg HTTP/1.1" 200 66818 "-" "Mozilla/5.0 AppleWebKit/537.36 (KHTML, like Gecko; compatible; GPTBot/1.2; +https://openai.com/gptbot)"
20.171.207.133 - - [07/Jun/2025:11:04:36 -0600] "GET /?aksi=ransom&path=%2Fhome%2Ftsgmexic%2F4pie.com.mx%2Fwp-content%2Fuploads%2Fgravity_forms%2Fc%2Ff%2Fa HTTP/1.1" 200 66818 "-" "Mozilla/5.0 AppleWebKit/537.36 (KHTML, like Gecko; compatible; GPTBot/1.2; +https://openai.com/gptbot)"
217.113.194.109 - - [07/Jun/2025:11:04:29 -0600] "GET /index.php/category/seo-linkk/?path=//lib64&aksi=ransom HTTP/1.1" 200 1251257 "-" "Mozilla/5.0 (compatible; Barkrowler/0.9; +https://babbar.tech/crawler)"
40.77.167.20 - - [07/Jun/2025:11:05:00 -0600] "GET /71031899455489 HTTP/1.1" 200 137981 "-" "Mozilla/5.0 AppleWebKit/537.36 (KHTML, like Gecko; compatible; bingbot/2.0; +http://www.bing.com/bingbot.htm) Chrome/116.0.1938.76 Safari/537.36"
217.113.194.110 - - [07/Jun/2025:11:04:59 -0600] "GET /index.php/category/seo-linkk/?path=//lib&aksi=buatfile HTTP/1.1" 200 89889 "-" "Mozilla/5.0 (compatible; Barkrowler/0.9; +https://babbar.tech/crawler)"
52.167.144.213 - - [07/Jun/2025:11:05:05 -0600] "GET /79287099228138 HTTP/1.1" 200 137127 "-" "Mozilla/5.0 AppleWebKit/537.36 (KHTML, like Gecko; compatible; bingbot/2.0; +http://www.bing.com/bingbot.htm) Chrome/116.0.1938.76 Safari/537.36"
52.167.144.213 - - [07/Jun/2025:11:05:12 -0600] "GET /27926699445825 HTTP/1.1" 200 140239 "-" "Mozilla/5.0 AppleWebKit/537.36 (KHTML, like Gecko; compatible; bingbot/2.0; +http://www.bing.com/bingbot.htm) Chrome/116.0.1938.76 Safari/537.36"
57.141.2.29 - - [07/Jun/2025:11:05:14 -0600] "GET /?filesrc=//usr/sbin/suphp&path=//usr/sbin HTTP/1.1" 200 56098 "-" "meta-externalagent/1.1 (+https://developers.facebook.com/docs/sharing/webmasters/crawler)"
52.167.144.214 - - [07/Jun/2025:11:05:17 -0600] "GET /79287099151329 HTTP/1.1" 200 141228 "-" "Mozilla/5.0 AppleWebKit/537.36 (KHTML, like Gecko; compatible; bingbot/2.0; +http://www.bing.com/bingbot.htm) Chrome/116.0.1938.76 Safari/537.36"
20.171.207.133 - - [07/Jun/2025:11:05:16 -0600] "GET /?aksi=buatfile&path=%2Fhome%2Ftsgmexic%2F4pie.com.mx%2Fwp-content%2Fuploads%2Fgravity_forms%2Fh%2Fe%2Fg HTTP/1.1" 200 66820 "-" "Mozilla/5.0 AppleWebKit/537.36 (KHTML, like Gecko; compatible; GPTBot/1.2; +https://openai.com/gptbot)"
217.113.194.105 - - [07/Jun/2025:11:05:18 -0600] "GET /index.php/category/seo-linkk/?path=//lib64/libnfsidmap HTTP/1.1" 200 60919 "-" "Mozilla/5.0 (compatible; Barkrowler/0.9; +https://babbar.tech/crawler)"
40.77.167.20 - - [07/Jun/2025:11:05:21 -0600] "GET /43097399399834 HTTP/1.1" 200 143352 "-" "Mozilla/5.0 AppleWebKit/537.36 (KHTML, like Gecko; compatible; bingbot/2.0; +http://www.bing.com/bingbot.htm) Chrome/116.0.1938.76 Safari/537.36"
57.141.2.6 - - [07/Jun/2025:11:05:22 -0600] "GET /index.php/2025/05/23/10-song-bac-moi-gioi-thoi-gian-thuc-tot-nhat-the-real-deal-offrence-apr-2025/?filesrc=/home/tsgmexic/4pie.com.mx/google8967a9560ac7271e.html&path=/home/tsgmexic/4pie.com.mx HTTP/1.1" 200 64895 "-" "meta-externalagent/1.1 (+https://developers.facebook.com/docs/sharing/webmasters/crawler)"
20.171.207.133 - - [07/Jun/2025:11:05:23 -0600] "GET /?aksi=buatfile&path=%2Fhome%2Ftsgmexic%2F4pie.com.mx%2Fwp-content%2Fuploads%2Fgravity_forms%2Fc%2Ff%2Fa HTTP/1.1" 200 66820 "-" "Mozilla/5.0 AppleWebKit/537.36 (KHTML, like Gecko; compatible; GPTBot/1.2; +https://openai.com/gptbot)"
52.167.144.213 - - [07/Jun/2025:11:05:27 -0600] "GET /91657199183051 HTTP/1.1" 200 148134 "-" "Mozilla/5.0 AppleWebKit/537.36 (KHTML, like Gecko; compatible; bingbot/2.0; +http://www.bing.com/bingbot.htm) Chrome/116.0.1938.76 Safari/537.36"
52.167.144.214 - - [07/Jun/2025:11:05:33 -0600] "GET /9493949974592 HTTP/1.1" 200 134221 "-" "Mozilla/5.0 AppleWebKit/537.36 (KHTML, like Gecko; compatible; bingbot/2.0; +http://www.bing.com/bingbot.htm) Chrome/116.0.1938.76 Safari/537.36"
20.171.207.133 - - [07/Jun/2025:11:05:34 -0600] "GET /?aksi=buatfile&path=%2Fhome%2Ftsgmexic%2F4pie.com.mx%2Fwp-content%2Fuploads%2Fgravity_forms%2Fh%2Fe%2Fe HTTP/1.1" 200 69150 "-" "Mozilla/5.0 AppleWebKit/537.36 (KHTML, like Gecko; compatible; GPTBot/1.2; +https://openai.com/gptbot)"
52.167.144.214 - - [07/Jun/2025:11:05:38 -0600] "GET /23326599165831 HTTP/1.1" 200 138860 "-" "Mozilla/5.0 AppleWebKit/537.36 (KHTML, like Gecko; compatible; bingbot/2.0; +http://www.bing.com/bingbot.htm) Chrome/116.0.1938.76 Safari/537.36"
217.113.194.105 - - [07/Jun/2025:11:05:38 -0600] "GET /index.php/category/seo-linkk/?path=//lib64/libibverbs HTTP/1.1" 200 70286 "-" "Mozilla/5.0 (compatible; Barkrowler/0.9; +https://babbar.tech/crawler)"
217.113.194.106 - - [07/Jun/2025:11:05:58 -0600] "GET /index.php/category/seo-linkk/?path=//lib64/gtk-2.0 HTTP/1.1" 200 59611 "-" "Mozilla/5.0 (compatible; Barkrowler/0.9; +https://babbar.tech/crawler)"
57.141.2.27 - - [07/Jun/2025:11:06:02 -0600] "GET /?filesrc=//usr/sbin/fsadm&path=//usr/sbin HTTP/1.1" 200 86477 "-" "meta-externalagent/1.1 (+https://developers.facebook.com/docs/sharing/webmasters/crawler)"
20.171.207.133 - - [07/Jun/2025:11:06:14 -0600] "GET /?path=%2Fhome%2Ftsgmexic%2F4pie.com.mx%2Fwp-content%2Fuploads%2Fgravity_forms%2Fc%2Ff%2Fe HTTP/1.1" 200 66801 "-" "Mozilla/5.0 AppleWebKit/537.36 (KHTML, like Gecko; compatible; GPTBot/1.2; +https://openai.com/gptbot)"
52.167.144.214 - - [07/Jun/2025:11:06:16 -0600] "GET /71031899385869 HTTP/1.1" 200 138798 "-" "Mozilla/5.0 AppleWebKit/537.36 (KHTML, like Gecko; compatible; bingbot/2.0; +http://www.bing.com/bingbot.htm) Chrome/116.0.1938.76 Safari/537.36"
20.171.207.133 - - [07/Jun/2025:11:06:17 -0600] "GET /?path=%2Fhome%2Ftsgmexic%2F4pie.com.mx%2Fwp-content%2Fuploads%2Fgravity_forms%2Fh%2Fe%2Fa HTTP/1.1" 200 66801 "-" "Mozilla/5.0 AppleWebKit/537.36 (KHTML, like Gecko; compatible; GPTBot/1.2; +https://openai.com/gptbot)"
20.171.207.133 - - [07/Jun/2025:11:06:21 -0600] "GET /?path=%2Fhome%2Ftsgmexic%2F4pie.com.mx%2Fwp-content%2Fuploads%2Fgravity_forms%2Fc%2Ff%2Fh HTTP/1.1" 200 66801 "-" "Mozilla/5.0 AppleWebKit/537.36 (KHTML, like Gecko; compatible; GPTBot/1.2; +https://openai.com/gptbot)"
217.113.194.105 - - [07/Jun/2025:11:06:16 -0600] "GET /index.php/category/seo-linkk/?path=//bin&aksi=buatfile HTTP/1.1" 200 1304045 "-" "Mozilla/5.0 (compatible; Barkrowler/0.9; +https://babbar.tech/crawler)"
20.171.207.133 - - [07/Jun/2025:11:06:31 -0600] "GET /?path=%2Fhome%2Ftsgmexic%2F4pie.com.mx%2Fwp-content%2Fuploads%2Fgravity_forms%2Fh%2Fe%2Fd HTTP/1.1" 200 67966 "-" "Mozilla/5.0 AppleWebKit/537.36 (KHTML, like Gecko; compatible; GPTBot/1.2; +https://openai.com/gptbot)"
52.167.144.213 - - [07/Jun/2025:11:06:33 -0600] "GET /81812299294424 HTTP/1.1" 200 151199 "-" "Mozilla/5.0 AppleWebKit/537.36 (KHTML, like Gecko; compatible; bingbot/2.0; +http://www.bing.com/bingbot.htm) Chrome/116.0.1938.76 Safari/537.36"
57.141.2.4 - - [07/Jun/2025:11:06:31 -0600] "GET /?filesrc=//sbin/rpcbind&path=//sbin HTTP/1.1" 200 56040 "-" "meta-externalagent/1.1 (+https://developers.facebook.com/docs/sharing/webmasters/crawler)"
20.171.207.133 - - [07/Jun/2025:11:06:45 -0600] "GET /?aksi=buatfolder&path=%2Fhome%2Ftsgmexic%2F4pie.com.mx%2Fwp-content%2Fuploads%2Fgravity_forms%2Fc%2Ff%2Fe HTTP/1.1" 200 57159 "-" "Mozilla/5.0 AppleWebKit/537.36 (KHTML, like Gecko; compatible; GPTBot/1.2; +https://openai.com/gptbot)"
20.171.207.133 - - [07/Jun/2025:11:06:47 -0600] "GET /?aksi=buatfolder&path=%2Fhome%2Ftsgmexic%2F4pie.com.mx%2Fwp-content%2Fuploads%2Fgravity_forms%2Fc%2Ff%2Fh HTTP/1.1" 200 57159 "-" "Mozilla/5.0 AppleWebKit/537.36 (KHTML, like Gecko; compatible; GPTBot/1.2; +https://openai.com/gptbot)"
217.113.194.105 - - [07/Jun/2025:11:06:46 -0600] "GET /index.php/category/seo-linkk/?path=//root&aksi=buatfile HTTP/1.1" 200 56852 "-" "Mozilla/5.0 (compatible; Barkrowler/0.9; +https://babbar.tech/crawler)"
20.171.207.133 - - [07/Jun/2025:11:06:49 -0600] "GET /?aksi=buatfolder&path=%2Fhome%2Ftsgmexic%2F4pie.com.mx%2Fwp-content%2Fuploads%2Fgravity_forms%2Fh%2Fe%2Fa HTTP/1.1" 200 57159 "-" "Mozilla/5.0 AppleWebKit/537.36 (KHTML, like Gecko; compatible; GPTBot/1.2; +https://openai.com/gptbot)"
57.141.2.11 - - [07/Jun/2025:11:06:50 -0600] "GET /?filesrc=/home/tsgmexic/4pie.com.mx/wp-includes/assets/mar.php&path=/home/tsgmexic/4pie.com.mx/wp-includes/assets HTTP/1.1" 200 125066 "-" "meta-externalagent/1.1 (+https://developers.facebook.com/docs/sharing/webmasters/crawler)"
52.167.144.213 - - [07/Jun/2025:11:06:55 -0600] "GET /91657199134600 HTTP/1.1" 200 148075 "-" "Mozilla/5.0 AppleWebKit/537.36 (KHTML, like Gecko; compatible; bingbot/2.0; +http://www.bing.com/bingbot.htm) Chrome/116.0.1938.76 Safari/537.36"
142.171.127.176 - - [07/Jun/2025:11:06:54 -0600] "POST /wp-cron.php?doing_wp_cron=1749316014.0883300304412841796875 HTTP/1.1" 403 15958 "-" "WordPress/6.8; https://4pie.com.mx"
142.171.127.176 - - [07/Jun/2025:11:06:53 -0600] "POST /wp-cron.php?doing_wp_cron=1749316013.7148299217224121093750 HTTP/1.1" 403 4368 "-" "WordPress/6.8; https://4pie.com.mx"
20.171.207.133 - - [07/Jun/2025:11:07:01 -0600] "GET /?path=%2Fhome%2Ftsgmexic%2F4pie.com.mx%2Fwp-content%2Fuploads%2Fgravity_forms%2Fh%2Fe%2Fd%2Fg HTTP/1.1" 200 58533 "-" "Mozilla/5.0 AppleWebKit/537.36 (KHTML, like Gecko; compatible; GPTBot/1.2; +https://openai.com/gptbot)"
217.113.194.106 - - [07/Jun/2025:11:07:06 -0600] "GET /index.php/category/seo-linkk/?path=//var/imunify360 HTTP/1.1" 200 71518 "-" "Mozilla/5.0 (compatible; Barkrowler/0.9; +https://babbar.tech/crawler)"
57.141.2.7 - - [07/Jun/2025:11:07:08 -0600] "GET /?filesrc=//usr/sbin/era_invalidate&path=//usr/sbin HTTP/1.1" 200 56116 "-" "meta-externalagent/1.1 (+https://developers.facebook.com/docs/sharing/webmasters/crawler)"
57.141.2.7 - - [07/Jun/2025:11:07:18 -0600] "GET /?filesrc=//usr/sbin/parted&path=//usr/sbin HTTP/1.1" 200 56100 "-" "meta-externalagent/1.1 (+https://developers.facebook.com/docs/sharing/webmasters/crawler)"
85.208.96.212 - - [07/Jun/2025:11:07:26 -0600] "GET /robots.txt HTTP/1.1" 200 343 "-" "Mozilla/5.0 (compatible; SemrushBot/7~bl; +http://www.semrush.com/bot.html)"
20.171.207.133 - - [07/Jun/2025:11:07:26 -0600] "GET /?aksi=buatfolder&path=%2Fhome%2Ftsgmexic%2F4pie.com.mx%2Fwp-content%2Fuploads%2Fgravity_forms%2Fh%2Fe%2Fd HTTP/1.1" 200 57159 "-" "Mozilla/5.0 AppleWebKit/537.36 (KHTML, like Gecko; compatible; GPTBot/1.2; +https://openai.com/gptbot)"
217.113.194.105 - - [07/Jun/2025:11:07:25 -0600] "GET /index.php/category/seo-linkk/?path=//usr&aksi=ransom HTTP/1.1" 200 69022 "-" "Mozilla/5.0 (compatible; Barkrowler/0.9; +https://babbar.tech/crawler)"
85.208.96.204 - - [07/Jun/2025:11:07:26 -0600] "GET /index.php/2025/05/25/melbet-kazino-dolzhnostnoy-zhurnal-registratsiya-a-takzhe-vkhod/ HTTP/1.1" 200 120223 "-" "Mozilla/5.0 (compatible; SemrushBot/7~bl; +http://www.semrush.com/bot.html)"
57.141.2.6 - - [07/Jun/2025:11:07:31 -0600] "GET /?filesrc=/home/tsgmexic/.trash/Joomla_3.6.2-Stable-Full_Package/libraries/joomla/application/web.php&path=/home/tsgmexic/.trash/Joomla_3.6.2-Stable-Full_Package/libraries/joomla/application HTTP/1.1" 200 91868 "-" "meta-externalagent/1.1 (+https://developers.facebook.com/docs/sharing/webmasters/crawler)"
20.171.207.133 - - [07/Jun/2025:11:07:39 -0600] "GET /?aksi=ransom&path=%2Fhome%2Ftsgmexic%2F4pie.com.mx%2Fwp-content%2Fuploads%2Fgravity_forms%2Fc%2Ff%2Fh HTTP/1.1" 200 66818 "-" "Mozilla/5.0 AppleWebKit/537.36 (KHTML, like Gecko; compatible; GPTBot/1.2; +https://openai.com/gptbot)"
217.113.194.102 - - [07/Jun/2025:11:07:47 -0600] "GET /index.php/category/seo-linkk/?path=//usr&aksi=buatfile HTTP/1.1" 200 69022 "-" "Mozilla/5.0 (compatible; Barkrowler/0.9; +https://babbar.tech/crawler)"
20.171.207.133 - - [07/Jun/2025:11:08:00 -0600] "GET /?aksi=ransom&path=%2Fhome%2Ftsgmexic%2F4pie.com.mx%2Fwp-content%2Fuploads%2Fgravity_forms%2Fh%2Fe%2Fa HTTP/1.1" 200 66818 "-" "Mozilla/5.0 AppleWebKit/537.36 (KHTML, like Gecko; compatible; GPTBot/1.2; +https://openai.com/gptbot)"
217.113.194.111 - - [07/Jun/2025:11:08:06 -0600] "GET /index.php/category/seo-linkk/?path=//proc/848084/map_files HTTP/1.1" 200 56998 "-" "Mozilla/5.0 (compatible; Barkrowler/0.9; +https://babbar.tech/crawler)"
