57.141.2.15 - - [07/Jun/2025:09:26:13 -0600] "GET /index.php/feed/?filesrc=/home/tsgmexic/4pie.com.mx/error_log&path=/home/tsgmexic/4pie.com.mx HTTP/1.1" 200 4451 "-" "meta-externalagent/1.1 (+https://developers.facebook.com/docs/sharing/webmasters/crawler)"
20.171.207.133 - - [07/Jun/2025:09:26:19 -0600] "GET /?path=%2Fhome%2Ftsgmexic%2F4pie.com.mx%2Fwp-content%2Fuploads%2Fgravity_forms%2Fd%2Fe%2Fc%2Ff HTTP/1.1" 200 58533 "-" "Mozilla/5.0 AppleWebKit/537.36 (KHTML, like Gecko; compatible; GPTBot/1.2; +https://openai.com/gptbot)"
20.171.207.133 - - [07/Jun/2025:09:26:25 -0600] "GET /?path=%2Fhome%2Ftsgmexic%2F4pie.com.mx%2Fwp-content%2Fuploads%2Fgravity_forms%2Fd%2Fe%2Ff%2Fg HTTP/1.1" 200 58533 "-" "Mozilla/5.0 AppleWebKit/537.36 (KHTML, like Gecko; compatible; GPTBot/1.2; +https://openai.com/gptbot)"
57.141.2.29 - - [07/Jun/2025:09:26:26 -0600] "GET /?path=/home/tsgmexic/.trash/Joomla_3.6.2-Stable-Full_Package/libraries/joomla/observer&aksi=buatfile HTTP/1.1" 200 63082 "-" "meta-externalagent/1.1 (+https://developers.facebook.com/docs/sharing/webmasters/crawler)"
20.171.207.133 - - [07/Jun/2025:09:26:29 -0600] "GET /?aksi=buatfile&path=%2Fhome%2Ftsgmexic%2F4pie.com.mx%2Fwp-content%2Fuploads%2Fgravity_forms%2Fd%2Fe%2Ff%2Fa HTTP/1.1" 200 58552 "-" "Mozilla/5.0 AppleWebKit/537.36 (KHTML, like Gecko; compatible; GPTBot/1.2; +https://openai.com/gptbot)"
20.171.207.133 - - [07/Jun/2025:09:26:36 -0600] "GET /?aksi=ransom&path=%2Fhome%2Ftsgmexic%2F4pie.com.mx%2Fwp-content%2Fuploads%2Fgravity_forms%2Fd%2Fe%2Ff%2Fa HTTP/1.1" 200 58550 "-" "Mozilla/5.0 AppleWebKit/537.36 (KHTML, like Gecko; compatible; GPTBot/1.2; +https://openai.com/gptbot)"
20.171.207.133 - - [07/Jun/2025:09:26:42 -0600] "GET /?aksi=buatfile&path=%2Fhome%2Ftsgmexic%2F4pie.com.mx%2Fwp-content%2Fuploads%2Fgravity_forms%2Fd%2Fe%2Fg%2Ff HTTP/1.1" 200 59725 "-" "Mozilla/5.0 AppleWebKit/537.36 (KHTML, like Gecko; compatible; GPTBot/1.2; +https://openai.com/gptbot)"
20.171.207.133 - - [07/Jun/2025:09:26:46 -0600] "GET /?aksi=ransom&path=%2Fhome%2Ftsgmexic%2F4pie.com.mx%2Fwp-content%2Fuploads%2Fgravity_forms%2Fd%2Fe%2Fh%2Ff HTTP/1.1" 200 59603 "-" "Mozilla/5.0 AppleWebKit/537.36 (KHTML, like Gecko; compatible; GPTBot/1.2; +https://openai.com/gptbot)"
40.77.167.74 - - [07/Jun/2025:09:26:52 -0600] "GET /72762899478119 HTTP/1.1" 200 143273 "-" "Mozilla/5.0 AppleWebKit/537.36 (KHTML, like Gecko; compatible; bingbot/2.0; +http://www.bing.com/bingbot.htm) Chrome/116.0.1938.76 Safari/537.36"
142.171.127.176 - - [07/Jun/2025:09:26:49 -0600] "POST /wp-cron.php?doing_wp_cron=1749310008.9348740577697753906250 HTTP/1.1" 404 103374 "-" "WordPress/6.8; https://4pie.com.mx"
52.167.144.163 - - [07/Jun/2025:09:26:56 -0600] "GET /18427699360609 HTTP/1.1" 200 13 "-" "Mozilla/5.0 AppleWebKit/537.36 (KHTML, like Gecko; compatible; bingbot/2.0; +http://www.bing.com/bingbot.htm) Chrome/116.0.1938.76 Safari/537.36"
20.171.207.133 - - [07/Jun/2025:09:26:50 -0600] "GET /?aksi=buatfile&path=%2Fhome%2Ftsgmexic%2F4pie.com.mx%2Fwp-content%2Fuploads%2Fgravity_forms%2Fd%2Fe%2Fc%2Fb HTTP/1.1" 200 60778 "-" "Mozilla/5.0 AppleWebKit/537.36 (KHTML, like Gecko; compatible; GPTBot/1.2; +https://openai.com/gptbot)"
20.171.207.133 - - [07/Jun/2025:09:27:04 -0600] "GET /?aksi=buatfile&path=%2Fhome%2Ftsgmexic%2F4pie.com.mx%2Fwp-content%2Fuploads%2Fgravity_forms%2Fd%2Fe%2Fc%2Ff HTTP/1.1" 200 58552 "-" "Mozilla/5.0 AppleWebKit/537.36 (KHTML, like Gecko; compatible; GPTBot/1.2; +https://openai.com/gptbot)"
57.141.2.9 - - [07/Jun/2025:09:27:10 -0600] "GET /?filesrc=//lib64/libavahi-common.so.3.5.3&path=//lib64 HTTP/1.1" 200 56082 "-" "meta-externalagent/1.1 (+https://developers.facebook.com/docs/sharing/webmasters/crawler)"
20.171.207.133 - - [07/Jun/2025:09:27:10 -0600] "GET /?aksi=buatfile&path=%2Fhome%2Ftsgmexic%2F4pie.com.mx%2Fwp-content%2Fuploads%2Fgravity_forms%2Fd%2Fe%2Fb%2Fg HTTP/1.1" 200 59605 "-" "Mozilla/5.0 AppleWebKit/537.36 (KHTML, like Gecko; compatible; GPTBot/1.2; +https://openai.com/gptbot)"
43.131.243.61 - - [07/Jun/2025:09:27:10 -0600] "GET /index.php/page/2/?filesrc=%2Fhome%2Ftsgmexic%2F4pie.com.mx%2Fmarufhasan.php&path=%2Fhome%2Ftsgmexic%2F4pie.com.mx HTTP/1.1" 200 89933 "-" "Mozilla/5.0 (iPhone; CPU iPhone OS 13_2_3 like Mac OS X) AppleWebKit/605.1.15 (KHTML, like Gecko) Version/13.0.3 Mobile/15E148 Safari/604.1"
47.79.2.24 - - [07/Jun/2025:09:27:17 -0600] "GET / HTTP/1.1" 200 12436 "https://cpanel.4pie.com.mx/" "Mozilla/5.0 (Windows NT 10.0; Win64; x64) AppleWebKit/537.36 (KHTML, like Gecko) Chrome/114.0.0.0 Safari/537.36 Edg/114.0.1823.43"
20.171.207.133 - - [07/Jun/2025:09:27:16 -0600] "GET /?aksi=buatfile&path=%2Fhome%2Ftsgmexic%2F4pie.com.mx%2Fwp-content%2Fuploads%2Fgravity_forms%2Fd%2Fe%2Ff%2Fg HTTP/1.1" 200 58552 "-" "Mozilla/5.0 AppleWebKit/537.36 (KHTML, like Gecko; compatible; GPTBot/1.2; +https://openai.com/gptbot)"
20.171.207.133 - - [07/Jun/2025:09:27:21 -0600] "GET /?aksi=ransom&path=%2Fhome%2Ftsgmexic%2F4pie.com.mx%2Fwp-content%2Fuploads%2Fgravity_forms%2Fd%2Fe%2Fb%2Fg HTTP/1.1" 200 59603 "-" "Mozilla/5.0 AppleWebKit/537.36 (KHTML, like Gecko; compatible; GPTBot/1.2; +https://openai.com/gptbot)"
20.171.207.133 - - [07/Jun/2025:09:27:26 -0600] "GET /?aksi=buatfile&path=%2Fhome%2Ftsgmexic%2F4pie.com.mx%2Fwp-content%2Fuploads%2Fgravity_forms%2Fd%2Fe%2Fh%2Ff HTTP/1.1" 200 59605 "-" "Mozilla/5.0 AppleWebKit/537.36 (KHTML, like Gecko; compatible; GPTBot/1.2; +https://openai.com/gptbot)"
20.171.207.133 - - [07/Jun/2025:09:27:34 -0600] "GET /?aksi=ransom&path=%2Fhome%2Ftsgmexic%2F4pie.com.mx%2Fwp-content%2Fuploads%2Fgravity_forms%2Fd%2Fe%2Fc%2Fb HTTP/1.1" 200 60776 "-" "Mozilla/5.0 AppleWebKit/537.36 (KHTML, like Gecko; compatible; GPTBot/1.2; +https://openai.com/gptbot)"
57.141.2.12 - - [07/Jun/2025:09:27:37 -0600] "GET /?filesrc=/home/tsgmexic/.trash/administrator/templates/isis/component.php&path=/home/tsgmexic/.trash/administrator/templates/isis HTTP/1.1" 200 58627 "-" "meta-externalagent/1.1 (+https://developers.facebook.com/docs/sharing/webmasters/crawler)"
20.171.207.133 - - [07/Jun/2025:09:27:37 -0600] "GET /?aksi=ransom&path=%2Fhome%2Ftsgmexic%2F4pie.com.mx%2Fwp-content%2Fuploads%2Fgravity_forms%2Fd%2Fe%2Ff%2Fg HTTP/1.1" 200 58550 "-" "Mozilla/5.0 AppleWebKit/537.36 (KHTML, like Gecko; compatible; GPTBot/1.2; +https://openai.com/gptbot)"
57.141.2.29 - - [07/Jun/2025:09:27:44 -0600] "GET /?filesrc=//etc/cron.d/0hourly&path=//etc/cron.d HTTP/1.1" 200 56246 "-" "meta-externalagent/1.1 (+https://developers.facebook.com/docs/sharing/webmasters/crawler)"
20.171.207.133 - - [07/Jun/2025:09:27:46 -0600] "GET /?aksi=ransom&path=%2Fhome%2Ftsgmexic%2F4pie.com.mx%2Fwp-content%2Fuploads%2Fgravity_forms%2Fd%2Fe%2Fg%2Ff HTTP/1.1" 200 59723 "-" "Mozilla/5.0 AppleWebKit/537.36 (KHTML, like Gecko; compatible; GPTBot/1.2; +https://openai.com/gptbot)"
20.171.207.133 - - [07/Jun/2025:09:27:50 -0600] "GET /?aksi=ransom&path=%2Fhome%2Ftsgmexic%2F4pie.com.mx%2Fwp-content%2Fuploads%2Fgravity_forms%2Fd%2Fe%2Fc%2Ff HTTP/1.1" 200 58550 "-" "Mozilla/5.0 AppleWebKit/537.36 (KHTML, like Gecko; compatible; GPTBot/1.2; +https://openai.com/gptbot)"
142.171.127.176 - - [07/Jun/2025:09:27:53 -0600] "POST /wp-cron.php?doing_wp_cron=1749310072.9575259685516357421875 HTTP/1.1" 403 15958 "-" "WordPress/6.8; https://4pie.com.mx"
20.171.207.133 - - [07/Jun/2025:09:27:59 -0600] "GET /?aksi=buatfolder&path=%2Fhome%2Ftsgmexic%2F4pie.com.mx%2Fwp-content%2Fuploads%2Fgravity_forms%2Fd%2Fe%2Fc%2Ff HTTP/1.1" 200 57259 "-" "Mozilla/5.0 AppleWebKit/537.36 (KHTML, like Gecko; compatible; GPTBot/1.2; +https://openai.com/gptbot)"
20.171.207.133 - - [07/Jun/2025:09:28:11 -0600] "GET /?aksi=buatfolder&path=%2Fhome%2Ftsgmexic%2F4pie.com.mx%2Fwp-content%2Fuploads%2Fgravity_forms%2Fd%2Fe%2Fg%2Ff HTTP/1.1" 200 57259 "-" "Mozilla/5.0 AppleWebKit/537.36 (KHTML, like Gecko; compatible; GPTBot/1.2; +https://openai.com/gptbot)"
20.171.207.133 - - [07/Jun/2025:09:28:15 -0600] "GET /?aksi=buatfolder&path=%2Fhome%2Ftsgmexic%2F4pie.com.mx%2Fwp-content%2Fuploads%2Fgravity_forms%2Fd%2Fe%2Fh%2Ff HTTP/1.1" 200 57259 "-" "Mozilla/5.0 AppleWebKit/537.36 (KHTML, like Gecko; compatible; GPTBot/1.2; +https://openai.com/gptbot)"
20.171.207.133 - - [07/Jun/2025:09:28:18 -0600] "GET /?aksi=buatfolder&path=%2Fhome%2Ftsgmexic%2F4pie.com.mx%2Fwp-content%2Fuploads%2Fgravity_forms%2Fd%2Fe%2Fc%2Fb HTTP/1.1" 200 57259 "-" "Mozilla/5.0 AppleWebKit/537.36 (KHTML, like Gecko; compatible; GPTBot/1.2; +https://openai.com/gptbot)"
20.171.207.133 - - [07/Jun/2025:09:28:20 -0600] "GET /?aksi=buatfolder&path=%2Fhome%2Ftsgmexic%2F4pie.com.mx%2Fwp-content%2Fuploads%2Fgravity_forms%2Fd%2Fe%2Ff%2Fa HTTP/1.1" 200 57259 "-" "Mozilla/5.0 AppleWebKit/537.36 (KHTML, like Gecko; compatible; GPTBot/1.2; +https://openai.com/gptbot)"
20.171.207.133 - - [07/Jun/2025:09:28:24 -0600] "GET /?aksi=buatfolder&path=%2Fhome%2Ftsgmexic%2F4pie.com.mx%2Fwp-content%2Fuploads%2Fgravity_forms%2Fd%2Fe%2Fb%2Fg HTTP/1.1" 200 57259 "-" "Mozilla/5.0 AppleWebKit/537.36 (KHTML, like Gecko; compatible; GPTBot/1.2; +https://openai.com/gptbot)"
20.171.207.163 - - [07/Jun/2025:09:28:32 -0600] "GET /wp-content/plugins/h5jiz7ib/public/js/cf7-customizer-public.js?ver=1.0.01749310068 HTTP/1.1" 200 2498 "-" "Mozilla/5.0 AppleWebKit/537.36 (KHTML, like Gecko; compatible; GPTBot/1.2; +https://openai.com/gptbot)"
20.171.207.133 - - [07/Jun/2025:09:28:31 -0600] "GET /?aksi=buatfolder&path=%2Fhome%2Ftsgmexic%2F4pie.com.mx%2Fwp-content%2Fuploads%2Fgravity_forms%2Fd%2Fe%2Ff%2Fg HTTP/1.1" 200 57259 "-" "Mozilla/5.0 AppleWebKit/537.36 (KHTML, like Gecko; compatible; GPTBot/1.2; +https://openai.com/gptbot)"
52.167.144.163 - - [07/Jun/2025:09:28:32 -0600] "GET /1449679953025 HTTP/1.1" 200 138868 "-" "Mozilla/5.0 AppleWebKit/537.36 (KHTML, like Gecko; compatible; bingbot/2.0; +http://www.bing.com/bingbot.htm) Chrome/116.0.1938.76 Safari/537.36"
57.141.2.23 - - [07/Jun/2025:09:28:31 -0600] "GET /?filesrc=//var/run/pure-authd.pid&path=//var/run HTTP/1.1" 200 56112 "-" "meta-externalagent/1.1 (+https://developers.facebook.com/docs/sharing/webmasters/crawler)"
20.171.207.163 - - [07/Jun/2025:09:28:35 -0600] "GET /wp-content/plugins/h5jiz7ib/public/css/cf7-customizer-public.css?ver=1.0.01749310068 HTTP/1.1" 200 2026 "-" "Mozilla/5.0 AppleWebKit/537.36 (KHTML, like Gecko; compatible; GPTBot/1.2; +https://openai.com/gptbot)"
20.171.207.133 - - [07/Jun/2025:09:28:34 -0600] "GET /?path=%2Fhome%2Ftsgmexic%2F4pie.com.mx%2Fwp-content%2Fuploads%2Fgravity_forms%2Fd%2Fe%2Fb%2Fg%2Fg HTTP/1.1" 200 61008 "-" "Mozilla/5.0 AppleWebKit/537.36 (KHTML, like Gecko; compatible; GPTBot/1.2; +https://openai.com/gptbot)"
20.171.207.133 - - [07/Jun/2025:09:28:37 -0600] "GET /?path=%2Fhome%2Ftsgmexic%2F4pie.com.mx%2Fwp-content%2Fuploads%2Fgravity_forms%2Fd%2Fe%2Fh%2Ff%2Ff HTTP/1.1" 200 63494 "-" "Mozilla/5.0 AppleWebKit/537.36 (KHTML, like Gecko; compatible; GPTBot/1.2; +https://openai.com/gptbot)"
20.171.207.133 - - [07/Jun/2025:09:28:39 -0600] "GET /?path=%2Fhome%2Ftsgmexic%2F4pie.com.mx%2Fwp-content%2Fuploads%2Fgravity_forms%2Fd%2Fe%2Fc%2Fb%2Fb HTTP/1.1" 200 61008 "-" "Mozilla/5.0 AppleWebKit/537.36 (KHTML, like Gecko; compatible; GPTBot/1.2; +https://openai.com/gptbot)"
20.171.207.133 - - [07/Jun/2025:09:28:42 -0600] "GET /?path=%2Fhome%2Ftsgmexic%2F4pie.com.mx%2Fwp-content%2Fuploads%2Fgravity_forms%2Fd%2Fe%2Fh%2Fg HTTP/1.1" 200 58533 "-" "Mozilla/5.0 AppleWebKit/537.36 (KHTML, like Gecko; compatible; GPTBot/1.2; +https://openai.com/gptbot)"
40.77.167.74 - - [07/Jun/2025:09:28:46 -0600] "GET /81812299312058 HTTP/1.1" 200 143017 "-" "Mozilla/5.0 AppleWebKit/537.36 (KHTML, like Gecko; compatible; bingbot/2.0; +http://www.bing.com/bingbot.htm) Chrome/116.0.1938.76 Safari/537.36"
40.77.167.74 - - [07/Jun/2025:09:28:50 -0600] "GET /94045899378689 HTTP/1.1" 200 139166 "-" "Mozilla/5.0 AppleWebKit/537.36 (KHTML, like Gecko; compatible; bingbot/2.0; +http://www.bing.com/bingbot.htm) Chrome/116.0.1938.76 Safari/537.36"
52.167.144.163 - - [07/Jun/2025:09:28:55 -0600] "GET /75227999390081 HTTP/1.1" 200 145042 "-" "Mozilla/5.0 AppleWebKit/537.36 (KHTML, like Gecko; compatible; bingbot/2.0; +http://www.bing.com/bingbot.htm) Chrome/116.0.1938.76 Safari/537.36"
20.171.207.133 - - [07/Jun/2025:09:28:56 -0600] "GET /?path=%2Fhome%2Ftsgmexic%2F4pie.com.mx%2Fwp-content%2Fuploads%2Fgravity_forms%2Fd%2Fe%2Ff%2Fh HTTP/1.1" 200 58533 "-" "Mozilla/5.0 AppleWebKit/537.36 (KHTML, like Gecko; compatible; GPTBot/1.2; +https://openai.com/gptbot)"
3.252.37.79 - - [07/Jun/2025:09:29:10 -0600] "GET / HTTP/1.0" 200 64618 "-" "Mozilla/5.0 (compatible; NetcraftSurveyAgent/1.0; +info@netcraft.com)"
20.171.207.133 - - [07/Jun/2025:09:29:11 -0600] "GET /?aksi=ransom&path=%2Fhome%2Ftsgmexic%2F4pie.com.mx%2Fwp-content%2Fuploads%2Fgravity_forms%2Fd%2Fe%2Fb%2Fg%2Fg HTTP/1.1" 200 61025 "-" "Mozilla/5.0 AppleWebKit/537.36 (KHTML, like Gecko; compatible; GPTBot/1.2; +https://openai.com/gptbot)"
20.171.207.133 - - [07/Jun/2025:09:29:15 -0600] "GET /?aksi=buatfile&path=%2Fhome%2Ftsgmexic%2F4pie.com.mx%2Fwp-content%2Fuploads%2Fgravity_forms%2Fd%2Fe%2Fb%2Fg%2Fg HTTP/1.1" 200 61027 "-" "Mozilla/5.0 AppleWebKit/537.36 (KHTML, like Gecko; compatible; GPTBot/1.2; +https://openai.com/gptbot)"
20.171.207.133 - - [07/Jun/2025:09:29:18 -0600] "GET /?aksi=ransom&path=%2Fhome%2Ftsgmexic%2F4pie.com.mx%2Fwp-content%2Fuploads%2Fgravity_forms%2Fd%2Fe%2Fc%2Fb%2Fb HTTP/1.1" 200 61025 "-" "Mozilla/5.0 AppleWebKit/537.36 (KHTML, like Gecko; compatible; GPTBot/1.2; +https://openai.com/gptbot)"
20.171.207.133 - - [07/Jun/2025:09:29:22 -0600] "GET /?aksi=ransom&path=%2Fhome%2Ftsgmexic%2F4pie.com.mx%2Fwp-content%2Fuploads%2Fgravity_forms%2Fd%2Fe%2Fh%2Ff%2Ff HTTP/1.1" 200 63511 "-" "Mozilla/5.0 AppleWebKit/537.36 (KHTML, like Gecko; compatible; GPTBot/1.2; +https://openai.com/gptbot)"
20.171.207.133 - - [07/Jun/2025:09:29:25 -0600] "GET /?aksi=buatfile&path=%2Fhome%2Ftsgmexic%2F4pie.com.mx%2Fwp-content%2Fuploads%2Fgravity_forms%2Fd%2Fe%2Fc%2Fb%2Fb HTTP/1.1" 200 61027 "-" "Mozilla/5.0 AppleWebKit/537.36 (KHTML, like Gecko; compatible; GPTBot/1.2; +https://openai.com/gptbot)"
20.171.207.133 - - [07/Jun/2025:09:29:28 -0600] "GET /?aksi=buatfile&path=%2Fhome%2Ftsgmexic%2F4pie.com.mx%2Fwp-content%2Fuploads%2Fgravity_forms%2Fd%2Fe%2Fh%2Ff%2Ff HTTP/1.1" 200 63513 "-" "Mozilla/5.0 AppleWebKit/537.36 (KHTML, like Gecko; compatible; GPTBot/1.2; +https://openai.com/gptbot)"
40.77.167.74 - - [07/Jun/2025:09:29:33 -0600] "GET /75227999312153 HTTP/1.1" 200 140235 "-" "Mozilla/5.0 AppleWebKit/537.36 (KHTML, like Gecko; compatible; bingbot/2.0; +http://www.bing.com/bingbot.htm) Chrome/116.0.1938.76 Safari/537.36"
20.171.207.133 - - [07/Jun/2025:09:29:32 -0600] "GET /?aksi=buatfile&path=%2Fhome%2Ftsgmexic%2F4pie.com.mx%2Fwp-content%2Fuploads%2Fgravity_forms%2Fd%2Fe%2Ff%2Fh HTTP/1.1" 200 58552 "-" "Mozilla/5.0 AppleWebKit/537.36 (KHTML, like Gecko; compatible; GPTBot/1.2; +https://openai.com/gptbot)"
40.77.167.32 - - [07/Jun/2025:09:29:44 -0600] "GET /18427699310168 HTTP/1.1" 200 131860 "-" "Mozilla/5.0 AppleWebKit/537.36 (KHTML, like Gecko; compatible; bingbot/2.0; +http://www.bing.com/bingbot.htm) Chrome/116.0.1938.76 Safari/537.36"
52.167.144.163 - - [07/Jun/2025:09:29:53 -0600] "GET /7103189986903 HTTP/1.1" 200 142385 "-" "Mozilla/5.0 AppleWebKit/537.36 (KHTML, like Gecko; compatible; bingbot/2.0; +http://www.bing.com/bingbot.htm) Chrome/116.0.1938.76 Safari/537.36"
20.171.207.133 - - [07/Jun/2025:09:30:02 -0600] "GET /?aksi=buatfile&path=%2Fhome%2Ftsgmexic%2F4pie.com.mx%2Fwp-content%2Fuploads%2Fgravity_forms%2Fd%2Fe%2Fh%2Fg HTTP/1.1" 200 58552 "-" "Mozilla/5.0 AppleWebKit/537.36 (KHTML, like Gecko; compatible; GPTBot/1.2; +https://openai.com/gptbot)"
20.171.207.133 - - [07/Jun/2025:09:30:14 -0600] "GET /?aksi=ransom&path=%2Fhome%2Ftsgmexic%2F4pie.com.mx%2Fwp-content%2Fuploads%2Fgravity_forms%2Fd%2Fe%2Ff%2Fh HTTP/1.1" 200 58550 "-" "Mozilla/5.0 AppleWebKit/537.36 (KHTML, like Gecko; compatible; GPTBot/1.2; +https://openai.com/gptbot)"
20.171.207.133 - - [07/Jun/2025:09:30:20 -0600] "GET /?aksi=ransom&path=%2Fhome%2Ftsgmexic%2F4pie.com.mx%2Fwp-content%2Fuploads%2Fgravity_forms%2Fd%2Fe%2Fh%2Fg HTTP/1.1" 200 58550 "-" "Mozilla/5.0 AppleWebKit/537.36 (KHTML, like Gecko; compatible; GPTBot/1.2; +https://openai.com/gptbot)"
40.77.167.32 - - [07/Jun/2025:09:30:28 -0600] "GET /77948599182095 HTTP/1.1" 200 147488 "-" "Mozilla/5.0 AppleWebKit/537.36 (KHTML, like Gecko; compatible; bingbot/2.0; +http://www.bing.com/bingbot.htm) Chrome/116.0.1938.76 Safari/537.36"
20.171.207.133 - - [07/Jun/2025:09:30:30 -0600] "GET /?aksi=buatfolder&path=%2Fhome%2Ftsgmexic%2F4pie.com.mx%2Fwp-content%2Fuploads%2Fgravity_forms%2Fd%2Fe%2Fh%2Ff%2Ff HTTP/1.1" 200 57361 "-" "Mozilla/5.0 AppleWebKit/537.36 (KHTML, like Gecko; compatible; GPTBot/1.2; +https://openai.com/gptbot)"
20.171.207.133 - - [07/Jun/2025:09:30:34 -0600] "GET /?aksi=buatfolder&path=%2Fhome%2Ftsgmexic%2F4pie.com.mx%2Fwp-content%2Fuploads%2Fgravity_forms%2Fd%2Fe%2Fb%2Fg%2Fg HTTP/1.1" 200 57361 "-" "Mozilla/5.0 AppleWebKit/537.36 (KHTML, like Gecko; compatible; GPTBot/1.2; +https://openai.com/gptbot)"
20.171.207.133 - - [07/Jun/2025:09:30:38 -0600] "GET /?aksi=buatfolder&path=%2Fhome%2Ftsgmexic%2F4pie.com.mx%2Fwp-content%2Fuploads%2Fgravity_forms%2Fd%2Fe%2Fc%2Fb%2Fb HTTP/1.1" 200 57361 "-" "Mozilla/5.0 AppleWebKit/537.36 (KHTML, like Gecko; compatible; GPTBot/1.2; +https://openai.com/gptbot)"
40.77.167.74 - - [07/Jun/2025:09:30:43 -0600] "GET /43097399329665 HTTP/1.1" 200 148443 "-" "Mozilla/5.0 AppleWebKit/537.36 (KHTML, like Gecko; compatible; bingbot/2.0; +http://www.bing.com/bingbot.htm) Chrome/116.0.1938.76 Safari/537.36"
40.77.167.74 - - [07/Jun/2025:09:30:47 -0600] "GET /75227999287585 HTTP/1.1" 200 144333 "-" "Mozilla/5.0 AppleWebKit/537.36 (KHTML, like Gecko; compatible; bingbot/2.0; +http://www.bing.com/bingbot.htm) Chrome/116.0.1938.76 Safari/537.36"
57.141.2.2 - - [07/Jun/2025:09:30:49 -0600] "GET /?path=/home/tsgmexic/mail/.buzon_tributario.new.1462409226_H974409P53074_aker_webserversystems_com,S=67615 HTTP/1.1" 200 63246 "-" "meta-externalagent/1.1 (+https://developers.facebook.com/docs/sharing/webmasters/crawler)"
20.171.207.133 - - [07/Jun/2025:09:30:52 -0600] "GET /?aksi=buatfolder&path=%2Fhome%2Ftsgmexic%2F4pie.com.mx%2Fwp-content%2Fuploads%2Fgravity_forms%2Fd%2Fe%2Ff%2Fh HTTP/1.1" 200 57259 "-" "Mozilla/5.0 AppleWebKit/537.36 (KHTML, like Gecko; compatible; GPTBot/1.2; +https://openai.com/gptbot)"
20.171.207.133 - - [07/Jun/2025:09:30:54 -0600] "GET /?aksi=buatfolder&path=%2Fhome%2Ftsgmexic%2F4pie.com.mx%2Fwp-content%2Fuploads%2Fgravity_forms%2Fd%2Fe%2Fh%2Fg HTTP/1.1" 200 57259 "-" "Mozilla/5.0 AppleWebKit/537.36 (KHTML, like Gecko; compatible; GPTBot/1.2; +https://openai.com/gptbot)"
142.171.127.176 - - [07/Jun/2025:09:30:56 -0600] "POST /wp-cron.php?doing_wp_cron=1749310256.4502270221710205078125 HTTP/1.1" 403 15958 "-" "WordPress/6.8; https://4pie.com.mx"
40.77.167.64 - - [07/Jun/2025:09:30:57 -0600] "GET /14496799343031 HTTP/1.1" 200 132788 "-" "Mozilla/5.0 AppleWebKit/537.36 (KHTML, like Gecko; compatible; bingbot/2.0; +http://www.bing.com/bingbot.htm) Chrome/116.0.1938.76 Safari/537.36"
40.77.167.64 - - [07/Jun/2025:09:31:04 -0600] "GET /43097399387314 HTTP/1.1" 200 144315 "-" "Mozilla/5.0 AppleWebKit/537.36 (KHTML, like Gecko; compatible; bingbot/2.0; +http://www.bing.com/bingbot.htm) Chrome/116.0.1938.76 Safari/537.36"
20.171.207.133 - - [07/Jun/2025:09:31:11 -0600] "GET /?path=%2Fhome%2Ftsgmexic%2F4pie.com.mx%2Fwp-content%2Fuploads%2Fgravity_forms%2Fd%2Fe%2Ff%2Fc HTTP/1.1" 200 59706 "-" "Mozilla/5.0 AppleWebKit/537.36 (KHTML, like Gecko; compatible; GPTBot/1.2; +https://openai.com/gptbot)"
57.141.2.8 - - [07/Jun/2025:09:31:12 -0600] "GET /?filesrc=//sbin/nfsdcltrack&path=//sbin HTTP/1.1" 200 56048 "-" "meta-externalagent/1.1 (+https://developers.facebook.com/docs/sharing/webmasters/crawler)"
40.77.167.74 - - [07/Jun/2025:09:31:17 -0600] "GET /14496799424737 HTTP/1.1" 200 152693 "-" "Mozilla/5.0 AppleWebKit/537.36 (KHTML, like Gecko; compatible; bingbot/2.0; +http://www.bing.com/bingbot.htm) Chrome/116.0.1938.76 Safari/537.36"
20.171.207.133 - - [07/Jun/2025:09:31:23 -0600] "GET /?path=%2Fhome%2Ftsgmexic%2F4pie.com.mx%2Fwp-content%2Fuploads%2Fgravity_forms%2Fd%2Fe%2Fa%2Ff HTTP/1.1" 200 58533 "-" "Mozilla/5.0 AppleWebKit/537.36 (KHTML, like Gecko; compatible; GPTBot/1.2; +https://openai.com/gptbot)"
57.141.2.24 - - [07/Jun/2025:09:31:25 -0600] "GET /?filesrc=//var/log/hawkey.log-20250525&path=//var/log HTTP/1.1" 200 81858 "-" "meta-externalagent/1.1 (+https://developers.facebook.com/docs/sharing/webmasters/crawler)"
20.171.207.133 - - [07/Jun/2025:09:31:33 -0600] "GET /?path=%2Fhome%2Ftsgmexic%2F4pie.com.mx%2Fwp-content%2Fuploads%2Fgravity_forms%2Fd%2Fe%2Fb%2Fh HTTP/1.1" 200 59702 "-" "Mozilla/5.0 AppleWebKit/537.36 (KHTML, like Gecko; compatible; GPTBot/1.2; +https://openai.com/gptbot)"
20.171.207.133 - - [07/Jun/2025:09:31:37 -0600] "GET /?path=%2Fhome%2Ftsgmexic%2F4pie.com.mx%2Fwp-content%2Fuploads%2Fgravity_forms%2Fd%2Fb HTTP/1.1" 200 67804 "-" "Mozilla/5.0 AppleWebKit/537.36 (KHTML, like Gecko; compatible; GPTBot/1.2; +https://openai.com/gptbot)"
40.77.167.74 - - [07/Jun/2025:09:31:43 -0600] "GET /81812299105057 HTTP/1.1" 200 141661 "-" "Mozilla/5.0 AppleWebKit/537.36 (KHTML, like Gecko; compatible; bingbot/2.0; +http://www.bing.com/bingbot.htm) Chrome/116.0.1938.76 Safari/537.36"
20.171.207.133 - - [07/Jun/2025:09:31:53 -0600] "GET /?aksi=buatfile&path=%2Fhome%2Ftsgmexic%2F4pie.com.mx%2Fwp-content%2Fuploads%2Fgravity_forms%2Fd%2Fe%2Ff%2Fc HTTP/1.1" 200 59725 "-" "Mozilla/5.0 AppleWebKit/537.36 (KHTML, like Gecko; compatible; GPTBot/1.2; +https://openai.com/gptbot)"
40.77.167.64 - - [07/Jun/2025:09:32:03 -0600] "GET /14496799313129 HTTP/1.1" 200 147709 "-" "Mozilla/5.0 AppleWebKit/537.36 (KHTML, like Gecko; compatible; bingbot/2.0; +http://www.bing.com/bingbot.htm) Chrome/116.0.1938.76 Safari/537.36"
20.171.207.133 - - [07/Jun/2025:09:32:02 -0600] "GET /?aksi=buatfile&path=%2Fhome%2Ftsgmexic%2F4pie.com.mx%2Fwp-content%2Fuploads%2Fgravity_forms%2Fd%2Fe%2Fa%2Ff HTTP/1.1" 200 58552 "-" "Mozilla/5.0 AppleWebKit/537.36 (KHTML, like Gecko; compatible; GPTBot/1.2; +https://openai.com/gptbot)"
40.77.167.32 - - [07/Jun/2025:09:32:07 -0600] "GET /94045899283249 HTTP/1.1" 200 147349 "-" "Mozilla/5.0 AppleWebKit/537.36 (KHTML, like Gecko; compatible; bingbot/2.0; +http://www.bing.com/bingbot.htm) Chrome/116.0.1938.76 Safari/537.36"
20.171.207.133 - - [07/Jun/2025:09:32:08 -0600] "GET /?aksi=buatfile&path=%2Fhome%2Ftsgmexic%2F4pie.com.mx%2Fwp-content%2Fuploads%2Fgravity_forms%2Fd%2Fb HTTP/1.1" 200 67823 "-" "Mozilla/5.0 AppleWebKit/537.36 (KHTML, like Gecko; compatible; GPTBot/1.2; +https://openai.com/gptbot)"
40.77.167.32 - - [07/Jun/2025:09:32:10 -0600] "GET /8181229997015 HTTP/1.1" 200 146310 "-" "Mozilla/5.0 AppleWebKit/537.36 (KHTML, like Gecko; compatible; bingbot/2.0; +http://www.bing.com/bingbot.htm) Chrome/116.0.1938.76 Safari/537.36"
20.171.207.133 - - [07/Jun/2025:09:32:28 -0600] "GET /?aksi=buatfolder&path=%2Fhome%2Ftsgmexic%2F4pie.com.mx%2Fwp-content%2Fuploads%2Fgravity_forms%2Fd%2Fb HTTP/1.1" 200 57061 "-" "Mozilla/5.0 AppleWebKit/537.36 (KHTML, like Gecko; compatible; GPTBot/1.2; +https://openai.com/gptbot)"
40.77.167.64 - - [07/Jun/2025:09:32:37 -0600] "GET /7103189969116 HTTP/1.1" 200 152426 "-" "Mozilla/5.0 AppleWebKit/537.36 (KHTML, like Gecko; compatible; bingbot/2.0; +http://www.bing.com/bingbot.htm) Chrome/116.0.1938.76 Safari/537.36"
57.141.2.28 - - [07/Jun/2025:09:32:33 -0600] "GET /?filesrc=//var/named/named.zero&path=//var/named HTTP/1.1" 200 56543 "-" "meta-externalagent/1.1 (+https://developers.facebook.com/docs/sharing/webmasters/crawler)"
20.171.207.133 - - [07/Jun/2025:09:32:35 -0600] "GET /?aksi=ransom&path=%2Fhome%2Ftsgmexic%2F4pie.com.mx%2Fwp-content%2Fuploads%2Fgravity_forms%2Fd%2Fe%2Fa%2Ff HTTP/1.1" 200 58550 "-" "Mozilla/5.0 AppleWebKit/537.36 (KHTML, like Gecko; compatible; GPTBot/1.2; +https://openai.com/gptbot)"
20.171.207.133 - - [07/Jun/2025:09:32:40 -0600] "GET /?aksi=ransom&path=%2Fhome%2Ftsgmexic%2F4pie.com.mx%2Fwp-content%2Fuploads%2Fgravity_forms%2Fd%2Fe%2Ff%2Fc HTTP/1.1" 200 59723 "-" "Mozilla/5.0 AppleWebKit/537.36 (KHTML, like Gecko; compatible; GPTBot/1.2; +https://openai.com/gptbot)"
217.113.194.106 - - [07/Jun/2025:09:32:37 -0600] "GET /index.php/2025/04/14/pin-ap-5/?path=//lib/kbd HTTP/1.1" 200 118701 "-" "Mozilla/5.0 (compatible; Barkrowler/0.9; +https://babbar.tech/crawler)"
57.141.2.17 - - [07/Jun/2025:09:32:42 -0600] "GET /?filesrc=//usr/sbin/blkzone&path=//usr/sbin HTTP/1.1" 200 56102 "-" "meta-externalagent/1.1 (+https://developers.facebook.com/docs/sharing/webmasters/crawler)"
40.77.167.64 - - [07/Jun/2025:09:32:48 -0600] "GET /65970899172792 HTTP/1.1" 200 148998 "-" "Mozilla/5.0 AppleWebKit/537.36 (KHTML, like Gecko; compatible; bingbot/2.0; +http://www.bing.com/bingbot.htm) Chrome/116.0.1938.76 Safari/537.36"
20.171.207.133 - - [07/Jun/2025:09:32:50 -0600] "GET /?aksi=buatfile&path=%2Fhome%2Ftsgmexic%2F4pie.com.mx%2Fwp-content%2Fuploads%2Fgravity_forms%2Fd%2Fe%2Fb%2Fh HTTP/1.1" 200 59721 "-" "Mozilla/5.0 AppleWebKit/537.36 (KHTML, like Gecko; compatible; GPTBot/1.2; +https://openai.com/gptbot)"
20.171.207.133 - - [07/Jun/2025:09:32:54 -0600] "GET /?aksi=ransom&path=%2Fhome%2Ftsgmexic%2F4pie.com.mx%2Fwp-content%2Fuploads%2Fgravity_forms%2Fd%2Fe%2Fb%2Fh HTTP/1.1" 200 59719 "-" "Mozilla/5.0 AppleWebKit/537.36 (KHTML, like Gecko; compatible; GPTBot/1.2; +https://openai.com/gptbot)"
217.113.194.103 - - [07/Jun/2025:09:33:00 -0600] "GET /index.php/2025/04/14/pin-ap-5/?path=//lib/firmware HTTP/1.1" 200 588250 "-" "Mozilla/5.0 (compatible; Barkrowler/0.9; +https://babbar.tech/crawler)"
20.171.207.133 - - [07/Jun/2025:09:33:08 -0600] "GET /?aksi=buatfolder&path=%2Fhome%2Ftsgmexic%2F4pie.com.mx%2Fwp-content%2Fuploads%2Fgravity_forms%2Fd%2Fe%2Fb%2Fh HTTP/1.1" 200 57259 "-" "Mozilla/5.0 AppleWebKit/537.36 (KHTML, like Gecko; compatible; GPTBot/1.2; +https://openai.com/gptbot)"
20.171.207.133 - - [07/Jun/2025:09:33:19 -0600] "GET /?aksi=buatfolder&path=%2Fhome%2Ftsgmexic%2F4pie.com.mx%2Fwp-content%2Fuploads%2Fgravity_forms%2Fd%2Fe%2Fa%2Ff HTTP/1.1" 200 57259 "-" "Mozilla/5.0 AppleWebKit/537.36 (KHTML, like Gecko; compatible; GPTBot/1.2; +https://openai.com/gptbot)"
217.113.194.103 - - [07/Jun/2025:09:33:26 -0600] "GET /index.php/2025/04/14/pin-ap-5/?path=//lib/dracut HTTP/1.1" 200 124903 "-" "Mozilla/5.0 (compatible; Barkrowler/0.9; +https://babbar.tech/crawler)"
20.171.207.133 - - [07/Jun/2025:09:33:28 -0600] "GET /?aksi=buatfolder&path=%2Fhome%2Ftsgmexic%2F4pie.com.mx%2Fwp-content%2Fuploads%2Fgravity_forms%2Fd%2Fe%2Ff%2Fc HTTP/1.1" 200 57259 "-" "Mozilla/5.0 AppleWebKit/537.36 (KHTML, like Gecko; compatible; GPTBot/1.2; +https://openai.com/gptbot)"
40.77.167.32 - - [07/Jun/2025:09:33:35 -0600] "GET /9165719984909 HTTP/1.1" 200 144740 "-" "Mozilla/5.0 AppleWebKit/537.36 (KHTML, like Gecko; compatible; bingbot/2.0; +http://www.bing.com/bingbot.htm) Chrome/116.0.1938.76 Safari/537.36"
57.141.2.14 - - [07/Jun/2025:09:33:34 -0600] "GET /?filesrc=//usr/sbin/chronyd&path=//usr/sbin HTTP/1.1" 200 56102 "-" "meta-externalagent/1.1 (+https://developers.facebook.com/docs/sharing/webmasters/crawler)"
40.77.167.64 - - [07/Jun/2025:09:33:44 -0600] "GET /79287099163736 HTTP/1.1" 200 144468 "-" "Mozilla/5.0 AppleWebKit/537.36 (KHTML, like Gecko; compatible; bingbot/2.0; +http://www.bing.com/bingbot.htm) Chrome/116.0.1938.76 Safari/537.36"
20.171.207.133 - - [07/Jun/2025:09:33:42 -0600] "GET /?path=%2Fhome%2Ftsgmexic%2F4pie.com.mx%2Fwp-content%2Fuploads%2Fgravity_forms%2Fd%2Fb%2Fd HTTP/1.1" 200 66801 "-" "Mozilla/5.0 AppleWebKit/537.36 (KHTML, like Gecko; compatible; GPTBot/1.2; +https://openai.com/gptbot)"
20.171.207.133 - - [07/Jun/2025:09:33:45 -0600] "GET /?path=%2Fhome%2Ftsgmexic%2F4pie.com.mx%2Fwp-content%2Fuploads%2Fgravity_forms%2Fd%2Fb%2Fb HTTP/1.1" 200 66801 "-" "Mozilla/5.0 AppleWebKit/537.36 (KHTML, like Gecko; compatible; GPTBot/1.2; +https://openai.com/gptbot)"
20.171.207.163 - - [07/Jun/2025:09:33:49 -0600] "GET /wp-content/plugins/h5jiz7ib/public/css/cf7-customizer-public.css?ver=1.0.01749310391 HTTP/1.1" 200 2026 "-" "Mozilla/5.0 AppleWebKit/537.36 (KHTML, like Gecko; compatible; GPTBot/1.2; +https://openai.com/gptbot)"
217.113.194.111 - - [07/Jun/2025:09:33:45 -0600] "GET /index.php/2025/04/14/pin-ap-5/?path=//lib/NetworkManager HTTP/1.1" 200 118903 "-" "Mozilla/5.0 (compatible; Barkrowler/0.9; +https://babbar.tech/crawler)"
20.171.207.163 - - [07/Jun/2025:09:33:53 -0600] "GET /wp-content/plugins/h5jiz7ib/public/js/cf7-customizer-public.js?ver=1.0.01749310391 HTTP/1.1" 200 2498 "-" "Mozilla/5.0 AppleWebKit/537.36 (KHTML, like Gecko; compatible; GPTBot/1.2; +https://openai.com/gptbot)"
40.77.167.64 - - [07/Jun/2025:09:33:55 -0600] "GET /23326599255819 HTTP/1.1" 200 139233 "-" "Mozilla/5.0 AppleWebKit/537.36 (KHTML, like Gecko; compatible; bingbot/2.0; +http://www.bing.com/bingbot.htm) Chrome/116.0.1938.76 Safari/537.36"
43.166.253.94 - - [07/Jun/2025:09:34:03 -0600] "GET /index.php/page/2/?filesrc=%2Fhome%2Ftsgmexic%2F4pie.com.mx%2Foptions.php&path=%2Fhome%2Ftsgmexic%2F4pie.com.mx HTTP/1.1" 200 58058 "-" "Mozilla/5.0 (iPhone; CPU iPhone OS 13_2_3 like Mac OS X) AppleWebKit/605.1.15 (KHTML, like Gecko) Version/13.0.3 Mobile/15E148 Safari/604.1"
217.113.194.247 - - [07/Jun/2025:09:34:06 -0600] "GET /index.php/2025/04/14/pin-ap-5/?path=//lib/motd.d HTTP/1.1" 200 115175 "-" "Mozilla/5.0 (compatible; Barkrowler/0.9; +https://babbar.tech/crawler)"
20.171.207.133 - - [07/Jun/2025:09:34:18 -0600] "GET /?aksi=buatfolder&path=%2Fhome%2Ftsgmexic%2F4pie.com.mx%2Fwp-content%2Fuploads%2Fgravity_forms%2Fd%2Fb%2Fd HTTP/1.1" 200 57159 "-" "Mozilla/5.0 AppleWebKit/537.36 (KHTML, like Gecko; compatible; GPTBot/1.2; +https://openai.com/gptbot)"
20.171.207.133 - - [07/Jun/2025:09:34:23 -0600] "GET /?aksi=buatfolder&path=%2Fhome%2Ftsgmexic%2F4pie.com.mx%2Fwp-content%2Fuploads%2Fgravity_forms%2Fd%2Fb%2Fb HTTP/1.1" 200 57159 "-" "Mozilla/5.0 AppleWebKit/537.36 (KHTML, like Gecko; compatible; GPTBot/1.2; +https://openai.com/gptbot)"
217.113.194.104 - - [07/Jun/2025:09:34:27 -0600] "GET /index.php/2025/04/14/pin-ap-5/?path=//lib/.build-id HTTP/1.1" 200 338936 "-" "Mozilla/5.0 (compatible; Barkrowler/0.9; +https://babbar.tech/crawler)"
40.77.167.64 - - [07/Jun/2025:09:34:35 -0600] "GET /621005997237 HTTP/1.1" 200 145385 "-" "Mozilla/5.0 AppleWebKit/537.36 (KHTML, like Gecko; compatible; bingbot/2.0; +http://www.bing.com/bingbot.htm) Chrome/116.0.1938.76 Safari/537.36"
40.77.167.64 - - [07/Jun/2025:09:34:40 -0600] "GET /81812299328993 HTTP/1.1" 200 142204 "-" "Mozilla/5.0 AppleWebKit/537.36 (KHTML, like Gecko; compatible; bingbot/2.0; +http://www.bing.com/bingbot.htm) Chrome/116.0.1938.76 Safari/537.36"
217.113.194.104 - - [07/Jun/2025:09:34:47 -0600] "GET /index.php/2025/04/14/pin-ap-5/?path=//run/udev HTTP/1.1" 200 119553 "-" "Mozilla/5.0 (compatible; Barkrowler/0.9; +https://babbar.tech/crawler)"
57.141.2.23 - - [07/Jun/2025:09:34:49 -0600] "GET /?filesrc=//usr/sbin/pvcreate&path=//usr/sbin HTTP/1.1" 200 56104 "-" "meta-externalagent/1.1 (+https://developers.facebook.com/docs/sharing/webmasters/crawler)"
20.171.207.133 - - [07/Jun/2025:09:34:52 -0600] "GET /?aksi=ransom&path=%2Fhome%2Ftsgmexic%2F4pie.com.mx%2Fwp-content%2Fuploads%2Fgravity_forms%2Fd%2Fb%2Fb HTTP/1.1" 200 66818 "-" "Mozilla/5.0 AppleWebKit/537.36 (KHTML, like Gecko; compatible; GPTBot/1.2; +https://openai.com/gptbot)"
20.171.207.133 - - [07/Jun/2025:09:34:55 -0600] "GET /?aksi=ransom&path=%2Fhome%2Ftsgmexic%2F4pie.com.mx%2Fwp-content%2Fuploads%2Fgravity_forms%2Fd%2Fb%2Fd HTTP/1.1" 200 66818 "-" "Mozilla/5.0 AppleWebKit/537.36 (KHTML, like Gecko; compatible; GPTBot/1.2; +https://openai.com/gptbot)"
40.77.167.74 - - [07/Jun/2025:09:34:58 -0600] "GET /72762899348910 HTTP/1.1" 200 142855 "-" "Mozilla/5.0 AppleWebKit/537.36 (KHTML, like Gecko; compatible; bingbot/2.0; +http://www.bing.com/bingbot.htm) Chrome/116.0.1938.76 Safari/537.36"
40.77.167.74 - - [07/Jun/2025:09:35:03 -0600] "GET /65970899143553 HTTP/1.1" 200 146861 "-" "Mozilla/5.0 AppleWebKit/537.36 (KHTML, like Gecko; compatible; bingbot/2.0; +http://www.bing.com/bingbot.htm) Chrome/116.0.1938.76 Safari/537.36"
217.113.194.247 - - [07/Jun/2025:09:35:09 -0600] "GET /index.php/2025/04/14/pin-ap-5/?path=//run/motd.d HTTP/1.1" 200 115175 "-" "Mozilla/5.0 (compatible; Barkrowler/0.9; +https://babbar.tech/crawler)"
57.141.2.21 - - [07/Jun/2025:09:35:15 -0600] "GET /?filesrc=//etc/security/time.conf&path=//etc/security HTTP/1.1" 200 58335 "-" "meta-externalagent/1.1 (+https://developers.facebook.com/docs/sharing/webmasters/crawler)"
20.171.207.133 - - [07/Jun/2025:09:35:29 -0600] "GET /?aksi=buatfile&path=%2Fhome%2Ftsgmexic%2F4pie.com.mx%2Fwp-content%2Fuploads%2Fgravity_forms%2Fd%2Fb%2Fd HTTP/1.1" 200 66820 "-" "Mozilla/5.0 AppleWebKit/537.36 (KHTML, like Gecko; compatible; GPTBot/1.2; +https://openai.com/gptbot)"
217.113.194.247 - - [07/Jun/2025:09:35:31 -0600] "GET /index.php/2025/04/14/pin-ap-5/?path=//run/lvm HTTP/1.1" 200 115156 "-" "Mozilla/5.0 (compatible; Barkrowler/0.9; +https://babbar.tech/crawler)"
40.77.167.32 - - [07/Jun/2025:09:35:37 -0600] "GET /27926699172801 HTTP/1.1" 200 13 "-" "Mozilla/5.0 AppleWebKit/537.36 (KHTML, like Gecko; compatible; bingbot/2.0; +http://www.bing.com/bingbot.htm) Chrome/116.0.1938.76 Safari/537.36"
40.77.167.64 - - [07/Jun/2025:09:35:44 -0600] "GET /27926699383745 HTTP/1.1" 200 13 "-" "Mozilla/5.0 AppleWebKit/537.36 (KHTML, like Gecko; compatible; bingbot/2.0; +http://www.bing.com/bingbot.htm) Chrome/116.0.1938.76 Safari/537.36"
3.208.146.193 - - [07/Jun/2025:09:35:42 -0600] "GET /index.php/2025/05/25/75-gambling-enterprises-instead-of-gamstop-non-gamstop-gambling-enterprise-internet-sites/?filesrc=/home/tsgmexic/4pie.com.mx/wp-mail.php&path=/home/tsgmexic/4pie.com.mx HTTP/1.1" 200 74026 "-" "Mozilla/5.0 AppleWebKit/537.36 (KHTML, like Gecko; compatible; Amazonbot/0.1; +https://developer.amazon.com/support/amazonbot) Chrome/119.0.6045.214 Safari/537.36"
40.77.167.64 - - [07/Jun/2025:09:35:47 -0600] "GET /71031899236641 HTTP/1.1" 200 13 "-" "Mozilla/5.0 AppleWebKit/537.36 (KHTML, like Gecko; compatible; bingbot/2.0; +http://www.bing.com/bingbot.htm) Chrome/116.0.1938.76 Safari/537.36"
52.70.138.176 - - [07/Jun/2025:09:35:45 -0600] "GET /index.php/2025/05/20/your-ultimate-self-help-guide-to-the-newest-15-finest-low-gamstop-casinos/?filesrc=/home/tsgmexic/4pie.com.mx/marufhasan.php&path=/home/tsgmexic/4pie.com.mx HTTP/1.1" 200 95385 "-" "Mozilla/5.0 AppleWebKit/537.36 (KHTML, like Gecko; compatible; Amazonbot/0.1; +https://developer.amazon.com/support/amazonbot) Chrome/119.0.6045.214 Safari/537.36"
217.113.194.104 - - [07/Jun/2025:09:35:50 -0600] "GET /index.php/2025/04/14/pin-ap-5/?path=//run/sepermit HTTP/1.1" 200 115185 "-" "Mozilla/5.0 (compatible; Barkrowler/0.9; +https://babbar.tech/crawler)"
44.223.116.149 - - [07/Jun/2025:09:35:50 -0600] "GET /index.php/2025/05/20/your-ultimate-self-help-guide-to-the-newest-15-finest-low-gamstop-casinos/?filesrc=/home/tsgmexic/4pie.com.mx/header.php&path=/home/tsgmexic/4pie.com.mx HTTP/1.1" 200 71772 "-" "Mozilla/5.0 AppleWebKit/537.36 (KHTML, like Gecko; compatible; Amazonbot/0.1; +https://developer.amazon.com/support/amazonbot) Chrome/119.0.6045.214 Safari/537.36"
40.77.167.74 - - [07/Jun/2025:09:35:54 -0600] "GET /14496799490145 HTTP/1.1" 200 13 "-" "Mozilla/5.0 AppleWebKit/537.36 (KHTML, like Gecko; compatible; bingbot/2.0; +http://www.bing.com/bingbot.htm) Chrome/116.0.1938.76 Safari/537.36"
20.171.207.133 - - [07/Jun/2025:09:35:50 -0600] "GET /?aksi=buatfile&path=%2Fhome%2Ftsgmexic%2F4pie.com.mx%2Fwp-content%2Fuploads%2Fgravity_forms%2Fd%2Fb%2Fb HTTP/1.1" 200 66820 "-" "Mozilla/5.0 AppleWebKit/537.36 (KHTML, like Gecko; compatible; GPTBot/1.2; +https://openai.com/gptbot)"
57.141.2.10 - - [07/Jun/2025:09:35:54 -0600] "GET /?path=/home/tsgmexic/.trash/Joomla_3.6.2-Stable-Full_Package/libraries/joomla/google/data HTTP/1.1" 200 64440 "-" "meta-externalagent/1.1 (+https://developers.facebook.com/docs/sharing/webmasters/crawler)"
3.212.86.97 - - [07/Jun/2025:09:35:53 -0600] "GET /index.php/2025/05/20/your-ultimate-self-help-guide-to-the-newest-15-finest-low-gamstop-casinos/?filesrc=/home/tsgmexic/4pie.com.mx/ex.php&path=/home/tsgmexic/4pie.com.mx HTTP/1.1" 200 67524 "-" "Mozilla/5.0 AppleWebKit/537.36 (KHTML, like Gecko; compatible; Amazonbot/0.1; +https://developer.amazon.com/support/amazonbot) Chrome/119.0.6045.214 Safari/537.36"
57.141.2.5 - - [07/Jun/2025:09:36:07 -0600] "GET /?filesrc=//sbin/newusers&path=//sbin HTTP/1.1" 200 56042 "-" "meta-externalagent/1.1 (+https://developers.facebook.com/docs/sharing/webmasters/crawler)"
40.77.167.32 - - [07/Jun/2025:09:36:12 -0600] "GET /77948599268479 HTTP/1.1" 200 13 "-" "Mozilla/5.0 AppleWebKit/537.36 (KHTML, like Gecko; compatible; bingbot/2.0; +http://www.bing.com/bingbot.htm) Chrome/116.0.1938.76 Safari/537.36"
142.171.127.176 - - [07/Jun/2025:09:36:11 -0600] "POST /wp-cron.php?doing_wp_cron=1749310571.5069379806518554687500 HTTP/1.1" 404 15749 "-" "WordPress/6.8; https://4pie.com.mx"
217.113.194.104 - - [07/Jun/2025:09:36:10 -0600] "GET /index.php/2025/04/14/pin-ap-5/?path=//run/faillock HTTP/1.1" 200 115186 "-" "Mozilla/5.0 (compatible; Barkrowler/0.9; +https://babbar.tech/crawler)"
40.77.167.32 - - [07/Jun/2025:09:36:17 -0600] "GET /15056699461505 HTTP/1.1" 200 13 "-" "Mozilla/5.0 AppleWebKit/537.36 (KHTML, like Gecko; compatible; bingbot/2.0; +http://www.bing.com/bingbot.htm) Chrome/116.0.1938.76 Safari/537.36"
40.77.167.74 - - [07/Jun/2025:09:36:24 -0600] "GET /81812299208513 HTTP/1.1" 200 13 "-" "Mozilla/5.0 AppleWebKit/537.36 (KHTML, like Gecko; compatible; bingbot/2.0; +http://www.bing.com/bingbot.htm) Chrome/116.0.1938.76 Safari/537.36"
40.77.167.32 - - [07/Jun/2025:09:36:28 -0600] "GET /62100599158711 HTTP/1.1" 200 147618 "-" "Mozilla/5.0 AppleWebKit/537.36 (KHTML, like Gecko; compatible; bingbot/2.0; +http://www.bing.com/bingbot.htm) Chrome/116.0.1938.76 Safari/537.36"
40.77.167.32 - - [07/Jun/2025:09:36:36 -0600] "GET /2792669966723 HTTP/1.1" 200 13 "-" "Mozilla/5.0 AppleWebKit/537.36 (KHTML, like Gecko; compatible; bingbot/2.0; +http://www.bing.com/bingbot.htm) Chrome/116.0.1938.76 Safari/537.36"
217.113.194.104 - - [07/Jun/2025:09:36:33 -0600] "GET /index.php/2025/04/14/pin-ap-5/?path=//run/cockpit HTTP/1.1" 200 118154 "-" "Mozilla/5.0 (compatible; Barkrowler/0.9; +https://babbar.tech/crawler)"
57.141.2.21 - - [07/Jun/2025:09:36:33 -0600] "GET /?path=/home/tsgmexic/.rvsitebuilder HTTP/1.1" 200 74773 "-" "meta-externalagent/1.1 (+https://developers.facebook.com/docs/sharing/webmasters/crawler)"
40.77.167.64 - - [07/Jun/2025:09:36:43 -0600] "GET /43097399370035 HTTP/1.1" 200 142694 "-" "Mozilla/5.0 AppleWebKit/537.36 (KHTML, like Gecko; compatible; bingbot/2.0; +http://www.bing.com/bingbot.htm) Chrome/116.0.1938.76 Safari/537.36"
40.77.167.64 - - [07/Jun/2025:09:36:48 -0600] "GET /2332659972321 HTTP/1.1" 200 146237 "-" "Mozilla/5.0 AppleWebKit/537.36 (KHTML, like Gecko; compatible; bingbot/2.0; +http://www.bing.com/bingbot.htm) Chrome/116.0.1938.76 Safari/537.36"
57.141.2.18 - - [07/Jun/2025:09:36:48 -0600] "GET /wp-sitemap.xml?path=%2F%2Fsys%2Fkernel%2Fslab%2Fuser_namespace HTTP/1.1" 200 39445 "-" "meta-externalagent/1.1 (+https://developers.facebook.com/docs/sharing/webmasters/crawler)"
217.113.194.104 - - [07/Jun/2025:09:36:53 -0600] "GET /index.php/2025/04/14/pin-ap-5/?path=//run/fsck HTTP/1.1" 200 116109 "-" "Mozilla/5.0 (compatible; Barkrowler/0.9; +https://babbar.tech/crawler)"
217.113.194.109 - - [07/Jun/2025:09:37:12 -0600] "GET /index.php/2025/04/14/pin-ap-5/?path=//run/mdadm HTTP/1.1" 200 115169 "-" "Mozilla/5.0 (compatible; Barkrowler/0.9; +https://babbar.tech/crawler)"
217.113.194.104 - - [07/Jun/2025:09:37:31 -0600] "GET /index.php/2025/04/14/pin-ap-5/?path=//run/NetworkManager HTTP/1.1" 200 117985 "-" "Mozilla/5.0 (compatible; Barkrowler/0.9; +https://babbar.tech/crawler)"
217.113.194.103 - - [07/Jun/2025:09:37:49 -0600] "GET /index.php/2025/04/14/pin-ap-5/?path=//run/blkid HTTP/1.1" 200 115169 "-" "Mozilla/5.0 (compatible; Barkrowler/0.9; +https://babbar.tech/crawler)"
57.141.2.18 - - [07/Jun/2025:09:37:50 -0600] "GET /?filesrc=/home/tsgmexic/.trash/Joomla_3.6.2-Stable-Full_Package/components/com_wrapper/wrapper.xml&path=/home/tsgmexic/.trash/Joomla_3.6.2-Stable-Full_Package/components/com_wrapper HTTP/1.1" 200 58501 "-" "meta-externalagent/1.1 (+https://developers.facebook.com/docs/sharing/webmasters/crawler)"
40.77.167.30 - - [07/Jun/2025:09:37:56 -0600] "GET /67611299159233 HTTP/1.1" 200 13 "-" "Mozilla/5.0 AppleWebKit/537.36 (KHTML, like Gecko; compatible; bingbot/2.0; +http://www.bing.com/bingbot.htm) Chrome/116.0.1938.76 Safari/537.36"
217.113.194.102 - - [07/Jun/2025:09:38:12 -0600] "GET /index.php/2025/04/14/pin-ap-5/?path=//run/firewalld HTTP/1.1" 200 115192 "-" "Mozilla/5.0 (compatible; Barkrowler/0.9; +https://babbar.tech/crawler)"
57.141.2.27 - - [07/Jun/2025:09:38:21 -0600] "GET /?filesrc=//etc/security/access.conf&path=//etc/security HTTP/1.1" 200 60946 "-" "meta-externalagent/1.1 (+https://developers.facebook.com/docs/sharing/webmasters/crawler)"
57.141.2.21 - - [07/Jun/2025:09:38:23 -0600] "GET /?filesrc=//etc/cron.d/wp-toolkit-update&path=//etc/cron.d HTTP/1.1" 200 57037 "-" "meta-externalagent/1.1 (+https://developers.facebook.com/docs/sharing/webmasters/crawler)"
217.113.194.107 - - [07/Jun/2025:09:38:34 -0600] "GET /index.php/2025/04/14/pin-ap-5/?path=//run/mysqld HTTP/1.1" 200 116165 "-" "Mozilla/5.0 (compatible; Barkrowler/0.9; +https://babbar.tech/crawler)"
40.77.167.30 - - [07/Jun/2025:09:38:39 -0600] "GET /79287099176806 HTTP/1.1" 200 136692 "-" "Mozilla/5.0 AppleWebKit/537.36 (KHTML, like Gecko; compatible; bingbot/2.0; +http://www.bing.com/bingbot.htm) Chrome/116.0.1938.76 Safari/537.36"
40.77.167.64 - - [07/Jun/2025:09:38:43 -0600] "GET /79287099165526 HTTP/1.1" 200 142068 "-" "Mozilla/5.0 AppleWebKit/537.36 (KHTML, like Gecko; compatible; bingbot/2.0; +http://www.bing.com/bingbot.htm) Chrome/116.0.1938.76 Safari/537.36"
57.141.2.4 - - [07/Jun/2025:09:38:47 -0600] "GET /?path=/home/tsgmexic/.trash/jomla.4/plugins/content/vote HTTP/1.1" 200 59132 "-" "meta-externalagent/1.1 (+https://developers.facebook.com/docs/sharing/webmasters/crawler)"
217.113.194.110 - - [07/Jun/2025:09:38:52 -0600] "GET /index.php/2025/04/14/pin-ap-5/?path=//lib64/bind HTTP/1.1" 200 115177 "-" "Mozilla/5.0 (compatible; Barkrowler/0.9; +https://babbar.tech/crawler)"
40.77.167.78 - - [07/Jun/2025:09:38:55 -0600] "GET /65970899233473 HTTP/1.1" 200 158104 "-" "Mozilla/5.0 AppleWebKit/537.36 (KHTML, like Gecko; compatible; bingbot/2.0; +http://www.bing.com/bingbot.htm) Chrome/116.0.1938.76 Safari/537.36"
40.77.167.30 - - [07/Jun/2025:09:39:04 -0600] "GET /71031899393441 HTTP/1.1" 200 147076 "-" "Mozilla/5.0 AppleWebKit/537.36 (KHTML, like Gecko; compatible; bingbot/2.0; +http://www.bing.com/bingbot.htm) Chrome/116.0.1938.76 Safari/537.36"
40.77.167.78 - - [07/Jun/2025:09:39:26 -0600] "GET /79287099481217 HTTP/1.1" 200 134216 "-" "Mozilla/5.0 AppleWebKit/537.36 (KHTML, like Gecko; compatible; bingbot/2.0; +http://www.bing.com/bingbot.htm) Chrome/116.0.1938.76 Safari/537.36"
217.113.194.107 - - [07/Jun/2025:09:39:12 -0600] "GET /index.php/2025/04/14/pin-ap-5/?path=//lib64/mysql HTTP/1.1" 200 122868 "-" "Mozilla/5.0 (compatible; Barkrowler/0.9; +https://babbar.tech/crawler)"
142.171.127.176 - - [07/Jun/2025:09:39:26 -0600] "POST /wp-cron.php?doing_wp_cron=1749310766.5102140903472900390625 HTTP/1.1" 403 15958 "-" "WordPress/6.8; https://4pie.com.mx"
40.77.167.78 - - [07/Jun/2025:09:39:36 -0600] "GET /94939499237147 HTTP/1.1" 200 142955 "-" "Mozilla/5.0 AppleWebKit/537.36 (KHTML, like Gecko; compatible; bingbot/2.0; +http://www.bing.com/bingbot.htm) Chrome/116.0.1938.76 Safari/537.36"
217.113.194.107 - - [07/Jun/2025:09:39:45 -0600] "GET /index.php/2025/04/14/pin-ap-5/?path=//lib64/lua HTTP/1.1" 200 116036 "-" "Mozilla/5.0 (compatible; Barkrowler/0.9; +https://babbar.tech/crawler)"
217.113.194.109 - - [07/Jun/2025:09:40:03 -0600] "GET /index.php/2025/04/14/pin-ap-5/?path=//lib64/gio HTTP/1.1" 200 116053 "-" "Mozilla/5.0 (compatible; Barkrowler/0.9; +https://babbar.tech/crawler)"
40.77.167.30 - - [07/Jun/2025:09:40:15 -0600] "GET /18427699259120 HTTP/1.1" 200 144900 "-" "Mozilla/5.0 AppleWebKit/537.36 (KHTML, like Gecko; compatible; bingbot/2.0; +http://www.bing.com/bingbot.htm) Chrome/116.0.1938.76 Safari/537.36"
57.141.2.22 - - [07/Jun/2025:09:40:18 -0600] "GET /index.php/wp-json/?filesrc=/home/tsgmexic/4pie.com.mx/google8967a9560ac7271e.html&path=/home/tsgmexic/4pie.com.mx HTTP/1.1" 200 214100 "-" "meta-externalagent/1.1 (+https://developers.facebook.com/docs/sharing/webmasters/crawler)"
217.113.194.109 - - [07/Jun/2025:09:40:22 -0600] "GET /index.php/2025/04/14/pin-ap-5/?path=//lib64/games HTTP/1.1" 200 115183 "-" "Mozilla/5.0 (compatible; Barkrowler/0.9; +https://babbar.tech/crawler)"
40.77.167.30 - - [07/Jun/2025:09:40:39 -0600] "GET /77948599392321 HTTP/1.1" 200 138583 "-" "Mozilla/5.0 AppleWebKit/537.36 (KHTML, like Gecko; compatible; bingbot/2.0; +http://www.bing.com/bingbot.htm) Chrome/116.0.1938.76 Safari/537.36"
217.113.194.105 - - [07/Jun/2025:09:40:41 -0600] "GET /index.php/2025/04/14/pin-ap-5/?path=//lib64/enchant HTTP/1.1" 200 116217 "-" "Mozilla/5.0 (compatible; Barkrowler/0.9; +https://babbar.tech/crawler)"
217.113.194.105 - - [07/Jun/2025:09:40:59 -0600] "GET /index.php/2025/04/14/pin-ap-5/?path=//lib64/cmake HTTP/1.1" 200 116071 "-" "Mozilla/5.0 (compatible; Barkrowler/0.9; +https://babbar.tech/crawler)"
217.113.194.108 - - [07/Jun/2025:09:41:17 -0600] "GET /index.php/2025/04/14/pin-ap-5/?path=//lib64/php HTTP/1.1" 200 116053 "-" "Mozilla/5.0 (compatible; Barkrowler/0.9; +https://babbar.tech/crawler)"
40.77.167.78 - - [07/Jun/2025:09:41:26 -0600] "GET /18427699254439 HTTP/1.1" 200 143937 "-" "Mozilla/5.0 AppleWebKit/537.36 (KHTML, like Gecko; compatible; bingbot/2.0; +http://www.bing.com/bingbot.htm) Chrome/116.0.1938.76 Safari/537.36"
40.77.167.78 - - [07/Jun/2025:09:41:31 -0600] "GET /6597089963809 HTTP/1.1" 200 147889 "-" "Mozilla/5.0 AppleWebKit/537.36 (KHTML, like Gecko; compatible; bingbot/2.0; +http://www.bing.com/bingbot.htm) Chrome/116.0.1938.76 Safari/537.36"
57.141.2.2 - - [07/Jun/2025:09:41:37 -0600] "GET /?filesrc=/home/tsgmexic/.trash/Joomla_3.6.2-Stable-Full_Package/libraries/joomla/data/set.php&path=/home/tsgmexic/.trash/Joomla_3.6.2-Stable-Full_Package/libraries/joomla/data HTTP/1.1" 200 69366 "-" "meta-externalagent/1.1 (+https://developers.facebook.com/docs/sharing/webmasters/crawler)"
217.113.194.105 - - [07/Jun/2025:09:41:35 -0600] "GET /index.php/2025/04/14/pin-ap-5/?path=//lib64/pdns HTTP/1.1" 200 118187 "-" "Mozilla/5.0 (compatible; Barkrowler/0.9; +https://babbar.tech/crawler)"
142.171.127.176 - - [07/Jun/2025:09:41:38 -0600] "POST /wp-cron.php?doing_wp_cron=1749310898.2315430641174316406250 HTTP/1.1" 404 15749 "-" "WordPress/6.8; https://4pie.com.mx"
57.141.2.22 - - [07/Jun/2025:09:41:43 -0600] "GET /?path=/home/tsgmexic/.trash/Joomla_3.6.2-Stable-Full_Package/libraries/joomla/twitter&aksi=buatfolder HTTP/1.1" 200 57067 "-" "meta-externalagent/1.1 (+https://developers.facebook.com/docs/sharing/webmasters/crawler)"
57.141.2.1 - - [07/Jun/2025:09:41:47 -0600] "GET /?path=/home/tsgmexic/.trash/Joomla_3.6.2-Stable-Full_Package/libraries/joomla/crypt/password HTTP/1.1" 200 58542 "-" "meta-externalagent/1.1 (+https://developers.facebook.com/docs/sharing/webmasters/crawler)"
20.171.207.133 - - [07/Jun/2025:09:41:57 -0600] "GET /?path=%2Fhome%2Ftsgmexic%2F4pie.com.mx%2Fwp-content%2Fuploads%2Fgravity_forms%2Fd%2Fb%2Ff HTTP/1.1" 200 67966 "-" "Mozilla/5.0 AppleWebKit/537.36 (KHTML, like Gecko; compatible; GPTBot/1.2; +https://openai.com/gptbot)"
217.113.194.107 - - [07/Jun/2025:09:41:57 -0600] "GET /index.php/2025/04/14/pin-ap-5/?path=//lib64/security HTTP/1.1" 200 176984 "-" "Mozilla/5.0 (compatible; Barkrowler/0.9; +https://babbar.tech/crawler)"
57.141.2.27 - - [07/Jun/2025:09:42:07 -0600] "GET /?filesrc=//sbin/e2mmpstatus&path=//sbin HTTP/1.1" 200 56048 "-" "meta-externalagent/1.1 (+https://developers.facebook.com/docs/sharing/webmasters/crawler)"
217.113.194.106 - - [07/Jun/2025:09:42:15 -0600] "GET /index.php/2025/04/14/pin-ap-5/?path=//lib64/sw HTTP/1.1" 200 121098 "-" "Mozilla/5.0 (compatible; Barkrowler/0.9; +https://babbar.tech/crawler)"
20.171.207.133 - - [07/Jun/2025:09:42:27 -0600] "GET /?path=%2Fhome%2Ftsgmexic%2F4pie.com.mx%2Fwp-content%2Fuploads%2Fgravity_forms%2Fd%2Fb%2Fh HTTP/1.1" 200 66801 "-" "Mozilla/5.0 AppleWebKit/537.36 (KHTML, like Gecko; compatible; GPTBot/1.2; +https://openai.com/gptbot)"
217.113.194.109 - - [07/Jun/2025:09:42:34 -0600] "GET /index.php/2025/04/14/pin-ap-5/?path=//lib64/samba HTTP/1.1" 200 199686 "-" "Mozilla/5.0 (compatible; Barkrowler/0.9; +https://babbar.tech/crawler)"
57.141.2.27 - - [07/Jun/2025:09:42:39 -0600] "GET /?filesrc=//usr/sbin/exim_dbmbuild&path=//usr/sbin HTTP/1.1" 200 56114 "-" "meta-externalagent/1.1 (+https://developers.facebook.com/docs/sharing/webmasters/crawler)"
142.171.127.176 - - [07/Jun/2025:09:42:40 -0600] "POST /wp-cron.php?doing_wp_cron=1749310960.8100469112396240234375 HTTP/1.1" 404 15749 "-" "WordPress/6.8; https://4pie.com.mx"
20.171.207.133 - - [07/Jun/2025:09:42:43 -0600] "GET /?path=%2Fhome%2Ftsgmexic%2F4pie.com.mx%2Fwp-content%2Fuploads%2Fgravity_forms%2Fd%2Fb%2Fe HTTP/1.1" 200 66801 "-" "Mozilla/5.0 AppleWebKit/537.36 (KHTML, like Gecko; compatible; GPTBot/1.2; +https://openai.com/gptbot)"
217.113.194.102 - - [07/Jun/2025:09:42:53 -0600] "GET /index.php/2025/04/14/pin-ap-5/?path=//opt/cloudlinux HTTP/1.1" 200 116132 "-" "Mozilla/5.0 (compatible; Barkrowler/0.9; +https://babbar.tech/crawler)"
