20.171.207.171 - - [28/Sep/2025:15:19:47 -0600] "GET /uh85?filesrc=//proc/26/net/udplite&path=//proc/26/net HTTP/1.1" 200 44068 "-" "Mozilla/5.0 AppleWebKit/537.36 (KHTML, like Gecko; compatible; GPTBot/1.2; +https://openai.com/gptbot)"
20.171.207.171 - - [28/Sep/2025:15:19:51 -0600] "GET /uh85?filesrc=//proc/43/net/netstat&path=//proc/43/net HTTP/1.1" 200 47279 "-" "Mozilla/5.0 AppleWebKit/537.36 (KHTML, like Gecko; compatible; GPTBot/1.2; +https://openai.com/gptbot)"
20.171.207.171 - - [28/Sep/2025:15:19:54 -0600] "GET /uh85?filesrc=//proc/26/net/anycast6&path=//proc/26/net HTTP/1.1" 200 43938 "-" "Mozilla/5.0 AppleWebKit/537.36 (KHTML, like Gecko; compatible; GPTBot/1.2; +https://openai.com/gptbot)"
20.171.207.171 - - [28/Sep/2025:15:19:58 -0600] "GET /uh85?filesrc=//proc/26/net/mcfilter6&path=//proc/26/net HTTP/1.1" 200 44030 "-" "Mozilla/5.0 AppleWebKit/537.36 (KHTML, like Gecko; compatible; GPTBot/1.2; +https://openai.com/gptbot)"
20.171.207.171 - - [28/Sep/2025:15:20:01 -0600] "GET /uh85?filesrc=//proc/2/net/netstat&path=//proc/2/net HTTP/1.1" 200 47272 "-" "Mozilla/5.0 AppleWebKit/537.36 (KHTML, like Gecko; compatible; GPTBot/1.2; +https://openai.com/gptbot)"
20.171.207.171 - - [28/Sep/2025:15:20:08 -0600] "GET /uh85?filesrc=//proc/8/net/netstat&path=//proc/8/net HTTP/1.1" 200 47272 "-" "Mozilla/5.0 AppleWebKit/537.36 (KHTML, like Gecko; compatible; GPTBot/1.2; +https://openai.com/gptbot)"
20.171.207.171 - - [28/Sep/2025:15:20:11 -0600] "GET /uh85?filesrc=//proc/26/net/sockstat6&path=//proc/26/net HTTP/1.1" 200 44024 "-" "Mozilla/5.0 AppleWebKit/537.36 (KHTML, like Gecko; compatible; GPTBot/1.2; +https://openai.com/gptbot)"
20.171.207.171 - - [28/Sep/2025:15:20:16 -0600] "GET /uh85?filesrc=//proc/2/net/mcfilter&path=//proc/2/net HTTP/1.1" 200 43978 "-" "Mozilla/5.0 AppleWebKit/537.36 (KHTML, like Gecko; compatible; GPTBot/1.2; +https://openai.com/gptbot)"
20.171.207.171 - - [28/Sep/2025:15:20:19 -0600] "GET /uh85?filesrc=//proc/8/net/mcfilter&path=//proc/8/net HTTP/1.1" 200 43978 "-" "Mozilla/5.0 AppleWebKit/537.36 (KHTML, like Gecko; compatible; GPTBot/1.2; +https://openai.com/gptbot)"
20.171.207.171 - - [28/Sep/2025:15:20:23 -0600] "GET /uh85?filesrc=//proc/2/net/sockstat&path=//proc/2/net HTTP/1.1" 200 44065 "-" "Mozilla/5.0 AppleWebKit/537.36 (KHTML, like Gecko; compatible; GPTBot/1.2; +https://openai.com/gptbot)"
20.171.207.171 - - [28/Sep/2025:15:20:27 -0600] "GET /uh85?filesrc=//proc/8/net/udplite&path=//proc/8/net HTTP/1.1" 200 44061 "-" "Mozilla/5.0 AppleWebKit/537.36 (KHTML, like Gecko; compatible; GPTBot/1.2; +https://openai.com/gptbot)"
20.171.207.171 - - [28/Sep/2025:15:20:29 -0600] "GET /uh85?filesrc=//proc/8/net/netlink&path=//proc/8/net HTTP/1.1" 200 46136 "-" "Mozilla/5.0 AppleWebKit/537.36 (KHTML, like Gecko; compatible; GPTBot/1.2; +https://openai.com/gptbot)"
20.171.207.171 - - [28/Sep/2025:15:20:33 -0600] "GET /uh85?filesrc=//proc/2/net/udplite&path=//proc/2/net HTTP/1.1" 200 44061 "-" "Mozilla/5.0 AppleWebKit/537.36 (KHTML, like Gecko; compatible; GPTBot/1.2; +https://openai.com/gptbot)"
20.171.207.171 - - [28/Sep/2025:15:20:36 -0600] "GET /uh85?filesrc=//proc/2/net/netlink&path=//proc/2/net HTTP/1.1" 200 46136 "-" "Mozilla/5.0 AppleWebKit/537.36 (KHTML, like Gecko; compatible; GPTBot/1.2; +https://openai.com/gptbot)"
20.171.207.171 - - [28/Sep/2025:15:20:39 -0600] "GET /uh85?filesrc=//proc/43/net/softnet_stat&path=//proc/43/net HTTP/1.1" 200 44176 "-" "Mozilla/5.0 AppleWebKit/537.36 (KHTML, like Gecko; compatible; GPTBot/1.2; +https://openai.com/gptbot)"
20.171.207.171 - - [28/Sep/2025:15:20:42 -0600] "GET /uh85?path=//proc/1/net HTTP/1.1" 200 92573 "-" "Mozilla/5.0 AppleWebKit/537.36 (KHTML, like Gecko; compatible; GPTBot/1.2; +https://openai.com/gptbot)"
20.171.207.171 - - [28/Sep/2025:15:20:46 -0600] "GET /uh85?filesrc=//proc/26/net/softnet_stat&path=//proc/26/net HTTP/1.1" 200 44176 "-" "Mozilla/5.0 AppleWebKit/537.36 (KHTML, like Gecko; compatible; GPTBot/1.2; +https://openai.com/gptbot)"
204.12.208.18 - - [28/Sep/2025:15:20:48 -0600] "GET /?sitemapindex.xml HTTP/1.1" 200 113563 "http://4pie.com.mx/?sitemapindex.xml" "Mozilla/5.0 (Macintosh; U; PPC Mac OS X 10_4_11; ja-jp) AppleWebKit/525.18 (KHTML, like Gecko) Version/3.1.2 Safari/525.22"
20.171.207.171 - - [28/Sep/2025:15:20:49 -0600] "GET /uh85?filesrc=//proc/43/net/sockstat6&path=//proc/43/net HTTP/1.1" 200 44024 "-" "Mozilla/5.0 AppleWebKit/537.36 (KHTML, like Gecko; compatible; GPTBot/1.2; +https://openai.com/gptbot)"
20.171.207.171 - - [28/Sep/2025:15:20:52 -0600] "GET /uh85?filesrc=//proc/34/net/softnet_stat&path=//proc/34/net HTTP/1.1" 200 44176 "-" "Mozilla/5.0 AppleWebKit/537.36 (KHTML, like Gecko; compatible; GPTBot/1.2; +https://openai.com/gptbot)"
20.171.207.171 - - [28/Sep/2025:15:20:55 -0600] "GET /uh85?filesrc=//proc/43/net/anycast6&path=//proc/43/net HTTP/1.1" 200 43938 "-" "Mozilla/5.0 AppleWebKit/537.36 (KHTML, like Gecko; compatible; GPTBot/1.2; +https://openai.com/gptbot)"
20.171.207.171 - - [28/Sep/2025:15:20:58 -0600] "GET /uh85?filesrc=//proc/34/net/mcfilter6&path=//proc/34/net HTTP/1.1" 200 44030 "-" "Mozilla/5.0 AppleWebKit/537.36 (KHTML, like Gecko; compatible; GPTBot/1.2; +https://openai.com/gptbot)"
20.171.207.171 - - [28/Sep/2025:15:21:01 -0600] "GET /uh85?filesrc=//proc/43/net/udplite6&path=//proc/43/net HTTP/1.1" 200 44104 "-" "Mozilla/5.0 AppleWebKit/537.36 (KHTML, like Gecko; compatible; GPTBot/1.2; +https://openai.com/gptbot)"
20.171.207.171 - - [28/Sep/2025:15:21:05 -0600] "GET /uh85?filesrc=//proc/1/net/netstat&path=//proc/1/net HTTP/1.1" 200 47272 "-" "Mozilla/5.0 AppleWebKit/537.36 (KHTML, like Gecko; compatible; GPTBot/1.2; +https://openai.com/gptbot)"
20.171.207.171 - - [28/Sep/2025:15:21:08 -0600] "GET /uh85?filesrc=//proc/34/net/udplite6&path=//proc/34/net HTTP/1.1" 200 44104 "-" "Mozilla/5.0 AppleWebKit/537.36 (KHTML, like Gecko; compatible; GPTBot/1.2; +https://openai.com/gptbot)"
20.171.207.171 - - [28/Sep/2025:15:21:11 -0600] "GET /uh85?filesrc=//proc/1/net/connector&path=//proc/1/net HTTP/1.1" 200 43971 "-" "Mozilla/5.0 AppleWebKit/537.36 (KHTML, like Gecko; compatible; GPTBot/1.2; +https://openai.com/gptbot)"
20.171.207.171 - - [28/Sep/2025:15:21:15 -0600] "GET /uh85?filesrc=//proc/1/net/protocols&path=//proc/1/net HTTP/1.1" 200 46056 "-" "Mozilla/5.0 AppleWebKit/537.36 (KHTML, like Gecko; compatible; GPTBot/1.2; +https://openai.com/gptbot)"
20.171.207.171 - - [28/Sep/2025:15:21:19 -0600] "GET /uh85?filesrc=//proc/1/net/mcfilter6&path=//proc/1/net HTTP/1.1" 200 44023 "-" "Mozilla/5.0 AppleWebKit/537.36 (KHTML, like Gecko; compatible; GPTBot/1.2; +https://openai.com/gptbot)"
20.171.207.171 - - [28/Sep/2025:15:21:23 -0600] "GET /uh85?filesrc=//proc/1/net/nf_conntrack_expect&path=//proc/1/net HTTP/1.1" 200 43942 "-" "Mozilla/5.0 AppleWebKit/537.36 (KHTML, like Gecko; compatible; GPTBot/1.2; +https://openai.com/gptbot)"
20.171.207.171 - - [28/Sep/2025:15:21:28 -0600] "GET /uh85?filesrc=//proc/1/net/sockstat6&path=//proc/1/net HTTP/1.1" 200 44017 "-" "Mozilla/5.0 AppleWebKit/537.36 (KHTML, like Gecko; compatible; GPTBot/1.2; +https://openai.com/gptbot)"
20.171.207.171 - - [28/Sep/2025:15:21:32 -0600] "GET /uh85?filesrc=//proc/1/net/nf_conntrack&path=//proc/1/net HTTP/1.1" 200 43935 "-" "Mozilla/5.0 AppleWebKit/537.36 (KHTML, like Gecko; compatible; GPTBot/1.2; +https://openai.com/gptbot)"
20.171.207.171 - - [28/Sep/2025:15:21:35 -0600] "GET /uh85?filesrc=//proc/1/net/softnet_stat&path=//proc/1/net HTTP/1.1" 200 44169 "-" "Mozilla/5.0 AppleWebKit/537.36 (KHTML, like Gecko; compatible; GPTBot/1.2; +https://openai.com/gptbot)"
20.171.207.171 - - [28/Sep/2025:15:21:40 -0600] "GET /uh85?filesrc=//proc/1/net/fib_triestat&path=//proc/1/net HTTP/1.1" 200 44647 "-" "Mozilla/5.0 AppleWebKit/537.36 (KHTML, like Gecko; compatible; GPTBot/1.2; +https://openai.com/gptbot)"
20.171.207.171 - - [28/Sep/2025:15:21:43 -0600] "GET /uh85?filesrc=//proc/1/net/mcfilter&path=//proc/1/net HTTP/1.1" 200 43978 "-" "Mozilla/5.0 AppleWebKit/537.36 (KHTML, like Gecko; compatible; GPTBot/1.2; +https://openai.com/gptbot)"
20.171.207.171 - - [28/Sep/2025:15:21:47 -0600] "GET /uh85?filesrc=//proc/1/net/sockstat&path=//proc/1/net HTTP/1.1" 200 44065 "-" "Mozilla/5.0 AppleWebKit/537.36 (KHTML, like Gecko; compatible; GPTBot/1.2; +https://openai.com/gptbot)"
20.171.207.171 - - [28/Sep/2025:15:21:50 -0600] "GET /uh85?filesrc=//proc/1/net/netlink&path=//proc/1/net HTTP/1.1" 200 46136 "-" "Mozilla/5.0 AppleWebKit/537.36 (KHTML, like Gecko; compatible; GPTBot/1.2; +https://openai.com/gptbot)"
20.171.207.171 - - [28/Sep/2025:15:21:53 -0600] "GET /uh85?filesrc=//proc/26/net/udplite6&path=//proc/26/net HTTP/1.1" 200 44104 "-" "Mozilla/5.0 AppleWebKit/537.36 (KHTML, like Gecko; compatible; GPTBot/1.2; +https://openai.com/gptbot)"
20.171.207.171 - - [28/Sep/2025:15:21:56 -0600] "GET /uh85?filesrc=//proc/34/net/sockstat6&path=//proc/34/net HTTP/1.1" 200 44024 "-" "Mozilla/5.0 AppleWebKit/537.36 (KHTML, like Gecko; compatible; GPTBot/1.2; +https://openai.com/gptbot)"
20.171.207.171 - - [28/Sep/2025:15:22:00 -0600] "GET /uh85?filesrc=//proc/43/net/mcfilter6&path=//proc/43/net HTTP/1.1" 200 44030 "-" "Mozilla/5.0 AppleWebKit/537.36 (KHTML, like Gecko; compatible; GPTBot/1.2; +https://openai.com/gptbot)"
20.171.207.171 - - [28/Sep/2025:15:22:05 -0600] "GET /uh85?filesrc=//proc/1/net/udplite&path=//proc/1/net HTTP/1.1" 200 44061 "-" "Mozilla/5.0 AppleWebKit/537.36 (KHTML, like Gecko; compatible; GPTBot/1.2; +https://openai.com/gptbot)"
20.171.207.171 - - [28/Sep/2025:15:22:10 -0600] "GET /uh85?filesrc=//proc/34/net/anycast6&path=//proc/34/net HTTP/1.1" 200 43938 "-" "Mozilla/5.0 AppleWebKit/537.36 (KHTML, like Gecko; compatible; GPTBot/1.2; +https://openai.com/gptbot)"
20.171.207.171 - - [28/Sep/2025:15:22:13 -0600] "GET /uh85?filesrc=//proc/1/net/dev_mcast&path=//proc/1/net HTTP/1.1" 200 44070 "-" "Mozilla/5.0 AppleWebKit/537.36 (KHTML, like Gecko; compatible; GPTBot/1.2; +https://openai.com/gptbot)"
142.171.127.176 - - [28/Sep/2025:15:22:20 -0600] "POST /wp-cron.php?doing_wp_cron=1759094540.4102520942687988281250 HTTP/1.1" 403 23958 "-" "WordPress/6.8; https://4pie.com.mx"
20.171.207.171 - - [28/Sep/2025:15:22:17 -0600] "GET /uh85?filesrc=//proc/34/net/nf_conntrack&path=//proc/34/net HTTP/1.1" 200 43942 "-" "Mozilla/5.0 AppleWebKit/537.36 (KHTML, like Gecko; compatible; GPTBot/1.2; +https://openai.com/gptbot)"
20.171.207.171 - - [28/Sep/2025:15:22:23 -0600] "GET /uh85?filesrc=//proc/2/net/dev_mcast&path=//proc/2/net HTTP/1.1" 200 44070 "-" "Mozilla/5.0 AppleWebKit/537.36 (KHTML, like Gecko; compatible; GPTBot/1.2; +https://openai.com/gptbot)"
20.171.207.171 - - [28/Sep/2025:15:22:33 -0600] "GET /uh85?filesrc=//proc/8/net/ip_mr_vif&path=//proc/8/net HTTP/1.1" 200 44003 "-" "Mozilla/5.0 AppleWebKit/537.36 (KHTML, like Gecko; compatible; GPTBot/1.2; +https://openai.com/gptbot)"
20.171.207.171 - - [28/Sep/2025:15:22:36 -0600] "GET /uh85?filesrc=//proc/43/net/nf_conntrack&path=//proc/43/net HTTP/1.1" 200 43942 "-" "Mozilla/5.0 AppleWebKit/537.36 (KHTML, like Gecko; compatible; GPTBot/1.2; +https://openai.com/gptbot)"
20.171.207.171 - - [28/Sep/2025:15:22:40 -0600] "GET /uh85?filesrc=//proc/34/net/fib_triestat&path=//proc/34/net HTTP/1.1" 200 44654 "-" "Mozilla/5.0 AppleWebKit/537.36 (KHTML, like Gecko; compatible; GPTBot/1.2; +https://openai.com/gptbot)"
20.171.207.171 - - [28/Sep/2025:15:22:42 -0600] "GET /uh85?filesrc=//proc/43/net/fib_triestat&path=//proc/43/net HTTP/1.1" 200 44654 "-" "Mozilla/5.0 AppleWebKit/537.36 (KHTML, like Gecko; compatible; GPTBot/1.2; +https://openai.com/gptbot)"
20.171.207.171 - - [28/Sep/2025:15:22:46 -0600] "GET /uh85?filesrc=//proc/26/net/nf_conntrack&path=//proc/26/net HTTP/1.1" 200 43942 "-" "Mozilla/5.0 AppleWebKit/537.36 (KHTML, like Gecko; compatible; GPTBot/1.2; +https://openai.com/gptbot)"
20.171.207.171 - - [28/Sep/2025:15:22:48 -0600] "GET /uh85?filesrc=//proc/8/net/xfrm_stat&path=//proc/8/net HTTP/1.1" 200 44688 "-" "Mozilla/5.0 AppleWebKit/537.36 (KHTML, like Gecko; compatible; GPTBot/1.2; +https://openai.com/gptbot)"
20.171.207.171 - - [28/Sep/2025:15:22:52 -0600] "GET /uh85?filesrc=//proc/26/net/fib_triestat&path=//proc/26/net HTTP/1.1" 200 44654 "-" "Mozilla/5.0 AppleWebKit/537.36 (KHTML, like Gecko; compatible; GPTBot/1.2; +https://openai.com/gptbot)"
20.171.207.171 - - [28/Sep/2025:15:22:56 -0600] "GET /uh85?filesrc=//proc/1/net/ip_mr_cache&path=//proc/1/net HTTP/1.1" 200 43988 "-" "Mozilla/5.0 AppleWebKit/537.36 (KHTML, like Gecko; compatible; GPTBot/1.2; +https://openai.com/gptbot)"
20.171.207.171 - - [28/Sep/2025:15:23:00 -0600] "GET /uh85?filesrc=//proc/8/net/ip_mr_cache&path=//proc/8/net HTTP/1.1" 200 43988 "-" "Mozilla/5.0 AppleWebKit/537.36 (KHTML, like Gecko; compatible; GPTBot/1.2; +https://openai.com/gptbot)"
20.171.207.171 - - [28/Sep/2025:15:23:04 -0600] "GET /uh85?filesrc=//proc/2/net/ip_mr_cache&path=//proc/2/net HTTP/1.1" 200 43988 "-" "Mozilla/5.0 AppleWebKit/537.36 (KHTML, like Gecko; compatible; GPTBot/1.2; +https://openai.com/gptbot)"
20.171.207.171 - - [28/Sep/2025:15:23:07 -0600] "GET /uh85?filesrc=//proc/2/net/anycast6&path=//proc/2/net HTTP/1.1" 200 43931 "-" "Mozilla/5.0 AppleWebKit/537.36 (KHTML, like Gecko; compatible; GPTBot/1.2; +https://openai.com/gptbot)"
20.171.207.171 - - [28/Sep/2025:15:23:11 -0600] "GET /uh85?filesrc=//proc/1/net/anycast6&path=//proc/1/net HTTP/1.1" 200 43931 "-" "Mozilla/5.0 AppleWebKit/537.36 (KHTML, like Gecko; compatible; GPTBot/1.2; +https://openai.com/gptbot)"
20.171.207.171 - - [28/Sep/2025:15:23:14 -0600] "GET /uh85?filesrc=//proc/34/net/nf_conntrack_expect&path=//proc/34/net HTTP/1.1" 200 43949 "-" "Mozilla/5.0 AppleWebKit/537.36 (KHTML, like Gecko; compatible; GPTBot/1.2; +https://openai.com/gptbot)"
20.171.207.171 - - [28/Sep/2025:15:23:19 -0600] "GET /uh85?filesrc=//proc/43/net/nf_conntrack_expect&path=//proc/43/net HTTP/1.1" 200 43949 "-" "Mozilla/5.0 AppleWebKit/537.36 (KHTML, like Gecko; compatible; GPTBot/1.2; +https://openai.com/gptbot)"
142.171.127.176 - - [28/Sep/2025:15:23:23 -0600] "POST /wp-cron.php?doing_wp_cron=1759094602.9805550575256347656250 HTTP/1.1" 403 62691 "-" "WordPress/6.8; https://4pie.com.mx"
20.171.207.171 - - [28/Sep/2025:15:23:21 -0600] "GET /uh85?filesrc=//proc/1/net/ip_mr_vif&path=//proc/1/net HTTP/1.1" 200 44003 "-" "Mozilla/5.0 AppleWebKit/537.36 (KHTML, like Gecko; compatible; GPTBot/1.2; +https://openai.com/gptbot)"
20.171.207.171 - - [28/Sep/2025:15:23:26 -0600] "GET /uh85?filesrc=//proc/2/net/ip_mr_vif&path=//proc/2/net HTTP/1.1" 200 44003 "-" "Mozilla/5.0 AppleWebKit/537.36 (KHTML, like Gecko; compatible; GPTBot/1.2; +https://openai.com/gptbot)"
20.171.207.171 - - [28/Sep/2025:15:23:30 -0600] "GET /uh85?filesrc=//proc/26/net/nf_conntrack_expect&path=//proc/26/net HTTP/1.1" 200 43949 "-" "Mozilla/5.0 AppleWebKit/537.36 (KHTML, like Gecko; compatible; GPTBot/1.2; +https://openai.com/gptbot)"
20.171.207.171 - - [28/Sep/2025:15:23:33 -0600] "GET /uh85?filesrc=//proc/8/net/udplite6&path=//proc/8/net HTTP/1.1" 200 44097 "-" "Mozilla/5.0 AppleWebKit/537.36 (KHTML, like Gecko; compatible; GPTBot/1.2; +https://openai.com/gptbot)"
20.171.207.171 - - [28/Sep/2025:15:23:36 -0600] "GET /uh85?filesrc=//proc/8/net/anycast6&path=//proc/8/net HTTP/1.1" 200 43931 "-" "Mozilla/5.0 AppleWebKit/537.36 (KHTML, like Gecko; compatible; GPTBot/1.2; +https://openai.com/gptbot)"
20.171.207.171 - - [28/Sep/2025:15:23:38 -0600] "GET /uh85?filesrc=//proc/2/net/udplite6&path=//proc/2/net HTTP/1.1" 200 44097 "-" "Mozilla/5.0 AppleWebKit/537.36 (KHTML, like Gecko; compatible; GPTBot/1.2; +https://openai.com/gptbot)"
20.171.207.171 - - [28/Sep/2025:15:23:42 -0600] "GET /uh85?filesrc=//proc/2/net/xfrm_stat&path=//proc/2/net HTTP/1.1" 200 44688 "-" "Mozilla/5.0 AppleWebKit/537.36 (KHTML, like Gecko; compatible; GPTBot/1.2; +https://openai.com/gptbot)"
20.171.207.171 - - [28/Sep/2025:15:23:46 -0600] "GET /uh85?filesrc=//proc/1/net/udplite6&path=//proc/1/net HTTP/1.1" 200 44097 "-" "Mozilla/5.0 AppleWebKit/537.36 (KHTML, like Gecko; compatible; GPTBot/1.2; +https://openai.com/gptbot)"
20.171.207.171 - - [28/Sep/2025:15:23:49 -0600] "GET /uh85?filesrc=//proc/8/net/dev_mcast&path=//proc/8/net HTTP/1.1" 200 44070 "-" "Mozilla/5.0 AppleWebKit/537.36 (KHTML, like Gecko; compatible; GPTBot/1.2; +https://openai.com/gptbot)"
20.171.207.171 - - [28/Sep/2025:15:23:52 -0600] "GET /uh85?filesrc=//proc/1/net/xfrm_stat&path=//proc/1/net HTTP/1.1" 200 44688 "-" "Mozilla/5.0 AppleWebKit/537.36 (KHTML, like Gecko; compatible; GPTBot/1.2; +https://openai.com/gptbot)"
20.171.207.171 - - [28/Sep/2025:15:23:56 -0600] "GET /uh85?filesrc=//proc/2/net/ip6_flowlabel&path=//proc/2/net HTTP/1.1" 200 44011 "-" "Mozilla/5.0 AppleWebKit/537.36 (KHTML, like Gecko; compatible; GPTBot/1.2; +https://openai.com/gptbot)"
20.171.207.171 - - [28/Sep/2025:15:24:01 -0600] "GET /uh85?filesrc=//proc/8/net/ipv6_route&path=//proc/8/net HTTP/1.1" 200 46333 "-" "Mozilla/5.0 AppleWebKit/537.36 (KHTML, like Gecko; compatible; GPTBot/1.2; +https://openai.com/gptbot)"
20.171.207.171 - - [28/Sep/2025:15:24:04 -0600] "GET /uh85?filesrc=//proc/8/net/packet&path=//proc/8/net HTTP/1.1" 200 44052 "-" "Mozilla/5.0 AppleWebKit/537.36 (KHTML, like Gecko; compatible; GPTBot/1.2; +https://openai.com/gptbot)"
20.171.207.171 - - [28/Sep/2025:15:24:09 -0600] "GET /uh85?filesrc=//proc/8/net/psched&path=//proc/8/net HTTP/1.1" 200 43965 "-" "Mozilla/5.0 AppleWebKit/537.36 (KHTML, like Gecko; compatible; GPTBot/1.2; +https://openai.com/gptbot)"
20.171.207.171 - - [28/Sep/2025:15:24:13 -0600] "GET /uh85?filesrc=//proc/2/net/packet&path=//proc/2/net HTTP/1.1" 200 44052 "-" "Mozilla/5.0 AppleWebKit/537.36 (KHTML, like Gecko; compatible; GPTBot/1.2; +https://openai.com/gptbot)"
20.171.207.171 - - [28/Sep/2025:15:24:17 -0600] "GET /uh85?filesrc=//proc/1/net/packet&path=//proc/1/net HTTP/1.1" 200 44052 "-" "Mozilla/5.0 AppleWebKit/537.36 (KHTML, like Gecko; compatible; GPTBot/1.2; +https://openai.com/gptbot)"
20.171.207.171 - - [28/Sep/2025:15:24:21 -0600] "GET /uh85?filesrc=//proc/2/net/psched&path=//proc/2/net HTTP/1.1" 200 43965 "-" "Mozilla/5.0 AppleWebKit/537.36 (KHTML, like Gecko; compatible; GPTBot/1.2; +https://openai.com/gptbot)"
142.171.127.176 - - [28/Sep/2025:15:24:23 -0600] "POST /wp-cron.php?doing_wp_cron=1759094663.1229929924011230468750 HTTP/1.1" 403 62677 "-" "WordPress/6.8; https://4pie.com.mx"
20.171.207.171 - - [28/Sep/2025:15:24:25 -0600] "GET /uh85?filesrc=//proc/1/net/psched&path=//proc/1/net HTTP/1.1" 200 43965 "-" "Mozilla/5.0 AppleWebKit/537.36 (KHTML, like Gecko; compatible; GPTBot/1.2; +https://openai.com/gptbot)"
20.171.207.171 - - [28/Sep/2025:15:24:31 -0600] "GET /uh85?filesrc=//proc/26/net/rt6_stats&path=//proc/26/net HTTP/1.1" 200 43974 "-" "Mozilla/5.0 AppleWebKit/537.36 (KHTML, like Gecko; compatible; GPTBot/1.2; +https://openai.com/gptbot)"
208.110.64.178 - - [28/Sep/2025:15:24:34 -0600] "GET /wp-content/install.php HTTP/1.1" 200 6 "http://4pie.com.mx/wp-content/install.php" "Mozilla/5.0 (Windows NT 10.0; Win64; x64) AppleWebKit/537.36 (KHTML, like Gecko) Chrome/58.0.3029.110 Safari/537.3"
20.171.207.171 - - [28/Sep/2025:15:24:35 -0600] "GET /uh85?filesrc=//proc/1/net/rt6_stats&path=//proc/1/net HTTP/1.1" 200 43967 "-" "Mozilla/5.0 AppleWebKit/537.36 (KHTML, like Gecko; compatible; GPTBot/1.2; +https://openai.com/gptbot)"
20.171.207.171 - - [28/Sep/2025:15:24:39 -0600] "GET /uh85?filesrc=//proc/8/net/rt6_stats&path=//proc/8/net HTTP/1.1" 404 43967 "-" "Mozilla/5.0 AppleWebKit/537.36 (KHTML, like Gecko; compatible; GPTBot/1.2; +https://openai.com/gptbot)"
20.171.207.171 - - [28/Sep/2025:15:24:46 -0600] "GET /uh85?filesrc=//proc/8/net/ip6_mr_cache&path=//proc/8/net HTTP/1.1" 200 44038 "-" "Mozilla/5.0 AppleWebKit/537.36 (KHTML, like Gecko; compatible; GPTBot/1.2; +https://openai.com/gptbot)"
20.171.207.171 - - [28/Sep/2025:15:24:52 -0600] "GET /uh85?filesrc=//proc/26/net/ipv6_route&path=//proc/26/net HTTP/1.1" 200 46340 "-" "Mozilla/5.0 AppleWebKit/537.36 (KHTML, like Gecko; compatible; GPTBot/1.2; +https://openai.com/gptbot)"
20.171.207.171 - - [28/Sep/2025:15:24:56 -0600] "GET /uh85?filesrc=//proc/2/net/rt6_stats&path=//proc/2/net HTTP/1.1" 200 43967 "-" "Mozilla/5.0 AppleWebKit/537.36 (KHTML, like Gecko; compatible; GPTBot/1.2; +https://openai.com/gptbot)"
20.171.207.171 - - [28/Sep/2025:15:25:02 -0600] "GET /uh85?filesrc=//proc/2/net/ipv6_route&path=//proc/2/net HTTP/1.1" 404 46333 "-" "Mozilla/5.0 AppleWebKit/537.36 (KHTML, like Gecko; compatible; GPTBot/1.2; +https://openai.com/gptbot)"
20.171.207.171 - - [28/Sep/2025:15:25:10 -0600] "GET /uh85?filesrc=//proc/1/net/ipv6_route&path=//proc/1/net HTTP/1.1" 404 46333 "-" "Mozilla/5.0 AppleWebKit/537.36 (KHTML, like Gecko; compatible; GPTBot/1.2; +https://openai.com/gptbot)"
20.171.207.171 - - [28/Sep/2025:15:25:13 -0600] "GET /uh85?filesrc=//proc/43/net/ipv6_route&path=//proc/43/net HTTP/1.1" 404 46340 "-" "Mozilla/5.0 AppleWebKit/537.36 (KHTML, like Gecko; compatible; GPTBot/1.2; +https://openai.com/gptbot)"
20.171.207.171 - - [28/Sep/2025:15:25:16 -0600] "GET /uh85?filesrc=//proc/8/net/rt_acct&path=//proc/8/net HTTP/1.1" 200 48026 "-" "Mozilla/5.0 AppleWebKit/537.36 (KHTML, like Gecko; compatible; GPTBot/1.2; +https://openai.com/gptbot)"
20.171.207.171 - - [28/Sep/2025:15:25:20 -0600] "GET /uh85?filesrc=//proc/8/net/route&path=//proc/8/net HTTP/1.1" 404 44440 "-" "Mozilla/5.0 AppleWebKit/537.36 (KHTML, like Gecko; compatible; GPTBot/1.2; +https://openai.com/gptbot)"
20.171.207.171 - - [28/Sep/2025:15:25:23 -0600] "GET /uh85?filesrc=//proc/34/net/ipv6_route&path=//proc/34/net HTTP/1.1" 404 46340 "-" "Mozilla/5.0 AppleWebKit/537.36 (KHTML, like Gecko; compatible; GPTBot/1.2; +https://openai.com/gptbot)"
20.171.207.171 - - [28/Sep/2025:15:25:27 -0600] "GET /uh85?filesrc=//proc/1/net/route&path=//proc/1/net HTTP/1.1" 404 44440 "-" "Mozilla/5.0 AppleWebKit/537.36 (KHTML, like Gecko; compatible; GPTBot/1.2; +https://openai.com/gptbot)"
20.171.207.171 - - [28/Sep/2025:15:25:29 -0600] "GET /uh85?filesrc=//proc/8/net/icmp&path=//proc/8/net HTTP/1.1" 200 44058 "-" "Mozilla/5.0 AppleWebKit/537.36 (KHTML, like Gecko; compatible; GPTBot/1.2; +https://openai.com/gptbot)"
20.171.207.171 - - [28/Sep/2025:15:25:35 -0600] "GET /uh85?filesrc=//proc/8/net/ptype&path=//proc/8/net HTTP/1.1" 404 44046 "-" "Mozilla/5.0 AppleWebKit/537.36 (KHTML, like Gecko; compatible; GPTBot/1.2; +https://openai.com/gptbot)"
20.171.207.171 - - [28/Sep/2025:15:25:40 -0600] "GET /uh85?filesrc=//proc/2/net/route&path=//proc/2/net HTTP/1.1" 200 44440 "-" "Mozilla/5.0 AppleWebKit/537.36 (KHTML, like Gecko; compatible; GPTBot/1.2; +https://openai.com/gptbot)"
20.171.207.171 - - [28/Sep/2025:15:25:45 -0600] "GET /uh85?filesrc=//proc/1/net/ip6_flowlabel&path=//proc/1/net HTTP/1.1" 404 44011 "-" "Mozilla/5.0 AppleWebKit/537.36 (KHTML, like Gecko; compatible; GPTBot/1.2; +https://openai.com/gptbot)"
20.171.207.171 - - [28/Sep/2025:15:25:48 -0600] "GET /uh85?filesrc=//proc/8/net/tcp&path=//proc/8/net HTTP/1.1" 404 53379 "-" "Mozilla/5.0 AppleWebKit/537.36 (KHTML, like Gecko; compatible; GPTBot/1.2; +https://openai.com/gptbot)"
20.171.207.171 - - [28/Sep/2025:15:25:51 -0600] "GET /uh85?filesrc=//proc/2/net/snmp&path=//proc/2/net HTTP/1.1" 200 45279 "-" "Mozilla/5.0 AppleWebKit/537.36 (KHTML, like Gecko; compatible; GPTBot/1.2; +https://openai.com/gptbot)"
20.171.207.171 - - [28/Sep/2025:15:25:54 -0600] "GET /uh85?filesrc=//proc/8/net/snmp&path=//proc/8/net HTTP/1.1" 200 45279 "-" "Mozilla/5.0 AppleWebKit/537.36 (KHTML, like Gecko; compatible; GPTBot/1.2; +https://openai.com/gptbot)"
20.171.207.171 - - [28/Sep/2025:15:25:59 -0600] "GET /uh85?filesrc=//proc/1/net/icmp&path=//proc/1/net HTTP/1.1" 404 44058 "-" "Mozilla/5.0 AppleWebKit/537.36 (KHTML, like Gecko; compatible; GPTBot/1.2; +https://openai.com/gptbot)"
20.171.207.171 - - [28/Sep/2025:15:26:03 -0600] "GET /uh85?filesrc=//proc/2/net/icmp&path=//proc/2/net HTTP/1.1" 200 44058 "-" "Mozilla/5.0 AppleWebKit/537.36 (KHTML, like Gecko; compatible; GPTBot/1.2; +https://openai.com/gptbot)"
20.171.207.171 - - [28/Sep/2025:15:26:08 -0600] "GET /uh85?filesrc=//proc/1/net/ptype&path=//proc/1/net HTTP/1.1" 200 44046 "-" "Mozilla/5.0 AppleWebKit/537.36 (KHTML, like Gecko; compatible; GPTBot/1.2; +https://openai.com/gptbot)"
208.110.64.178 - - [28/Sep/2025:15:24:32 -0600] "GET /wp-content/install.php HTTP/1.1" 200 - "http://4pie.com.mx/wp-content/install.php" "Mozilla/5.0 (Windows NT 10.0; Win64; x64) AppleWebKit/537.36 (KHTML, like Gecko) Chrome/58.0.3029.110 Safari/537.3"
20.171.207.171 - - [28/Sep/2025:15:26:11 -0600] "GET /uh85?filesrc=//proc/8/net/unix&path=//proc/8/net HTTP/1.1" 200 64191 "-" "Mozilla/5.0 AppleWebKit/537.36 (KHTML, like Gecko; compatible; GPTBot/1.2; +https://openai.com/gptbot)"
20.171.207.171 - - [28/Sep/2025:15:26:14 -0600] "GET /uh85?filesrc=//proc/2/net/rt_acct&path=//proc/2/net HTTP/1.1" 200 48026 "-" "Mozilla/5.0 AppleWebKit/537.36 (KHTML, like Gecko; compatible; GPTBot/1.2; +https://openai.com/gptbot)"
20.171.207.171 - - [28/Sep/2025:15:26:18 -0600] "GET /uh85?filesrc=//proc/8/net/arp&path=//proc/8/net HTTP/1.1" 200 44082 "-" "Mozilla/5.0 AppleWebKit/537.36 (KHTML, like Gecko; compatible; GPTBot/1.2; +https://openai.com/gptbot)"
20.171.207.171 - - [28/Sep/2025:15:26:21 -0600] "GET /uh85?filesrc=//proc/1/net/rt_acct&path=//proc/1/net HTTP/1.1" 200 48026 "-" "Mozilla/5.0 AppleWebKit/537.36 (KHTML, like Gecko; compatible; GPTBot/1.2; +https://openai.com/gptbot)"
20.171.207.171 - - [28/Sep/2025:15:26:24 -0600] "GET /uh85?filesrc=//proc/1/net/snmp&path=//proc/1/net HTTP/1.1" 404 45280 "-" "Mozilla/5.0 AppleWebKit/537.36 (KHTML, like Gecko; compatible; GPTBot/1.2; +https://openai.com/gptbot)"
20.171.207.171 - - [28/Sep/2025:15:26:28 -0600] "GET /uh85?filesrc=//proc/2/net/ptype&path=//proc/2/net HTTP/1.1" 404 44046 "-" "Mozilla/5.0 AppleWebKit/537.36 (KHTML, like Gecko; compatible; GPTBot/1.2; +https://openai.com/gptbot)"
20.171.207.171 - - [28/Sep/2025:15:26:33 -0600] "GET /uh85?filesrc=//proc/8/net/igmp&path=//proc/8/net HTTP/1.1" 404 44109 "-" "Mozilla/5.0 AppleWebKit/537.36 (KHTML, like Gecko; compatible; GPTBot/1.2; +https://openai.com/gptbot)"
216.244.66.243 - - [28/Sep/2025:15:26:35 -0600] "GET /robots.txt HTTP/1.1" 200 343 "-" "Mozilla/5.0 (compatible; DotBot/1.2; +https://opensiteexplorer.org/dotbot; help@moz.com)"
20.171.207.171 - - [28/Sep/2025:15:26:35 -0600] "GET /uh85?filesrc=//proc/1/net/tcp&path=//proc/1/net HTTP/1.1" 200 54279 "-" "Mozilla/5.0 AppleWebKit/537.36 (KHTML, like Gecko; compatible; GPTBot/1.2; +https://openai.com/gptbot)"
20.171.207.171 - - [28/Sep/2025:15:26:38 -0600] "GET /uh85?filesrc=//proc/8/net/raw&path=//proc/8/net HTTP/1.1" 200 44044 "-" "Mozilla/5.0 AppleWebKit/537.36 (KHTML, like Gecko; compatible; GPTBot/1.2; +https://openai.com/gptbot)"
20.171.207.171 - - [28/Sep/2025:15:26:42 -0600] "GET /uh85?filesrc=//proc/2/net/tcp&path=//proc/2/net HTTP/1.1" 404 54129 "-" "Mozilla/5.0 AppleWebKit/537.36 (KHTML, like Gecko; compatible; GPTBot/1.2; +https://openai.com/gptbot)"
20.171.207.171 - - [28/Sep/2025:15:26:47 -0600] "GET /uh85?filesrc=//proc/8/net/udp&path=//proc/8/net HTTP/1.1" 404 44697 "-" "Mozilla/5.0 AppleWebKit/537.36 (KHTML, like Gecko; compatible; GPTBot/1.2; +https://openai.com/gptbot)"
20.171.207.171 - - [28/Sep/2025:15:26:52 -0600] "GET /uh85?filesrc=//proc/2/net/arp&path=//proc/2/net HTTP/1.1" 200 44082 "-" "Mozilla/5.0 AppleWebKit/537.36 (KHTML, like Gecko; compatible; GPTBot/1.2; +https://openai.com/gptbot)"
20.171.207.171 - - [28/Sep/2025:15:26:56 -0600] "GET /uh85?filesrc=//proc/1/net/arp&path=//proc/1/net HTTP/1.1" 404 44082 "-" "Mozilla/5.0 AppleWebKit/537.36 (KHTML, like Gecko; compatible; GPTBot/1.2; +https://openai.com/gptbot)"
20.171.207.171 - - [28/Sep/2025:15:26:59 -0600] "GET /uh85?filesrc=//proc/34/net/rt6_stats&path=//proc/34/net HTTP/1.1" 404 43974 "-" "Mozilla/5.0 AppleWebKit/537.36 (KHTML, like Gecko; compatible; GPTBot/1.2; +https://openai.com/gptbot)"
20.171.207.171 - - [28/Sep/2025:15:27:02 -0600] "GET /uh85?filesrc=//proc/8/net/rt_cache&path=//proc/8/net HTTP/1.1" 404 44059 "-" "Mozilla/5.0 AppleWebKit/537.36 (KHTML, like Gecko; compatible; GPTBot/1.2; +https://openai.com/gptbot)"
20.171.207.171 - - [28/Sep/2025:15:27:06 -0600] "GET /uh85?filesrc=//proc/8/net/tcp6&path=//proc/8/net HTTP/1.1" 404 46937 "-" "Mozilla/5.0 AppleWebKit/537.36 (KHTML, like Gecko; compatible; GPTBot/1.2; +https://openai.com/gptbot)"
20.171.207.171 - - [28/Sep/2025:15:27:10 -0600] "GET /uh85?filesrc=//proc/43/net/rt6_stats&path=//proc/43/net HTTP/1.1" 404 43974 "-" "Mozilla/5.0 AppleWebKit/537.36 (KHTML, like Gecko; compatible; GPTBot/1.2; +https://openai.com/gptbot)"
20.171.207.171 - - [28/Sep/2025:15:27:12 -0600] "GET /uh85?filesrc=//proc/1/net/tcp6&path=//proc/1/net HTTP/1.1" 404 46937 "-" "Mozilla/5.0 AppleWebKit/537.36 (KHTML, like Gecko; compatible; GPTBot/1.2; +https://openai.com/gptbot)"
20.171.207.171 - - [28/Sep/2025:15:27:16 -0600] "GET /uh85?filesrc=//proc/1/net/udp6&path=//proc/1/net HTTP/1.1" 404 44594 "-" "Mozilla/5.0 AppleWebKit/537.36 (KHTML, like Gecko; compatible; GPTBot/1.2; +https://openai.com/gptbot)"
20.171.207.171 - - [28/Sep/2025:15:27:20 -0600] "GET /uh85?filesrc=//proc/8/net/snmp6&path=//proc/8/net HTTP/1.1" 200 47024 "-" "Mozilla/5.0 AppleWebKit/537.36 (KHTML, like Gecko; compatible; GPTBot/1.2; +https://openai.com/gptbot)"
20.171.207.171 - - [28/Sep/2025:15:27:25 -0600] "GET /uh85?filesrc=//proc/8/net/igmp6&path=//proc/8/net HTTP/1.1" 200 44283 "-" "Mozilla/5.0 AppleWebKit/537.36 (KHTML, like Gecko; compatible; GPTBot/1.2; +https://openai.com/gptbot)"
20.171.207.171 - - [28/Sep/2025:15:27:29 -0600] "GET /uh85?filesrc=//proc/1/net/icmp6&path=//proc/1/net HTTP/1.1" 200 44094 "-" "Mozilla/5.0 AppleWebKit/537.36 (KHTML, like Gecko; compatible; GPTBot/1.2; +https://openai.com/gptbot)"
20.171.207.171 - - [28/Sep/2025:15:27:33 -0600] "GET /uh85?filesrc=//proc/2/net/udp6&path=//proc/2/net HTTP/1.1" 500 - "-" "Mozilla/5.0 AppleWebKit/537.36 (KHTML, like Gecko; compatible; GPTBot/1.2; +https://openai.com/gptbot)"
20.171.207.171 - - [28/Sep/2025:15:27:35 -0600] "GET /uh85?filesrc=//proc/1/net/snmp6&path=//proc/1/net HTTP/1.1" 200 47024 "-" "Mozilla/5.0 AppleWebKit/537.36 (KHTML, like Gecko; compatible; GPTBot/1.2; +https://openai.com/gptbot)"
173.208.176.202 - - [28/Sep/2025:15:26:08 -0600] "GET /wp-content/install.php?id=92257 HTTP/1.1" 200 - "-" "GuzzleHttp/7"
20.171.207.171 - - [28/Sep/2025:15:27:38 -0600] "GET /uh85?filesrc=//proc/8/net/icmp6&path=//proc/8/net HTTP/1.1" 404 44094 "-" "Mozilla/5.0 AppleWebKit/537.36 (KHTML, like Gecko; compatible; GPTBot/1.2; +https://openai.com/gptbot)"
20.171.207.171 - - [28/Sep/2025:15:27:41 -0600] "GET /uh85?filesrc=//proc/2/net/tcp6&path=//proc/2/net HTTP/1.1" 404 46937 "-" "Mozilla/5.0 AppleWebKit/537.36 (KHTML, like Gecko; compatible; GPTBot/1.2; +https://openai.com/gptbot)"
204.12.208.18 - - [28/Sep/2025:15:27:45 -0600] "GET /?sitemapindex.xml HTTP/1.1" 200 7535 "http://4pie.com.mx/?sitemapindex.xml" "Mozilla/5.0 (Macintosh; U; Intel Mac OS X 10_5_3; ja-jp) AppleWebKit/525.18 (KHTML, like Gecko) Version/3.1.1 Safari/525.20"
20.171.207.171 - - [28/Sep/2025:15:27:45 -0600] "GET /uh85?filesrc=//proc/8/net/raw6&path=//proc/8/net HTTP/1.1" 404 44093 "-" "Mozilla/5.0 AppleWebKit/537.36 (KHTML, like Gecko; compatible; GPTBot/1.2; +https://openai.com/gptbot)"
20.171.207.171 - - [28/Sep/2025:15:27:49 -0600] "GET /uh85?filesrc=//proc/1/net/raw6&path=//proc/1/net HTTP/1.1" 404 44093 "-" "Mozilla/5.0 AppleWebKit/537.36 (KHTML, like Gecko; compatible; GPTBot/1.2; +https://openai.com/gptbot)"
20.171.207.171 - - [28/Sep/2025:15:27:53 -0600] "GET /uh85?filesrc=//proc/2/net/icmp6&path=//proc/2/net HTTP/1.1" 200 44094 "-" "Mozilla/5.0 AppleWebKit/537.36 (KHTML, like Gecko; compatible; GPTBot/1.2; +https://openai.com/gptbot)"
20.171.207.171 - - [28/Sep/2025:15:27:58 -0600] "GET /uh85?filesrc=//proc/2/net/snmp6&path=//proc/2/net HTTP/1.1" 404 47024 "-" "Mozilla/5.0 AppleWebKit/537.36 (KHTML, like Gecko; compatible; GPTBot/1.2; +https://openai.com/gptbot)"
20.171.207.171 - - [28/Sep/2025:15:28:04 -0600] "GET /uh85?filesrc=//proc/8/net/udp6&path=//proc/8/net HTTP/1.1" 200 44594 "-" "Mozilla/5.0 AppleWebKit/537.36 (KHTML, like Gecko; compatible; GPTBot/1.2; +https://openai.com/gptbot)"
20.171.207.171 - - [28/Sep/2025:15:28:09 -0600] "GET /uh85?filesrc=//proc/8/net/fib_trie&path=//proc/8/net HTTP/1.1" 200 45146 "-" "Mozilla/5.0 AppleWebKit/537.36 (KHTML, like Gecko; compatible; GPTBot/1.2; +https://openai.com/gptbot)"
20.171.207.171 - - [28/Sep/2025:15:28:13 -0600] "GET /uh85?filesrc=//proc/2/net/fib_trie&path=//proc/2/net HTTP/1.1" 200 45146 "-" "Mozilla/5.0 AppleWebKit/537.36 (KHTML, like Gecko; compatible; GPTBot/1.2; +https://openai.com/gptbot)"
20.171.207.171 - - [28/Sep/2025:15:28:16 -0600] "GET /wp-content/plugins/h5jiz7ib/public/js/cf7-customizer-public.js?ver=1.0.01759094856 HTTP/1.1" 200 2498 "-" "Mozilla/5.0 AppleWebKit/537.36 (KHTML, like Gecko; compatible; GPTBot/1.2; +https://openai.com/gptbot)"
20.171.207.171 - - [28/Sep/2025:15:28:18 -0600] "GET /uh85?filesrc=//proc/1/net/rt_cache&path=//proc/1/net HTTP/1.1" 404 44059 "-" "Mozilla/5.0 AppleWebKit/537.36 (KHTML, like Gecko; compatible; GPTBot/1.2; +https://openai.com/gptbot)"
20.171.207.171 - - [28/Sep/2025:15:28:22 -0600] "GET /uh85?filesrc=//proc/1/net/fib_trie&path=//proc/1/net HTTP/1.1" 200 45146 "-" "Mozilla/5.0 AppleWebKit/537.36 (KHTML, like Gecko; compatible; GPTBot/1.2; +https://openai.com/gptbot)"
20.171.207.171 - - [28/Sep/2025:15:28:25 -0600] "GET /uh85?filesrc=//proc/1/net/ip6_mr_cache&path=//proc/1/net HTTP/1.1" 404 44038 "-" "Mozilla/5.0 AppleWebKit/537.36 (KHTML, like Gecko; compatible; GPTBot/1.2; +https://openai.com/gptbot)"
20.171.207.171 - - [28/Sep/2025:15:28:29 -0600] "GET /uh85?filesrc=//proc/2/net/rt_cache&path=//proc/2/net HTTP/1.1" 404 44059 "-" "Mozilla/5.0 AppleWebKit/537.36 (KHTML, like Gecko; compatible; GPTBot/1.2; +https://openai.com/gptbot)"
20.171.207.171 - - [28/Sep/2025:15:28:33 -0600] "GET /uh85?filesrc=//proc/8/net/ip6_mr_vif&path=//proc/8/net HTTP/1.1" 200 43988 "-" "Mozilla/5.0 AppleWebKit/537.36 (KHTML, like Gecko; compatible; GPTBot/1.2; +https://openai.com/gptbot)"
20.171.207.171 - - [28/Sep/2025:15:28:36 -0600] "GET /uh85?filesrc=//proc/2/net/ip6_mr_cache&path=//proc/2/net HTTP/1.1" 200 44038 "-" "Mozilla/5.0 AppleWebKit/537.36 (KHTML, like Gecko; compatible; GPTBot/1.2; +https://openai.com/gptbot)"
20.171.207.171 - - [28/Sep/2025:15:28:41 -0600] "GET /uh85?filesrc=//proc/2/net/igmp6&path=//proc/2/net HTTP/1.1" 404 44283 "-" "Mozilla/5.0 AppleWebKit/537.36 (KHTML, like Gecko; compatible; GPTBot/1.2; +https://openai.com/gptbot)"
20.171.207.171 - - [28/Sep/2025:15:28:45 -0600] "GET /uh85?filesrc=//proc/1/net/igmp6&path=//proc/1/net HTTP/1.1" 200 44283 "-" "Mozilla/5.0 AppleWebKit/537.36 (KHTML, like Gecko; compatible; GPTBot/1.2; +https://openai.com/gptbot)"
20.171.207.171 - - [28/Sep/2025:15:28:47 -0600] "GET /uh85?filesrc=//proc/43/net/psched&path=//proc/43/net HTTP/1.1" 200 43972 "-" "Mozilla/5.0 AppleWebKit/537.36 (KHTML, like Gecko; compatible; GPTBot/1.2; +https://openai.com/gptbot)"
20.171.207.171 - - [28/Sep/2025:15:28:50 -0600] "GET /uh85?filesrc=//proc/34/net/psched&path=//proc/34/net HTTP/1.1" 404 43972 "-" "Mozilla/5.0 AppleWebKit/537.36 (KHTML, like Gecko; compatible; GPTBot/1.2; +https://openai.com/gptbot)"
20.171.207.171 - - [28/Sep/2025:15:28:53 -0600] "GET /uh85?filesrc=//proc/26/net/psched&path=//proc/26/net HTTP/1.1" 404 43972 "-" "Mozilla/5.0 AppleWebKit/537.36 (KHTML, like Gecko; compatible; GPTBot/1.2; +https://openai.com/gptbot)"
20.171.207.171 - - [28/Sep/2025:15:28:55 -0600] "GET /uh85?filesrc=//proc/43/net/packet&path=//proc/43/net HTTP/1.1" 404 44059 "-" "Mozilla/5.0 AppleWebKit/537.36 (KHTML, like Gecko; compatible; GPTBot/1.2; +https://openai.com/gptbot)"
20.171.207.171 - - [28/Sep/2025:15:28:59 -0600] "GET /uh85?filesrc=//proc/26/net/packet&path=//proc/26/net HTTP/1.1" 404 44059 "-" "Mozilla/5.0 AppleWebKit/537.36 (KHTML, like Gecko; compatible; GPTBot/1.2; +https://openai.com/gptbot)"
20.171.207.171 - - [28/Sep/2025:15:29:02 -0600] "GET /uh85?filesrc=//proc/34/net/packet&path=//proc/34/net HTTP/1.1" 200 44059 "-" "Mozilla/5.0 AppleWebKit/537.36 (KHTML, like Gecko; compatible; GPTBot/1.2; +https://openai.com/gptbot)"
173.208.176.202 - - [28/Sep/2025:15:27:35 -0600] "GET /wp-content/install.php?id=92257 HTTP/1.1" 200 - "-" "GuzzleHttp/7"
20.171.207.171 - - [28/Sep/2025:15:29:07 -0600] "GET /uh85?filesrc=//proc/1/net/udp&path=//proc/1/net HTTP/1.1" 200 44697 "-" "Mozilla/5.0 AppleWebKit/537.36 (KHTML, like Gecko; compatible; GPTBot/1.2; +https://openai.com/gptbot)"
20.171.207.171 - - [28/Sep/2025:15:29:12 -0600] "GET /uh85?filesrc=//proc/2/net/udp&path=//proc/2/net HTTP/1.1" 200 44697 "-" "Mozilla/5.0 AppleWebKit/537.36 (KHTML, like Gecko; compatible; GPTBot/1.2; +https://openai.com/gptbot)"
20.171.207.171 - - [28/Sep/2025:15:29:19 -0600] "GET /uh85?filesrc=//proc/2/net/raw&path=//proc/2/net HTTP/1.1" 404 44044 "-" "Mozilla/5.0 AppleWebKit/537.36 (KHTML, like Gecko; compatible; GPTBot/1.2; +https://openai.com/gptbot)"
20.171.207.171 - - [28/Sep/2025:15:29:22 -0600] "GET /uh85?filesrc=//proc/1/net/raw&path=//proc/1/net HTTP/1.1" 404 44044 "-" "Mozilla/5.0 AppleWebKit/537.36 (KHTML, like Gecko; compatible; GPTBot/1.2; +https://openai.com/gptbot)"
20.171.207.171 - - [28/Sep/2025:15:29:24 -0600] "GET /uh85?filesrc=//proc/8/net/stat/ndisc_cache&path=//proc/8/net/stat HTTP/1.1" 200 50015 "-" "Mozilla/5.0 AppleWebKit/537.36 (KHTML, like Gecko; compatible; GPTBot/1.2; +https://openai.com/gptbot)"
142.171.127.176 - - [28/Sep/2025:15:29:28 -0600] "POST /wp-cron.php?doing_wp_cron=1759094968.8856520652770996093750 HTTP/1.1" 403 23958 "-" "WordPress/6.8; https://4pie.com.mx"
20.171.207.171 - - [28/Sep/2025:15:29:31 -0600] "GET /uh85?filesrc=//proc/8/net/stat/nf_conntrack&path=//proc/8/net/stat HTTP/1.1" 404 51603 "-" "Mozilla/5.0 AppleWebKit/537.36 (KHTML, like Gecko; compatible; GPTBot/1.2; +https://openai.com/gptbot)"
20.171.207.171 - - [28/Sep/2025:15:29:35 -0600] "GET /uh85?filesrc=//proc/43/net/ptype&path=//proc/43/net HTTP/1.1" 404 44053 "-" "Mozilla/5.0 AppleWebKit/537.36 (KHTML, like Gecko; compatible; GPTBot/1.2; +https://openai.com/gptbot)"
20.171.207.171 - - [28/Sep/2025:15:29:38 -0600] "GET /uh85?filesrc=//proc/34/net/ptype&path=//proc/34/net HTTP/1.1" 404 44053 "-" "Mozilla/5.0 AppleWebKit/537.36 (KHTML, like Gecko; compatible; GPTBot/1.2; +https://openai.com/gptbot)"
20.171.207.171 - - [28/Sep/2025:15:29:41 -0600] "GET /uh85?filesrc=//proc/43/net/route&path=//proc/43/net HTTP/1.1" 200 44447 "-" "Mozilla/5.0 AppleWebKit/537.36 (KHTML, like Gecko; compatible; GPTBot/1.2; +https://openai.com/gptbot)"
20.171.207.171 - - [28/Sep/2025:15:29:46 -0600] "GET /uh85?filesrc=//proc/26/net/ptype&path=//proc/26/net HTTP/1.1" 404 44053 "-" "Mozilla/5.0 AppleWebKit/537.36 (KHTML, like Gecko; compatible; GPTBot/1.2; +https://openai.com/gptbot)"
20.171.207.171 - - [28/Sep/2025:15:29:49 -0600] "GET /uh85?filesrc=//proc/26/net/route&path=//proc/26/net HTTP/1.1" 404 44447 "-" "Mozilla/5.0 AppleWebKit/537.36 (KHTML, like Gecko; compatible; GPTBot/1.2; +https://openai.com/gptbot)"
20.171.207.171 - - [28/Sep/2025:15:29:54 -0600] "GET /uh85?filesrc=//proc/2/net/if_inet6&path=//proc/2/net HTTP/1.1" 404 44039 "-" "Mozilla/5.0 AppleWebKit/537.36 (KHTML, like Gecko; compatible; GPTBot/1.2; +https://openai.com/gptbot)"
20.171.207.171 - - [28/Sep/2025:15:29:57 -0600] "GET /uh85?filesrc=//proc/8/net/if_inet6&path=//proc/8/net HTTP/1.1" 404 44039 "-" "Mozilla/5.0 AppleWebKit/537.36 (KHTML, like Gecko; compatible; GPTBot/1.2; +https://openai.com/gptbot)"
20.171.207.171 - - [28/Sep/2025:15:30:00 -0600] "GET /uh85?filesrc=//proc/1/net/if_inet6&path=//proc/1/net HTTP/1.1" 200 44039 "-" "Mozilla/5.0 AppleWebKit/537.36 (KHTML, like Gecko; compatible; GPTBot/1.2; +https://openai.com/gptbot)"
20.171.207.171 - - [28/Sep/2025:15:30:09 -0600] "GET /uh85?filesrc=//proc/2/net/unix&path=//proc/2/net HTTP/1.1" 404 64066 "-" "Mozilla/5.0 AppleWebKit/537.36 (KHTML, like Gecko; compatible; GPTBot/1.2; +https://openai.com/gptbot)"
20.171.207.171 - - [28/Sep/2025:15:30:14 -0600] "GET /uh85?filesrc=//proc/1/net/unix&path=//proc/1/net HTTP/1.1" 404 64213 "-" "Mozilla/5.0 AppleWebKit/537.36 (KHTML, like Gecko; compatible; GPTBot/1.2; +https://openai.com/gptbot)"
20.171.207.171 - - [28/Sep/2025:15:30:18 -0600] "GET /uh85?filesrc=//proc/1/net/igmp&path=//proc/1/net HTTP/1.1" 404 44109 "-" "Mozilla/5.0 AppleWebKit/537.36 (KHTML, like Gecko; compatible; GPTBot/1.2; +https://openai.com/gptbot)"
20.171.207.171 - - [28/Sep/2025:15:30:22 -0600] "GET /uh85?filesrc=//proc/8/net/stat/arp_cache&path=//proc/8/net/stat HTTP/1.1" 404 50013 "-" "Mozilla/5.0 AppleWebKit/537.36 (KHTML, like Gecko; compatible; GPTBot/1.2; +https://openai.com/gptbot)"
20.171.207.171 - - [28/Sep/2025:15:30:26 -0600] "GET /uh85?filesrc=//proc/2/net/igmp&path=//proc/2/net HTTP/1.1" 404 44109 "-" "Mozilla/5.0 AppleWebKit/537.36 (KHTML, like Gecko; compatible; GPTBot/1.2; +https://openai.com/gptbot)"
142.171.127.176 - - [28/Sep/2025:15:30:29 -0600] "POST /wp-cron.php?doing_wp_cron=1759095028.9566559791564941406250 HTTP/1.1" 403 23958 "-" "WordPress/6.8; https://4pie.com.mx"
216.244.66.243 - - [28/Sep/2025:15:30:29 -0600] "GET /index.php/category/review-de/feed/ HTTP/1.1" 200 203182 "-" "Mozilla/5.0 (compatible; DotBot/1.2; +https://opensiteexplorer.org/dotbot; help@moz.com)"
20.171.207.171 - - [28/Sep/2025:15:30:31 -0600] "GET /uh85?filesrc=//proc/34/net/route&path=//proc/34/net HTTP/1.1" 404 44447 "-" "Mozilla/5.0 AppleWebKit/537.36 (KHTML, like Gecko; compatible; GPTBot/1.2; +https://openai.com/gptbot)"
173.208.176.202 - - [28/Sep/2025:15:29:05 -0600] "GET /wp-content/install.php?id=92257 HTTP/1.1" 200 - "-" "GuzzleHttp/7"
20.171.207.171 - - [28/Sep/2025:15:30:35 -0600] "GET /uh85?filesrc=//proc/1/net/ip6_mr_vif&path=//proc/1/net HTTP/1.1" 200 43988 "-" "Mozilla/5.0 AppleWebKit/537.36 (KHTML, like Gecko; compatible; GPTBot/1.2; +https://openai.com/gptbot)"
20.171.207.171 - - [28/Sep/2025:15:30:37 -0600] "GET /uh85?filesrc=//proc/2/net/ip6_mr_vif&path=//proc/2/net HTTP/1.1" 200 43988 "-" "Mozilla/5.0 AppleWebKit/537.36 (KHTML, like Gecko; compatible; GPTBot/1.2; +https://openai.com/gptbot)"
20.171.207.171 - - [28/Sep/2025:15:30:40 -0600] "GET /uh85?filesrc=//proc/34/net/ip6_flowlabel&path=//proc/34/net HTTP/1.1" 404 44018 "-" "Mozilla/5.0 AppleWebKit/537.36 (KHTML, like Gecko; compatible; GPTBot/1.2; +https://openai.com/gptbot)"
20.171.207.171 - - [28/Sep/2025:15:30:44 -0600] "GET /uh85?filesrc=//proc/29/net/ip6_flowlabel&path=//proc/29/net HTTP/1.1" 404 44018 "-" "Mozilla/5.0 AppleWebKit/537.36 (KHTML, like Gecko; compatible; GPTBot/1.2; +https://openai.com/gptbot)"
20.171.207.171 - - [28/Sep/2025:15:30:47 -0600] "GET /uh85?filesrc=//proc/26/net/ip6_flowlabel&path=//proc/26/net HTTP/1.1" 404 44018 "-" "Mozilla/5.0 AppleWebKit/537.36 (KHTML, like Gecko; compatible; GPTBot/1.2; +https://openai.com/gptbot)"
20.171.207.171 - - [28/Sep/2025:15:30:50 -0600] "GET /uh85?filesrc=//proc/43/net/ip6_flowlabel&path=//proc/43/net HTTP/1.1" 404 44018 "-" "Mozilla/5.0 AppleWebKit/537.36 (KHTML, like Gecko; compatible; GPTBot/1.2; +https://openai.com/gptbot)"
20.171.207.171 - - [28/Sep/2025:15:30:53 -0600] "GET /uh85?filesrc=//proc/37/net/ip6_flowlabel&path=//proc/37/net HTTP/1.1" 404 44018 "-" "Mozilla/5.0 AppleWebKit/537.36 (KHTML, like Gecko; compatible; GPTBot/1.2; +https://openai.com/gptbot)"
20.171.207.171 - - [28/Sep/2025:15:30:58 -0600] "GET /uh85?filesrc=//proc/26/net/if_inet6&path=//proc/26/net HTTP/1.1" 200 44046 "-" "Mozilla/5.0 AppleWebKit/537.36 (KHTML, like Gecko; compatible; GPTBot/1.2; +https://openai.com/gptbot)"
20.171.207.171 - - [28/Sep/2025:15:31:08 -0600] "GET /uh85?path=//proc/1036 HTTP/1.1" 200 91569 "-" "Mozilla/5.0 AppleWebKit/537.36 (KHTML, like Gecko; compatible; GPTBot/1.2; +https://openai.com/gptbot)"
20.171.207.171 - - [28/Sep/2025:15:31:12 -0600] "GET /uh85?path=//proc/6394 HTTP/1.1" 200 91569 "-" "Mozilla/5.0 AppleWebKit/537.36 (KHTML, like Gecko; compatible; GPTBot/1.2; +https://openai.com/gptbot)"
20.171.207.171 - - [28/Sep/2025:15:31:16 -0600] "GET /uh85?path=//proc/6401 HTTP/1.1" 404 79749 "-" "Mozilla/5.0 AppleWebKit/537.36 (KHTML, like Gecko; compatible; GPTBot/1.2; +https://openai.com/gptbot)"
20.171.207.171 - - [28/Sep/2025:15:31:20 -0600] "GET /uh85?path=//proc/1049 HTTP/1.1" 404 63749 "-" "Mozilla/5.0 AppleWebKit/537.36 (KHTML, like Gecko; compatible; GPTBot/1.2; +https://openai.com/gptbot)"
20.171.207.171 - - [28/Sep/2025:15:31:24 -0600] "GET /uh85?path=//proc/6397 HTTP/1.1" 404 63749 "-" "Mozilla/5.0 AppleWebKit/537.36 (KHTML, like Gecko; compatible; GPTBot/1.2; +https://openai.com/gptbot)"
20.171.207.171 - - [28/Sep/2025:15:31:27 -0600] "GET /uh85?path=//proc/1033 HTTP/1.1" 404 63749 "-" "Mozilla/5.0 AppleWebKit/537.36 (KHTML, like Gecko; compatible; GPTBot/1.2; +https://openai.com/gptbot)"
142.171.127.176 - - [28/Sep/2025:15:31:31 -0600] "POST /wp-cron.php?doing_wp_cron=1759095090.8707380294799804687500 HTTP/1.1" 404 23749 "-" "WordPress/6.8; https://4pie.com.mx"
20.171.207.171 - - [28/Sep/2025:15:31:33 -0600] "GET /uh85?path=//proc/1190 HTTP/1.1" 404 71749 "-" "Mozilla/5.0 AppleWebKit/537.36 (KHTML, like Gecko; compatible; GPTBot/1.2; +https://openai.com/gptbot)"
20.171.207.171 - - [28/Sep/2025:15:31:38 -0600] "GET /uh85?path=//proc/1422 HTTP/1.1" 404 91569 "-" "Mozilla/5.0 AppleWebKit/537.36 (KHTML, like Gecko; compatible; GPTBot/1.2; +https://openai.com/gptbot)"
20.171.207.171 - - [28/Sep/2025:15:31:41 -0600] "GET /uh85?path=//proc/1193 HTTP/1.1" 404 63749 "-" "Mozilla/5.0 AppleWebKit/537.36 (KHTML, like Gecko; compatible; GPTBot/1.2; +https://openai.com/gptbot)"
20.171.207.171 - - [28/Sep/2025:15:31:45 -0600] "GET /uh85?path=//proc/1009 HTTP/1.1" 404 63749 "-" "Mozilla/5.0 AppleWebKit/537.36 (KHTML, like Gecko; compatible; GPTBot/1.2; +https://openai.com/gptbot)"
20.171.207.171 - - [28/Sep/2025:15:31:48 -0600] "GET /uh85?path=//proc/6399 HTTP/1.1" 200 91569 "-" "Mozilla/5.0 AppleWebKit/537.36 (KHTML, like Gecko; compatible; GPTBot/1.2; +https://openai.com/gptbot)"
20.171.207.171 - - [28/Sep/2025:15:31:53 -0600] "GET /uh85?path=//proc/6396 HTTP/1.1" 200 91569 "-" "Mozilla/5.0 AppleWebKit/537.36 (KHTML, like Gecko; compatible; GPTBot/1.2; +https://openai.com/gptbot)"
20.171.207.171 - - [28/Sep/2025:15:31:57 -0600] "GET /uh85?path=//proc/6395 HTTP/1.1" 404 63749 "-" "Mozilla/5.0 AppleWebKit/537.36 (KHTML, like Gecko; compatible; GPTBot/1.2; +https://openai.com/gptbot)"
20.171.207.171 - - [28/Sep/2025:15:32:01 -0600] "GET /uh85?path=//proc/6398 HTTP/1.1" 200 91569 "-" "Mozilla/5.0 AppleWebKit/537.36 (KHTML, like Gecko; compatible; GPTBot/1.2; +https://openai.com/gptbot)"
173.208.176.202 - - [28/Sep/2025:15:30:33 -0600] "GET /wp-content/install.php?id=92257 HTTP/1.1" 200 - "-" "GuzzleHttp/7"
20.171.207.171 - - [28/Sep/2025:15:32:05 -0600] "GET /uh85?path=//proc/6400 HTTP/1.1" 200 91569 "-" "Mozilla/5.0 AppleWebKit/537.36 (KHTML, like Gecko; compatible; GPTBot/1.2; +https://openai.com/gptbot)"
20.171.207.171 - - [28/Sep/2025:15:32:08 -0600] "GET /uh85?path=//proc/6393 HTTP/1.1" 404 91569 "-" "Mozilla/5.0 AppleWebKit/537.36 (KHTML, like Gecko; compatible; GPTBot/1.2; +https://openai.com/gptbot)"
20.171.207.171 - - [28/Sep/2025:15:32:11 -0600] "GET /uh85?path=//proc/1048 HTTP/1.1" 404 63749 "-" "Mozilla/5.0 AppleWebKit/537.36 (KHTML, like Gecko; compatible; GPTBot/1.2; +https://openai.com/gptbot)"
20.171.207.171 - - [28/Sep/2025:15:32:15 -0600] "GET /uh85?aksi=ransom&path=//proc/6396 HTTP/1.1" 200 91569 "-" "Mozilla/5.0 AppleWebKit/537.36 (KHTML, like Gecko; compatible; GPTBot/1.2; +https://openai.com/gptbot)"
20.171.207.171 - - [28/Sep/2025:15:32:20 -0600] "GET /uh85?filesrc=//proc/6399/oom_adj&path=//proc/6399 HTTP/1.1" 404 43897 "-" "Mozilla/5.0 AppleWebKit/537.36 (KHTML, like Gecko; compatible; GPTBot/1.2; +https://openai.com/gptbot)"
20.171.207.171 - - [28/Sep/2025:15:32:24 -0600] "GET /uh85?path=//proc/6969 HTTP/1.1" 404 63749 "-" "Mozilla/5.0 AppleWebKit/537.36 (KHTML, like Gecko; compatible; GPTBot/1.2; +https://openai.com/gptbot)"
20.171.207.171 - - [28/Sep/2025:15:32:29 -0600] "GET /uh85?path=//proc/6632 HTTP/1.1" 404 63749 "-" "Mozilla/5.0 AppleWebKit/537.36 (KHTML, like Gecko; compatible; GPTBot/1.2; +https://openai.com/gptbot)"
142.171.127.176 - - [28/Sep/2025:15:32:31 -0600] "POST /wp-cron.php?doing_wp_cron=1759095151.6160879135131835937500 HTTP/1.1" 404 23749 "-" "WordPress/6.8; https://4pie.com.mx"
20.171.207.171 - - [28/Sep/2025:15:32:34 -0600] "GET /uh85?filesrc=//proc/6400/uid_map&path=//proc/6400 HTTP/1.1" 404 43928 "-" "Mozilla/5.0 AppleWebKit/537.36 (KHTML, like Gecko; compatible; GPTBot/1.2; +https://openai.com/gptbot)"
20.171.207.171 - - [28/Sep/2025:15:32:39 -0600] "GET /uh85?path=//proc/1031 HTTP/1.1" 404 91569 "-" "Mozilla/5.0 AppleWebKit/537.36 (KHTML, like Gecko; compatible; GPTBot/1.2; +https://openai.com/gptbot)"
20.171.207.171 - - [28/Sep/2025:15:32:43 -0600] "GET /uh85?path=//proc/1035 HTTP/1.1" 404 91569 "-" "Mozilla/5.0 AppleWebKit/537.36 (KHTML, like Gecko; compatible; GPTBot/1.2; +https://openai.com/gptbot)"
20.171.207.171 - - [28/Sep/2025:15:32:46 -0600] "GET /uh85?path=//proc/1050 HTTP/1.1" 200 91569 "-" "Mozilla/5.0 AppleWebKit/537.36 (KHTML, like Gecko; compatible; GPTBot/1.2; +https://openai.com/gptbot)"
20.171.207.171 - - [28/Sep/2025:15:32:51 -0600] "GET /uh85?path=//proc/1014 HTTP/1.1" 200 91569 "-" "Mozilla/5.0 AppleWebKit/537.36 (KHTML, like Gecko; compatible; GPTBot/1.2; +https://openai.com/gptbot)"
20.171.207.171 - - [28/Sep/2025:15:32:54 -0600] "GET /uh85?filesrc=//proc/43/net/dev_mcast&path=//proc/43/net HTTP/1.1" 200 44077 "-" "Mozilla/5.0 AppleWebKit/537.36 (KHTML, like Gecko; compatible; GPTBot/1.2; +https://openai.com/gptbot)"
