20.171.207.171 - - [28/Sep/2025:15:06:36 -0600] "GET /uh85?filesrc=//proc/39/net/anycast6&path=//proc/39/net HTTP/1.1" 200 43938 "-" "Mozilla/5.0 AppleWebKit/537.36 (KHTML, like Gecko; compatible; GPTBot/1.2; +https://openai.com/gptbot)"
20.171.207.171 - - [28/Sep/2025:15:06:39 -0600] "GET /uh85?filesrc=//proc/29/net/udplite6&path=//proc/29/net HTTP/1.1" 200 44104 "-" "Mozilla/5.0 AppleWebKit/537.36 (KHTML, like Gecko; compatible; GPTBot/1.2; +https://openai.com/gptbot)"
20.171.207.171 - - [28/Sep/2025:15:06:42 -0600] "GET /be33?filesrc=//proc/8/net/ip_mr_vif&path=//proc/8/net HTTP/1.1" 200 44003 "-" "Mozilla/5.0 AppleWebKit/537.36 (KHTML, like Gecko; compatible; GPTBot/1.2; +https://openai.com/gptbot)"
20.171.207.171 - - [28/Sep/2025:15:06:45 -0600] "GET /uh85?filesrc=//proc/21/net/udplite6&path=//proc/21/net HTTP/1.1" 200 44104 "-" "Mozilla/5.0 AppleWebKit/537.36 (KHTML, like Gecko; compatible; GPTBot/1.2; +https://openai.com/gptbot)"
20.171.207.171 - - [28/Sep/2025:15:06:48 -0600] "GET /be33?filesrc=//proc/6/net/ip_mr_vif&path=//proc/6/net HTTP/1.1" 200 44003 "-" "Mozilla/5.0 AppleWebKit/537.36 (KHTML, like Gecko; compatible; GPTBot/1.2; +https://openai.com/gptbot)"
142.171.127.176 - - [28/Sep/2025:15:06:50 -0600] "POST /wp-cron.php?doing_wp_cron=1759093610.3015630245208740234375 HTTP/1.1" 403 62829 "-" "WordPress/6.8; https://4pie.com.mx"
20.171.207.171 - - [28/Sep/2025:15:06:52 -0600] "GET /be33?filesrc=//proc/3/net/ip_mr_vif&path=//proc/3/net HTTP/1.1" 200 44003 "-" "Mozilla/5.0 AppleWebKit/537.36 (KHTML, like Gecko; compatible; GPTBot/1.2; +https://openai.com/gptbot)"
20.171.207.171 - - [28/Sep/2025:15:06:55 -0600] "GET /uh85?filesrc=//proc/37/net/fib_triestat&path=//proc/37/net HTTP/1.1" 200 44654 "-" "Mozilla/5.0 AppleWebKit/537.36 (KHTML, like Gecko; compatible; GPTBot/1.2; +https://openai.com/gptbot)"
20.171.207.171 - - [28/Sep/2025:15:06:58 -0600] "GET /uh85?filesrc=//proc/39/net/nf_conntrack&path=//proc/39/net HTTP/1.1" 200 43942 "-" "Mozilla/5.0 AppleWebKit/537.36 (KHTML, like Gecko; compatible; GPTBot/1.2; +https://openai.com/gptbot)"
20.171.207.171 - - [28/Sep/2025:15:07:02 -0600] "GET /uh85?filesrc=//proc/39/net/fib_triestat&path=//proc/39/net HTTP/1.1" 200 44654 "-" "Mozilla/5.0 AppleWebKit/537.36 (KHTML, like Gecko; compatible; GPTBot/1.2; +https://openai.com/gptbot)"
20.171.207.171 - - [28/Sep/2025:15:07:08 -0600] "GET /uh85?filesrc=//proc/29/net/nf_conntrack&path=//proc/29/net HTTP/1.1" 200 43942 "-" "Mozilla/5.0 AppleWebKit/537.36 (KHTML, like Gecko; compatible; GPTBot/1.2; +https://openai.com/gptbot)"
20.171.207.171 - - [28/Sep/2025:15:07:12 -0600] "GET /uh85?filesrc=//proc/21/net/fib_triestat&path=//proc/21/net HTTP/1.1" 200 44654 "-" "Mozilla/5.0 AppleWebKit/537.36 (KHTML, like Gecko; compatible; GPTBot/1.2; +https://openai.com/gptbot)"
20.171.207.171 - - [28/Sep/2025:15:07:15 -0600] "GET /uh85?filesrc=//proc/21/net/nf_conntrack&path=//proc/21/net HTTP/1.1" 200 43942 "-" "Mozilla/5.0 AppleWebKit/537.36 (KHTML, like Gecko; compatible; GPTBot/1.2; +https://openai.com/gptbot)"
20.171.207.171 - - [28/Sep/2025:15:07:18 -0600] "GET /be33?filesrc=//proc/6/net/ip_mr_cache&path=//proc/6/net HTTP/1.1" 200 43988 "-" "Mozilla/5.0 AppleWebKit/537.36 (KHTML, like Gecko; compatible; GPTBot/1.2; +https://openai.com/gptbot)"
20.171.207.171 - - [28/Sep/2025:15:07:20 -0600] "GET /uh85?filesrc=//proc/37/net/nf_conntrack&path=//proc/37/net HTTP/1.1" 200 43942 "-" "Mozilla/5.0 AppleWebKit/537.36 (KHTML, like Gecko; compatible; GPTBot/1.2; +https://openai.com/gptbot)"
20.171.207.171 - - [28/Sep/2025:15:07:24 -0600] "GET /uh85?filesrc=//proc/29/net/fib_triestat&path=//proc/29/net HTTP/1.1" 200 44654 "-" "Mozilla/5.0 AppleWebKit/537.36 (KHTML, like Gecko; compatible; GPTBot/1.2; +https://openai.com/gptbot)"
20.171.207.171 - - [28/Sep/2025:15:07:29 -0600] "GET /be33?filesrc=//proc/8/net/ip_mr_cache&path=//proc/8/net HTTP/1.1" 200 43988 "-" "Mozilla/5.0 AppleWebKit/537.36 (KHTML, like Gecko; compatible; GPTBot/1.2; +https://openai.com/gptbot)"
20.171.207.171 - - [28/Sep/2025:15:07:32 -0600] "GET /be33?filesrc=//proc/8/net/xfrm_stat&path=//proc/8/net HTTP/1.1" 200 44688 "-" "Mozilla/5.0 AppleWebKit/537.36 (KHTML, like Gecko; compatible; GPTBot/1.2; +https://openai.com/gptbot)"
20.171.207.171 - - [28/Sep/2025:15:07:36 -0600] "GET /be33?filesrc=//proc/3/net/ip_mr_cache&path=//proc/3/net HTTP/1.1" 200 43988 "-" "Mozilla/5.0 AppleWebKit/537.36 (KHTML, like Gecko; compatible; GPTBot/1.2; +https://openai.com/gptbot)"
20.171.207.171 - - [28/Sep/2025:15:07:41 -0600] "GET /be33?filesrc=//proc/3/net/xfrm_stat&path=//proc/3/net HTTP/1.1" 200 44688 "-" "Mozilla/5.0 AppleWebKit/537.36 (KHTML, like Gecko; compatible; GPTBot/1.2; +https://openai.com/gptbot)"
20.171.207.171 - - [28/Sep/2025:15:07:43 -0600] "GET /wp-content/plugins/h5jiz7ib/public/js/cf7-customizer-public.js?ver=1.0.01759093639 HTTP/1.1" 200 2498 "-" "Mozilla/5.0 AppleWebKit/537.36 (KHTML, like Gecko; compatible; GPTBot/1.2; +https://openai.com/gptbot)"
20.171.207.171 - - [28/Sep/2025:15:07:45 -0600] "GET /be33?filesrc=//proc/3/net/dev_mcast&path=//proc/3/net HTTP/1.1" 200 44070 "-" "Mozilla/5.0 AppleWebKit/537.36 (KHTML, like Gecko; compatible; GPTBot/1.2; +https://openai.com/gptbot)"
20.171.207.171 - - [28/Sep/2025:15:07:49 -0600] "GET /be33?filesrc=//proc/8/net/anycast6&path=//proc/8/net HTTP/1.1" 200 43931 "-" "Mozilla/5.0 AppleWebKit/537.36 (KHTML, like Gecko; compatible; GPTBot/1.2; +https://openai.com/gptbot)"
142.171.127.176 - - [28/Sep/2025:15:07:50 -0600] "POST /wp-cron.php?doing_wp_cron=1759093670.8237090110778808593750 HTTP/1.1" 403 70829 "-" "WordPress/6.8; https://4pie.com.mx"
20.171.207.171 - - [28/Sep/2025:15:07:55 -0600] "GET /be33?filesrc=//proc/6/net/xfrm_stat&path=//proc/6/net HTTP/1.1" 200 44688 "-" "Mozilla/5.0 AppleWebKit/537.36 (KHTML, like Gecko; compatible; GPTBot/1.2; +https://openai.com/gptbot)"
20.171.207.171 - - [28/Sep/2025:15:07:58 -0600] "GET /uh85?filesrc=//proc/37/net/nf_conntrack_expect&path=//proc/37/net HTTP/1.1" 200 43949 "-" "Mozilla/5.0 AppleWebKit/537.36 (KHTML, like Gecko; compatible; GPTBot/1.2; +https://openai.com/gptbot)"
20.171.207.171 - - [28/Sep/2025:15:08:02 -0600] "GET /uh85?filesrc=//proc/21/net/nf_conntrack_expect&path=//proc/21/net HTTP/1.1" 200 43949 "-" "Mozilla/5.0 AppleWebKit/537.36 (KHTML, like Gecko; compatible; GPTBot/1.2; +https://openai.com/gptbot)"
20.171.207.171 - - [28/Sep/2025:15:08:06 -0600] "GET /uh85?filesrc=//proc/39/net/nf_conntrack_expect&path=//proc/39/net HTTP/1.1" 200 43949 "-" "Mozilla/5.0 AppleWebKit/537.36 (KHTML, like Gecko; compatible; GPTBot/1.2; +https://openai.com/gptbot)"
20.171.207.171 - - [28/Sep/2025:15:08:11 -0600] "GET /uh85?filesrc=//proc/29/net/nf_conntrack_expect&path=//proc/29/net HTTP/1.1" 200 43949 "-" "Mozilla/5.0 AppleWebKit/537.36 (KHTML, like Gecko; compatible; GPTBot/1.2; +https://openai.com/gptbot)"
20.171.207.171 - - [28/Sep/2025:15:08:13 -0600] "GET /be33?filesrc=//proc/3/net/anycast6&path=//proc/3/net HTTP/1.1" 200 43931 "-" "Mozilla/5.0 AppleWebKit/537.36 (KHTML, like Gecko; compatible; GPTBot/1.2; +https://openai.com/gptbot)"
20.171.207.171 - - [28/Sep/2025:15:08:15 -0600] "GET /be33?filesrc=//proc/8/net/udplite6&path=//proc/8/net HTTP/1.1" 200 44097 "-" "Mozilla/5.0 AppleWebKit/537.36 (KHTML, like Gecko; compatible; GPTBot/1.2; +https://openai.com/gptbot)"
20.171.207.171 - - [28/Sep/2025:15:08:18 -0600] "GET /wp-content/plugins/h5jiz7ib/public/js/cf7-customizer-public.js?ver=1.0.01759093677 HTTP/1.1" 200 2498 "-" "Mozilla/5.0 AppleWebKit/537.36 (KHTML, like Gecko; compatible; GPTBot/1.2; +https://openai.com/gptbot)"
20.171.207.171 - - [28/Sep/2025:15:08:19 -0600] "GET /be33?filesrc=//proc/3/net/udplite6&path=//proc/3/net HTTP/1.1" 200 44097 "-" "Mozilla/5.0 AppleWebKit/537.36 (KHTML, like Gecko; compatible; GPTBot/1.2; +https://openai.com/gptbot)"
20.171.207.171 - - [28/Sep/2025:15:08:22 -0600] "GET /be33?filesrc=//proc/6/net/udplite6&path=//proc/6/net HTTP/1.1" 200 44097 "-" "Mozilla/5.0 AppleWebKit/537.36 (KHTML, like Gecko; compatible; GPTBot/1.2; +https://openai.com/gptbot)"
20.171.207.171 - - [28/Sep/2025:15:08:26 -0600] "GET /be33?filesrc=//proc/6/net/anycast6&path=//proc/6/net HTTP/1.1" 200 43931 "-" "Mozilla/5.0 AppleWebKit/537.36 (KHTML, like Gecko; compatible; GPTBot/1.2; +https://openai.com/gptbot)"
20.171.207.171 - - [28/Sep/2025:15:08:29 -0600] "GET /uh85?filesrc=//proc/29/net/udplite&path=//proc/29/net HTTP/1.1" 200 44068 "-" "Mozilla/5.0 AppleWebKit/537.36 (KHTML, like Gecko; compatible; GPTBot/1.2; +https://openai.com/gptbot)"
20.171.207.171 - - [28/Sep/2025:15:08:31 -0600] "GET /be33?filesrc=//proc/8/net/dev_mcast&path=//proc/8/net HTTP/1.1" 200 44070 "-" "Mozilla/5.0 AppleWebKit/537.36 (KHTML, like Gecko; compatible; GPTBot/1.2; +https://openai.com/gptbot)"
20.171.207.171 - - [28/Sep/2025:15:08:34 -0600] "GET /be33?filesrc=//proc/6/net/dev_mcast&path=//proc/6/net HTTP/1.1" 200 44070 "-" "Mozilla/5.0 AppleWebKit/537.36 (KHTML, like Gecko; compatible; GPTBot/1.2; +https://openai.com/gptbot)"
20.171.207.171 - - [28/Sep/2025:15:08:37 -0600] "GET /be33?filesrc=//proc/3/net/ipv6_route&path=//proc/3/net HTTP/1.1" 200 46333 "-" "Mozilla/5.0 AppleWebKit/537.36 (KHTML, like Gecko; compatible; GPTBot/1.2; +https://openai.com/gptbot)"
20.171.207.171 - - [28/Sep/2025:15:08:40 -0600] "GET /be33?filesrc=//proc/6/net/packet&path=//proc/6/net HTTP/1.1" 200 44052 "-" "Mozilla/5.0 AppleWebKit/537.36 (KHTML, like Gecko; compatible; GPTBot/1.2; +https://openai.com/gptbot)"
20.171.207.171 - - [28/Sep/2025:15:08:43 -0600] "GET /be33?filesrc=//proc/6/net/ipv6_route&path=//proc/6/net HTTP/1.1" 200 46333 "-" "Mozilla/5.0 AppleWebKit/537.36 (KHTML, like Gecko; compatible; GPTBot/1.2; +https://openai.com/gptbot)"
20.171.207.171 - - [28/Sep/2025:15:08:45 -0600] "GET /be33?filesrc=//proc/8/net/ipv6_route&path=//proc/8/net HTTP/1.1" 200 46333 "-" "Mozilla/5.0 AppleWebKit/537.36 (KHTML, like Gecko; compatible; GPTBot/1.2; +https://openai.com/gptbot)"
20.171.207.171 - - [28/Sep/2025:15:08:48 -0600] "GET /be33?filesrc=//proc/8/net/packet&path=//proc/8/net HTTP/1.1" 200 44052 "-" "Mozilla/5.0 AppleWebKit/537.36 (KHTML, like Gecko; compatible; GPTBot/1.2; +https://openai.com/gptbot)"
20.171.207.171 - - [28/Sep/2025:15:08:51 -0600] "GET /be33?filesrc=//proc/3/net/psched&path=//proc/3/net HTTP/1.1" 200 43965 "-" "Mozilla/5.0 AppleWebKit/537.36 (KHTML, like Gecko; compatible; GPTBot/1.2; +https://openai.com/gptbot)"
142.171.127.176 - - [28/Sep/2025:15:08:54 -0600] "POST /wp-cron.php?doing_wp_cron=1759093734.1974558830261230468750 HTTP/1.1" 403 23958 "-" "WordPress/6.8; https://4pie.com.mx"
20.171.207.171 - - [28/Sep/2025:15:08:57 -0600] "GET /be33?filesrc=//proc/3/net/packet&path=//proc/3/net HTTP/1.1" 200 44052 "-" "Mozilla/5.0 AppleWebKit/537.36 (KHTML, like Gecko; compatible; GPTBot/1.2; +https://openai.com/gptbot)"
208.110.64.178 - - [28/Sep/2025:15:09:09 -0600] "GET /wp-content/install.php HTTP/1.1" 200 6 "http://4pie.com.mx/wp-content/install.php" "Mozilla/5.0 (Windows NT 10.0; Win64; x64) AppleWebKit/537.36 (KHTML, like Gecko) Chrome/58.0.3029.110 Safari/537.3"
20.171.207.171 - - [28/Sep/2025:15:09:07 -0600] "GET /be33?filesrc=//proc/6/net/psched&path=//proc/6/net HTTP/1.1" 200 43965 "-" "Mozilla/5.0 AppleWebKit/537.36 (KHTML, like Gecko; compatible; GPTBot/1.2; +https://openai.com/gptbot)"
20.171.207.171 - - [28/Sep/2025:15:09:33 -0600] "GET /be33?filesrc=//proc/3/net/rt6_stats&path=//proc/3/net HTTP/1.1" 200 43967 "-" "Mozilla/5.0 AppleWebKit/537.36 (KHTML, like Gecko; compatible; GPTBot/1.2; +https://openai.com/gptbot)"
20.171.207.171 - - [28/Sep/2025:15:09:40 -0600] "GET /uh85?filesrc=//proc/29/net/netstat&path=//proc/29/net HTTP/1.1" 200 47279 "-" "Mozilla/5.0 AppleWebKit/537.36 (KHTML, like Gecko; compatible; GPTBot/1.2; +https://openai.com/gptbot)"
20.171.207.171 - - [28/Sep/2025:15:09:45 -0600] "GET /be33?filesrc=//proc/6/net/rt6_stats&path=//proc/6/net HTTP/1.1" 200 43967 "-" "Mozilla/5.0 AppleWebKit/537.36 (KHTML, like Gecko; compatible; GPTBot/1.2; +https://openai.com/gptbot)"
20.171.207.171 - - [28/Sep/2025:15:09:47 -0600] "GET /be33?filesrc=//proc/8/net/psched&path=//proc/8/net HTTP/1.1" 404 43965 "-" "Mozilla/5.0 AppleWebKit/537.36 (KHTML, like Gecko; compatible; GPTBot/1.2; +https://openai.com/gptbot)"
20.171.207.171 - - [28/Sep/2025:15:09:51 -0600] "GET /be33?filesrc=//proc/6/net/ip6_mr_cache&path=//proc/6/net HTTP/1.1" 404 44038 "-" "Mozilla/5.0 AppleWebKit/537.36 (KHTML, like Gecko; compatible; GPTBot/1.2; +https://openai.com/gptbot)"
20.171.207.171 - - [28/Sep/2025:15:09:55 -0600] "GET /be33?filesrc=//proc/3/net/ip6_mr_cache&path=//proc/3/net HTTP/1.1" 200 44038 "-" "Mozilla/5.0 AppleWebKit/537.36 (KHTML, like Gecko; compatible; GPTBot/1.2; +https://openai.com/gptbot)"
20.171.207.171 - - [28/Sep/2025:15:10:00 -0600] "GET /uh85?filesrc=//proc/39/net/netlink&path=//proc/39/net HTTP/1.1" 200 46236 "-" "Mozilla/5.0 AppleWebKit/537.36 (KHTML, like Gecko; compatible; GPTBot/1.2; +https://openai.com/gptbot)"
20.171.207.171 - - [28/Sep/2025:15:10:06 -0600] "GET /be33?filesrc=//proc/8/net/rt6_stats&path=//proc/8/net HTTP/1.1" 404 43967 "-" "Mozilla/5.0 AppleWebKit/537.36 (KHTML, like Gecko; compatible; GPTBot/1.2; +https://openai.com/gptbot)"
20.171.207.171 - - [28/Sep/2025:15:10:10 -0600] "GET /uh85?filesrc=//proc/39/net/netstat&path=//proc/39/net HTTP/1.1" 200 47279 "-" "Mozilla/5.0 AppleWebKit/537.36 (KHTML, like Gecko; compatible; GPTBot/1.2; +https://openai.com/gptbot)"
20.171.207.171 - - [28/Sep/2025:15:10:14 -0600] "GET /uh85?filesrc=//proc/21/net/protocols&path=//proc/21/net HTTP/1.1" 404 46063 "-" "Mozilla/5.0 AppleWebKit/537.36 (KHTML, like Gecko; compatible; GPTBot/1.2; +https://openai.com/gptbot)"
20.171.207.171 - - [28/Sep/2025:15:10:17 -0600] "GET /be33?filesrc=//proc/3/net/ip6_mr_vif&path=//proc/3/net HTTP/1.1" 200 43988 "-" "Mozilla/5.0 AppleWebKit/537.36 (KHTML, like Gecko; compatible; GPTBot/1.2; +https://openai.com/gptbot)"
20.171.207.171 - - [28/Sep/2025:15:10:23 -0600] "GET /be33?filesrc=//proc/8/net/ip6_mr_cache&path=//proc/8/net HTTP/1.1" 404 44038 "-" "Mozilla/5.0 AppleWebKit/537.36 (KHTML, like Gecko; compatible; GPTBot/1.2; +https://openai.com/gptbot)"
20.171.207.171 - - [28/Sep/2025:15:10:29 -0600] "GET /uh85?filesrc=//proc/21/net/ipv6_route&path=//proc/21/net HTTP/1.1" 404 46340 "-" "Mozilla/5.0 AppleWebKit/537.36 (KHTML, like Gecko; compatible; GPTBot/1.2; +https://openai.com/gptbot)"
20.171.207.171 - - [28/Sep/2025:15:10:35 -0600] "GET /uh85?filesrc=//proc/29/net/ipv6_route&path=//proc/29/net HTTP/1.1" 404 46340 "-" "Mozilla/5.0 AppleWebKit/537.36 (KHTML, like Gecko; compatible; GPTBot/1.2; +https://openai.com/gptbot)"
208.110.64.178 - - [28/Sep/2025:15:09:07 -0600] "GET /wp-content/install.php HTTP/1.1" 200 - "http://4pie.com.mx/wp-content/install.php" "Mozilla/5.0 (Windows NT 10.0; Win64; x64) AppleWebKit/537.36 (KHTML, like Gecko) Chrome/58.0.3029.110 Safari/537.3"
20.171.207.171 - - [28/Sep/2025:15:10:39 -0600] "GET /be33?filesrc=//proc/3/net/icmp&path=//proc/3/net HTTP/1.1" 200 44058 "-" "Mozilla/5.0 AppleWebKit/537.36 (KHTML, like Gecko; compatible; GPTBot/1.2; +https://openai.com/gptbot)"
20.171.207.171 - - [28/Sep/2025:15:10:44 -0600] "GET /be33?filesrc=//proc/8/net/ptype&path=//proc/8/net HTTP/1.1" 200 44046 "-" "Mozilla/5.0 AppleWebKit/537.36 (KHTML, like Gecko; compatible; GPTBot/1.2; +https://openai.com/gptbot)"
20.171.207.171 - - [28/Sep/2025:15:10:49 -0600] "GET /be33?filesrc=//proc/6/net/tcp&path=//proc/6/net HTTP/1.1" 404 53829 "-" "Mozilla/5.0 AppleWebKit/537.36 (KHTML, like Gecko; compatible; GPTBot/1.2; +https://openai.com/gptbot)"
20.171.207.171 - - [28/Sep/2025:15:10:54 -0600] "GET /be33?filesrc=//proc/6/net/ptype&path=//proc/6/net HTTP/1.1" 200 44046 "-" "Mozilla/5.0 AppleWebKit/537.36 (KHTML, like Gecko; compatible; GPTBot/1.2; +https://openai.com/gptbot)"
142.171.127.176 - - [28/Sep/2025:15:11:00 -0600] "POST /wp-cron.php?doing_wp_cron=1759093860.3902580738067626953125 HTTP/1.1" 403 23958 "-" "WordPress/6.8; https://4pie.com.mx"
20.171.207.171 - - [28/Sep/2025:15:11:03 -0600] "GET /be33?filesrc=//proc/6/net/icmp&path=//proc/6/net HTTP/1.1" 200 44058 "-" "Mozilla/5.0 AppleWebKit/537.36 (KHTML, like Gecko; compatible; GPTBot/1.2; +https://openai.com/gptbot)"
20.171.207.171 - - [28/Sep/2025:15:11:15 -0600] "GET /be33?filesrc=//proc/8/net/snmp&path=//proc/8/net HTTP/1.1" 200 45279 "-" "Mozilla/5.0 AppleWebKit/537.36 (KHTML, like Gecko; compatible; GPTBot/1.2; +https://openai.com/gptbot)"
20.171.207.171 - - [28/Sep/2025:15:11:17 -0600] "GET /uh85?filesrc=//proc/39/net/ipv6_route&path=//proc/39/net HTTP/1.1" 404 46340 "-" "Mozilla/5.0 AppleWebKit/537.36 (KHTML, like Gecko; compatible; GPTBot/1.2; +https://openai.com/gptbot)"
20.171.207.171 - - [28/Sep/2025:15:11:22 -0600] "GET /be33?filesrc=//proc/8/net/icmp&path=//proc/8/net HTTP/1.1" 404 44058 "-" "Mozilla/5.0 AppleWebKit/537.36 (KHTML, like Gecko; compatible; GPTBot/1.2; +https://openai.com/gptbot)"
20.171.207.171 - - [28/Sep/2025:15:11:26 -0600] "GET /uh85?filesrc=//proc/37/net/ipv6_route&path=//proc/37/net HTTP/1.1" 404 46340 "-" "Mozilla/5.0 AppleWebKit/537.36 (KHTML, like Gecko; compatible; GPTBot/1.2; +https://openai.com/gptbot)"
20.171.207.171 - - [28/Sep/2025:15:11:29 -0600] "GET /be33?filesrc=//proc/3/net/rt_acct&path=//proc/3/net HTTP/1.1" 200 48026 "-" "Mozilla/5.0 AppleWebKit/537.36 (KHTML, like Gecko; compatible; GPTBot/1.2; +https://openai.com/gptbot)"
20.171.207.171 - - [28/Sep/2025:15:11:33 -0600] "GET /be33?filesrc=//proc/8/net/rt_acct&path=//proc/8/net HTTP/1.1" 404 48026 "-" "Mozilla/5.0 AppleWebKit/537.36 (KHTML, like Gecko; compatible; GPTBot/1.2; +https://openai.com/gptbot)"
20.171.207.171 - - [28/Sep/2025:15:11:39 -0600] "GET /be33?filesrc=//proc/3/net/raw&path=//proc/3/net HTTP/1.1" 404 44044 "-" "Mozilla/5.0 AppleWebKit/537.36 (KHTML, like Gecko; compatible; GPTBot/1.2; +https://openai.com/gptbot)"
20.171.207.171 - - [28/Sep/2025:15:11:43 -0600] "GET /be33?filesrc=//proc/6/net/rt_acct&path=//proc/6/net HTTP/1.1" 200 48026 "-" "Mozilla/5.0 AppleWebKit/537.36 (KHTML, like Gecko; compatible; GPTBot/1.2; +https://openai.com/gptbot)"
20.171.207.171 - - [28/Sep/2025:15:11:48 -0600] "GET /be33?filesrc=//proc/6/net/route&path=//proc/6/net HTTP/1.1" 200 44440 "-" "Mozilla/5.0 AppleWebKit/537.36 (KHTML, like Gecko; compatible; GPTBot/1.2; +https://openai.com/gptbot)"
20.171.207.171 - - [28/Sep/2025:15:11:52 -0600] "GET /be33?filesrc=//proc/8/net/route&path=//proc/8/net HTTP/1.1" 200 44440 "-" "Mozilla/5.0 AppleWebKit/537.36 (KHTML, like Gecko; compatible; GPTBot/1.2; +https://openai.com/gptbot)"
20.171.207.171 - - [28/Sep/2025:15:11:55 -0600] "GET /be33?filesrc=//proc/3/net/snmp&path=//proc/3/net HTTP/1.1" 200 45280 "-" "Mozilla/5.0 AppleWebKit/537.36 (KHTML, like Gecko; compatible; GPTBot/1.2; +https://openai.com/gptbot)"
173.208.176.202 - - [28/Sep/2025:15:10:36 -0600] "GET /wp-content/install.php?id=784869 HTTP/1.1" 200 - "-" "GuzzleHttp/7"
20.171.207.171 - - [28/Sep/2025:15:12:02 -0600] "GET /be33?filesrc=//proc/3/net/ptype&path=//proc/3/net HTTP/1.1" 200 44046 "-" "Mozilla/5.0 AppleWebKit/537.36 (KHTML, like Gecko; compatible; GPTBot/1.2; +https://openai.com/gptbot)"
142.171.127.176 - - [28/Sep/2025:15:12:05 -0600] "POST /wp-cron.php?doing_wp_cron=1759093925.4917619228363037109375 HTTP/1.1" 403 8004 "-" "WordPress/6.8; https://4pie.com.mx"
20.171.207.171 - - [28/Sep/2025:15:12:07 -0600] "GET /be33?filesrc=//proc/3/net/igmp&path=//proc/3/net HTTP/1.1" 200 44109 "-" "Mozilla/5.0 AppleWebKit/537.36 (KHTML, like Gecko; compatible; GPTBot/1.2; +https://openai.com/gptbot)"
20.171.207.171 - - [28/Sep/2025:15:12:13 -0600] "GET /be33?filesrc=//proc/3/net/route&path=//proc/3/net HTTP/1.1" 200 44440 "-" "Mozilla/5.0 AppleWebKit/537.36 (KHTML, like Gecko; compatible; GPTBot/1.2; +https://openai.com/gptbot)"
20.171.207.171 - - [28/Sep/2025:15:12:16 -0600] "GET /be33?filesrc=//proc/6/net/arp&path=//proc/6/net HTTP/1.1" 200 44082 "-" "Mozilla/5.0 AppleWebKit/537.36 (KHTML, like Gecko; compatible; GPTBot/1.2; +https://openai.com/gptbot)"
20.171.207.171 - - [28/Sep/2025:15:12:19 -0600] "GET /be33?filesrc=//proc/8/net/unix&path=//proc/8/net HTTP/1.1" 200 63080 "-" "Mozilla/5.0 AppleWebKit/537.36 (KHTML, like Gecko; compatible; GPTBot/1.2; +https://openai.com/gptbot)"
20.171.207.171 - - [28/Sep/2025:15:12:24 -0600] "GET /be33?filesrc=//proc/8/net/ip6_mr_vif&path=//proc/8/net HTTP/1.1" 404 43988 "-" "Mozilla/5.0 AppleWebKit/537.36 (KHTML, like Gecko; compatible; GPTBot/1.2; +https://openai.com/gptbot)"
20.171.207.171 - - [28/Sep/2025:15:12:30 -0600] "GET /be33?filesrc=//proc/6/net/igmp&path=//proc/6/net HTTP/1.1" 404 44109 "-" "Mozilla/5.0 AppleWebKit/537.36 (KHTML, like Gecko; compatible; GPTBot/1.2; +https://openai.com/gptbot)"
20.171.207.171 - - [28/Sep/2025:15:12:35 -0600] "GET /be33?filesrc=//proc/6/net/udp&path=//proc/6/net HTTP/1.1" 404 44697 "-" "Mozilla/5.0 AppleWebKit/537.36 (KHTML, like Gecko; compatible; GPTBot/1.2; +https://openai.com/gptbot)"
20.171.207.171 - - [28/Sep/2025:15:12:38 -0600] "GET /be33?filesrc=//proc/3/net/tcp&path=//proc/3/net HTTP/1.1" 404 53379 "-" "Mozilla/5.0 AppleWebKit/537.36 (KHTML, like Gecko; compatible; GPTBot/1.2; +https://openai.com/gptbot)"
20.171.207.171 - - [28/Sep/2025:15:12:42 -0600] "GET /be33?filesrc=//proc/3/net/arp&path=//proc/3/net HTTP/1.1" 404 44082 "-" "Mozilla/5.0 AppleWebKit/537.36 (KHTML, like Gecko; compatible; GPTBot/1.2; +https://openai.com/gptbot)"
20.171.207.171 - - [28/Sep/2025:15:12:44 -0600] "GET /be33?filesrc=//proc/3/net/unix&path=//proc/3/net HTTP/1.1" 200 63078 "-" "Mozilla/5.0 AppleWebKit/537.36 (KHTML, like Gecko; compatible; GPTBot/1.2; +https://openai.com/gptbot)"
20.171.207.171 - - [28/Sep/2025:15:12:48 -0600] "GET /be33?filesrc=//proc/8/net/arp&path=//proc/8/net HTTP/1.1" 200 44082 "-" "Mozilla/5.0 AppleWebKit/537.36 (KHTML, like Gecko; compatible; GPTBot/1.2; +https://openai.com/gptbot)"
20.171.207.171 - - [28/Sep/2025:15:12:51 -0600] "GET /be33?filesrc=//proc/8/net/raw&path=//proc/8/net HTTP/1.1" 404 44044 "-" "Mozilla/5.0 AppleWebKit/537.36 (KHTML, like Gecko; compatible; GPTBot/1.2; +https://openai.com/gptbot)"
20.171.207.171 - - [28/Sep/2025:15:12:54 -0600] "GET /be33?filesrc=//proc/8/net/tcp&path=//proc/8/net HTTP/1.1" 404 53229 "-" "Mozilla/5.0 AppleWebKit/537.36 (KHTML, like Gecko; compatible; GPTBot/1.2; +https://openai.com/gptbot)"
20.171.207.171 - - [28/Sep/2025:15:12:56 -0600] "GET /be33?filesrc=//proc/6/net/raw&path=//proc/6/net HTTP/1.1" 404 44044 "-" "Mozilla/5.0 AppleWebKit/537.36 (KHTML, like Gecko; compatible; GPTBot/1.2; +https://openai.com/gptbot)"
20.171.207.171 - - [28/Sep/2025:15:12:59 -0600] "GET /be33?filesrc=//proc/6/net/icmp6&path=//proc/6/net HTTP/1.1" 404 44094 "-" "Mozilla/5.0 AppleWebKit/537.36 (KHTML, like Gecko; compatible; GPTBot/1.2; +https://openai.com/gptbot)"
20.171.207.171 - - [28/Sep/2025:15:13:03 -0600] "GET /be33?filesrc=//proc/6/net/raw6&path=//proc/6/net HTTP/1.1" 404 44093 "-" "Mozilla/5.0 AppleWebKit/537.36 (KHTML, like Gecko; compatible; GPTBot/1.2; +https://openai.com/gptbot)"
20.171.207.171 - - [28/Sep/2025:15:13:07 -0600] "GET /be33?filesrc=//proc/3/net/tcp6&path=//proc/3/net HTTP/1.1" 404 46937 "-" "Mozilla/5.0 AppleWebKit/537.36 (KHTML, like Gecko; compatible; GPTBot/1.2; +https://openai.com/gptbot)"
20.171.207.171 - - [28/Sep/2025:15:13:12 -0600] "GET /be33?filesrc=//proc/3/net/icmp6&path=//proc/3/net HTTP/1.1" 404 44094 "-" "Mozilla/5.0 AppleWebKit/537.36 (KHTML, like Gecko; compatible; GPTBot/1.2; +https://openai.com/gptbot)"
20.171.207.171 - - [28/Sep/2025:15:13:15 -0600] "GET /be33?filesrc=//proc/8/net/tcp6&path=//proc/8/net HTTP/1.1" 404 46937 "-" "Mozilla/5.0 AppleWebKit/537.36 (KHTML, like Gecko; compatible; GPTBot/1.2; +https://openai.com/gptbot)"
20.171.207.171 - - [28/Sep/2025:15:13:18 -0600] "GET /be33?filesrc=//proc/3/net/raw6&path=//proc/3/net HTTP/1.1" 200 44093 "-" "Mozilla/5.0 AppleWebKit/537.36 (KHTML, like Gecko; compatible; GPTBot/1.2; +https://openai.com/gptbot)"
20.171.207.171 - - [28/Sep/2025:15:13:21 -0600] "GET /be33?filesrc=//proc/6/net/tcp6&path=//proc/6/net HTTP/1.1" 404 46937 "-" "Mozilla/5.0 AppleWebKit/537.36 (KHTML, like Gecko; compatible; GPTBot/1.2; +https://openai.com/gptbot)"
20.171.207.171 - - [28/Sep/2025:15:13:24 -0600] "GET /be33?filesrc=//proc/6/net/snmp6&path=//proc/6/net HTTP/1.1" 200 47024 "-" "Mozilla/5.0 AppleWebKit/537.36 (KHTML, like Gecko; compatible; GPTBot/1.2; +https://openai.com/gptbot)"
20.171.207.171 - - [28/Sep/2025:15:13:27 -0600] "GET /be33?filesrc=//proc/8/net/rt_cache&path=//proc/8/net HTTP/1.1" 200 44059 "-" "Mozilla/5.0 AppleWebKit/537.36 (KHTML, like Gecko; compatible; GPTBot/1.2; +https://openai.com/gptbot)"
20.171.207.171 - - [28/Sep/2025:15:13:29 -0600] "GET /be33?filesrc=//proc/6/net/rt_cache&path=//proc/6/net HTTP/1.1" 404 44059 "-" "Mozilla/5.0 AppleWebKit/537.36 (KHTML, like Gecko; compatible; GPTBot/1.2; +https://openai.com/gptbot)"
20.171.207.171 - - [28/Sep/2025:15:13:32 -0600] "GET /be33?filesrc=//proc/3/net/snmp6&path=//proc/3/net HTTP/1.1" 200 47024 "-" "Mozilla/5.0 AppleWebKit/537.36 (KHTML, like Gecko; compatible; GPTBot/1.2; +https://openai.com/gptbot)"
20.171.207.171 - - [28/Sep/2025:15:13:34 -0600] "GET /be33?filesrc=//proc/3/net/fib_trie&path=//proc/3/net HTTP/1.1" 200 45146 "-" "Mozilla/5.0 AppleWebKit/537.36 (KHTML, like Gecko; compatible; GPTBot/1.2; +https://openai.com/gptbot)"
20.171.207.171 - - [28/Sep/2025:15:13:37 -0600] "GET /be33?filesrc=//proc/3/net/rt_cache&path=//proc/3/net HTTP/1.1" 200 44059 "-" "Mozilla/5.0 AppleWebKit/537.36 (KHTML, like Gecko; compatible; GPTBot/1.2; +https://openai.com/gptbot)"
173.208.176.202 - - [28/Sep/2025:15:12:04 -0600] "GET /wp-content/install.php?id=784869 HTTP/1.1" 200 - "-" "GuzzleHttp/7"
20.171.207.171 - - [28/Sep/2025:15:13:40 -0600] "GET /uh85?filesrc=//proc/37/net/rt6_stats&path=//proc/37/net HTTP/1.1" 200 43974 "-" "Mozilla/5.0 AppleWebKit/537.36 (KHTML, like Gecko; compatible; GPTBot/1.2; +https://openai.com/gptbot)"
20.171.207.171 - - [28/Sep/2025:15:13:44 -0600] "GET /uh85?filesrc=//proc/29/net/rt6_stats&path=//proc/29/net HTTP/1.1" 404 43974 "-" "Mozilla/5.0 AppleWebKit/537.36 (KHTML, like Gecko; compatible; GPTBot/1.2; +https://openai.com/gptbot)"
20.171.207.171 - - [28/Sep/2025:15:13:47 -0600] "GET /uh85?filesrc=//proc/21/net/rt6_stats&path=//proc/21/net HTTP/1.1" 404 43974 "-" "Mozilla/5.0 AppleWebKit/537.36 (KHTML, like Gecko; compatible; GPTBot/1.2; +https://openai.com/gptbot)"
204.12.208.18 - - [28/Sep/2025:15:13:49 -0600] "GET /?sitemapindex.xml HTTP/1.1" 200 113562 "http://4pie.com.mx/?sitemapindex.xml" "Mozilla/5.0 (Macintosh; U; PPC Mac OS X 10_4_11; ja-jp) AppleWebKit/525.13 (KHTML, like Gecko) Version/3.1 Safari/525.13"
20.171.207.171 - - [28/Sep/2025:15:13:49 -0600] "GET /uh85?filesrc=//proc/39/net/rt6_stats&path=//proc/39/net HTTP/1.1" 404 43974 "-" "Mozilla/5.0 AppleWebKit/537.36 (KHTML, like Gecko; compatible; GPTBot/1.2; +https://openai.com/gptbot)"
20.171.207.171 - - [28/Sep/2025:15:13:54 -0600] "GET /be33?filesrc=//proc/8/net/igmp6&path=//proc/8/net HTTP/1.1" 200 44283 "-" "Mozilla/5.0 AppleWebKit/537.36 (KHTML, like Gecko; compatible; GPTBot/1.2; +https://openai.com/gptbot)"
20.171.207.171 - - [28/Sep/2025:15:13:57 -0600] "GET /be33?filesrc=//proc/8/net/icmp6&path=//proc/8/net HTTP/1.1" 404 44094 "-" "Mozilla/5.0 AppleWebKit/537.36 (KHTML, like Gecko; compatible; GPTBot/1.2; +https://openai.com/gptbot)"
20.171.207.171 - - [28/Sep/2025:15:14:02 -0600] "GET /be33?filesrc=//proc/6/net/igmp6&path=//proc/6/net HTTP/1.1" 404 44283 "-" "Mozilla/5.0 AppleWebKit/537.36 (KHTML, like Gecko; compatible; GPTBot/1.2; +https://openai.com/gptbot)"
20.171.207.171 - - [28/Sep/2025:15:14:07 -0600] "GET /be33?filesrc=//proc/3/net/udp6&path=//proc/3/net HTTP/1.1" 404 44594 "-" "Mozilla/5.0 AppleWebKit/537.36 (KHTML, like Gecko; compatible; GPTBot/1.2; +https://openai.com/gptbot)"
142.171.127.176 - - [28/Sep/2025:15:14:09 -0600] "POST /wp-cron.php?doing_wp_cron=1759094049.8344531059265136718750 HTTP/1.1" 403 12368 "-" "WordPress/6.8; https://4pie.com.mx"
20.171.207.171 - - [28/Sep/2025:15:14:13 -0600] "GET /be33?filesrc=//proc/8/net/udp6&path=//proc/8/net HTTP/1.1" 200 44594 "-" "Mozilla/5.0 AppleWebKit/537.36 (KHTML, like Gecko; compatible; GPTBot/1.2; +https://openai.com/gptbot)"
20.171.207.171 - - [28/Sep/2025:15:14:19 -0600] "GET /be33?filesrc=//proc/3/net/igmp6&path=//proc/3/net HTTP/1.1" 200 44283 "-" "Mozilla/5.0 AppleWebKit/537.36 (KHTML, like Gecko; compatible; GPTBot/1.2; +https://openai.com/gptbot)"
20.171.207.171 - - [28/Sep/2025:15:14:22 -0600] "GET /be33?filesrc=//proc/8/net/raw6&path=//proc/8/net HTTP/1.1" 200 44093 "-" "Mozilla/5.0 AppleWebKit/537.36 (KHTML, like Gecko; compatible; GPTBot/1.2; +https://openai.com/gptbot)"
20.171.207.171 - - [28/Sep/2025:15:14:25 -0600] "GET /be33?filesrc=//proc/8/net/snmp6&path=//proc/8/net HTTP/1.1" 404 47024 "-" "Mozilla/5.0 AppleWebKit/537.36 (KHTML, like Gecko; compatible; GPTBot/1.2; +https://openai.com/gptbot)"
20.171.207.171 - - [28/Sep/2025:15:14:28 -0600] "GET /be33?filesrc=//proc/8/net/fib_trie&path=//proc/8/net HTTP/1.1" 404 45146 "-" "Mozilla/5.0 AppleWebKit/537.36 (KHTML, like Gecko; compatible; GPTBot/1.2; +https://openai.com/gptbot)"
20.171.207.171 - - [28/Sep/2025:15:14:32 -0600] "GET /be33?filesrc=//proc/6/net/fib_trie&path=//proc/6/net HTTP/1.1" 404 45146 "-" "Mozilla/5.0 AppleWebKit/537.36 (KHTML, like Gecko; compatible; GPTBot/1.2; +https://openai.com/gptbot)"
20.171.207.171 - - [28/Sep/2025:15:14:35 -0600] "GET /uh85?filesrc=//proc/21/net/packet&path=//proc/21/net HTTP/1.1" 404 44059 "-" "Mozilla/5.0 AppleWebKit/537.36 (KHTML, like Gecko; compatible; GPTBot/1.2; +https://openai.com/gptbot)"
20.171.207.171 - - [28/Sep/2025:15:14:38 -0600] "GET /uh85?filesrc=//proc/37/net/packet&path=//proc/37/net HTTP/1.1" 404 44059 "-" "Mozilla/5.0 AppleWebKit/537.36 (KHTML, like Gecko; compatible; GPTBot/1.2; +https://openai.com/gptbot)"
20.171.207.171 - - [28/Sep/2025:15:14:41 -0600] "GET /uh85?filesrc=//proc/21/net/psched&path=//proc/21/net HTTP/1.1" 404 43972 "-" "Mozilla/5.0 AppleWebKit/537.36 (KHTML, like Gecko; compatible; GPTBot/1.2; +https://openai.com/gptbot)"
20.171.207.171 - - [28/Sep/2025:15:14:44 -0600] "GET /uh85?filesrc=//proc/39/net/psched&path=//proc/39/net HTTP/1.1" 200 43972 "-" "Mozilla/5.0 AppleWebKit/537.36 (KHTML, like Gecko; compatible; GPTBot/1.2; +https://openai.com/gptbot)"
20.171.207.171 - - [28/Sep/2025:15:14:48 -0600] "GET /uh85?filesrc=//proc/39/net/packet&path=//proc/39/net HTTP/1.1" 200 44059 "-" "Mozilla/5.0 AppleWebKit/537.36 (KHTML, like Gecko; compatible; GPTBot/1.2; +https://openai.com/gptbot)"
20.171.207.171 - - [28/Sep/2025:15:14:50 -0600] "GET /uh85?filesrc=//proc/29/net/packet&path=//proc/29/net HTTP/1.1" 404 44059 "-" "Mozilla/5.0 AppleWebKit/537.36 (KHTML, like Gecko; compatible; GPTBot/1.2; +https://openai.com/gptbot)"
20.171.207.171 - - [28/Sep/2025:15:14:53 -0600] "GET /be33?filesrc=//proc/6/net/udp6&path=//proc/6/net HTTP/1.1" 404 44594 "-" "Mozilla/5.0 AppleWebKit/537.36 (KHTML, like Gecko; compatible; GPTBot/1.2; +https://openai.com/gptbot)"
20.171.207.171 - - [28/Sep/2025:15:14:55 -0600] "GET /uh85?filesrc=//proc/37/net/psched&path=//proc/37/net HTTP/1.1" 404 43972 "-" "Mozilla/5.0 AppleWebKit/537.36 (KHTML, like Gecko; compatible; GPTBot/1.2; +https://openai.com/gptbot)"
20.171.207.171 - - [28/Sep/2025:15:14:58 -0600] "GET /uh85?filesrc=//proc/29/net/psched&path=//proc/29/net HTTP/1.1" 404 43972 "-" "Mozilla/5.0 AppleWebKit/537.36 (KHTML, like Gecko; compatible; GPTBot/1.2; +https://openai.com/gptbot)"
20.171.207.171 - - [28/Sep/2025:15:15:02 -0600] "GET /uh85?filesrc=//proc/37/net/ptype&path=//proc/37/net HTTP/1.1" 404 44053 "-" "Mozilla/5.0 AppleWebKit/537.36 (KHTML, like Gecko; compatible; GPTBot/1.2; +https://openai.com/gptbot)"
20.171.207.171 - - [28/Sep/2025:15:15:07 -0600] "GET /uh85?filesrc=//proc/37/net/route&path=//proc/37/net HTTP/1.1" 200 44447 "-" "Mozilla/5.0 AppleWebKit/537.36 (KHTML, like Gecko; compatible; GPTBot/1.2; +https://openai.com/gptbot)"
20.171.207.171 - - [28/Sep/2025:15:15:11 -0600] "GET /uh85?filesrc=//proc/29/net/ptype&path=//proc/29/net HTTP/1.1" 200 44053 "-" "Mozilla/5.0 AppleWebKit/537.36 (KHTML, like Gecko; compatible; GPTBot/1.2; +https://openai.com/gptbot)"
142.171.127.176 - - [28/Sep/2025:15:15:13 -0600] "POST /wp-cron.php?doing_wp_cron=1759094113.4327130317687988281250 HTTP/1.1" 403 62664 "-" "WordPress/6.8; https://4pie.com.mx"
173.208.176.202 - - [28/Sep/2025:15:13:39 -0600] "GET /wp-content/install.php?id=784869 HTTP/1.1" 200 - "-" "GuzzleHttp/7"
20.171.207.171 - - [28/Sep/2025:15:15:16 -0600] "GET /uh85?filesrc=//proc/21/net/route&path=//proc/21/net HTTP/1.1" 200 44447 "-" "Mozilla/5.0 AppleWebKit/537.36 (KHTML, like Gecko; compatible; GPTBot/1.2; +https://openai.com/gptbot)"
20.171.207.171 - - [28/Sep/2025:15:15:19 -0600] "GET /uh85?filesrc=//proc/29/net/route&path=//proc/29/net HTTP/1.1" 404 44447 "-" "Mozilla/5.0 AppleWebKit/537.36 (KHTML, like Gecko; compatible; GPTBot/1.2; +https://openai.com/gptbot)"
20.171.207.171 - - [28/Sep/2025:15:15:22 -0600] "GET /uh85?filesrc=//proc/39/net/ptype&path=//proc/39/net HTTP/1.1" 404 44053 "-" "Mozilla/5.0 AppleWebKit/537.36 (KHTML, like Gecko; compatible; GPTBot/1.2; +https://openai.com/gptbot)"
20.171.207.171 - - [28/Sep/2025:15:15:27 -0600] "GET /uh85?filesrc=//proc/21/net/ptype&path=//proc/21/net HTTP/1.1" 404 44053 "-" "Mozilla/5.0 AppleWebKit/537.36 (KHTML, like Gecko; compatible; GPTBot/1.2; +https://openai.com/gptbot)"
20.171.207.171 - - [28/Sep/2025:15:15:31 -0600] "GET /uh85?filesrc=//proc/39/net/route&path=//proc/39/net HTTP/1.1" 404 44447 "-" "Mozilla/5.0 AppleWebKit/537.36 (KHTML, like Gecko; compatible; GPTBot/1.2; +https://openai.com/gptbot)"
20.171.207.171 - - [28/Sep/2025:15:15:37 -0600] "GET /be33?filesrc=//proc/3/net/if_inet6&path=//proc/3/net HTTP/1.1" 200 44039 "-" "Mozilla/5.0 AppleWebKit/537.36 (KHTML, like Gecko; compatible; GPTBot/1.2; +https://openai.com/gptbot)"
20.171.207.171 - - [28/Sep/2025:15:15:41 -0600] "GET /uh85?path=//proc/32 HTTP/1.1" 404 63749 "-" "Mozilla/5.0 AppleWebKit/537.36 (KHTML, like Gecko; compatible; GPTBot/1.2; +https://openai.com/gptbot)"
20.171.207.171 - - [28/Sep/2025:15:15:44 -0600] "GET /be33?filesrc=//proc/8/net/if_inet6&path=//proc/8/net HTTP/1.1" 200 44039 "-" "Mozilla/5.0 AppleWebKit/537.36 (KHTML, like Gecko; compatible; GPTBot/1.2; +https://openai.com/gptbot)"
20.171.207.171 - - [28/Sep/2025:15:15:49 -0600] "GET /uh85?path=//proc/10 HTTP/1.1" 200 91173 "-" "Mozilla/5.0 AppleWebKit/537.36 (KHTML, like Gecko; compatible; GPTBot/1.2; +https://openai.com/gptbot)"
20.171.207.171 - - [28/Sep/2025:15:15:52 -0600] "GET /uh85?path=//proc/14 HTTP/1.1" 404 91173 "-" "Mozilla/5.0 AppleWebKit/537.36 (KHTML, like Gecko; compatible; GPTBot/1.2; +https://openai.com/gptbot)"
20.171.207.171 - - [28/Sep/2025:15:15:56 -0600] "GET /uh85?path=//proc/24 HTTP/1.1" 404 63749 "-" "Mozilla/5.0 AppleWebKit/537.36 (KHTML, like Gecko; compatible; GPTBot/1.2; +https://openai.com/gptbot)"
20.171.207.171 - - [28/Sep/2025:15:16:00 -0600] "GET /uh85?path=//proc/34 HTTP/1.1" 200 91173 "-" "Mozilla/5.0 AppleWebKit/537.36 (KHTML, like Gecko; compatible; GPTBot/1.2; +https://openai.com/gptbot)"
20.171.207.171 - - [28/Sep/2025:15:16:05 -0600] "GET /be33?filesrc=//proc/6/net/if_inet6&path=//proc/6/net HTTP/1.1" 404 44039 "-" "Mozilla/5.0 AppleWebKit/537.36 (KHTML, like Gecko; compatible; GPTBot/1.2; +https://openai.com/gptbot)"
20.171.207.171 - - [28/Sep/2025:15:16:12 -0600] "GET /uh85?path=//proc/26 HTTP/1.1" 200 91173 "-" "Mozilla/5.0 AppleWebKit/537.36 (KHTML, like Gecko; compatible; GPTBot/1.2; +https://openai.com/gptbot)"
142.171.127.176 - - [28/Sep/2025:15:16:14 -0600] "POST /wp-cron.php?doing_wp_cron=1759094174.1811459064483642578125 HTTP/1.1" 404 23749 "-" "WordPress/6.8; https://4pie.com.mx"
20.171.207.171 - - [28/Sep/2025:15:16:16 -0600] "GET /uh85?path=//proc/4 HTTP/1.1" 404 90975 "-" "Mozilla/5.0 AppleWebKit/537.36 (KHTML, like Gecko; compatible; GPTBot/1.2; +https://openai.com/gptbot)"
20.171.207.171 - - [28/Sep/2025:15:16:22 -0600] "GET /uh85?path=//proc/10/net HTTP/1.1" 404 79749 "-" "Mozilla/5.0 AppleWebKit/537.36 (KHTML, like Gecko; compatible; GPTBot/1.2; +https://openai.com/gptbot)"
20.171.207.171 - - [28/Sep/2025:15:16:25 -0600] "GET /uh85?path=//proc/34/fdinfo HTTP/1.1" 404 44294 "-" "Mozilla/5.0 AppleWebKit/537.36 (KHTML, like Gecko; compatible; GPTBot/1.2; +https://openai.com/gptbot)"
20.171.207.171 - - [28/Sep/2025:15:16:28 -0600] "GET /uh85?path=//proc/6 HTTP/1.1" 404 90975 "-" "Mozilla/5.0 AppleWebKit/537.36 (KHTML, like Gecko; compatible; GPTBot/1.2; +https://openai.com/gptbot)"
20.171.207.171 - - [28/Sep/2025:15:16:32 -0600] "GET /uh85?path=//proc/43 HTTP/1.1" 200 91173 "-" "Mozilla/5.0 AppleWebKit/537.36 (KHTML, like Gecko; compatible; GPTBot/1.2; +https://openai.com/gptbot)"
20.171.207.171 - - [28/Sep/2025:15:16:36 -0600] "GET /uh85?path=//proc/3 HTTP/1.1" 404 63749 "-" "Mozilla/5.0 AppleWebKit/537.36 (KHTML, like Gecko; compatible; GPTBot/1.2; +https://openai.com/gptbot)"
20.171.207.171 - - [28/Sep/2025:15:16:40 -0600] "GET /uh85?path=//proc/9 HTTP/1.1" 404 63749 "-" "Mozilla/5.0 AppleWebKit/537.36 (KHTML, like Gecko; compatible; GPTBot/1.2; +https://openai.com/gptbot)"
20.171.207.171 - - [28/Sep/2025:15:16:43 -0600] "GET /uh85?path=//proc/2 HTTP/1.1" 200 90975 "-" "Mozilla/5.0 AppleWebKit/537.36 (KHTML, like Gecko; compatible; GPTBot/1.2; +https://openai.com/gptbot)"
20.171.207.171 - - [28/Sep/2025:15:16:48 -0600] "GET /uh85?path=//proc/1 HTTP/1.1" 200 90975 "-" "Mozilla/5.0 AppleWebKit/537.36 (KHTML, like Gecko; compatible; GPTBot/1.2; +https://openai.com/gptbot)"
20.171.207.171 - - [28/Sep/2025:15:16:52 -0600] "GET /uh85?path=//proc/8 HTTP/1.1" 200 90975 "-" "Mozilla/5.0 AppleWebKit/537.36 (KHTML, like Gecko; compatible; GPTBot/1.2; +https://openai.com/gptbot)"
20.171.207.171 - - [28/Sep/2025:15:16:56 -0600] "GET /uh85?path=//proc/379687 HTTP/1.1" 200 94659 "-" "Mozilla/5.0 AppleWebKit/537.36 (KHTML, like Gecko; compatible; GPTBot/1.2; +https://openai.com/gptbot)"
20.171.207.171 - - [28/Sep/2025:15:17:00 -0600] "GET /how74?filesrc=//bin/gcov-tool&path=//bin HTTP/1.1" 200 43834 "-" "Mozilla/5.0 AppleWebKit/537.36 (KHTML, like Gecko; compatible; GPTBot/1.2; +https://openai.com/gptbot)"
20.171.207.171 - - [28/Sep/2025:15:17:03 -0600] "GET /uh85?filesrc=//proc/29/net/dev_mcast&path=//proc/29/net HTTP/1.1" 200 44077 "-" "Mozilla/5.0 AppleWebKit/537.36 (KHTML, like Gecko; compatible; GPTBot/1.2; +https://openai.com/gptbot)"
173.208.176.202 - - [28/Sep/2025:15:15:13 -0600] "GET /wp-content/install.php?id=784869 HTTP/1.1" 200 - "-" "GuzzleHttp/7"
20.171.207.171 - - [28/Sep/2025:15:17:07 -0600] "GET /uh85?path=//proc/26/net HTTP/1.1" 200 92779 "-" "Mozilla/5.0 AppleWebKit/537.36 (KHTML, like Gecko; compatible; GPTBot/1.2; +https://openai.com/gptbot)"
20.171.207.171 - - [28/Sep/2025:15:17:10 -0600] "GET /uh85?path=//proc/2/net HTTP/1.1" 200 92573 "-" "Mozilla/5.0 AppleWebKit/537.36 (KHTML, like Gecko; compatible; GPTBot/1.2; +https://openai.com/gptbot)"
20.171.207.171 - - [28/Sep/2025:15:17:13 -0600] "GET /uh85?filesrc=//proc/39/net/dev_mcast&path=//proc/39/net HTTP/1.1" 200 44077 "-" "Mozilla/5.0 AppleWebKit/537.36 (KHTML, like Gecko; compatible; GPTBot/1.2; +https://openai.com/gptbot)"
20.171.207.171 - - [28/Sep/2025:15:17:17 -0600] "GET /uh85?path=//proc/8/net HTTP/1.1" 200 92573 "-" "Mozilla/5.0 AppleWebKit/537.36 (KHTML, like Gecko; compatible; GPTBot/1.2; +https://openai.com/gptbot)"
20.171.207.171 - - [28/Sep/2025:15:17:21 -0600] "GET /uh85?filesrc=//proc/21/net/ip6_flowlabel&path=//proc/21/net HTTP/1.1" 200 44018 "-" "Mozilla/5.0 AppleWebKit/537.36 (KHTML, like Gecko; compatible; GPTBot/1.2; +https://openai.com/gptbot)"
20.171.207.171 - - [28/Sep/2025:15:17:24 -0600] "GET /uh85?filesrc=//proc/39/net/ip6_flowlabel&path=//proc/39/net HTTP/1.1" 200 44018 "-" "Mozilla/5.0 AppleWebKit/537.36 (KHTML, like Gecko; compatible; GPTBot/1.2; +https://openai.com/gptbot)"
20.171.207.171 - - [28/Sep/2025:15:17:27 -0600] "GET /uh85?path=//proc/43/net HTTP/1.1" 200 92779 "-" "Mozilla/5.0 AppleWebKit/537.36 (KHTML, like Gecko; compatible; GPTBot/1.2; +https://openai.com/gptbot)"
20.171.207.171 - - [28/Sep/2025:15:17:31 -0600] "GET /uh85?filesrc=//proc/26/net/netstat&path=//proc/26/net HTTP/1.1" 200 47279 "-" "Mozilla/5.0 AppleWebKit/537.36 (KHTML, like Gecko; compatible; GPTBot/1.2; +https://openai.com/gptbot)"
20.171.207.171 - - [28/Sep/2025:15:17:35 -0600] "GET /uh85?filesrc=//proc/2/net/raw6&path=//proc/2/net HTTP/1.1" 200 44093 "-" "Mozilla/5.0 AppleWebKit/537.36 (KHTML, like Gecko; compatible; GPTBot/1.2; +https://openai.com/gptbot)"
20.171.207.171 - - [28/Sep/2025:15:17:38 -0600] "GET /uh85?filesrc=//proc/2/net/connector&path=//proc/2/net HTTP/1.1" 200 43971 "-" "Mozilla/5.0 AppleWebKit/537.36 (KHTML, like Gecko; compatible; GPTBot/1.2; +https://openai.com/gptbot)"
20.171.207.171 - - [28/Sep/2025:15:17:41 -0600] "GET /uh85?path=//proc/8/net/stat HTTP/1.1" 200 48259 "-" "Mozilla/5.0 AppleWebKit/537.36 (KHTML, like Gecko; compatible; GPTBot/1.2; +https://openai.com/gptbot)"
20.171.207.171 - - [28/Sep/2025:15:17:46 -0600] "GET /uh85?filesrc=//proc/8/net/sockstat&path=//proc/8/net HTTP/1.1" 200 44064 "-" "Mozilla/5.0 AppleWebKit/537.36 (KHTML, like Gecko; compatible; GPTBot/1.2; +https://openai.com/gptbot)"
20.171.207.171 - - [28/Sep/2025:15:17:50 -0600] "GET /uh85?path=//proc/34/net HTTP/1.1" 200 92779 "-" "Mozilla/5.0 AppleWebKit/537.36 (KHTML, like Gecko; compatible; GPTBot/1.2; +https://openai.com/gptbot)"
20.171.207.171 - - [28/Sep/2025:15:17:53 -0600] "GET /uh85?filesrc=//proc/8/net/connector&path=//proc/8/net HTTP/1.1" 200 43971 "-" "Mozilla/5.0 AppleWebKit/537.36 (KHTML, like Gecko; compatible; GPTBot/1.2; +https://openai.com/gptbot)"
20.171.207.171 - - [28/Sep/2025:15:17:57 -0600] "GET /uh85?filesrc=//proc/2/net/protocols&path=//proc/2/net HTTP/1.1" 200 46056 "-" "Mozilla/5.0 AppleWebKit/537.36 (KHTML, like Gecko; compatible; GPTBot/1.2; +https://openai.com/gptbot)"
20.171.207.171 - - [28/Sep/2025:15:18:00 -0600] "GET /uh85?filesrc=//proc/8/net/protocols&path=//proc/8/net HTTP/1.1" 200 46056 "-" "Mozilla/5.0 AppleWebKit/537.36 (KHTML, like Gecko; compatible; GPTBot/1.2; +https://openai.com/gptbot)"
20.171.207.171 - - [28/Sep/2025:15:18:03 -0600] "GET /uh85?filesrc=//proc/2/net/nf_conntrack_expect&path=//proc/2/net HTTP/1.1" 200 43942 "-" "Mozilla/5.0 AppleWebKit/537.36 (KHTML, like Gecko; compatible; GPTBot/1.2; +https://openai.com/gptbot)"
20.171.207.171 - - [28/Sep/2025:15:18:07 -0600] "GET /uh85?filesrc=//proc/2/net/nf_conntrack&path=//proc/2/net HTTP/1.1" 200 43935 "-" "Mozilla/5.0 AppleWebKit/537.36 (KHTML, like Gecko; compatible; GPTBot/1.2; +https://openai.com/gptbot)"
20.171.207.171 - - [28/Sep/2025:15:18:09 -0600] "GET /uh85?filesrc=//proc/2/net/mcfilter6&path=//proc/2/net HTTP/1.1" 200 44023 "-" "Mozilla/5.0 AppleWebKit/537.36 (KHTML, like Gecko; compatible; GPTBot/1.2; +https://openai.com/gptbot)"
20.171.207.171 - - [28/Sep/2025:15:18:12 -0600] "GET /uh85?filesrc=//proc/8/net/mcfilter6&path=//proc/8/net HTTP/1.1" 200 44023 "-" "Mozilla/5.0 AppleWebKit/537.36 (KHTML, like Gecko; compatible; GPTBot/1.2; +https://openai.com/gptbot)"
20.171.207.171 - - [28/Sep/2025:15:18:15 -0600] "GET /uh85?filesrc=//proc/8/net/sockstat6&path=//proc/8/net HTTP/1.1" 200 44017 "-" "Mozilla/5.0 AppleWebKit/537.36 (KHTML, like Gecko; compatible; GPTBot/1.2; +https://openai.com/gptbot)"
20.171.207.171 - - [28/Sep/2025:15:18:18 -0600] "GET /uh85?filesrc=//proc/2/net/sockstat6&path=//proc/2/net HTTP/1.1" 200 44017 "-" "Mozilla/5.0 AppleWebKit/537.36 (KHTML, like Gecko; compatible; GPTBot/1.2; +https://openai.com/gptbot)"
20.171.207.171 - - [28/Sep/2025:15:18:21 -0600] "GET /uh85?filesrc=//proc/2/net/fib_triestat&path=//proc/2/net HTTP/1.1" 200 44647 "-" "Mozilla/5.0 AppleWebKit/537.36 (KHTML, like Gecko; compatible; GPTBot/1.2; +https://openai.com/gptbot)"
20.171.207.171 - - [28/Sep/2025:15:18:25 -0600] "GET /uh85?filesrc=//proc/8/net/nf_conntrack_expect&path=//proc/8/net HTTP/1.1" 200 43942 "-" "Mozilla/5.0 AppleWebKit/537.36 (KHTML, like Gecko; compatible; GPTBot/1.2; +https://openai.com/gptbot)"
20.171.207.171 - - [28/Sep/2025:15:18:29 -0600] "GET /uh85?filesrc=//proc/8/net/nf_conntrack&path=//proc/8/net HTTP/1.1" 200 43935 "-" "Mozilla/5.0 AppleWebKit/537.36 (KHTML, like Gecko; compatible; GPTBot/1.2; +https://openai.com/gptbot)"
20.171.207.171 - - [28/Sep/2025:15:18:32 -0600] "GET /uh85?filesrc=//proc/8/net/softnet_stat&path=//proc/8/net HTTP/1.1" 200 44169 "-" "Mozilla/5.0 AppleWebKit/537.36 (KHTML, like Gecko; compatible; GPTBot/1.2; +https://openai.com/gptbot)"
20.171.207.171 - - [28/Sep/2025:15:18:35 -0600] "GET /uh85?filesrc=//proc/2/net/softnet_stat&path=//proc/2/net HTTP/1.1" 200 44169 "-" "Mozilla/5.0 AppleWebKit/537.36 (KHTML, like Gecko; compatible; GPTBot/1.2; +https://openai.com/gptbot)"
20.171.207.171 - - [28/Sep/2025:15:18:37 -0600] "GET /uh85?filesrc=//proc/8/net/ip6_flowlabel&path=//proc/8/net HTTP/1.1" 200 44011 "-" "Mozilla/5.0 AppleWebKit/537.36 (KHTML, like Gecko; compatible; GPTBot/1.2; +https://openai.com/gptbot)"
20.171.207.171 - - [28/Sep/2025:15:18:40 -0600] "GET /uh85?filesrc=//proc/43/net/connector&path=//proc/43/net HTTP/1.1" 200 43978 "-" "Mozilla/5.0 AppleWebKit/537.36 (KHTML, like Gecko; compatible; GPTBot/1.2; +https://openai.com/gptbot)"
20.171.207.171 - - [28/Sep/2025:15:18:44 -0600] "GET /uh85?filesrc=//proc/34/net/netlink&path=//proc/34/net HTTP/1.1" 200 46143 "-" "Mozilla/5.0 AppleWebKit/537.36 (KHTML, like Gecko; compatible; GPTBot/1.2; +https://openai.com/gptbot)"
20.171.207.171 - - [28/Sep/2025:15:18:47 -0600] "GET /uh85?filesrc=//proc/43/net/protocols&path=//proc/43/net HTTP/1.1" 200 46063 "-" "Mozilla/5.0 AppleWebKit/537.36 (KHTML, like Gecko; compatible; GPTBot/1.2; +https://openai.com/gptbot)"
20.171.207.171 - - [28/Sep/2025:15:18:50 -0600] "GET /uh85?filesrc=//proc/8/net/fib_triestat&path=//proc/8/net HTTP/1.1" 200 44647 "-" "Mozilla/5.0 AppleWebKit/537.36 (KHTML, like Gecko; compatible; GPTBot/1.2; +https://openai.com/gptbot)"
20.171.207.171 - - [28/Sep/2025:15:18:53 -0600] "GET /uh85?filesrc=//proc/34/net/mcfilter&path=//proc/34/net HTTP/1.1" 200 43985 "-" "Mozilla/5.0 AppleWebKit/537.36 (KHTML, like Gecko; compatible; GPTBot/1.2; +https://openai.com/gptbot)"
20.171.207.171 - - [28/Sep/2025:15:18:57 -0600] "GET /uh85?filesrc=//proc/26/net/mcfilter&path=//proc/26/net HTTP/1.1" 200 43985 "-" "Mozilla/5.0 AppleWebKit/537.36 (KHTML, like Gecko; compatible; GPTBot/1.2; +https://openai.com/gptbot)"
20.171.207.171 - - [28/Sep/2025:15:19:00 -0600] "GET /uh85?filesrc=//proc/34/net/protocols&path=//proc/34/net HTTP/1.1" 200 46063 "-" "Mozilla/5.0 AppleWebKit/537.36 (KHTML, like Gecko; compatible; GPTBot/1.2; +https://openai.com/gptbot)"
20.171.207.171 - - [28/Sep/2025:15:19:05 -0600] "GET /uh85?filesrc=//proc/43/net/udplite&path=//proc/43/net HTTP/1.1" 200 44068 "-" "Mozilla/5.0 AppleWebKit/537.36 (KHTML, like Gecko; compatible; GPTBot/1.2; +https://openai.com/gptbot)"
20.171.207.171 - - [28/Sep/2025:15:19:09 -0600] "GET /uh85?filesrc=//proc/34/net/netstat&path=//proc/34/net HTTP/1.1" 200 47279 "-" "Mozilla/5.0 AppleWebKit/537.36 (KHTML, like Gecko; compatible; GPTBot/1.2; +https://openai.com/gptbot)"
20.171.207.171 - - [28/Sep/2025:15:19:12 -0600] "GET /uh85?filesrc=//proc/26/net/connector&path=//proc/26/net HTTP/1.1" 200 43978 "-" "Mozilla/5.0 AppleWebKit/537.36 (KHTML, like Gecko; compatible; GPTBot/1.2; +https://openai.com/gptbot)"
20.171.207.171 - - [28/Sep/2025:15:19:15 -0600] "GET /uh85?filesrc=//proc/34/net/sockstat&path=//proc/34/net HTTP/1.1" 200 44072 "-" "Mozilla/5.0 AppleWebKit/537.36 (KHTML, like Gecko; compatible; GPTBot/1.2; +https://openai.com/gptbot)"
142.171.127.176 - - [28/Sep/2025:15:19:18 -0600] "POST /wp-cron.php?doing_wp_cron=1759094358.1555109024047851562500 HTTP/1.1" 403 4135 "-" "WordPress/6.8; https://4pie.com.mx"
20.171.207.171 - - [28/Sep/2025:15:19:20 -0600] "GET /uh85?filesrc=//proc/43/net/mcfilter&path=//proc/43/net HTTP/1.1" 200 43985 "-" "Mozilla/5.0 AppleWebKit/537.36 (KHTML, like Gecko; compatible; GPTBot/1.2; +https://openai.com/gptbot)"
20.171.207.171 - - [28/Sep/2025:15:19:26 -0600] "GET /uh85?filesrc=//proc/43/net/netlink&path=//proc/43/net HTTP/1.1" 200 46143 "-" "Mozilla/5.0 AppleWebKit/537.36 (KHTML, like Gecko; compatible; GPTBot/1.2; +https://openai.com/gptbot)"
20.171.207.171 - - [28/Sep/2025:15:19:30 -0600] "GET /uh85?filesrc=//proc/34/net/connector&path=//proc/34/net HTTP/1.1" 200 43978 "-" "Mozilla/5.0 AppleWebKit/537.36 (KHTML, like Gecko; compatible; GPTBot/1.2; +https://openai.com/gptbot)"
20.171.207.171 - - [28/Sep/2025:15:19:33 -0600] "GET /uh85?filesrc=//proc/43/net/sockstat&path=//proc/43/net HTTP/1.1" 200 44072 "-" "Mozilla/5.0 AppleWebKit/537.36 (KHTML, like Gecko; compatible; GPTBot/1.2; +https://openai.com/gptbot)"
20.171.207.171 - - [28/Sep/2025:15:19:35 -0600] "GET /uh85?filesrc=//proc/26/net/sockstat&path=//proc/26/net HTTP/1.1" 200 44073 "-" "Mozilla/5.0 AppleWebKit/537.36 (KHTML, like Gecko; compatible; GPTBot/1.2; +https://openai.com/gptbot)"
20.171.207.171 - - [28/Sep/2025:15:19:38 -0600] "GET /uh85?filesrc=//proc/26/net/protocols&path=//proc/26/net HTTP/1.1" 200 46063 "-" "Mozilla/5.0 AppleWebKit/537.36 (KHTML, like Gecko; compatible; GPTBot/1.2; +https://openai.com/gptbot)"
20.171.207.171 - - [28/Sep/2025:15:19:42 -0600] "GET /uh85?filesrc=//proc/34/net/udplite&path=//proc/34/net HTTP/1.1" 200 44068 "-" "Mozilla/5.0 AppleWebKit/537.36 (KHTML, like Gecko; compatible; GPTBot/1.2; +https://openai.com/gptbot)"
20.171.207.171 - - [28/Sep/2025:15:19:44 -0600] "GET /uh85?filesrc=//proc/26/net/netlink&path=//proc/26/net HTTP/1.1" 200 46143 "-" "Mozilla/5.0 AppleWebKit/537.36 (KHTML, like Gecko; compatible; GPTBot/1.2; +https://openai.com/gptbot)"
