20.171.207.171 - - [28/Sep/2025:11:50:45 -0600] "GET /or196?path=//proc/996 HTTP/1.1" 404 63749 "-" "Mozilla/5.0 AppleWebKit/537.36 (KHTML, like Gecko; compatible; GPTBot/1.2; +https://openai.com/gptbot)"
20.171.207.171 - - [28/Sep/2025:11:50:48 -0600] "GET /or196?path=//proc/606 HTTP/1.1" 404 63749 "-" "Mozilla/5.0 AppleWebKit/537.36 (KHTML, like Gecko; compatible; GPTBot/1.2; +https://openai.com/gptbot)"
142.171.127.176 - - [28/Sep/2025:11:50:51 -0600] "POST /wp-cron.php?doing_wp_cron=1759081851.2555890083312988281250 HTTP/1.1" 403 23958 "-" "WordPress/6.8; https://4pie.com.mx"
20.171.207.171 - - [28/Sep/2025:11:50:54 -0600] "GET /or196?path=//proc/869 HTTP/1.1" 200 91371 "-" "Mozilla/5.0 AppleWebKit/537.36 (KHTML, like Gecko; compatible; GPTBot/1.2; +https://openai.com/gptbot)"
20.171.207.171 - - [28/Sep/2025:11:50:58 -0600] "GET /if118?path=//proc/155 HTTP/1.1" 200 91371 "-" "Mozilla/5.0 AppleWebKit/537.36 (KHTML, like Gecko; compatible; GPTBot/1.2; +https://openai.com/gptbot)"
20.171.207.171 - - [28/Sep/2025:11:51:02 -0600] "GET /or196?path=//proc/991 HTTP/1.1" 404 91371 "-" "Mozilla/5.0 AppleWebKit/537.36 (KHTML, like Gecko; compatible; GPTBot/1.2; +https://openai.com/gptbot)"
20.171.207.171 - - [28/Sep/2025:11:51:05 -0600] "GET /up191?filesrc=//proc/359/statm&path=//proc/359 HTTP/1.1" 404 43901 "-" "Mozilla/5.0 AppleWebKit/537.36 (KHTML, like Gecko; compatible; GPTBot/1.2; +https://openai.com/gptbot)"
20.171.207.171 - - [28/Sep/2025:11:51:09 -0600] "GET /up191?path=//proc/991 HTTP/1.1" 404 63749 "-" "Mozilla/5.0 AppleWebKit/537.36 (KHTML, like Gecko; compatible; GPTBot/1.2; +https://openai.com/gptbot)"
20.171.207.171 - - [28/Sep/2025:11:51:12 -0600] "GET /up191?path=//proc/869 HTTP/1.1" 404 91371 "-" "Mozilla/5.0 AppleWebKit/537.36 (KHTML, like Gecko; compatible; GPTBot/1.2; +https://openai.com/gptbot)"
20.171.207.171 - - [28/Sep/2025:11:51:16 -0600] "GET /up191?path=//proc/606 HTTP/1.1" 404 63749 "-" "Mozilla/5.0 AppleWebKit/537.36 (KHTML, like Gecko; compatible; GPTBot/1.2; +https://openai.com/gptbot)"
20.171.207.171 - - [28/Sep/2025:11:51:20 -0600] "GET /or196?path=//proc/986 HTTP/1.1" 404 63749 "-" "Mozilla/5.0 AppleWebKit/537.36 (KHTML, like Gecko; compatible; GPTBot/1.2; +https://openai.com/gptbot)"
20.171.207.171 - - [28/Sep/2025:11:51:24 -0600] "GET /if118?filesrc=//proc/155/personality&path=//proc/155 HTTP/1.1" 404 43893 "-" "Mozilla/5.0 AppleWebKit/537.36 (KHTML, like Gecko; compatible; GPTBot/1.2; +https://openai.com/gptbot)"
20.171.207.171 - - [28/Sep/2025:11:51:27 -0600] "GET /if118?path=//proc/151 HTTP/1.1" 404 63749 "-" "Mozilla/5.0 AppleWebKit/537.36 (KHTML, like Gecko; compatible; GPTBot/1.2; +https://openai.com/gptbot)"
20.171.207.171 - - [28/Sep/2025:11:51:30 -0600] "GET /up191?path=//proc/355 HTTP/1.1" 200 91371 "-" "Mozilla/5.0 AppleWebKit/537.36 (KHTML, like Gecko; compatible; GPTBot/1.2; +https://openai.com/gptbot)"
20.171.207.171 - - [28/Sep/2025:11:51:34 -0600] "GET /up191?path=//proc/155 HTTP/1.1" 404 63749 "-" "Mozilla/5.0 AppleWebKit/537.36 (KHTML, like Gecko; compatible; GPTBot/1.2; +https://openai.com/gptbot)"
20.171.207.171 - - [28/Sep/2025:11:51:39 -0600] "GET /up191?path=//proc/596 HTTP/1.1" 404 63749 "-" "Mozilla/5.0 AppleWebKit/537.36 (KHTML, like Gecko; compatible; GPTBot/1.2; +https://openai.com/gptbot)"
20.171.207.171 - - [28/Sep/2025:11:51:42 -0600] "GET /or196?path=//proc/151 HTTP/1.1" 404 91371 "-" "Mozilla/5.0 AppleWebKit/537.36 (KHTML, like Gecko; compatible; GPTBot/1.2; +https://openai.com/gptbot)"
20.171.207.171 - - [28/Sep/2025:11:51:45 -0600] "GET /up191?path=//proc/539 HTTP/1.1" 404 63749 "-" "Mozilla/5.0 AppleWebKit/537.36 (KHTML, like Gecko; compatible; GPTBot/1.2; +https://openai.com/gptbot)"
20.171.207.171 - - [28/Sep/2025:11:51:48 -0600] "GET /up191?path=//proc/985 HTTP/1.1" 200 91371 "-" "Mozilla/5.0 AppleWebKit/537.36 (KHTML, like Gecko; compatible; GPTBot/1.2; +https://openai.com/gptbot)"
20.171.207.171 - - [28/Sep/2025:11:51:51 -0600] "GET /if118?path=//proc/991 HTTP/1.1" 200 91371 "-" "Mozilla/5.0 AppleWebKit/537.36 (KHTML, like Gecko; compatible; GPTBot/1.2; +https://openai.com/gptbot)"
20.171.207.171 - - [28/Sep/2025:11:51:54 -0600] "GET /up191?path=//proc/150 HTTP/1.1" 200 91371 "-" "Mozilla/5.0 AppleWebKit/537.36 (KHTML, like Gecko; compatible; GPTBot/1.2; +https://openai.com/gptbot)"
173.208.176.202 - - [28/Sep/2025:11:50:22 -0600] "GET /wp-content/install.php?id=421352 HTTP/1.1" 200 - "-" "GuzzleHttp/7"
20.171.207.171 - - [28/Sep/2025:11:51:58 -0600] "GET /up191?path=//proc/353 HTTP/1.1" 200 91371 "-" "Mozilla/5.0 AppleWebKit/537.36 (KHTML, like Gecko; compatible; GPTBot/1.2; +https://openai.com/gptbot)"
216.244.66.243 - - [28/Sep/2025:11:52:01 -0600] "GET /index.php/category/uncategorized/ HTTP/1.1" 200 117063 "-" "Mozilla/5.0 (compatible; DotBot/1.2; +https://opensiteexplorer.org/dotbot; help@moz.com)"
20.171.207.171 - - [28/Sep/2025:11:52:05 -0600] "GET /up191?path=//proc/996 HTTP/1.1" 200 91371 "-" "Mozilla/5.0 AppleWebKit/537.36 (KHTML, like Gecko; compatible; GPTBot/1.2; +https://openai.com/gptbot)"
20.171.207.171 - - [28/Sep/2025:11:52:09 -0600] "GET /or196?path=//proc/596 HTTP/1.1" 404 91371 "-" "Mozilla/5.0 AppleWebKit/537.36 (KHTML, like Gecko; compatible; GPTBot/1.2; +https://openai.com/gptbot)"
20.171.207.171 - - [28/Sep/2025:11:52:12 -0600] "GET /or196?path=//proc/155 HTTP/1.1" 200 91371 "-" "Mozilla/5.0 AppleWebKit/537.36 (KHTML, like Gecko; compatible; GPTBot/1.2; +https://openai.com/gptbot)"
20.171.207.171 - - [28/Sep/2025:11:52:16 -0600] "GET /up191?path=//proc/152 HTTP/1.1" 404 91371 "-" "Mozilla/5.0 AppleWebKit/537.36 (KHTML, like Gecko; compatible; GPTBot/1.2; +https://openai.com/gptbot)"
20.171.207.171 - - [28/Sep/2025:11:52:20 -0600] "GET /up191?filesrc=//proc/150/sessionid&path=//proc/150 HTTP/1.1" 200 43901 "-" "Mozilla/5.0 AppleWebKit/537.36 (KHTML, like Gecko; compatible; GPTBot/1.2; +https://openai.com/gptbot)"
20.171.207.171 - - [28/Sep/2025:11:52:23 -0600] "GET /up191?path=//proc/986 HTTP/1.1" 404 63749 "-" "Mozilla/5.0 AppleWebKit/537.36 (KHTML, like Gecko; compatible; GPTBot/1.2; +https://openai.com/gptbot)"
20.171.207.171 - - [28/Sep/2025:11:52:28 -0600] "GET /up191?path=//proc/154 HTTP/1.1" 200 91371 "-" "Mozilla/5.0 AppleWebKit/537.36 (KHTML, like Gecko; compatible; GPTBot/1.2; +https://openai.com/gptbot)"
20.171.207.171 - - [28/Sep/2025:11:52:31 -0600] "GET /up191?path=//proc/525 HTTP/1.1" 404 63749 "-" "Mozilla/5.0 AppleWebKit/537.36 (KHTML, like Gecko; compatible; GPTBot/1.2; +https://openai.com/gptbot)"
20.171.207.171 - - [28/Sep/2025:11:52:37 -0600] "GET /clinic133?info HTTP/1.1" 200 44513 "-" "Mozilla/5.0 AppleWebKit/537.36 (KHTML, like Gecko; compatible; GPTBot/1.2; +https://openai.com/gptbot)"
20.171.207.171 - - [28/Sep/2025:11:52:39 -0600] "GET /herb134?filesrc=//bin/h2ph&path=//bin HTTP/1.1" 404 75631 "-" "Mozilla/5.0 AppleWebKit/537.36 (KHTML, like Gecko; compatible; GPTBot/1.2; +https://openai.com/gptbot)"
20.171.207.171 - - [28/Sep/2025:11:52:44 -0600] "GET /window122?info HTTP/1.1" 404 44513 "-" "Mozilla/5.0 AppleWebKit/537.36 (KHTML, like Gecko; compatible; GPTBot/1.2; +https://openai.com/gptbot)"
20.171.207.171 - - [28/Sep/2025:11:52:48 -0600] "GET /wage105?filesrc=//proc/net/xfrm_stat&path=//proc/net HTTP/1.1" 200 44647 "-" "Mozilla/5.0 AppleWebKit/537.36 (KHTML, like Gecko; compatible; GPTBot/1.2; +https://openai.com/gptbot)"
20.171.207.171 - - [28/Sep/2025:11:52:51 -0600] "GET /joke287?filesrc=//proc/net/xfrm_stat&path=//proc/net HTTP/1.1" 200 44647 "-" "Mozilla/5.0 AppleWebKit/537.36 (KHTML, like Gecko; compatible; GPTBot/1.2; +https://openai.com/gptbot)"
142.171.127.176 - - [28/Sep/2025:11:52:54 -0600] "POST /wp-cron.php?doing_wp_cron=1759081974.1292090415954589843750 HTTP/1.1" 404 23749 "-" "WordPress/6.8; https://4pie.com.mx"
20.171.207.171 - - [28/Sep/2025:11:52:56 -0600] "GET /up191?path=//proc/154/ns HTTP/1.1" 200 44280 "-" "Mozilla/5.0 AppleWebKit/537.36 (KHTML, like Gecko; compatible; GPTBot/1.2; +https://openai.com/gptbot)"
20.171.207.171 - - [28/Sep/2025:11:53:00 -0600] "GET /book134?filesrc=//proc/net/xfrm_stat&path=//proc/net HTTP/1.1" 200 44647 "-" "Mozilla/5.0 AppleWebKit/537.36 (KHTML, like Gecko; compatible; GPTBot/1.2; +https://openai.com/gptbot)"
20.171.207.171 - - [28/Sep/2025:11:53:05 -0600] "GET /wage105?filesrc=//proc/net/dev_mcast&path=//proc/net HTTP/1.1" 404 44029 "-" "Mozilla/5.0 AppleWebKit/537.36 (KHTML, like Gecko; compatible; GPTBot/1.2; +https://openai.com/gptbot)"
20.171.207.171 - - [28/Sep/2025:11:53:10 -0600] "GET /skin125?filesrc=//proc/net/dev_mcast&path=//proc/net HTTP/1.1" 404 44029 "-" "Mozilla/5.0 AppleWebKit/537.36 (KHTML, like Gecko; compatible; GPTBot/1.2; +https://openai.com/gptbot)"
20.171.207.171 - - [28/Sep/2025:11:53:16 -0600] "GET /joke287?filesrc=//proc/net/dev_mcast&path=//proc/net HTTP/1.1" 404 44029 "-" "Mozilla/5.0 AppleWebKit/537.36 (KHTML, like Gecko; compatible; GPTBot/1.2; +https://openai.com/gptbot)"
20.171.207.171 - - [28/Sep/2025:11:53:20 -0600] "GET /team177?path=/home HTTP/1.1" 200 44183 "-" "Mozilla/5.0 AppleWebKit/537.36 (KHTML, like Gecko; compatible; GPTBot/1.2; +https://openai.com/gptbot)"
20.171.207.171 - - [28/Sep/2025:11:53:23 -0600] "GET /book134?filesrc=//proc/net/dev_mcast&path=//proc/net HTTP/1.1" 404 44029 "-" "Mozilla/5.0 AppleWebKit/537.36 (KHTML, like Gecko; compatible; GPTBot/1.2; +https://openai.com/gptbot)"
20.171.207.171 - - [28/Sep/2025:11:53:26 -0600] "GET /mate199?path=/home HTTP/1.1" 200 44183 "-" "Mozilla/5.0 AppleWebKit/537.36 (KHTML, like Gecko; compatible; GPTBot/1.2; +https://openai.com/gptbot)"
173.208.176.202 - - [28/Sep/2025:11:51:56 -0600] "GET /wp-content/install.php?id=421352 HTTP/1.1" 200 - "-" "GuzzleHttp/7"
20.171.207.171 - - [28/Sep/2025:11:53:28 -0600] "GET /even224?path=/home HTTP/1.1" 200 44183 "-" "Mozilla/5.0 AppleWebKit/537.36 (KHTML, like Gecko; compatible; GPTBot/1.2; +https://openai.com/gptbot)"
20.171.207.171 - - [28/Sep/2025:11:53:31 -0600] "GET /cook118?path=/home HTTP/1.1" 404 44183 "-" "Mozilla/5.0 AppleWebKit/537.36 (KHTML, like Gecko; compatible; GPTBot/1.2; +https://openai.com/gptbot)"
20.171.207.171 - - [28/Sep/2025:11:53:35 -0600] "GET /poke161?path=/home HTTP/1.1" 404 44183 "-" "Mozilla/5.0 AppleWebKit/537.36 (KHTML, like Gecko; compatible; GPTBot/1.2; +https://openai.com/gptbot)"
204.12.208.18 - - [28/Sep/2025:11:53:38 -0600] "GET /?sitemapindex.xml HTTP/1.1" 200 7536 "http://4pie.com.mx/?sitemapindex.xml" "Mozilla/5.0 (Macintosh; U; Intel Mac OS X 10_5_6; ja-jp) AppleWebKit/525.27.1 (KHTML, like Gecko) Version/3.2.1 Safari/525.27.1"
20.171.207.171 - - [28/Sep/2025:11:53:37 -0600] "GET /even224?filesrc=//bin/h2ph&path=//bin HTTP/1.1" 404 63749 "-" "Mozilla/5.0 AppleWebKit/537.36 (KHTML, like Gecko; compatible; GPTBot/1.2; +https://openai.com/gptbot)"
20.171.207.171 - - [28/Sep/2025:11:53:41 -0600] "GET /thus171?path=/home HTTP/1.1" 200 44183 "-" "Mozilla/5.0 AppleWebKit/537.36 (KHTML, like Gecko; compatible; GPTBot/1.2; +https://openai.com/gptbot)"
20.171.207.171 - - [28/Sep/2025:11:53:46 -0600] "GET /beam225?path=/home HTTP/1.1" 200 44183 "-" "Mozilla/5.0 AppleWebKit/537.36 (KHTML, like Gecko; compatible; GPTBot/1.2; +https://openai.com/gptbot)"
20.171.207.171 - - [28/Sep/2025:11:53:50 -0600] "GET /mood126?path=/home HTTP/1.1" 200 44183 "-" "Mozilla/5.0 AppleWebKit/537.36 (KHTML, like Gecko; compatible; GPTBot/1.2; +https://openai.com/gptbot)"
20.171.207.171 - - [28/Sep/2025:11:53:53 -0600] "GET /tell220?path=/home HTTP/1.1" 404 44183 "-" "Mozilla/5.0 AppleWebKit/537.36 (KHTML, like Gecko; compatible; GPTBot/1.2; +https://openai.com/gptbot)"
142.171.127.176 - - [28/Sep/2025:11:53:55 -0600] "POST /wp-cron.php?doing_wp_cron=1759082035.3289198875427246093750 HTTP/1.1" 404 23749 "-" "WordPress/6.8; https://4pie.com.mx"
20.171.207.171 - - [28/Sep/2025:11:53:59 -0600] "GET /loop130?path=/home HTTP/1.1" 404 44183 "-" "Mozilla/5.0 AppleWebKit/537.36 (KHTML, like Gecko; compatible; GPTBot/1.2; +https://openai.com/gptbot)"
20.171.207.171 - - [28/Sep/2025:11:54:02 -0600] "GET /heat158?path=/home HTTP/1.1" 200 44183 "-" "Mozilla/5.0 AppleWebKit/537.36 (KHTML, like Gecko; compatible; GPTBot/1.2; +https://openai.com/gptbot)"
20.171.207.171 - - [28/Sep/2025:11:54:06 -0600] "GET /tape267?path=/home HTTP/1.1" 200 44183 "-" "Mozilla/5.0 AppleWebKit/537.36 (KHTML, like Gecko; compatible; GPTBot/1.2; +https://openai.com/gptbot)"
20.171.207.171 - - [28/Sep/2025:11:54:10 -0600] "GET /port116?path=/home HTTP/1.1" 404 44183 "-" "Mozilla/5.0 AppleWebKit/537.36 (KHTML, like Gecko; compatible; GPTBot/1.2; +https://openai.com/gptbot)"
20.171.207.171 - - [28/Sep/2025:11:54:13 -0600] "GET /thus171?aksi=buatfolder&path=/home HTTP/1.1" 404 44070 "-" "Mozilla/5.0 AppleWebKit/537.36 (KHTML, like Gecko; compatible; GPTBot/1.2; +https://openai.com/gptbot)"
20.171.207.171 - - [28/Sep/2025:11:54:16 -0600] "GET /hint161?path=/home HTTP/1.1" 404 44183 "-" "Mozilla/5.0 AppleWebKit/537.36 (KHTML, like Gecko; compatible; GPTBot/1.2; +https://openai.com/gptbot)"
20.171.207.171 - - [28/Sep/2025:11:54:19 -0600] "GET /knee122?path=/home HTTP/1.1" 404 44183 "-" "Mozilla/5.0 AppleWebKit/537.36 (KHTML, like Gecko; compatible; GPTBot/1.2; +https://openai.com/gptbot)"
20.171.207.171 - - [28/Sep/2025:11:54:24 -0600] "GET /test278?path=/home HTTP/1.1" 404 44183 "-" "Mozilla/5.0 AppleWebKit/537.36 (KHTML, like Gecko; compatible; GPTBot/1.2; +https://openai.com/gptbot)"
20.171.207.171 - - [28/Sep/2025:11:54:28 -0600] "GET /time221?path=/home HTTP/1.1" 404 44183 "-" "Mozilla/5.0 AppleWebKit/537.36 (KHTML, like Gecko; compatible; GPTBot/1.2; +https://openai.com/gptbot)"
20.171.207.171 - - [28/Sep/2025:11:54:31 -0600] "GET /data196?path=/home HTTP/1.1" 404 44183 "-" "Mozilla/5.0 AppleWebKit/537.36 (KHTML, like Gecko; compatible; GPTBot/1.2; +https://openai.com/gptbot)"
20.171.207.171 - - [28/Sep/2025:11:54:35 -0600] "GET /palm151?path=/home HTTP/1.1" 200 44183 "-" "Mozilla/5.0 AppleWebKit/537.36 (KHTML, like Gecko; compatible; GPTBot/1.2; +https://openai.com/gptbot)"
20.171.207.171 - - [28/Sep/2025:11:54:38 -0600] "GET /game299?path=/home HTTP/1.1" 404 44183 "-" "Mozilla/5.0 AppleWebKit/537.36 (KHTML, like Gecko; compatible; GPTBot/1.2; +https://openai.com/gptbot)"
20.171.207.171 - - [28/Sep/2025:11:54:41 -0600] "GET /vote211?path=/home HTTP/1.1" 404 44183 "-" "Mozilla/5.0 AppleWebKit/537.36 (KHTML, like Gecko; compatible; GPTBot/1.2; +https://openai.com/gptbot)"
20.171.207.171 - - [28/Sep/2025:11:54:45 -0600] "GET /then264?path=/home HTTP/1.1" 404 44183 "-" "Mozilla/5.0 AppleWebKit/537.36 (KHTML, like Gecko; compatible; GPTBot/1.2; +https://openai.com/gptbot)"
103.126.149.115 - - [28/Sep/2025:11:54:47 -0600] "GET /wp-includes/css/modules.php HTTP/1.1" 403 62659 "-" "Mozilla/5.0 (compatible; FastShellFinder/1.0)"
103.126.149.112 - - [28/Sep/2025:11:54:47 -0600] "GET /wp-content/plugins/xichang/x.php?xi HTTP/1.1" 200 62667 "-" "Mozilla/5.0 (compatible; FastShellFinder/1.0)"
103.126.149.112 - - [28/Sep/2025:11:54:47 -0600] "GET /XxX.php HTTP/1.1" 403 58737 "-" "Mozilla/5.0 (compatible; FastShellFinder/1.0)"
103.126.149.115 - - [28/Sep/2025:11:54:47 -0600] "GET /indoxploit.php HTTP/1.1" 403 101413 "-" "Mozilla/5.0 (compatible; FastShellFinder/1.0)"
173.208.176.202 - - [28/Sep/2025:11:53:27 -0600] "GET /wp-content/install.php?id=421352 HTTP/1.1" 200 - "-" "GuzzleHttp/7"
103.126.149.112 - - [28/Sep/2025:11:54:47 -0600] "GET /wp-content/plugins/wp-db-ajax-made/wp-ajax.php HTTP/1.1" 200 62685 "-" "Mozilla/5.0 (compatible; FastShellFinder/1.0)"
103.126.149.115 - - [28/Sep/2025:11:54:47 -0600] "GET /wp-content/plugins/css-ready-sel/file.php HTTP/1.1" 200 62661 "-" "Mozilla/5.0 (compatible; FastShellFinder/1.0)"
103.126.149.115 - - [28/Sep/2025:11:54:47 -0600] "GET /wp-content/plugins/html404/index.html HTTP/1.1" 200 62663 "-" "Mozilla/5.0 (compatible; FastShellFinder/1.0)"
103.126.149.115 - - [28/Sep/2025:11:54:47 -0600] "GET /wp-content/plugins/three-column-screen-layout/db.php HTTP/1.1" 200 101413 "-" "Mozilla/5.0 (compatible; FastShellFinder/1.0)"
103.126.149.115 - - [28/Sep/2025:11:54:47 -0600] "GET /wp-content/plugins/ubh/index.php HTTP/1.1" 200 62675 "-" "Mozilla/5.0 (compatible; FastShellFinder/1.0)"
103.126.149.115 - - [28/Sep/2025:11:54:47 -0600] "GET /wp-content/plugins/vwcleanerplugin/bump.php?cache HTTP/1.1" 200 101413 "-" "Mozilla/5.0 (compatible; FastShellFinder/1.0)"
103.126.149.115 - - [28/Sep/2025:11:54:47 -0600] "GET /wp-content/plugins/css-ready/file.php HTTP/1.1" 200 101413 "-" "Mozilla/5.0 (compatible; FastShellFinder/1.0)"
142.171.127.176 - - [28/Sep/2025:11:54:56 -0600] "POST /wp-cron.php?doing_wp_cron=1759082096.6117799282073974609375 HTTP/1.1" 403 4 "-" "WordPress/6.8; https://4pie.com.mx"
20.171.207.171 - - [28/Sep/2025:11:54:50 -0600] "GET /what292?path=/home HTTP/1.1" 200 44183 "-" "Mozilla/5.0 AppleWebKit/537.36 (KHTML, like Gecko; compatible; GPTBot/1.2; +https://openai.com/gptbot)"
142.171.127.176 - - [28/Sep/2025:11:55:01 -0600] "POST /wp-cron.php?doing_wp_cron=1759082100.8542580604553222656250 HTTP/1.1" 403 23958 "-" "WordPress/6.8; https://4pie.com.mx"
142.171.127.176 - - [28/Sep/2025:11:54:59 -0600] "POST /wp-cron.php?doing_wp_cron=1759082098.8333590030670166015625 HTTP/1.1" 403 23958 "-" "WordPress/6.8; https://4pie.com.mx"
142.171.127.176 - - [28/Sep/2025:11:55:00 -0600] "POST /wp-cron.php?doing_wp_cron=1759082099.9335999488830566406250 HTTP/1.1" 403 23958 "-" "WordPress/6.8; https://4pie.com.mx"
142.171.127.176 - - [28/Sep/2025:11:54:58 -0600] "POST /wp-cron.php?doing_wp_cron=1759082097.7037770748138427734375 HTTP/1.1" 403 8004 "-" "WordPress/6.8; https://4pie.com.mx"
142.171.127.176 - - [28/Sep/2025:11:55:06 -0600] "POST /wp-cron.php?doing_wp_cron=1759082105.8095629215240478515625 HTTP/1.1" 403 23958 "-" "WordPress/6.8; https://4pie.com.mx"
142.171.127.176 - - [28/Sep/2025:11:55:00 -0600] "POST /wp-cron.php?doing_wp_cron=1759082100.4130721092224121093750 HTTP/1.1" 403 2 "-" "WordPress/6.8; https://4pie.com.mx"
142.171.127.176 - - [28/Sep/2025:11:55:05 -0600] "POST /wp-cron.php?doing_wp_cron=1759082105.2079260349273681640625 HTTP/1.1" 403 23958 "-" "WordPress/6.8; https://4pie.com.mx"
142.171.127.176 - - [28/Sep/2025:11:55:08 -0600] "POST /wp-cron.php?doing_wp_cron=1759082108.5336909294128417968750 HTTP/1.1" 403 23958 "-" "WordPress/6.8; https://4pie.com.mx"
142.171.127.176 - - [28/Sep/2025:11:55:08 -0600] "POST /wp-cron.php?doing_wp_cron=1759082108.3141050338745117187500 HTTP/1.1" 403 2 "-" "WordPress/6.8; https://4pie.com.mx"
142.171.127.176 - - [28/Sep/2025:11:55:07 -0600] "POST /wp-cron.php?doing_wp_cron=1759082107.0018289089202880859375 HTTP/1.1" 403 2 "-" "WordPress/6.8; https://4pie.com.mx"
142.171.127.176 - - [28/Sep/2025:11:55:01 -0600] "POST /wp-cron.php?doing_wp_cron=1759082100.9412200450897216796875 HTTP/1.1" 403 8004 "-" "WordPress/6.8; https://4pie.com.mx"
142.171.127.176 - - [28/Sep/2025:11:55:10 -0600] "POST /wp-cron.php?doing_wp_cron=1759082109.8599801063537597656250 HTTP/1.1" 403 10459 "-" "WordPress/6.8; https://4pie.com.mx"
142.171.127.176 - - [28/Sep/2025:11:55:07 -0600] "POST /wp-cron.php?doing_wp_cron=1759082107.0000669956207275390625 HTTP/1.1" 403 23958 "-" "WordPress/6.8; https://4pie.com.mx"
142.171.127.176 - - [28/Sep/2025:11:55:07 -0600] "POST /wp-cron.php?doing_wp_cron=1759082107.5185029506683349609375 HTTP/1.1" 404 23749 "-" "WordPress/6.8; https://4pie.com.mx"
142.171.127.176 - - [28/Sep/2025:11:55:10 -0600] "POST /wp-cron.php?doing_wp_cron=1759082110.4882841110229492187500 HTTP/1.1" 403 23958 "-" "WordPress/6.8; https://4pie.com.mx"
142.171.127.176 - - [28/Sep/2025:11:55:08 -0600] "POST /wp-cron.php?doing_wp_cron=1759082108.0117390155792236328125 HTTP/1.1" 403 8004 "-" "WordPress/6.8; https://4pie.com.mx"
142.171.127.176 - - [28/Sep/2025:11:55:12 -0600] "POST /wp-cron.php?doing_wp_cron=1759082112.0690569877624511718750 HTTP/1.1" 403 4 "-" "WordPress/6.8; https://4pie.com.mx"
20.171.207.171 - - [28/Sep/2025:11:55:14 -0600] "GET /shop138?path=/home HTTP/1.1" 200 44183 "-" "Mozilla/5.0 AppleWebKit/537.36 (KHTML, like Gecko; compatible; GPTBot/1.2; +https://openai.com/gptbot)"
20.171.207.171 - - [28/Sep/2025:11:55:34 -0600] "GET /mode211?path=/home HTTP/1.1" 200 44183 "-" "Mozilla/5.0 AppleWebKit/537.36 (KHTML, like Gecko; compatible; GPTBot/1.2; +https://openai.com/gptbot)"
20.171.207.171 - - [28/Sep/2025:11:55:43 -0600] "GET /fantastic192?info HTTP/1.1" 404 44513 "-" "Mozilla/5.0 AppleWebKit/537.36 (KHTML, like Gecko; compatible; GPTBot/1.2; +https://openai.com/gptbot)"
20.171.207.171 - - [28/Sep/2025:11:55:46 -0600] "GET /boom298?path=/home HTTP/1.1" 404 44183 "-" "Mozilla/5.0 AppleWebKit/537.36 (KHTML, like Gecko; compatible; GPTBot/1.2; +https://openai.com/gptbot)"
20.171.207.171 - - [28/Sep/2025:11:55:49 -0600] "GET /yeah300?path=/home HTTP/1.1" 200 44183 "-" "Mozilla/5.0 AppleWebKit/537.36 (KHTML, like Gecko; compatible; GPTBot/1.2; +https://openai.com/gptbot)"
20.171.207.171 - - [28/Sep/2025:11:55:53 -0600] "GET /roof151?path=/home HTTP/1.1" 200 44183 "-" "Mozilla/5.0 AppleWebKit/537.36 (KHTML, like Gecko; compatible; GPTBot/1.2; +https://openai.com/gptbot)"
20.171.207.171 - - [28/Sep/2025:11:55:56 -0600] "GET /atop227?path=/home HTTP/1.1" 404 44183 "-" "Mozilla/5.0 AppleWebKit/537.36 (KHTML, like Gecko; compatible; GPTBot/1.2; +https://openai.com/gptbot)"
20.171.207.171 - - [28/Sep/2025:11:55:58 -0600] "GET /progress185?kg=5485 HTTP/1.1" 404 71749 "-" "Mozilla/5.0 AppleWebKit/537.36 (KHTML, like Gecko; compatible; GPTBot/1.2; +https://openai.com/gptbot)"
20.171.207.171 - - [28/Sep/2025:11:56:01 -0600] "GET /notebook193?kg=8389 HTTP/1.1" 404 71749 "-" "Mozilla/5.0 AppleWebKit/537.36 (KHTML, like Gecko; compatible; GPTBot/1.2; +https://openai.com/gptbot)"
20.171.207.171 - - [28/Sep/2025:11:56:05 -0600] "GET /fighting79?kg=17819 HTTP/1.1" 200 101413 "-" "Mozilla/5.0 AppleWebKit/537.36 (KHTML, like Gecko; compatible; GPTBot/1.2; +https://openai.com/gptbot)"
20.171.207.171 - - [28/Sep/2025:11:56:08 -0600] "GET /opponent52?kg=20024 HTTP/1.1" 404 71749 "-" "Mozilla/5.0 AppleWebKit/537.36 (KHTML, like Gecko; compatible; GPTBot/1.2; +https://openai.com/gptbot)"
20.171.207.171 - - [28/Sep/2025:11:56:12 -0600] "GET /heel205?path=/home HTTP/1.1" 404 44183 "-" "Mozilla/5.0 AppleWebKit/537.36 (KHTML, like Gecko; compatible; GPTBot/1.2; +https://openai.com/gptbot)"
20.171.207.171 - - [28/Sep/2025:11:56:16 -0600] "GET /be33?path=//home HTTP/1.1" 200 44187 "-" "Mozilla/5.0 AppleWebKit/537.36 (KHTML, like Gecko; compatible; GPTBot/1.2; +https://openai.com/gptbot)"
20.171.207.171 - - [28/Sep/2025:11:56:21 -0600] "GET /uh85?path=//home HTTP/1.1" 404 44187 "-" "Mozilla/5.0 AppleWebKit/537.36 (KHTML, like Gecko; compatible; GPTBot/1.2; +https://openai.com/gptbot)"
20.171.207.171 - - [28/Sep/2025:11:56:25 -0600] "GET /leaf212?path=/home HTTP/1.1" 200 44183 "-" "Mozilla/5.0 AppleWebKit/537.36 (KHTML, like Gecko; compatible; GPTBot/1.2; +https://openai.com/gptbot)"
173.208.176.202 - - [28/Sep/2025:11:54:57 -0600] "GET /wp-content/install.php?id=421352 HTTP/1.1" 200 - "-" "GuzzleHttp/7"
20.171.207.171 - - [28/Sep/2025:11:56:28 -0600] "GET /do85?path=//home HTTP/1.1" 200 44187 "-" "Mozilla/5.0 AppleWebKit/537.36 (KHTML, like Gecko; compatible; GPTBot/1.2; +https://openai.com/gptbot)"
20.171.207.171 - - [28/Sep/2025:11:56:31 -0600] "GET /ah27?path=//home HTTP/1.1" 404 44187 "-" "Mozilla/5.0 AppleWebKit/537.36 (KHTML, like Gecko; compatible; GPTBot/1.2; +https://openai.com/gptbot)"
20.171.207.171 - - [28/Sep/2025:11:56:34 -0600] "GET /deal239?path=/home HTTP/1.1" 404 44183 "-" "Mozilla/5.0 AppleWebKit/537.36 (KHTML, like Gecko; compatible; GPTBot/1.2; +https://openai.com/gptbot)"
20.171.207.171 - - [28/Sep/2025:11:56:38 -0600] "GET /rare134?path=/home HTTP/1.1" 404 44183 "-" "Mozilla/5.0 AppleWebKit/537.36 (KHTML, like Gecko; compatible; GPTBot/1.2; +https://openai.com/gptbot)"
20.171.207.171 - - [28/Sep/2025:11:56:42 -0600] "GET /ok35?path=//home HTTP/1.1" 404 44187 "-" "Mozilla/5.0 AppleWebKit/537.36 (KHTML, like Gecko; compatible; GPTBot/1.2; +https://openai.com/gptbot)"
20.171.207.171 - - [28/Sep/2025:11:56:45 -0600] "GET /ah46?path=//home HTTP/1.1" 404 44187 "-" "Mozilla/5.0 AppleWebKit/537.36 (KHTML, like Gecko; compatible; GPTBot/1.2; +https://openai.com/gptbot)"
20.171.207.171 - - [28/Sep/2025:11:56:49 -0600] "GET /wake210?path=/home HTTP/1.1" 200 44183 "-" "Mozilla/5.0 AppleWebKit/537.36 (KHTML, like Gecko; compatible; GPTBot/1.2; +https://openai.com/gptbot)"
20.171.207.171 - - [28/Sep/2025:11:56:53 -0600] "GET /wire262?path=/home HTTP/1.1" 404 44183 "-" "Mozilla/5.0 AppleWebKit/537.36 (KHTML, like Gecko; compatible; GPTBot/1.2; +https://openai.com/gptbot)"
20.171.207.171 - - [28/Sep/2025:11:56:56 -0600] "GET /open186?path=/home HTTP/1.1" 404 44183 "-" "Mozilla/5.0 AppleWebKit/537.36 (KHTML, like Gecko; compatible; GPTBot/1.2; +https://openai.com/gptbot)"
20.171.207.171 - - [28/Sep/2025:11:56:59 -0600] "GET /sole137?path=/home HTTP/1.1" 404 44183 "-" "Mozilla/5.0 AppleWebKit/537.36 (KHTML, like Gecko; compatible; GPTBot/1.2; +https://openai.com/gptbot)"
20.171.207.171 - - [28/Sep/2025:11:57:04 -0600] "GET /cart149?path=/home HTTP/1.1" 404 44183 "-" "Mozilla/5.0 AppleWebKit/537.36 (KHTML, like Gecko; compatible; GPTBot/1.2; +https://openai.com/gptbot)"
20.171.207.171 - - [28/Sep/2025:11:57:08 -0600] "GET /half196?path=/home HTTP/1.1" 404 44183 "-" "Mozilla/5.0 AppleWebKit/537.36 (KHTML, like Gecko; compatible; GPTBot/1.2; +https://openai.com/gptbot)"
20.171.207.171 - - [28/Sep/2025:11:57:13 -0600] "GET /aide213?path=/home HTTP/1.1" 404 44183 "-" "Mozilla/5.0 AppleWebKit/537.36 (KHTML, like Gecko; compatible; GPTBot/1.2; +https://openai.com/gptbot)"
20.171.207.171 - - [28/Sep/2025:11:57:16 -0600] "GET /same123?path=/home HTTP/1.1" 200 44183 "-" "Mozilla/5.0 AppleWebKit/537.36 (KHTML, like Gecko; compatible; GPTBot/1.2; +https://openai.com/gptbot)"
142.171.127.176 - - [28/Sep/2025:11:57:18 -0600] "POST /wp-cron.php?doing_wp_cron=1759082238.6116158962249755859375 HTTP/1.1" 403 12368 "-" "WordPress/6.8; https://4pie.com.mx"
20.171.207.171 - - [28/Sep/2025:11:57:21 -0600] "GET /vote195?path=/home HTTP/1.1" 200 44183 "-" "Mozilla/5.0 AppleWebKit/537.36 (KHTML, like Gecko; compatible; GPTBot/1.2; +https://openai.com/gptbot)"
20.171.207.171 - - [28/Sep/2025:11:57:25 -0600] "GET /neat192?path=/home HTTP/1.1" 404 44183 "-" "Mozilla/5.0 AppleWebKit/537.36 (KHTML, like Gecko; compatible; GPTBot/1.2; +https://openai.com/gptbot)"
20.171.207.171 - - [28/Sep/2025:11:57:27 -0600] "GET /ally249?path=/home HTTP/1.1" 404 44183 "-" "Mozilla/5.0 AppleWebKit/537.36 (KHTML, like Gecko; compatible; GPTBot/1.2; +https://openai.com/gptbot)"
20.171.207.171 - - [28/Sep/2025:11:57:31 -0600] "GET /more259?path=/home HTTP/1.1" 200 44183 "-" "Mozilla/5.0 AppleWebKit/537.36 (KHTML, like Gecko; compatible; GPTBot/1.2; +https://openai.com/gptbot)"
20.171.207.171 - - [28/Sep/2025:11:57:34 -0600] "GET /lane208?path=/home HTTP/1.1" 404 44183 "-" "Mozilla/5.0 AppleWebKit/537.36 (KHTML, like Gecko; compatible; GPTBot/1.2; +https://openai.com/gptbot)"
20.171.207.171 - - [28/Sep/2025:11:57:38 -0600] "GET /wage105?path=/home HTTP/1.1" 404 44183 "-" "Mozilla/5.0 AppleWebKit/537.36 (KHTML, like Gecko; compatible; GPTBot/1.2; +https://openai.com/gptbot)"
20.171.207.171 - - [28/Sep/2025:11:57:42 -0600] "GET /cute108?path=/home HTTP/1.1" 404 44183 "-" "Mozilla/5.0 AppleWebKit/537.36 (KHTML, like Gecko; compatible; GPTBot/1.2; +https://openai.com/gptbot)"
20.171.207.171 - - [28/Sep/2025:11:57:45 -0600] "GET /feel238?path=/home HTTP/1.1" 404 44183 "-" "Mozilla/5.0 AppleWebKit/537.36 (KHTML, like Gecko; compatible; GPTBot/1.2; +https://openai.com/gptbot)"
20.171.207.171 - - [28/Sep/2025:11:57:49 -0600] "GET /pole172?path=/home HTTP/1.1" 404 44183 "-" "Mozilla/5.0 AppleWebKit/537.36 (KHTML, like Gecko; compatible; GPTBot/1.2; +https://openai.com/gptbot)"
20.171.207.171 - - [28/Sep/2025:11:57:53 -0600] "GET /urge232?path=/home HTTP/1.1" 404 44183 "-" "Mozilla/5.0 AppleWebKit/537.36 (KHTML, like Gecko; compatible; GPTBot/1.2; +https://openai.com/gptbot)"
20.171.207.171 - - [28/Sep/2025:11:57:56 -0600] "GET /mode105?path=/home HTTP/1.1" 200 44183 "-" "Mozilla/5.0 AppleWebKit/537.36 (KHTML, like Gecko; compatible; GPTBot/1.2; +https://openai.com/gptbot)"
173.208.176.202 - - [28/Sep/2025:11:56:27 -0600] "GET /wp-content/install.php?id=421352 HTTP/1.1" 200 - "-" "GuzzleHttp/7"
20.171.207.171 - - [28/Sep/2025:11:57:59 -0600] "GET /bean123?path=/home HTTP/1.1" 404 44183 "-" "Mozilla/5.0 AppleWebKit/537.36 (KHTML, like Gecko; compatible; GPTBot/1.2; +https://openai.com/gptbot)"
20.171.207.171 - - [28/Sep/2025:11:58:02 -0600] "GET /ever261?path=/home HTTP/1.1" 404 44183 "-" "Mozilla/5.0 AppleWebKit/537.36 (KHTML, like Gecko; compatible; GPTBot/1.2; +https://openai.com/gptbot)"
20.171.207.171 - - [28/Sep/2025:11:58:05 -0600] "GET /play202?path=/home HTTP/1.1" 404 44183 "-" "Mozilla/5.0 AppleWebKit/537.36 (KHTML, like Gecko; compatible; GPTBot/1.2; +https://openai.com/gptbot)"
20.171.207.171 - - [28/Sep/2025:11:58:08 -0600] "GET /slam201?path=/home HTTP/1.1" 404 44183 "-" "Mozilla/5.0 AppleWebKit/537.36 (KHTML, like Gecko; compatible; GPTBot/1.2; +https://openai.com/gptbot)"
20.171.207.171 - - [28/Sep/2025:11:58:12 -0600] "GET /fall257?path=/home HTTP/1.1" 404 44183 "-" "Mozilla/5.0 AppleWebKit/537.36 (KHTML, like Gecko; compatible; GPTBot/1.2; +https://openai.com/gptbot)"
20.171.207.171 - - [28/Sep/2025:11:58:15 -0600] "GET /wait140?path=/home HTTP/1.1" 404 44183 "-" "Mozilla/5.0 AppleWebKit/537.36 (KHTML, like Gecko; compatible; GPTBot/1.2; +https://openai.com/gptbot)"
20.171.207.171 - - [28/Sep/2025:11:58:18 -0600] "GET /book134?path=/home HTTP/1.1" 200 44183 "-" "Mozilla/5.0 AppleWebKit/537.36 (KHTML, like Gecko; compatible; GPTBot/1.2; +https://openai.com/gptbot)"
142.171.127.176 - - [28/Sep/2025:11:58:19 -0600] "POST /wp-cron.php?doing_wp_cron=1759082299.5746040344238281250000 HTTP/1.1" 404 23749 "-" "WordPress/6.8; https://4pie.com.mx"
20.171.207.171 - - [28/Sep/2025:11:58:24 -0600] "GET /case224?path=/home HTTP/1.1" 404 44183 "-" "Mozilla/5.0 AppleWebKit/537.36 (KHTML, like Gecko; compatible; GPTBot/1.2; +https://openai.com/gptbot)"
20.171.207.171 - - [28/Sep/2025:11:58:27 -0600] "GET /good163?path=/home HTTP/1.1" 404 44183 "-" "Mozilla/5.0 AppleWebKit/537.36 (KHTML, like Gecko; compatible; GPTBot/1.2; +https://openai.com/gptbot)"
20.171.207.171 - - [28/Sep/2025:11:58:31 -0600] "GET /nest249?path=/home HTTP/1.1" 404 44183 "-" "Mozilla/5.0 AppleWebKit/537.36 (KHTML, like Gecko; compatible; GPTBot/1.2; +https://openai.com/gptbot)"
20.171.207.171 - - [28/Sep/2025:11:58:37 -0600] "GET /wait168?path=/home HTTP/1.1" 404 44183 "-" "Mozilla/5.0 AppleWebKit/537.36 (KHTML, like Gecko; compatible; GPTBot/1.2; +https://openai.com/gptbot)"
20.171.207.171 - - [28/Sep/2025:11:58:40 -0600] "GET /good263?path=/home HTTP/1.1" 404 44183 "-" "Mozilla/5.0 AppleWebKit/537.36 (KHTML, like Gecko; compatible; GPTBot/1.2; +https://openai.com/gptbot)"
20.171.207.171 - - [28/Sep/2025:11:58:43 -0600] "GET /bake124?path=/home HTTP/1.1" 404 44183 "-" "Mozilla/5.0 AppleWebKit/537.36 (KHTML, like Gecko; compatible; GPTBot/1.2; +https://openai.com/gptbot)"
20.171.207.171 - - [28/Sep/2025:11:58:45 -0600] "GET /sofa224?path=/home HTTP/1.1" 404 44183 "-" "Mozilla/5.0 AppleWebKit/537.36 (KHTML, like Gecko; compatible; GPTBot/1.2; +https://openai.com/gptbot)"
20.171.207.171 - - [28/Sep/2025:11:58:46 -0600] "GET /pile129?path=/home HTTP/1.1" 404 44183 "-" "Mozilla/5.0 AppleWebKit/537.36 (KHTML, like Gecko; compatible; GPTBot/1.2; +https://openai.com/gptbot)"
20.171.207.171 - - [28/Sep/2025:11:58:48 -0600] "GET /walk133?path=/home HTTP/1.1" 404 44183 "-" "Mozilla/5.0 AppleWebKit/537.36 (KHTML, like Gecko; compatible; GPTBot/1.2; +https://openai.com/gptbot)"
20.171.207.171 - - [28/Sep/2025:11:58:49 -0600] "GET /pace139?path=/home HTTP/1.1" 404 44183 "-" "Mozilla/5.0 AppleWebKit/537.36 (KHTML, like Gecko; compatible; GPTBot/1.2; +https://openai.com/gptbot)"
20.171.207.171 - - [28/Sep/2025:11:58:51 -0600] "GET /hard179?path=/home HTTP/1.1" 200 44183 "-" "Mozilla/5.0 AppleWebKit/537.36 (KHTML, like Gecko; compatible; GPTBot/1.2; +https://openai.com/gptbot)"
20.171.207.171 - - [28/Sep/2025:11:58:54 -0600] "GET /blow212?path=/home HTTP/1.1" 404 44183 "-" "Mozilla/5.0 AppleWebKit/537.36 (KHTML, like Gecko; compatible; GPTBot/1.2; +https://openai.com/gptbot)"
20.171.207.171 - - [28/Sep/2025:11:58:57 -0600] "GET /past295?path=/home HTTP/1.1" 404 44183 "-" "Mozilla/5.0 AppleWebKit/537.36 (KHTML, like Gecko; compatible; GPTBot/1.2; +https://openai.com/gptbot)"
20.171.207.171 - - [28/Sep/2025:11:59:01 -0600] "GET /norm240?path=/home HTTP/1.1" 404 44183 "-" "Mozilla/5.0 AppleWebKit/537.36 (KHTML, like Gecko; compatible; GPTBot/1.2; +https://openai.com/gptbot)"
20.171.207.171 - - [28/Sep/2025:11:59:06 -0600] "GET /bite298?path=/home HTTP/1.1" 404 44183 "-" "Mozilla/5.0 AppleWebKit/537.36 (KHTML, like Gecko; compatible; GPTBot/1.2; +https://openai.com/gptbot)"
20.171.207.171 - - [28/Sep/2025:11:59:11 -0600] "GET /cave252?path=/home HTTP/1.1" 404 44183 "-" "Mozilla/5.0 AppleWebKit/537.36 (KHTML, like Gecko; compatible; GPTBot/1.2; +https://openai.com/gptbot)"
20.171.207.171 - - [28/Sep/2025:11:59:14 -0600] "GET /feed123?path=/home HTTP/1.1" 404 44183 "-" "Mozilla/5.0 AppleWebKit/537.36 (KHTML, like Gecko; compatible; GPTBot/1.2; +https://openai.com/gptbot)"
20.171.207.171 - - [28/Sep/2025:11:59:17 -0600] "GET /baby180?path=/home HTTP/1.1" 404 44183 "-" "Mozilla/5.0 AppleWebKit/537.36 (KHTML, like Gecko; compatible; GPTBot/1.2; +https://openai.com/gptbot)"
20.171.207.171 - - [28/Sep/2025:11:59:19 -0600] "GET /pill207?path=/home HTTP/1.1" 404 44183 "-" "Mozilla/5.0 AppleWebKit/537.36 (KHTML, like Gecko; compatible; GPTBot/1.2; +https://openai.com/gptbot)"
142.171.127.176 - - [28/Sep/2025:11:59:20 -0600] "POST /wp-cron.php?doing_wp_cron=1759082360.3183610439300537109375 HTTP/1.1" 404 23749 "-" "WordPress/6.8; https://4pie.com.mx"
20.171.207.171 - - [28/Sep/2025:11:59:22 -0600] "GET /same140?path=/home HTTP/1.1" 200 44183 "-" "Mozilla/5.0 AppleWebKit/537.36 (KHTML, like Gecko; compatible; GPTBot/1.2; +https://openai.com/gptbot)"
20.171.207.171 - - [28/Sep/2025:11:59:25 -0600] "GET /joke287?path=/home HTTP/1.1" 200 44183 "-" "Mozilla/5.0 AppleWebKit/537.36 (KHTML, like Gecko; compatible; GPTBot/1.2; +https://openai.com/gptbot)"
173.208.176.202 - - [28/Sep/2025:11:57:56 -0600] "GET /wp-content/install.php?id=421352 HTTP/1.1" 200 - "-" "GuzzleHttp/7"
20.171.207.171 - - [28/Sep/2025:11:59:28 -0600] "GET /dear138?path=/home HTTP/1.1" 200 44183 "-" "Mozilla/5.0 AppleWebKit/537.36 (KHTML, like Gecko; compatible; GPTBot/1.2; +https://openai.com/gptbot)"
20.171.207.171 - - [28/Sep/2025:11:59:31 -0600] "GET /bomb153?path=/home HTTP/1.1" 404 44183 "-" "Mozilla/5.0 AppleWebKit/537.36 (KHTML, like Gecko; compatible; GPTBot/1.2; +https://openai.com/gptbot)"
20.171.207.171 - - [28/Sep/2025:11:59:35 -0600] "GET /beef146?path=/home HTTP/1.1" 200 44183 "-" "Mozilla/5.0 AppleWebKit/537.36 (KHTML, like Gecko; compatible; GPTBot/1.2; +https://openai.com/gptbot)"
20.171.207.171 - - [28/Sep/2025:11:59:38 -0600] "GET /bell157?path=/home HTTP/1.1" 404 44183 "-" "Mozilla/5.0 AppleWebKit/537.36 (KHTML, like Gecko; compatible; GPTBot/1.2; +https://openai.com/gptbot)"
20.171.207.171 - - [28/Sep/2025:11:59:41 -0600] "GET /note175?path=/home HTTP/1.1" 200 44183 "-" "Mozilla/5.0 AppleWebKit/537.36 (KHTML, like Gecko; compatible; GPTBot/1.2; +https://openai.com/gptbot)"
20.171.207.171 - - [28/Sep/2025:11:59:45 -0600] "GET /dose151?path=/home HTTP/1.1" 200 44183 "-" "Mozilla/5.0 AppleWebKit/537.36 (KHTML, like Gecko; compatible; GPTBot/1.2; +https://openai.com/gptbot)"
20.171.207.171 - - [28/Sep/2025:11:59:48 -0600] "GET /herb134?path=/home HTTP/1.1" 404 44183 "-" "Mozilla/5.0 AppleWebKit/537.36 (KHTML, like Gecko; compatible; GPTBot/1.2; +https://openai.com/gptbot)"
20.171.207.171 - - [28/Sep/2025:11:59:51 -0600] "GET /quit255?path=/home HTTP/1.1" 404 44183 "-" "Mozilla/5.0 AppleWebKit/537.36 (KHTML, like Gecko; compatible; GPTBot/1.2; +https://openai.com/gptbot)"
20.171.207.171 - - [28/Sep/2025:11:59:53 -0600] "GET /male275?path=/home HTTP/1.1" 404 44183 "-" "Mozilla/5.0 AppleWebKit/537.36 (KHTML, like Gecko; compatible; GPTBot/1.2; +https://openai.com/gptbot)"
20.171.207.171 - - [28/Sep/2025:11:59:56 -0600] "GET /core285?path=/home HTTP/1.1" 404 44183 "-" "Mozilla/5.0 AppleWebKit/537.36 (KHTML, like Gecko; compatible; GPTBot/1.2; +https://openai.com/gptbot)"
103.126.149.115 - - [28/Sep/2025:11:54:47 -0600] "GET /wp-content/plugins/upspy/index.php HTTP/1.1" 403 39880 "-" "Mozilla/5.0 (compatible; FastShellFinder/1.0)"
103.126.149.115 - - [28/Sep/2025:11:54:47 -0600] "GET /wso.php HTTP/1.1" 403 62658 "-" "Mozilla/5.0 (compatible; FastShellFinder/1.0)"
103.126.149.115 - - [28/Sep/2025:11:54:47 -0600] "GET /wp-content/think.php HTTP/1.1" 403 62658 "-" "Mozilla/5.0 (compatible; FastShellFinder/1.0)"
20.171.207.171 - - [28/Sep/2025:11:59:59 -0600] "GET /exit155?path=/home HTTP/1.1" 404 44183 "-" "Mozilla/5.0 AppleWebKit/537.36 (KHTML, like Gecko; compatible; GPTBot/1.2; +https://openai.com/gptbot)"
103.126.149.115 - - [28/Sep/2025:11:54:47 -0600] "GET /olux.php HTTP/1.1" 403 96526 "-" "Mozilla/5.0 (compatible; FastShellFinder/1.0)"
103.126.149.115 - - [28/Sep/2025:11:54:47 -0600] "GET /wp-admin/shapes.php HTTP/1.1" 403 96499 "-" "Mozilla/5.0 (compatible; FastShellFinder/1.0)"
103.126.149.115 - - [28/Sep/2025:11:54:47 -0600] "GET /wp-content/themes/gaukingo/db.php HTTP/1.1" 200 96526 "-" "Mozilla/5.0 (compatible; FastShellFinder/1.0)"
103.126.149.115 - - [28/Sep/2025:11:54:47 -0600] "GET /Marvins.php HTTP/1.1" 403 66538 "-" "Mozilla/5.0 (compatible; FastShellFinder/1.0)"
20.171.207.171 - - [28/Sep/2025:12:00:02 -0600] "GET /else287?path=/home HTTP/1.1" 404 44183 "-" "Mozilla/5.0 AppleWebKit/537.36 (KHTML, like Gecko; compatible; GPTBot/1.2; +https://openai.com/gptbot)"
142.171.127.176 - - [28/Sep/2025:12:00:24 -0600] "POST /wp-cron.php?doing_wp_cron=1759082424.7385060787200927734375 HTTP/1.1" 403 23958 "-" "WordPress/6.8; https://4pie.com.mx"
20.171.207.171 - - [28/Sep/2025:12:00:27 -0600] "GET /bolt180?path=/home HTTP/1.1" 200 44183 "-" "Mozilla/5.0 AppleWebKit/537.36 (KHTML, like Gecko; compatible; GPTBot/1.2; +https://openai.com/gptbot)"
204.12.208.18 - - [28/Sep/2025:12:00:29 -0600] "GET /?sitemapindex.xml HTTP/1.1" 200 113563 "http://4pie.com.mx/?sitemapindex.xml" "Mozilla/5.0 (Macintosh; Intel Mac OS X 10_6_8) AppleWebKit/534.52.7 (KHTML, like Gecko) Version/5.1.2 Safari/534.52.7"
20.171.207.171 - - [28/Sep/2025:12:00:39 -0600] "GET /bean145?path=/home HTTP/1.1" 404 44183 "-" "Mozilla/5.0 AppleWebKit/537.36 (KHTML, like Gecko; compatible; GPTBot/1.2; +https://openai.com/gptbot)"
20.171.207.171 - - [28/Sep/2025:12:00:45 -0600] "GET /dock292?path=/home HTTP/1.1" 200 44183 "-" "Mozilla/5.0 AppleWebKit/537.36 (KHTML, like Gecko; compatible; GPTBot/1.2; +https://openai.com/gptbot)"
20.171.207.171 - - [28/Sep/2025:12:00:50 -0600] "GET /also270?path=/home HTTP/1.1" 404 44183 "-" "Mozilla/5.0 AppleWebKit/537.36 (KHTML, like Gecko; compatible; GPTBot/1.2; +https://openai.com/gptbot)"
20.171.207.171 - - [28/Sep/2025:12:00:53 -0600] "GET /much269?path=/home HTTP/1.1" 200 44183 "-" "Mozilla/5.0 AppleWebKit/537.36 (KHTML, like Gecko; compatible; GPTBot/1.2; +https://openai.com/gptbot)"
173.208.176.202 - - [28/Sep/2025:11:59:26 -0600] "GET /wp-content/install.php?id=421352 HTTP/1.1" 200 - "-" "GuzzleHttp/7"
20.171.207.171 - - [28/Sep/2025:12:00:57 -0600] "GET /hunt248?path=/home HTTP/1.1" 200 44183 "-" "Mozilla/5.0 AppleWebKit/537.36 (KHTML, like Gecko; compatible; GPTBot/1.2; +https://openai.com/gptbot)"
20.171.207.171 - - [28/Sep/2025:12:01:00 -0600] "GET /seed106?path=/home HTTP/1.1" 404 44183 "-" "Mozilla/5.0 AppleWebKit/537.36 (KHTML, like Gecko; compatible; GPTBot/1.2; +https://openai.com/gptbot)"
20.171.207.171 - - [28/Sep/2025:12:01:04 -0600] "GET /pond184?path=/home HTTP/1.1" 404 44183 "-" "Mozilla/5.0 AppleWebKit/537.36 (KHTML, like Gecko; compatible; GPTBot/1.2; +https://openai.com/gptbot)"
20.171.207.171 - - [28/Sep/2025:12:01:08 -0600] "GET /fame294?path=/home HTTP/1.1" 404 44183 "-" "Mozilla/5.0 AppleWebKit/537.36 (KHTML, like Gecko; compatible; GPTBot/1.2; +https://openai.com/gptbot)"
20.171.207.171 - - [28/Sep/2025:12:01:12 -0600] "GET /lean261?path=/home HTTP/1.1" 404 44183 "-" "Mozilla/5.0 AppleWebKit/537.36 (KHTML, like Gecko; compatible; GPTBot/1.2; +https://openai.com/gptbot)"
20.171.207.171 - - [28/Sep/2025:12:01:15 -0600] "GET /near217?path=/home HTTP/1.1" 404 44183 "-" "Mozilla/5.0 AppleWebKit/537.36 (KHTML, like Gecko; compatible; GPTBot/1.2; +https://openai.com/gptbot)"
20.171.207.171 - - [28/Sep/2025:12:01:18 -0600] "GET /rate263?path=/home HTTP/1.1" 404 44183 "-" "Mozilla/5.0 AppleWebKit/537.36 (KHTML, like Gecko; compatible; GPTBot/1.2; +https://openai.com/gptbot)"
20.171.207.171 - - [28/Sep/2025:12:01:22 -0600] "GET /base182?path=/home HTTP/1.1" 404 44183 "-" "Mozilla/5.0 AppleWebKit/537.36 (KHTML, like Gecko; compatible; GPTBot/1.2; +https://openai.com/gptbot)"
20.171.207.171 - - [28/Sep/2025:12:01:25 -0600] "GET /sofa110?path=/home HTTP/1.1" 404 44183 "-" "Mozilla/5.0 AppleWebKit/537.36 (KHTML, like Gecko; compatible; GPTBot/1.2; +https://openai.com/gptbot)"
20.171.207.171 - - [28/Sep/2025:12:01:28 -0600] "GET /east195?path=/home HTTP/1.1" 404 44183 "-" "Mozilla/5.0 AppleWebKit/537.36 (KHTML, like Gecko; compatible; GPTBot/1.2; +https://openai.com/gptbot)"
20.171.207.171 - - [28/Sep/2025:12:01:31 -0600] "GET /27wcjm1150.html?filesrc=/home/tsgmexic/4pie.com.mx/wp-activate.php&path=/home/tsgmexic/4pie.com.mx HTTP/1.1" 200 52402 "-" "Mozilla/5.0 AppleWebKit/537.36 (KHTML, like Gecko; compatible; GPTBot/1.2; +https://openai.com/gptbot)"
20.171.207.171 - - [28/Sep/2025:12:01:34 -0600] "GET /53tsvo5756.html?filesrc=/home/tsgmexic/4pie.com.mx/wp-settings.php&path=/home/tsgmexic/4pie.com.mx HTTP/1.1" 404 63749 "-" "Mozilla/5.0 AppleWebKit/537.36 (KHTML, like Gecko; compatible; GPTBot/1.2; +https://openai.com/gptbot)"
20.171.207.171 - - [28/Sep/2025:12:01:37 -0600] "GET /53dovpv1356.html?filesrc=/home/tsgmexic/4pie.com.mx/wp-activate.php&path=/home/tsgmexic/4pie.com.mx HTTP/1.1" 404 52402 "-" "Mozilla/5.0 AppleWebKit/537.36 (KHTML, like Gecko; compatible; GPTBot/1.2; +https://openai.com/gptbot)"
20.171.207.171 - - [28/Sep/2025:12:01:41 -0600] "GET /26saj14825.html HTTP/1.1" 404 71749 "-" "Mozilla/5.0 AppleWebKit/537.36 (KHTML, like Gecko; compatible; GPTBot/1.2; +https://openai.com/gptbot)"
20.171.207.171 - - [28/Sep/2025:12:01:45 -0600] "GET /74qbj26563.html HTTP/1.1" 404 101413 "-" "Mozilla/5.0 AppleWebKit/537.36 (KHTML, like Gecko; compatible; GPTBot/1.2; +https://openai.com/gptbot)"
20.171.207.171 - - [28/Sep/2025:12:01:48 -0600] "GET /weed138?path=/home HTTP/1.1" 404 44183 "-" "Mozilla/5.0 AppleWebKit/537.36 (KHTML, like Gecko; compatible; GPTBot/1.2; +https://openai.com/gptbot)"
20.171.207.171 - - [28/Sep/2025:12:01:51 -0600] "GET /208dxi5759.html HTTP/1.1" 404 101413 "-" "Mozilla/5.0 AppleWebKit/537.36 (KHTML, like Gecko; compatible; GPTBot/1.2; +https://openai.com/gptbot)"
20.171.207.171 - - [28/Sep/2025:12:01:54 -0600] "GET /91hbs25068.html HTTP/1.1" 404 71749 "-" "Mozilla/5.0 AppleWebKit/537.36 (KHTML, like Gecko; compatible; GPTBot/1.2; +https://openai.com/gptbot)"
20.171.207.171 - - [28/Sep/2025:12:01:57 -0600] "GET /174xar2615.html HTTP/1.1" 404 101413 "-" "Mozilla/5.0 AppleWebKit/537.36 (KHTML, like Gecko; compatible; GPTBot/1.2; +https://openai.com/gptbot)"
20.171.207.171 - - [28/Sep/2025:12:02:01 -0600] "GET /132yoj5629.html HTTP/1.1" 200 101413 "-" "Mozilla/5.0 AppleWebKit/537.36 (KHTML, like Gecko; compatible; GPTBot/1.2; +https://openai.com/gptbot)"
20.171.207.171 - - [28/Sep/2025:12:02:04 -0600] "GET /60ojx37595.html HTTP/1.1" 404 101413 "-" "Mozilla/5.0 AppleWebKit/537.36 (KHTML, like Gecko; compatible; GPTBot/1.2; +https://openai.com/gptbot)"
20.171.207.171 - - [28/Sep/2025:12:02:07 -0600] "GET /237jdp6546.html HTTP/1.1" 404 101413 "-" "Mozilla/5.0 AppleWebKit/537.36 (KHTML, like Gecko; compatible; GPTBot/1.2; +https://openai.com/gptbot)"
20.171.207.171 - - [28/Sep/2025:12:02:10 -0600] "GET /298pgz7551.html HTTP/1.1" 200 101413 "-" "Mozilla/5.0 AppleWebKit/537.36 (KHTML, like Gecko; compatible; GPTBot/1.2; +https://openai.com/gptbot)"
20.171.207.171 - - [28/Sep/2025:12:02:14 -0600] "GET /134qyw2745.html HTTP/1.1" 404 101413 "-" "Mozilla/5.0 AppleWebKit/537.36 (KHTML, like Gecko; compatible; GPTBot/1.2; +https://openai.com/gptbot)"
20.171.207.171 - - [28/Sep/2025:12:02:18 -0600] "GET /56grt21937.html HTTP/1.1" 404 101413 "-" "Mozilla/5.0 AppleWebKit/537.36 (KHTML, like Gecko; compatible; GPTBot/1.2; +https://openai.com/gptbot)"
20.171.207.171 - - [28/Sep/2025:12:02:21 -0600] "GET /59aiq10240.html HTTP/1.1" 404 101413 "-" "Mozilla/5.0 AppleWebKit/537.36 (KHTML, like Gecko; compatible; GPTBot/1.2; +https://openai.com/gptbot)"
20.171.207.171 - - [28/Sep/2025:12:02:24 -0600] "GET /258fqe6133.html HTTP/1.1" 200 101413 "-" "Mozilla/5.0 AppleWebKit/537.36 (KHTML, like Gecko; compatible; GPTBot/1.2; +https://openai.com/gptbot)"
20.171.207.171 - - [28/Sep/2025:12:02:27 -0600] "GET /132yoj5629.html?path=/ HTTP/1.1" 200 66420 "-" "Mozilla/5.0 AppleWebKit/537.36 (KHTML, like Gecko; compatible; GPTBot/1.2; +https://openai.com/gptbot)"
173.208.176.202 - - [28/Sep/2025:12:00:55 -0600] "GET /wp-content/install.php?id=421352 HTTP/1.1" 200 - "-" "GuzzleHttp/7"
20.171.207.171 - - [28/Sep/2025:12:02:31 -0600] "GET /132yoj5629.html?info HTTP/1.1" 200 44513 "-" "Mozilla/5.0 AppleWebKit/537.36 (KHTML, like Gecko; compatible; GPTBot/1.2; +https://openai.com/gptbot)"
20.171.207.171 - - [28/Sep/2025:12:02:34 -0600] "GET /298pgz7551.html?path=/ HTTP/1.1" 404 66420 "-" "Mozilla/5.0 AppleWebKit/537.36 (KHTML, like Gecko; compatible; GPTBot/1.2; +https://openai.com/gptbot)"
20.171.207.171 - - [28/Sep/2025:12:02:37 -0600] "GET /277nbw8164.html HTTP/1.1" 200 101413 "-" "Mozilla/5.0 AppleWebKit/537.36 (KHTML, like Gecko; compatible; GPTBot/1.2; +https://openai.com/gptbot)"
20.171.207.171 - - [28/Sep/2025:12:02:40 -0600] "GET /75sbn23764.html HTTP/1.1" 404 101413 "-" "Mozilla/5.0 AppleWebKit/537.36 (KHTML, like Gecko; compatible; GPTBot/1.2; +https://openai.com/gptbot)"
20.171.207.171 - - [28/Sep/2025:12:02:43 -0600] "GET /69fvg30794.html HTTP/1.1" 404 101413 "-" "Mozilla/5.0 AppleWebKit/537.36 (KHTML, like Gecko; compatible; GPTBot/1.2; +https://openai.com/gptbot)"
20.171.207.171 - - [28/Sep/2025:12:02:46 -0600] "GET /65pqw10424.html HTTP/1.1" 404 101413 "-" "Mozilla/5.0 AppleWebKit/537.36 (KHTML, like Gecko; compatible; GPTBot/1.2; +https://openai.com/gptbot)"
20.171.207.171 - - [28/Sep/2025:12:02:48 -0600] "GET /258fqe6133.html?info HTTP/1.1" 404 44513 "-" "Mozilla/5.0 AppleWebKit/537.36 (KHTML, like Gecko; compatible; GPTBot/1.2; +https://openai.com/gptbot)"
20.171.207.171 - - [28/Sep/2025:12:02:52 -0600] "GET /258fqe6133.html?path=/ HTTP/1.1" 404 66420 "-" "Mozilla/5.0 AppleWebKit/537.36 (KHTML, like Gecko; compatible; GPTBot/1.2; +https://openai.com/gptbot)"
20.171.207.171 - - [28/Sep/2025:12:02:55 -0600] "GET /14fro34025.html HTTP/1.1" 404 101413 "-" "Mozilla/5.0 AppleWebKit/537.36 (KHTML, like Gecko; compatible; GPTBot/1.2; +https://openai.com/gptbot)"
20.171.207.171 - - [28/Sep/2025:12:02:58 -0600] "GET /292fsg6501.html HTTP/1.1" 404 71749 "-" "Mozilla/5.0 AppleWebKit/537.36 (KHTML, like Gecko; compatible; GPTBot/1.2; +https://openai.com/gptbot)"
20.171.207.171 - - [28/Sep/2025:12:03:01 -0600] "GET /243kec2170.html HTTP/1.1" 200 101413 "-" "Mozilla/5.0 AppleWebKit/537.36 (KHTML, like Gecko; compatible; GPTBot/1.2; +https://openai.com/gptbot)"
20.171.207.171 - - [28/Sep/2025:12:03:04 -0600] "GET /277nbw8164.html?path=/ HTTP/1.1" 404 66420 "-" "Mozilla/5.0 AppleWebKit/537.36 (KHTML, like Gecko; compatible; GPTBot/1.2; +https://openai.com/gptbot)"
20.171.207.171 - - [28/Sep/2025:12:03:07 -0600] "GET /13vsk48240.html HTTP/1.1" 404 87749 "-" "Mozilla/5.0 AppleWebKit/537.36 (KHTML, like Gecko; compatible; GPTBot/1.2; +https://openai.com/gptbot)"
20.171.207.171 - - [28/Sep/2025:12:03:10 -0600] "GET /270wns6691.html HTTP/1.1" 404 71749 "-" "Mozilla/5.0 AppleWebKit/537.36 (KHTML, like Gecko; compatible; GPTBot/1.2; +https://openai.com/gptbot)"
20.171.207.171 - - [28/Sep/2025:12:03:13 -0600] "GET /42vhn38195.html HTTP/1.1" 404 101412 "-" "Mozilla/5.0 AppleWebKit/537.36 (KHTML, like Gecko; compatible; GPTBot/1.2; +https://openai.com/gptbot)"
20.171.207.171 - - [28/Sep/2025:12:03:15 -0600] "GET /277nbw8164.html?info HTTP/1.1" 404 44513 "-" "Mozilla/5.0 AppleWebKit/537.36 (KHTML, like Gecko; compatible; GPTBot/1.2; +https://openai.com/gptbot)"
20.171.207.171 - - [28/Sep/2025:12:03:19 -0600] "GET /205cvr8214.html HTTP/1.1" 404 71749 "-" "Mozilla/5.0 AppleWebKit/537.36 (KHTML, like Gecko; compatible; GPTBot/1.2; +https://openai.com/gptbot)"
20.171.207.171 - - [28/Sep/2025:12:03:22 -0600] "GET /79znq48096.html HTTP/1.1" 404 101413 "-" "Mozilla/5.0 AppleWebKit/537.36 (KHTML, like Gecko; compatible; GPTBot/1.2; +https://openai.com/gptbot)"
20.171.207.171 - - [28/Sep/2025:12:03:25 -0600] "GET /243kec2170.html?path=/ HTTP/1.1" 404 63749 "-" "Mozilla/5.0 AppleWebKit/537.36 (KHTML, like Gecko; compatible; GPTBot/1.2; +https://openai.com/gptbot)"
20.171.207.171 - - [28/Sep/2025:12:03:29 -0600] "GET /63ypo17140.html HTTP/1.1" 404 101413 "-" "Mozilla/5.0 AppleWebKit/537.36 (KHTML, like Gecko; compatible; GPTBot/1.2; +https://openai.com/gptbot)"
20.171.207.171 - - [28/Sep/2025:12:03:32 -0600] "GET /65qid37640.html HTTP/1.1" 404 101413 "-" "Mozilla/5.0 AppleWebKit/537.36 (KHTML, like Gecko; compatible; GPTBot/1.2; +https://openai.com/gptbot)"
20.171.207.171 - - [28/Sep/2025:12:03:36 -0600] "GET /192jeg3257.html HTTP/1.1" 404 101413 "-" "Mozilla/5.0 AppleWebKit/537.36 (KHTML, like Gecko; compatible; GPTBot/1.2; +https://openai.com/gptbot)"
