20.171.207.171 - - [28/Sep/2025:14:38:49 -0600] "GET /be33?filesrc=//proc/42/net/udplite&path=//proc/42/net HTTP/1.1" 404 44068 "-" "Mozilla/5.0 AppleWebKit/537.36 (KHTML, like Gecko; compatible; GPTBot/1.2; +https://openai.com/gptbot)"
20.171.207.171 - - [28/Sep/2025:14:38:52 -0600] "GET /be33?filesrc=//proc/42/net/netlink&path=//proc/42/net HTTP/1.1" 200 46143 "-" "Mozilla/5.0 AppleWebKit/537.36 (KHTML, like Gecko; compatible; GPTBot/1.2; +https://openai.com/gptbot)"
20.171.207.171 - - [28/Sep/2025:14:38:55 -0600] "GET /be33?filesrc=//proc/42/net/sockstat&path=//proc/42/net HTTP/1.1" 200 44073 "-" "Mozilla/5.0 AppleWebKit/537.36 (KHTML, like Gecko; compatible; GPTBot/1.2; +https://openai.com/gptbot)"
173.208.176.202 - - [28/Sep/2025:14:37:36 -0600] "GET /wp-content/install.php?id=960056 HTTP/1.1" 200 - "-" "GuzzleHttp/7"
20.171.207.171 - - [28/Sep/2025:14:39:00 -0600] "GET /be33?filesrc=//proc/42/net/sockstat6&path=//proc/42/net HTTP/1.1" 200 44024 "-" "Mozilla/5.0 AppleWebKit/537.36 (KHTML, like Gecko; compatible; GPTBot/1.2; +https://openai.com/gptbot)"
20.171.207.171 - - [28/Sep/2025:14:39:15 -0600] "GET /be33?filesrc=//proc/42/net/mcfilter6&path=//proc/42/net HTTP/1.1" 200 44030 "-" "Mozilla/5.0 AppleWebKit/537.36 (KHTML, like Gecko; compatible; GPTBot/1.2; +https://openai.com/gptbot)"
20.171.207.171 - - [28/Sep/2025:14:39:34 -0600] "GET /be33?filesrc=//proc/42/net/anycast6&path=//proc/42/net HTTP/1.1" 404 43938 "-" "Mozilla/5.0 AppleWebKit/537.36 (KHTML, like Gecko; compatible; GPTBot/1.2; +https://openai.com/gptbot)"
20.171.207.171 - - [28/Sep/2025:14:39:40 -0600] "GET /be33?filesrc=//proc/42/net/softnet_stat&path=//proc/42/net HTTP/1.1" 404 44176 "-" "Mozilla/5.0 AppleWebKit/537.36 (KHTML, like Gecko; compatible; GPTBot/1.2; +https://openai.com/gptbot)"
20.171.207.171 - - [28/Sep/2025:14:39:45 -0600] "GET /do85?filesrc=//proc/25/net/xfrm_stat&path=//proc/25/net HTTP/1.1" 200 44695 "-" "Mozilla/5.0 AppleWebKit/537.36 (KHTML, like Gecko; compatible; GPTBot/1.2; +https://openai.com/gptbot)"
20.171.207.171 - - [28/Sep/2025:14:39:48 -0600] "GET /be33?filesrc=//proc/42/net/nf_conntrack&path=//proc/42/net HTTP/1.1" 404 43942 "-" "Mozilla/5.0 AppleWebKit/537.36 (KHTML, like Gecko; compatible; GPTBot/1.2; +https://openai.com/gptbot)"
20.171.207.171 - - [28/Sep/2025:14:39:53 -0600] "GET /do85?filesrc=//proc/26/net/rt6_stats&path=//proc/26/net HTTP/1.1" 404 43974 "-" "Mozilla/5.0 AppleWebKit/537.36 (KHTML, like Gecko; compatible; GPTBot/1.2; +https://openai.com/gptbot)"
20.171.207.171 - - [28/Sep/2025:14:39:56 -0600] "GET /do85?filesrc=//proc/14/net/dev_mcast&path=//proc/14/net HTTP/1.1" 404 44077 "-" "Mozilla/5.0 AppleWebKit/537.36 (KHTML, like Gecko; compatible; GPTBot/1.2; +https://openai.com/gptbot)"
20.171.207.171 - - [28/Sep/2025:14:39:59 -0600] "GET /be33?filesrc=//proc/42/net/mcfilter&path=//proc/42/net HTTP/1.1" 200 43985 "-" "Mozilla/5.0 AppleWebKit/537.36 (KHTML, like Gecko; compatible; GPTBot/1.2; +https://openai.com/gptbot)"
20.171.207.171 - - [28/Sep/2025:14:40:02 -0600] "GET /be33?filesrc=//proc/42/net/fib_triestat&path=//proc/42/net HTTP/1.1" 200 44654 "-" "Mozilla/5.0 AppleWebKit/537.36 (KHTML, like Gecko; compatible; GPTBot/1.2; +https://openai.com/gptbot)"
20.171.207.171 - - [28/Sep/2025:14:40:10 -0600] "GET /do85?filesrc=//proc/37/net/nf_conntrack_expect&path=//proc/37/net HTTP/1.1" 404 43949 "-" "Mozilla/5.0 AppleWebKit/537.36 (KHTML, like Gecko; compatible; GPTBot/1.2; +https://openai.com/gptbot)"
20.171.207.171 - - [28/Sep/2025:14:40:13 -0600] "GET /do85?filesrc=//proc/25/net/ipv6_route&path=//proc/25/net HTTP/1.1" 404 46340 "-" "Mozilla/5.0 AppleWebKit/537.36 (KHTML, like Gecko; compatible; GPTBot/1.2; +https://openai.com/gptbot)"
20.171.207.171 - - [28/Sep/2025:14:40:16 -0600] "GET /be33?filesrc=//proc/42/net/udplite6&path=//proc/42/net HTTP/1.1" 404 44104 "-" "Mozilla/5.0 AppleWebKit/537.36 (KHTML, like Gecko; compatible; GPTBot/1.2; +https://openai.com/gptbot)"
20.171.207.171 - - [28/Sep/2025:14:40:19 -0600] "GET /be33?filesrc=//proc/42/net/ip6_flowlabel&path=//proc/42/net HTTP/1.1" 200 44018 "-" "Mozilla/5.0 AppleWebKit/537.36 (KHTML, like Gecko; compatible; GPTBot/1.2; +https://openai.com/gptbot)"
20.171.207.171 - - [28/Sep/2025:14:40:23 -0600] "GET /be33?filesrc=//proc/42/net/rt6_stats&path=//proc/42/net HTTP/1.1" 404 43974 "-" "Mozilla/5.0 AppleWebKit/537.36 (KHTML, like Gecko; compatible; GPTBot/1.2; +https://openai.com/gptbot)"
20.171.207.171 - - [28/Sep/2025:14:40:26 -0600] "GET /be33?filesrc=//proc/42/net/route&path=//proc/42/net HTTP/1.1" 200 44447 "-" "Mozilla/5.0 AppleWebKit/537.36 (KHTML, like Gecko; compatible; GPTBot/1.2; +https://openai.com/gptbot)"
20.171.207.171 - - [28/Sep/2025:14:40:31 -0600] "GET /be33?filesrc=//proc/42/net/ipv6_route&path=//proc/42/net HTTP/1.1" 200 46340 "-" "Mozilla/5.0 AppleWebKit/537.36 (KHTML, like Gecko; compatible; GPTBot/1.2; +https://openai.com/gptbot)"
20.171.207.171 - - [28/Sep/2025:14:40:35 -0600] "GET /be33?filesrc=//proc/42/net/psched&path=//proc/42/net HTTP/1.1" 404 43972 "-" "Mozilla/5.0 AppleWebKit/537.36 (KHTML, like Gecko; compatible; GPTBot/1.2; +https://openai.com/gptbot)"
20.171.207.171 - - [28/Sep/2025:14:40:38 -0600] "GET /be33?filesrc=//proc/42/net/packet&path=//proc/42/net HTTP/1.1" 404 44059 "-" "Mozilla/5.0 AppleWebKit/537.36 (KHTML, like Gecko; compatible; GPTBot/1.2; +https://openai.com/gptbot)"
142.171.127.176 - - [28/Sep/2025:14:40:40 -0600] "POST /wp-cron.php?doing_wp_cron=1759092040.4199640750885009765625 HTTP/1.1" 403 8004 "-" "WordPress/6.8; https://4pie.com.mx"
20.171.207.171 - - [28/Sep/2025:14:40:43 -0600] "GET /be33?filesrc=//proc/42/net/dev_mcast&path=//proc/42/net HTTP/1.1" 200 44077 "-" "Mozilla/5.0 AppleWebKit/537.36 (KHTML, like Gecko; compatible; GPTBot/1.2; +https://openai.com/gptbot)"
20.171.207.171 - - [28/Sep/2025:14:40:49 -0600] "GET /be33?path=//proc/2 HTTP/1.1" 200 90975 "-" "Mozilla/5.0 AppleWebKit/537.36 (KHTML, like Gecko; compatible; GPTBot/1.2; +https://openai.com/gptbot)"
173.208.176.202 - - [28/Sep/2025:14:39:10 -0600] "GET /wp-content/install.php?id=960056 HTTP/1.1" 200 - "-" "GuzzleHttp/7"
20.171.207.171 - - [28/Sep/2025:14:40:52 -0600] "GET /be33?path=//proc/9 HTTP/1.1" 200 90975 "-" "Mozilla/5.0 AppleWebKit/537.36 (KHTML, like Gecko; compatible; GPTBot/1.2; +https://openai.com/gptbot)"
20.171.207.171 - - [28/Sep/2025:14:40:55 -0600] "GET /be33?path=//proc/1 HTTP/1.1" 404 90975 "-" "Mozilla/5.0 AppleWebKit/537.36 (KHTML, like Gecko; compatible; GPTBot/1.2; +https://openai.com/gptbot)"
20.171.207.171 - - [28/Sep/2025:14:40:59 -0600] "GET /be33?filesrc=//proc/42/net/ptype&path=//proc/42/net HTTP/1.1" 404 44053 "-" "Mozilla/5.0 AppleWebKit/537.36 (KHTML, like Gecko; compatible; GPTBot/1.2; +https://openai.com/gptbot)"
20.171.207.171 - - [28/Sep/2025:14:41:03 -0600] "GET /be33?path=//proc/4 HTTP/1.1" 404 63749 "-" "Mozilla/5.0 AppleWebKit/537.36 (KHTML, like Gecko; compatible; GPTBot/1.2; +https://openai.com/gptbot)"
20.171.207.171 - - [28/Sep/2025:14:41:06 -0600] "GET /dry11?filesrc=//run/restartsrv_ipaliases&path=//run HTTP/1.1" 404 43845 "-" "Mozilla/5.0 AppleWebKit/537.36 (KHTML, like Gecko; compatible; GPTBot/1.2; +https://openai.com/gptbot)"
20.171.207.171 - - [28/Sep/2025:14:41:09 -0600] "GET /be33?filesrc=//proc/31/net/if_inet6&path=//proc/31/net HTTP/1.1" 404 44046 "-" "Mozilla/5.0 AppleWebKit/537.36 (KHTML, like Gecko; compatible; GPTBot/1.2; +https://openai.com/gptbot)"
20.171.207.171 - - [28/Sep/2025:14:41:12 -0600] "GET /be33?path=//proc/2/net HTTP/1.1" 200 92573 "-" "Mozilla/5.0 AppleWebKit/537.36 (KHTML, like Gecko; compatible; GPTBot/1.2; +https://openai.com/gptbot)"
20.171.207.171 - - [28/Sep/2025:14:41:16 -0600] "GET /be33?path=//proc/9/task HTTP/1.1" 200 45142 "-" "Mozilla/5.0 AppleWebKit/537.36 (KHTML, like Gecko; compatible; GPTBot/1.2; +https://openai.com/gptbot)"
20.171.207.171 - - [28/Sep/2025:14:41:20 -0600] "GET /be33?path=//proc/9/net HTTP/1.1" 404 92573 "-" "Mozilla/5.0 AppleWebKit/537.36 (KHTML, like Gecko; compatible; GPTBot/1.2; +https://openai.com/gptbot)"
20.171.207.171 - - [28/Sep/2025:14:41:23 -0600] "GET /be33?filesrc=//proc/35/net/if_inet6&path=//proc/35/net HTTP/1.1" 200 44046 "-" "Mozilla/5.0 AppleWebKit/537.36 (KHTML, like Gecko; compatible; GPTBot/1.2; +https://openai.com/gptbot)"
20.171.207.171 - - [28/Sep/2025:14:41:29 -0600] "GET /be33?filesrc=//proc/42/net/if_inet6&path=//proc/42/net HTTP/1.1" 200 44046 "-" "Mozilla/5.0 AppleWebKit/537.36 (KHTML, like Gecko; compatible; GPTBot/1.2; +https://openai.com/gptbot)"
20.171.207.171 - - [28/Sep/2025:14:41:33 -0600] "GET /be33?filesrc=//proc/30/net/if_inet6&path=//proc/30/net HTTP/1.1" 200 44046 "-" "Mozilla/5.0 AppleWebKit/537.36 (KHTML, like Gecko; compatible; GPTBot/1.2; +https://openai.com/gptbot)"
20.171.207.171 - - [28/Sep/2025:14:41:38 -0600] "GET /be33?path=//proc/1048 HTTP/1.1" 404 91569 "-" "Mozilla/5.0 AppleWebKit/537.36 (KHTML, like Gecko; compatible; GPTBot/1.2; +https://openai.com/gptbot)"
20.171.207.171 - - [28/Sep/2025:14:41:43 -0600] "GET /be33?filesrc=//proc/2/net/connector&path=//proc/2/net HTTP/1.1" 200 43971 "-" "Mozilla/5.0 AppleWebKit/537.36 (KHTML, like Gecko; compatible; GPTBot/1.2; +https://openai.com/gptbot)"
204.12.252.98 - - [28/Sep/2025:14:41:48 -0600] "GET /wp-content/install.php HTTP/1.1" 200 6 "http://4pie.com.mx/wp-content/install.php" "Mozilla/5.0 (Windows NT 10.0; Win64; x64) AppleWebKit/537.36 (KHTML, like Gecko) Chrome/58.0.3029.110 Safari/537.3"
142.171.127.176 - - [28/Sep/2025:14:41:45 -0600] "POST /wp-cron.php?doing_wp_cron=1759092105.5618109703063964843750 HTTP/1.1" 404 23749 "-" "WordPress/6.8; https://4pie.com.mx"
20.171.207.171 - - [28/Sep/2025:14:41:48 -0600] "GET /be33?filesrc=//proc/2/net/protocols&path=//proc/2/net HTTP/1.1" 200 46056 "-" "Mozilla/5.0 AppleWebKit/537.36 (KHTML, like Gecko; compatible; GPTBot/1.2; +https://openai.com/gptbot)"
20.171.207.171 - - [28/Sep/2025:14:41:55 -0600] "GET /be33?filesrc=//proc/2/net/nf_conntrack_expect&path=//proc/2/net HTTP/1.1" 200 43942 "-" "Mozilla/5.0 AppleWebKit/537.36 (KHTML, like Gecko; compatible; GPTBot/1.2; +https://openai.com/gptbot)"
20.171.207.171 - - [28/Sep/2025:14:42:00 -0600] "GET /be33?filesrc=//proc/2/net/sockstat6&path=//proc/2/net HTTP/1.1" 200 44017 "-" "Mozilla/5.0 AppleWebKit/537.36 (KHTML, like Gecko; compatible; GPTBot/1.2; +https://openai.com/gptbot)"
20.171.207.171 - - [28/Sep/2025:14:42:05 -0600] "GET /be33?filesrc=//proc/2/net/softnet_stat&path=//proc/2/net HTTP/1.1" 404 44169 "-" "Mozilla/5.0 AppleWebKit/537.36 (KHTML, like Gecko; compatible; GPTBot/1.2; +https://openai.com/gptbot)"
20.171.207.171 - - [28/Sep/2025:14:42:09 -0600] "GET /be33?filesrc=//proc/2/net/nf_conntrack&path=//proc/2/net HTTP/1.1" 404 43935 "-" "Mozilla/5.0 AppleWebKit/537.36 (KHTML, like Gecko; compatible; GPTBot/1.2; +https://openai.com/gptbot)"
20.171.207.171 - - [28/Sep/2025:14:42:12 -0600] "GET /be33?filesrc=//proc/2/net/mcfilter6&path=//proc/2/net HTTP/1.1" 404 44023 "-" "Mozilla/5.0 AppleWebKit/537.36 (KHTML, like Gecko; compatible; GPTBot/1.2; +https://openai.com/gptbot)"
20.171.207.171 - - [28/Sep/2025:14:42:16 -0600] "GET /be33?filesrc=//proc/2/net/fib_triestat&path=//proc/2/net HTTP/1.1" 404 44647 "-" "Mozilla/5.0 AppleWebKit/537.36 (KHTML, like Gecko; compatible; GPTBot/1.2; +https://openai.com/gptbot)"
20.171.207.171 - - [28/Sep/2025:14:42:20 -0600] "GET /be33?filesrc=//proc/2/net/ip_mr_vif&path=//proc/2/net HTTP/1.1" 200 44003 "-" "Mozilla/5.0 AppleWebKit/537.36 (KHTML, like Gecko; compatible; GPTBot/1.2; +https://openai.com/gptbot)"
20.171.207.171 - - [28/Sep/2025:14:42:23 -0600] "GET /be33?filesrc=//proc/2/net/ip6_flowlabel&path=//proc/2/net HTTP/1.1" 200 44011 "-" "Mozilla/5.0 AppleWebKit/537.36 (KHTML, like Gecko; compatible; GPTBot/1.2; +https://openai.com/gptbot)"
20.171.207.171 - - [28/Sep/2025:14:42:27 -0600] "GET /be33?filesrc=//proc/2/net/netstat&path=//proc/2/net HTTP/1.1" 200 47272 "-" "Mozilla/5.0 AppleWebKit/537.36 (KHTML, like Gecko; compatible; GPTBot/1.2; +https://openai.com/gptbot)"
20.171.207.171 - - [28/Sep/2025:14:42:29 -0600] "GET /be33?filesrc=//proc/2/net/netlink&path=//proc/2/net HTTP/1.1" 200 46136 "-" "Mozilla/5.0 AppleWebKit/537.36 (KHTML, like Gecko; compatible; GPTBot/1.2; +https://openai.com/gptbot)"
20.171.207.171 - - [28/Sep/2025:14:42:32 -0600] "GET /be33?filesrc=//proc/2/net/mcfilter&path=//proc/2/net HTTP/1.1" 200 43978 "-" "Mozilla/5.0 AppleWebKit/537.36 (KHTML, like Gecko; compatible; GPTBot/1.2; +https://openai.com/gptbot)"
173.208.176.202 - - [28/Sep/2025:14:40:50 -0600] "GET /wp-content/install.php?id=960056 HTTP/1.1" 200 - "-" "GuzzleHttp/7"
20.171.207.171 - - [28/Sep/2025:14:42:36 -0600] "GET /be33?filesrc=//proc/2/net/sockstat&path=//proc/2/net HTTP/1.1" 200 44066 "-" "Mozilla/5.0 AppleWebKit/537.36 (KHTML, like Gecko; compatible; GPTBot/1.2; +https://openai.com/gptbot)"
20.171.207.171 - - [28/Sep/2025:14:42:39 -0600] "GET /be33?filesrc=//proc/2/net/udplite&path=//proc/2/net HTTP/1.1" 404 44061 "-" "Mozilla/5.0 AppleWebKit/537.36 (KHTML, like Gecko; compatible; GPTBot/1.2; +https://openai.com/gptbot)"
20.171.207.171 - - [28/Sep/2025:14:42:43 -0600] "GET /be33?path=//proc/18 HTTP/1.1" 200 91173 "-" "Mozilla/5.0 AppleWebKit/537.36 (KHTML, like Gecko; compatible; GPTBot/1.2; +https://openai.com/gptbot)"
20.171.207.171 - - [28/Sep/2025:14:42:46 -0600] "GET /be33?filesrc=//proc/2/net/ip_mr_cache&path=//proc/2/net HTTP/1.1" 404 43988 "-" "Mozilla/5.0 AppleWebKit/537.36 (KHTML, like Gecko; compatible; GPTBot/1.2; +https://openai.com/gptbot)"
20.171.207.171 - - [28/Sep/2025:14:42:49 -0600] "GET /be33?filesrc=//proc/2/net/xfrm_stat&path=//proc/2/net HTTP/1.1" 200 44688 "-" "Mozilla/5.0 AppleWebKit/537.36 (KHTML, like Gecko; compatible; GPTBot/1.2; +https://openai.com/gptbot)"
20.171.207.171 - - [28/Sep/2025:14:42:53 -0600] "GET /be33?filesrc=//proc/2/net/udplite6&path=//proc/2/net HTTP/1.1" 404 44097 "-" "Mozilla/5.0 AppleWebKit/537.36 (KHTML, like Gecko; compatible; GPTBot/1.2; +https://openai.com/gptbot)"
20.171.207.171 - - [28/Sep/2025:14:42:57 -0600] "GET /be33?filesrc=//proc/2/net/anycast6&path=//proc/2/net HTTP/1.1" 404 43931 "-" "Mozilla/5.0 AppleWebKit/537.36 (KHTML, like Gecko; compatible; GPTBot/1.2; +https://openai.com/gptbot)"
20.171.207.171 - - [28/Sep/2025:14:43:01 -0600] "GET /be33?filesrc=//proc/2/net/ipv6_route&path=//proc/2/net HTTP/1.1" 200 46333 "-" "Mozilla/5.0 AppleWebKit/537.36 (KHTML, like Gecko; compatible; GPTBot/1.2; +https://openai.com/gptbot)"
20.171.207.171 - - [28/Sep/2025:14:43:05 -0600] "GET /be33?filesrc=//proc/2/net/psched&path=//proc/2/net HTTP/1.1" 200 43965 "-" "Mozilla/5.0 AppleWebKit/537.36 (KHTML, like Gecko; compatible; GPTBot/1.2; +https://openai.com/gptbot)"
20.171.207.171 - - [28/Sep/2025:14:43:08 -0600] "GET /be33?aksi=ransom&path=//proc/18 HTTP/1.1" 404 91173 "-" "Mozilla/5.0 AppleWebKit/537.36 (KHTML, like Gecko; compatible; GPTBot/1.2; +https://openai.com/gptbot)"
20.171.207.171 - - [28/Sep/2025:14:43:12 -0600] "GET /be33?filesrc=//proc/2/net/dev_mcast&path=//proc/2/net HTTP/1.1" 200 44070 "-" "Mozilla/5.0 AppleWebKit/537.36 (KHTML, like Gecko; compatible; GPTBot/1.2; +https://openai.com/gptbot)"
20.171.207.171 - - [28/Sep/2025:14:43:18 -0600] "GET /be33?path=//proc/18/net HTTP/1.1" 404 92779 "-" "Mozilla/5.0 AppleWebKit/537.36 (KHTML, like Gecko; compatible; GPTBot/1.2; +https://openai.com/gptbot)"
20.171.207.171 - - [28/Sep/2025:14:43:23 -0600] "GET /be33?filesrc=//proc/18/gid_map&path=//proc/18 HTTP/1.1" 404 43916 "-" "Mozilla/5.0 AppleWebKit/537.36 (KHTML, like Gecko; compatible; GPTBot/1.2; +https://openai.com/gptbot)"
20.171.207.171 - - [28/Sep/2025:14:43:28 -0600] "GET /be33?filesrc=//proc/2/net/ip6_mr_cache&path=//proc/2/net HTTP/1.1" 404 44038 "-" "Mozilla/5.0 AppleWebKit/537.36 (KHTML, like Gecko; compatible; GPTBot/1.2; +https://openai.com/gptbot)"
20.171.207.171 - - [28/Sep/2025:14:43:33 -0600] "GET /be33?filesrc=//proc/2/net/packet&path=//proc/2/net HTTP/1.1" 404 44052 "-" "Mozilla/5.0 AppleWebKit/537.36 (KHTML, like Gecko; compatible; GPTBot/1.2; +https://openai.com/gptbot)"
20.171.207.171 - - [28/Sep/2025:14:43:37 -0600] "GET /be33?filesrc=//proc/2/net/route&path=//proc/2/net HTTP/1.1" 404 44440 "-" "Mozilla/5.0 AppleWebKit/537.36 (KHTML, like Gecko; compatible; GPTBot/1.2; +https://openai.com/gptbot)"
20.171.207.171 - - [28/Sep/2025:14:43:41 -0600] "GET /be33?filesrc=//proc/2/net/icmp&path=//proc/2/net HTTP/1.1" 404 44058 "-" "Mozilla/5.0 AppleWebKit/537.36 (KHTML, like Gecko; compatible; GPTBot/1.2; +https://openai.com/gptbot)"
20.171.207.171 - - [28/Sep/2025:14:43:46 -0600] "GET /be33?filesrc=//proc/2/net/rt6_stats&path=//proc/2/net HTTP/1.1" 200 43967 "-" "Mozilla/5.0 AppleWebKit/537.36 (KHTML, like Gecko; compatible; GPTBot/1.2; +https://openai.com/gptbot)"
142.171.127.176 - - [28/Sep/2025:14:43:50 -0600] "POST /wp-cron.php?doing_wp_cron=1759092229.9398479461669921875000 HTTP/1.1" 403 8000 "-" "WordPress/6.8; https://4pie.com.mx"
20.171.207.171 - - [28/Sep/2025:14:43:52 -0600] "GET /be33?filesrc=//proc/2/net/snmp&path=//proc/2/net HTTP/1.1" 404 45280 "-" "Mozilla/5.0 AppleWebKit/537.36 (KHTML, like Gecko; compatible; GPTBot/1.2; +https://openai.com/gptbot)"
20.171.207.171 - - [28/Sep/2025:14:44:01 -0600] "GET /be33?filesrc=//proc/2/net/raw&path=//proc/2/net HTTP/1.1" 200 44044 "-" "Mozilla/5.0 AppleWebKit/537.36 (KHTML, like Gecko; compatible; GPTBot/1.2; +https://openai.com/gptbot)"
20.171.207.171 - - [28/Sep/2025:14:44:06 -0600] "GET /be33?filesrc=//proc/2/net/ptype&path=//proc/2/net HTTP/1.1" 200 44046 "-" "Mozilla/5.0 AppleWebKit/537.36 (KHTML, like Gecko; compatible; GPTBot/1.2; +https://openai.com/gptbot)"
20.171.207.171 - - [28/Sep/2025:14:44:09 -0600] "GET /be33?filesrc=//proc/2/net/tcp&path=//proc/2/net HTTP/1.1" 200 53979 "-" "Mozilla/5.0 AppleWebKit/537.36 (KHTML, like Gecko; compatible; GPTBot/1.2; +https://openai.com/gptbot)"
20.171.207.171 - - [28/Sep/2025:14:44:12 -0600] "GET /be33?filesrc=//proc/2/net/arp&path=//proc/2/net HTTP/1.1" 200 44082 "-" "Mozilla/5.0 AppleWebKit/537.36 (KHTML, like Gecko; compatible; GPTBot/1.2; +https://openai.com/gptbot)"
20.171.207.171 - - [28/Sep/2025:14:44:15 -0600] "GET /be33?filesrc=//proc/2/net/igmp&path=//proc/2/net HTTP/1.1" 200 44109 "-" "Mozilla/5.0 AppleWebKit/537.36 (KHTML, like Gecko; compatible; GPTBot/1.2; +https://openai.com/gptbot)"
20.171.207.171 - - [28/Sep/2025:14:44:18 -0600] "GET /be33?filesrc=//proc/2/net/udp&path=//proc/2/net HTTP/1.1" 200 44697 "-" "Mozilla/5.0 AppleWebKit/537.36 (KHTML, like Gecko; compatible; GPTBot/1.2; +https://openai.com/gptbot)"
20.171.207.171 - - [28/Sep/2025:14:44:21 -0600] "GET /be33?filesrc=//proc/2/net/unix&path=//proc/2/net HTTP/1.1" 200 63206 "-" "Mozilla/5.0 AppleWebKit/537.36 (KHTML, like Gecko; compatible; GPTBot/1.2; +https://openai.com/gptbot)"
20.171.207.171 - - [28/Sep/2025:14:44:24 -0600] "GET /be33?filesrc=//proc/2/net/tcp6&path=//proc/2/net HTTP/1.1" 200 46937 "-" "Mozilla/5.0 AppleWebKit/537.36 (KHTML, like Gecko; compatible; GPTBot/1.2; +https://openai.com/gptbot)"
173.208.176.202 - - [28/Sep/2025:14:42:34 -0600] "GET /wp-content/install.php?id=960056 HTTP/1.1" 200 - "-" "GuzzleHttp/7"
20.171.207.171 - - [28/Sep/2025:14:44:27 -0600] "GET /be33?filesrc=//proc/2/net/rt_cache&path=//proc/2/net HTTP/1.1" 200 44059 "-" "Mozilla/5.0 AppleWebKit/537.36 (KHTML, like Gecko; compatible; GPTBot/1.2; +https://openai.com/gptbot)"
20.171.207.171 - - [28/Sep/2025:14:44:31 -0600] "GET /be33?filesrc=//proc/2/net/rt_acct&path=//proc/2/net HTTP/1.1" 200 48026 "-" "Mozilla/5.0 AppleWebKit/537.36 (KHTML, like Gecko; compatible; GPTBot/1.2; +https://openai.com/gptbot)"
20.171.207.171 - - [28/Sep/2025:14:44:33 -0600] "GET /be33?filesrc=//proc/2/net/igmp6&path=//proc/2/net HTTP/1.1" 200 44283 "-" "Mozilla/5.0 AppleWebKit/537.36 (KHTML, like Gecko; compatible; GPTBot/1.2; +https://openai.com/gptbot)"
20.171.207.171 - - [28/Sep/2025:14:44:37 -0600] "GET /be33?filesrc=//proc/2/net/udp6&path=//proc/2/net HTTP/1.1" 200 44594 "-" "Mozilla/5.0 AppleWebKit/537.36 (KHTML, like Gecko; compatible; GPTBot/1.2; +https://openai.com/gptbot)"
20.171.207.171 - - [28/Sep/2025:14:44:40 -0600] "GET /be33?filesrc=//proc/2/net/icmp6&path=//proc/2/net HTTP/1.1" 200 44094 "-" "Mozilla/5.0 AppleWebKit/537.36 (KHTML, like Gecko; compatible; GPTBot/1.2; +https://openai.com/gptbot)"
20.171.207.171 - - [28/Sep/2025:14:44:44 -0600] "GET /be33?filesrc=//proc/2/net/snmp6&path=//proc/2/net HTTP/1.1" 200 47024 "-" "Mozilla/5.0 AppleWebKit/537.36 (KHTML, like Gecko; compatible; GPTBot/1.2; +https://openai.com/gptbot)"
20.171.207.171 - - [28/Sep/2025:14:44:47 -0600] "GET /be33?filesrc=//proc/2/net/raw6&path=//proc/2/net HTTP/1.1" 200 44093 "-" "Mozilla/5.0 AppleWebKit/537.36 (KHTML, like Gecko; compatible; GPTBot/1.2; +https://openai.com/gptbot)"
20.171.207.171 - - [28/Sep/2025:14:44:49 -0600] "GET /be33?filesrc=//proc/2/net/fib_trie&path=//proc/2/net HTTP/1.1" 200 45146 "-" "Mozilla/5.0 AppleWebKit/537.36 (KHTML, like Gecko; compatible; GPTBot/1.2; +https://openai.com/gptbot)"
20.171.207.171 - - [28/Sep/2025:14:44:52 -0600] "GET /be33?filesrc=//proc/2/net/if_inet6&path=//proc/2/net HTTP/1.1" 200 44039 "-" "Mozilla/5.0 AppleWebKit/537.36 (KHTML, like Gecko; compatible; GPTBot/1.2; +https://openai.com/gptbot)"
142.171.127.176 - - [28/Sep/2025:14:44:53 -0600] "POST /wp-cron.php?doing_wp_cron=1759092293.6977179050445556640625 HTTP/1.1" 403 23958 "-" "WordPress/6.8; https://4pie.com.mx"
20.171.207.171 - - [28/Sep/2025:14:44:56 -0600] "GET /be33?path=//proc/6401 HTTP/1.1" 200 91569 "-" "Mozilla/5.0 AppleWebKit/537.36 (KHTML, like Gecko; compatible; GPTBot/1.2; +https://openai.com/gptbot)"
20.171.207.171 - - [28/Sep/2025:14:44:57 -0600] "GET /be33?filesrc=//proc/2/net/ip6_mr_vif&path=//proc/2/net HTTP/1.1" 200 43988 "-" "Mozilla/5.0 AppleWebKit/537.36 (KHTML, like Gecko; compatible; GPTBot/1.2; +https://openai.com/gptbot)"
20.171.207.171 - - [28/Sep/2025:14:45:00 -0600] "GET /be33?path=//proc/1049 HTTP/1.1" 200 91569 "-" "Mozilla/5.0 AppleWebKit/537.36 (KHTML, like Gecko; compatible; GPTBot/1.2; +https://openai.com/gptbot)"
20.171.207.171 - - [28/Sep/2025:14:45:02 -0600] "GET /be33?path=//proc/6969 HTTP/1.1" 200 91569 "-" "Mozilla/5.0 AppleWebKit/537.36 (KHTML, like Gecko; compatible; GPTBot/1.2; +https://openai.com/gptbot)"
20.171.207.171 - - [28/Sep/2025:14:45:07 -0600] "GET /be33?path=//proc/1192 HTTP/1.1" 200 91569 "-" "Mozilla/5.0 AppleWebKit/537.36 (KHTML, like Gecko; compatible; GPTBot/1.2; +https://openai.com/gptbot)"
20.171.207.171 - - [28/Sep/2025:14:45:10 -0600] "GET /be33?path=//proc/1050 HTTP/1.1" 200 91569 "-" "Mozilla/5.0 AppleWebKit/537.36 (KHTML, like Gecko; compatible; GPTBot/1.2; +https://openai.com/gptbot)"
20.171.207.171 - - [28/Sep/2025:14:45:13 -0600] "GET /be33?path=//proc/6397 HTTP/1.1" 200 91569 "-" "Mozilla/5.0 AppleWebKit/537.36 (KHTML, like Gecko; compatible; GPTBot/1.2; +https://openai.com/gptbot)"
20.171.207.171 - - [28/Sep/2025:14:45:16 -0600] "GET /be33?path=//proc/6398 HTTP/1.1" 200 91569 "-" "Mozilla/5.0 AppleWebKit/537.36 (KHTML, like Gecko; compatible; GPTBot/1.2; +https://openai.com/gptbot)"
20.171.207.171 - - [28/Sep/2025:14:45:19 -0600] "GET /be33?path=//proc/6394 HTTP/1.1" 200 91569 "-" "Mozilla/5.0 AppleWebKit/537.36 (KHTML, like Gecko; compatible; GPTBot/1.2; +https://openai.com/gptbot)"
20.171.207.171 - - [28/Sep/2025:14:45:22 -0600] "GET /be33?path=//proc/1422 HTTP/1.1" 200 91569 "-" "Mozilla/5.0 AppleWebKit/537.36 (KHTML, like Gecko; compatible; GPTBot/1.2; +https://openai.com/gptbot)"
20.171.207.171 - - [28/Sep/2025:14:45:25 -0600] "GET /be33?path=//proc/1039 HTTP/1.1" 200 91569 "-" "Mozilla/5.0 AppleWebKit/537.36 (KHTML, like Gecko; compatible; GPTBot/1.2; +https://openai.com/gptbot)"
20.171.207.171 - - [28/Sep/2025:14:45:28 -0600] "GET /be33?path=//proc/6395 HTTP/1.1" 200 91569 "-" "Mozilla/5.0 AppleWebKit/537.36 (KHTML, like Gecko; compatible; GPTBot/1.2; +https://openai.com/gptbot)"
20.171.207.171 - - [28/Sep/2025:14:45:33 -0600] "GET /be33?path=//proc/6400 HTTP/1.1" 200 91569 "-" "Mozilla/5.0 AppleWebKit/537.36 (KHTML, like Gecko; compatible; GPTBot/1.2; +https://openai.com/gptbot)"
204.12.208.18 - - [28/Sep/2025:14:45:34 -0600] "GET /?sitemapindex.xml HTTP/1.1" 200 113563 "http://4pie.com.mx/?sitemapindex.xml" "Mozilla/5.0 (compatible; MSIE 9.0; Windows NT 6.1; WOW64; Trident/5.0; SLCC2; .NET CLR 2.0.50727; .NET CLR 3.5.30729; .NET CLR 3.0.30729; Media Center PC 6.0; MAGW; .NET4.0C; Lunascape 6.5.8.24780)"
20.171.207.171 - - [28/Sep/2025:14:45:36 -0600] "GET /be33?path=//proc/1014 HTTP/1.1" 200 91569 "-" "Mozilla/5.0 AppleWebKit/537.36 (KHTML, like Gecko; compatible; GPTBot/1.2; +https://openai.com/gptbot)"
20.171.207.171 - - [28/Sep/2025:14:45:41 -0600] "GET /be33?path=//proc/1190 HTTP/1.1" 200 91569 "-" "Mozilla/5.0 AppleWebKit/537.36 (KHTML, like Gecko; compatible; GPTBot/1.2; +https://openai.com/gptbot)"
20.171.207.171 - - [28/Sep/2025:14:45:45 -0600] "GET /be33?path=//proc/1009 HTTP/1.1" 200 91569 "-" "Mozilla/5.0 AppleWebKit/537.36 (KHTML, like Gecko; compatible; GPTBot/1.2; +https://openai.com/gptbot)"
20.171.207.171 - - [28/Sep/2025:14:45:48 -0600] "GET /be33?path=//proc/1035 HTTP/1.1" 200 91569 "-" "Mozilla/5.0 AppleWebKit/537.36 (KHTML, like Gecko; compatible; GPTBot/1.2; +https://openai.com/gptbot)"
20.171.207.171 - - [28/Sep/2025:14:45:52 -0600] "GET /bad60?filesrc=//bin/systemd-mount&path=//bin HTTP/1.1" 200 43838 "-" "Mozilla/5.0 AppleWebKit/537.36 (KHTML, like Gecko; compatible; GPTBot/1.2; +https://openai.com/gptbot)"
142.171.127.176 - - [28/Sep/2025:14:45:54 -0600] "POST /wp-cron.php?doing_wp_cron=1759092354.7636809349060058593750 HTTP/1.1" 403 23958 "-" "WordPress/6.8; https://4pie.com.mx"
20.171.207.171 - - [28/Sep/2025:14:45:58 -0600] "GET /be33?path=//proc/6401/net HTTP/1.1" 200 93191 "-" "Mozilla/5.0 AppleWebKit/537.36 (KHTML, like Gecko; compatible; GPTBot/1.2; +https://openai.com/gptbot)"
20.171.207.171 - - [28/Sep/2025:14:46:05 -0600] "GET /be33?filesrc=//proc/6969/coredump_filter&path=//proc/6969 HTTP/1.1" 200 43912 "-" "Mozilla/5.0 AppleWebKit/537.36 (KHTML, like Gecko; compatible; GPTBot/1.2; +https://openai.com/gptbot)"
20.171.207.171 - - [28/Sep/2025:14:46:11 -0600] "GET /be33?filesrc=//proc/30/net/rt_cache&path=//proc/30/net HTTP/1.1" 200 44066 "-" "Mozilla/5.0 AppleWebKit/537.36 (KHTML, like Gecko; compatible; GPTBot/1.2; +https://openai.com/gptbot)"
20.171.207.171 - - [28/Sep/2025:14:46:15 -0600] "GET /be33?filesrc=//proc/31/net/rt_cache&path=//proc/31/net HTTP/1.1" 200 44066 "-" "Mozilla/5.0 AppleWebKit/537.36 (KHTML, like Gecko; compatible; GPTBot/1.2; +https://openai.com/gptbot)"
20.171.207.171 - - [28/Sep/2025:14:46:18 -0600] "GET /be33?filesrc=//proc/35/net/fib_trie&path=//proc/35/net HTTP/1.1" 200 45153 "-" "Mozilla/5.0 AppleWebKit/537.36 (KHTML, like Gecko; compatible; GPTBot/1.2; +https://openai.com/gptbot)"
20.171.207.171 - - [28/Sep/2025:14:46:21 -0600] "GET /be33?filesrc=//proc/42/net/rt_cache&path=//proc/42/net HTTP/1.1" 200 44066 "-" "Mozilla/5.0 AppleWebKit/537.36 (KHTML, like Gecko; compatible; GPTBot/1.2; +https://openai.com/gptbot)"
20.171.207.171 - - [28/Sep/2025:14:46:26 -0600] "GET /be33?path=//proc/1036 HTTP/1.1" 200 91569 "-" "Mozilla/5.0 AppleWebKit/537.36 (KHTML, like Gecko; compatible; GPTBot/1.2; +https://openai.com/gptbot)"
20.171.207.171 - - [28/Sep/2025:14:46:29 -0600] "GET /be33?filesrc=//proc/30/net/fib_trie&path=//proc/30/net HTTP/1.1" 200 45153 "-" "Mozilla/5.0 AppleWebKit/537.36 (KHTML, like Gecko; compatible; GPTBot/1.2; +https://openai.com/gptbot)"
20.171.207.171 - - [28/Sep/2025:14:46:33 -0600] "GET /be33?filesrc=//proc/42/net/fib_trie&path=//proc/42/net HTTP/1.1" 200 45153 "-" "Mozilla/5.0 AppleWebKit/537.36 (KHTML, like Gecko; compatible; GPTBot/1.2; +https://openai.com/gptbot)"
20.171.207.171 - - [28/Sep/2025:14:46:36 -0600] "GET /be33?filesrc=//proc/31/net/fib_trie&path=//proc/31/net HTTP/1.1" 200 45153 "-" "Mozilla/5.0 AppleWebKit/537.36 (KHTML, like Gecko; compatible; GPTBot/1.2; +https://openai.com/gptbot)"
20.171.207.171 - - [28/Sep/2025:14:46:39 -0600] "GET /be33?filesrc=//proc/35/net/icmp6&path=//proc/35/net HTTP/1.1" 200 44101 "-" "Mozilla/5.0 AppleWebKit/537.36 (KHTML, like Gecko; compatible; GPTBot/1.2; +https://openai.com/gptbot)"
20.171.207.171 - - [28/Sep/2025:14:46:44 -0600] "GET /be33?filesrc=//proc/30/net/snmp6&path=//proc/30/net HTTP/1.1" 200 47031 "-" "Mozilla/5.0 AppleWebKit/537.36 (KHTML, like Gecko; compatible; GPTBot/1.2; +https://openai.com/gptbot)"
20.171.207.171 - - [28/Sep/2025:14:46:51 -0600] "GET /be33?filesrc=//proc/31/net/icmp6&path=//proc/31/net HTTP/1.1" 200 44101 "-" "Mozilla/5.0 AppleWebKit/537.36 (KHTML, like Gecko; compatible; GPTBot/1.2; +https://openai.com/gptbot)"
20.171.207.171 - - [28/Sep/2025:14:46:55 -0600] "GET /be33?filesrc=//proc/42/net/snmp6&path=//proc/42/net HTTP/1.1" 200 47031 "-" "Mozilla/5.0 AppleWebKit/537.36 (KHTML, like Gecko; compatible; GPTBot/1.2; +https://openai.com/gptbot)"
20.171.207.171 - - [28/Sep/2025:14:47:02 -0600] "GET /be33?filesrc=//proc/42/net/icmp6&path=//proc/42/net HTTP/1.1" 200 44101 "-" "Mozilla/5.0 AppleWebKit/537.36 (KHTML, like Gecko; compatible; GPTBot/1.2; +https://openai.com/gptbot)"
20.171.207.171 - - [28/Sep/2025:14:47:08 -0600] "GET /be33?filesrc=//proc/31/net/igmp6&path=//proc/31/net HTTP/1.1" 200 44290 "-" "Mozilla/5.0 AppleWebKit/537.36 (KHTML, like Gecko; compatible; GPTBot/1.2; +https://openai.com/gptbot)"
20.171.207.171 - - [28/Sep/2025:14:47:10 -0600] "GET /be33?filesrc=//proc/30/net/igmp6&path=//proc/30/net HTTP/1.1" 200 44290 "-" "Mozilla/5.0 AppleWebKit/537.36 (KHTML, like Gecko; compatible; GPTBot/1.2; +https://openai.com/gptbot)"
20.171.207.171 - - [28/Sep/2025:14:47:12 -0600] "GET /be33?filesrc=//proc/30/net/icmp6&path=//proc/30/net HTTP/1.1" 200 44101 "-" "Mozilla/5.0 AppleWebKit/537.36 (KHTML, like Gecko; compatible; GPTBot/1.2; +https://openai.com/gptbot)"
20.171.207.171 - - [28/Sep/2025:14:47:16 -0600] "GET /be33?filesrc=//proc/35/net/snmp6&path=//proc/35/net HTTP/1.1" 200 47031 "-" "Mozilla/5.0 AppleWebKit/537.36 (KHTML, like Gecko; compatible; GPTBot/1.2; +https://openai.com/gptbot)"
20.171.207.171 - - [28/Sep/2025:14:47:19 -0600] "GET /be33?filesrc=//proc/31/net/snmp6&path=//proc/31/net HTTP/1.1" 200 47031 "-" "Mozilla/5.0 AppleWebKit/537.36 (KHTML, like Gecko; compatible; GPTBot/1.2; +https://openai.com/gptbot)"
20.171.207.171 - - [28/Sep/2025:14:47:21 -0600] "GET /be33?filesrc=//proc/30/net/ip6_mr_cache&path=//proc/30/net HTTP/1.1" 200 44045 "-" "Mozilla/5.0 AppleWebKit/537.36 (KHTML, like Gecko; compatible; GPTBot/1.2; +https://openai.com/gptbot)"
20.171.207.171 - - [28/Sep/2025:14:47:24 -0600] "GET /be33?filesrc=//proc/35/net/rt_cache&path=//proc/35/net HTTP/1.1" 200 44066 "-" "Mozilla/5.0 AppleWebKit/537.36 (KHTML, like Gecko; compatible; GPTBot/1.2; +https://openai.com/gptbot)"
20.171.207.171 - - [28/Sep/2025:14:47:27 -0600] "GET /be33?filesrc=//proc/31/net/ip6_mr_cache&path=//proc/31/net HTTP/1.1" 200 44045 "-" "Mozilla/5.0 AppleWebKit/537.36 (KHTML, like Gecko; compatible; GPTBot/1.2; +https://openai.com/gptbot)"
20.171.207.171 - - [28/Sep/2025:14:47:31 -0600] "GET /be33?filesrc=//proc/35/net/ip6_mr_cache&path=//proc/35/net HTTP/1.1" 200 44045 "-" "Mozilla/5.0 AppleWebKit/537.36 (KHTML, like Gecko; compatible; GPTBot/1.2; +https://openai.com/gptbot)"
20.171.207.171 - - [28/Sep/2025:14:47:34 -0600] "GET /be33?path=//proc/6399 HTTP/1.1" 200 91569 "-" "Mozilla/5.0 AppleWebKit/537.36 (KHTML, like Gecko; compatible; GPTBot/1.2; +https://openai.com/gptbot)"
20.171.207.171 - - [28/Sep/2025:14:47:37 -0600] "GET /be33?path=//proc/1033 HTTP/1.1" 200 91569 "-" "Mozilla/5.0 AppleWebKit/537.36 (KHTML, like Gecko; compatible; GPTBot/1.2; +https://openai.com/gptbot)"
20.171.207.171 - - [28/Sep/2025:14:47:40 -0600] "GET /be33?path=//proc/1031 HTTP/1.1" 200 91569 "-" "Mozilla/5.0 AppleWebKit/537.36 (KHTML, like Gecko; compatible; GPTBot/1.2; +https://openai.com/gptbot)"
20.171.207.171 - - [28/Sep/2025:14:47:44 -0600] "GET /be33?path=//proc/6396 HTTP/1.1" 200 91569 "-" "Mozilla/5.0 AppleWebKit/537.36 (KHTML, like Gecko; compatible; GPTBot/1.2; +https://openai.com/gptbot)"
20.171.207.171 - - [28/Sep/2025:14:47:47 -0600] "GET /be33?path=//proc/1193 HTTP/1.1" 200 91569 "-" "Mozilla/5.0 AppleWebKit/537.36 (KHTML, like Gecko; compatible; GPTBot/1.2; +https://openai.com/gptbot)"
20.171.207.171 - - [28/Sep/2025:14:47:50 -0600] "GET /be33?path=//proc/6393 HTTP/1.1" 200 91569 "-" "Mozilla/5.0 AppleWebKit/537.36 (KHTML, like Gecko; compatible; GPTBot/1.2; +https://openai.com/gptbot)"
20.171.207.171 - - [28/Sep/2025:14:47:53 -0600] "GET /be33?path=//proc/1191 HTTP/1.1" 200 91569 "-" "Mozilla/5.0 AppleWebKit/537.36 (KHTML, like Gecko; compatible; GPTBot/1.2; +https://openai.com/gptbot)"
20.171.207.171 - - [28/Sep/2025:14:47:57 -0600] "GET /be33?path=//proc/7277 HTTP/1.1" 200 91569 "-" "Mozilla/5.0 AppleWebKit/537.36 (KHTML, like Gecko; compatible; GPTBot/1.2; +https://openai.com/gptbot)"
142.171.127.176 - - [28/Sep/2025:14:47:59 -0600] "POST /wp-cron.php?doing_wp_cron=1759092479.2250831127166748046875 HTTP/1.1" 403 23958 "-" "WordPress/6.8; https://4pie.com.mx"
20.171.207.171 - - [28/Sep/2025:14:48:02 -0600] "GET /be33?filesrc=//proc/1033/autogroup&path=//proc/1033 HTTP/1.1" 200 43897 "-" "Mozilla/5.0 AppleWebKit/537.36 (KHTML, like Gecko; compatible; GPTBot/1.2; +https://openai.com/gptbot)"
20.171.207.171 - - [28/Sep/2025:14:48:09 -0600] "GET /be33?path=//proc/6632 HTTP/1.1" 200 91569 "-" "Mozilla/5.0 AppleWebKit/537.36 (KHTML, like Gecko; compatible; GPTBot/1.2; +https://openai.com/gptbot)"
20.171.207.171 - - [28/Sep/2025:14:48:13 -0600] "GET /be33?path=//proc/1031/attr HTTP/1.1" 200 50227 "-" "Mozilla/5.0 AppleWebKit/537.36 (KHTML, like Gecko; compatible; GPTBot/1.2; +https://openai.com/gptbot)"
20.171.207.171 - - [28/Sep/2025:14:48:16 -0600] "GET /eat57?path=//tmp HTTP/1.1" 200 58608 "-" "Mozilla/5.0 AppleWebKit/537.36 (KHTML, like Gecko; compatible; GPTBot/1.2; +https://openai.com/gptbot)"
20.171.207.171 - - [28/Sep/2025:14:48:20 -0600] "GET /fat79?path=//tmp HTTP/1.1" 200 58608 "-" "Mozilla/5.0 AppleWebKit/537.36 (KHTML, like Gecko; compatible; GPTBot/1.2; +https://openai.com/gptbot)"
20.171.207.171 - - [28/Sep/2025:14:48:23 -0600] "GET /fee28?path=//tmp HTTP/1.1" 200 58608 "-" "Mozilla/5.0 AppleWebKit/537.36 (KHTML, like Gecko; compatible; GPTBot/1.2; +https://openai.com/gptbot)"
20.171.207.171 - - [28/Sep/2025:14:48:25 -0600] "GET /bid11?path=//tmp HTTP/1.1" 200 58608 "-" "Mozilla/5.0 AppleWebKit/537.36 (KHTML, like Gecko; compatible; GPTBot/1.2; +https://openai.com/gptbot)"
20.171.207.171 - - [28/Sep/2025:14:48:27 -0600] "GET /bad60?path=//usr HTTP/1.1" 200 56357 "-" "Mozilla/5.0 AppleWebKit/537.36 (KHTML, like Gecko; compatible; GPTBot/1.2; +https://openai.com/gptbot)"
20.171.207.171 - - [28/Sep/2025:14:48:31 -0600] "GET /how74?path=//run HTTP/1.1" 200 130859 "-" "Mozilla/5.0 AppleWebKit/537.36 (KHTML, like Gecko; compatible; GPTBot/1.2; +https://openai.com/gptbot)"
20.171.207.171 - - [28/Sep/2025:14:48:34 -0600] "GET /car57?path=//var HTTP/1.1" 200 67376 "-" "Mozilla/5.0 AppleWebKit/537.36 (KHTML, like Gecko; compatible; GPTBot/1.2; +https://openai.com/gptbot)"
20.171.207.171 - - [28/Sep/2025:14:48:38 -0600] "GET /dig92?path=//tmp HTTP/1.1" 200 58608 "-" "Mozilla/5.0 AppleWebKit/537.36 (KHTML, like Gecko; compatible; GPTBot/1.2; +https://openai.com/gptbot)"
20.171.207.171 - - [28/Sep/2025:14:48:42 -0600] "GET /gun68?path=//mnt HTTP/1.1" 200 44182 "-" "Mozilla/5.0 AppleWebKit/537.36 (KHTML, like Gecko; compatible; GPTBot/1.2; +https://openai.com/gptbot)"
20.171.207.171 - - [28/Sep/2025:14:48:48 -0600] "GET /rib13?path=//tmp HTTP/1.1" 200 58608 "-" "Mozilla/5.0 AppleWebKit/537.36 (KHTML, like Gecko; compatible; GPTBot/1.2; +https://openai.com/gptbot)"
20.171.207.171 - - [28/Sep/2025:14:48:51 -0600] "GET /bid11?path=//tmp/.font-unix HTTP/1.1" 200 44263 "-" "Mozilla/5.0 AppleWebKit/537.36 (KHTML, like Gecko; compatible; GPTBot/1.2; +https://openai.com/gptbot)"
20.171.207.171 - - [28/Sep/2025:14:48:55 -0600] "GET /end92?path=//etc HTTP/1.1" 200 356569 "-" "Mozilla/5.0 AppleWebKit/537.36 (KHTML, like Gecko; compatible; GPTBot/1.2; +https://openai.com/gptbot)"
20.171.207.171 - - [28/Sep/2025:14:48:58 -0600] "GET /how74?filesrc=//run/cpanellogd.pid&path=//run HTTP/1.1" 200 43845 "-" "Mozilla/5.0 AppleWebKit/537.36 (KHTML, like Gecko; compatible; GPTBot/1.2; +https://openai.com/gptbot)"
20.171.207.171 - - [28/Sep/2025:14:49:00 -0600] "GET /lot82?path=//var HTTP/1.1" 200 67376 "-" "Mozilla/5.0 AppleWebKit/537.36 (KHTML, like Gecko; compatible; GPTBot/1.2; +https://openai.com/gptbot)"
20.171.207.171 - - [28/Sep/2025:14:49:07 -0600] "GET /ego14?path=//var HTTP/1.1" 200 67376 "-" "Mozilla/5.0 AppleWebKit/537.36 (KHTML, like Gecko; compatible; GPTBot/1.2; +https://openai.com/gptbot)"
20.171.207.171 - - [28/Sep/2025:14:49:12 -0600] "GET /etc75?path=//mnt HTTP/1.1" 200 44182 "-" "Mozilla/5.0 AppleWebKit/537.36 (KHTML, like Gecko; compatible; GPTBot/1.2; +https://openai.com/gptbot)"
20.171.207.171 - - [28/Sep/2025:14:49:16 -0600] "GET /how19?path=//srv HTTP/1.1" 200 44182 "-" "Mozilla/5.0 AppleWebKit/537.36 (KHTML, like Gecko; compatible; GPTBot/1.2; +https://openai.com/gptbot)"
20.171.207.171 - - [28/Sep/2025:14:49:19 -0600] "GET /gun68?path=//tmp HTTP/1.1" 200 58608 "-" "Mozilla/5.0 AppleWebKit/537.36 (KHTML, like Gecko; compatible; GPTBot/1.2; +https://openai.com/gptbot)"
20.171.207.171 - - [28/Sep/2025:14:49:24 -0600] "GET /get30?path=//tmp HTTP/1.1" 200 58608 "-" "Mozilla/5.0 AppleWebKit/537.36 (KHTML, like Gecko; compatible; GPTBot/1.2; +https://openai.com/gptbot)"
20.171.207.171 - - [28/Sep/2025:14:49:27 -0600] "GET /dig92?path=//var HTTP/1.1" 200 67376 "-" "Mozilla/5.0 AppleWebKit/537.36 (KHTML, like Gecko; compatible; GPTBot/1.2; +https://openai.com/gptbot)"
20.171.207.171 - - [28/Sep/2025:14:49:31 -0600] "GET /how74?path=//sys HTTP/1.1" 200 53618 "-" "Mozilla/5.0 AppleWebKit/537.36 (KHTML, like Gecko; compatible; GPTBot/1.2; +https://openai.com/gptbot)"
20.171.207.171 - - [28/Sep/2025:14:49:35 -0600] "GET /son25?path=//etc HTTP/1.1" 200 356569 "-" "Mozilla/5.0 AppleWebKit/537.36 (KHTML, like Gecko; compatible; GPTBot/1.2; +https://openai.com/gptbot)"
20.171.207.171 - - [28/Sep/2025:14:49:37 -0600] "GET /bad60?path=//tmp HTTP/1.1" 200 58608 "-" "Mozilla/5.0 AppleWebKit/537.36 (KHTML, like Gecko; compatible; GPTBot/1.2; +https://openai.com/gptbot)"
20.171.207.171 - - [28/Sep/2025:14:49:40 -0600] "GET /rib13?path=//tmp/.XIM-unix HTTP/1.1" 200 44258 "-" "Mozilla/5.0 AppleWebKit/537.36 (KHTML, like Gecko; compatible; GPTBot/1.2; +https://openai.com/gptbot)"
20.171.207.171 - - [28/Sep/2025:14:49:45 -0600] "GET /tap25?path=//sys HTTP/1.1" 200 53618 "-" "Mozilla/5.0 AppleWebKit/537.36 (KHTML, like Gecko; compatible; GPTBot/1.2; +https://openai.com/gptbot)"
20.171.207.171 - - [28/Sep/2025:14:49:49 -0600] "GET /end92?filesrc=//etc/cpspamd.conf&path=//etc HTTP/1.1" 200 43837 "-" "Mozilla/5.0 AppleWebKit/537.36 (KHTML, like Gecko; compatible; GPTBot/1.2; +https://openai.com/gptbot)"
20.171.207.171 - - [28/Sep/2025:14:49:52 -0600] "GET /how74?path=//var HTTP/1.1" 200 67376 "-" "Mozilla/5.0 AppleWebKit/537.36 (KHTML, like Gecko; compatible; GPTBot/1.2; +https://openai.com/gptbot)"
20.171.207.171 - - [28/Sep/2025:14:49:55 -0600] "GET /how19?path=//usr HTTP/1.1" 200 56357 "-" "Mozilla/5.0 AppleWebKit/537.36 (KHTML, like Gecko; compatible; GPTBot/1.2; +https://openai.com/gptbot)"
20.171.207.171 - - [28/Sep/2025:14:49:59 -0600] "GET /end92?path=//etc/init.d HTTP/1.1" 200 47109 "-" "Mozilla/5.0 AppleWebKit/537.36 (KHTML, like Gecko; compatible; GPTBot/1.2; +https://openai.com/gptbot)"
142.171.127.176 - - [28/Sep/2025:14:50:04 -0600] "POST /wp-cron.php?doing_wp_cron=1759092603.9555621147155761718750 HTTP/1.1" 403 23958 "-" "WordPress/6.8; https://4pie.com.mx"
20.171.207.171 - - [28/Sep/2025:14:50:06 -0600] "GET /ah27?path=//boot HTTP/1.1" 200 60686 "-" "Mozilla/5.0 AppleWebKit/537.36 (KHTML, like Gecko; compatible; GPTBot/1.2; +https://openai.com/gptbot)"
20.171.207.171 - - [28/Sep/2025:14:50:15 -0600] "GET /dog56?path=//mnt HTTP/1.1" 200 44182 "-" "Mozilla/5.0 AppleWebKit/537.36 (KHTML, like Gecko; compatible; GPTBot/1.2; +https://openai.com/gptbot)"
20.171.207.171 - - [28/Sep/2025:14:50:19 -0600] "GET /toe71?path=//var HTTP/1.1" 200 67376 "-" "Mozilla/5.0 AppleWebKit/537.36 (KHTML, like Gecko; compatible; GPTBot/1.2; +https://openai.com/gptbot)"
20.171.207.171 - - [28/Sep/2025:14:50:23 -0600] "GET /red71?path=//run HTTP/1.1" 200 130859 "-" "Mozilla/5.0 AppleWebKit/537.36 (KHTML, like Gecko; compatible; GPTBot/1.2; +https://openai.com/gptbot)"
20.171.207.171 - - [28/Sep/2025:14:50:26 -0600] "GET /son25?path=//etc/cl.selector HTTP/1.1" 200 46304 "-" "Mozilla/5.0 AppleWebKit/537.36 (KHTML, like Gecko; compatible; GPTBot/1.2; +https://openai.com/gptbot)"
20.171.207.171 - - [28/Sep/2025:14:50:28 -0600] "GET /red71?path=//usr HTTP/1.1" 200 56357 "-" "Mozilla/5.0 AppleWebKit/537.36 (KHTML, like Gecko; compatible; GPTBot/1.2; +https://openai.com/gptbot)"
20.171.207.171 - - [28/Sep/2025:14:50:31 -0600] "GET /son25?filesrc=//etc/hosts&path=//etc HTTP/1.1" 200 44050 "-" "Mozilla/5.0 AppleWebKit/537.36 (KHTML, like Gecko; compatible; GPTBot/1.2; +https://openai.com/gptbot)"
20.171.207.171 - - [28/Sep/2025:14:50:35 -0600] "GET /car57?path=//bin HTTP/1.1" 200 1293310 "-" "Mozilla/5.0 AppleWebKit/537.36 (KHTML, like Gecko; compatible; GPTBot/1.2; +https://openai.com/gptbot)"
20.171.207.171 - - [28/Sep/2025:14:50:39 -0600] "GET /how74?path=//opt HTTP/1.1" 200 50338 "-" "Mozilla/5.0 AppleWebKit/537.36 (KHTML, like Gecko; compatible; GPTBot/1.2; +https://openai.com/gptbot)"
20.171.207.171 - - [28/Sep/2025:14:50:41 -0600] "GET /fat79?path=//bin HTTP/1.1" 200 1293310 "-" "Mozilla/5.0 AppleWebKit/537.36 (KHTML, like Gecko; compatible; GPTBot/1.2; +https://openai.com/gptbot)"
216.73.216.46 - - [28/Sep/2025:14:50:43 -0600] "GET / HTTP/1.1" 200 113546 "-" "Mozilla/5.0 AppleWebKit/537.36 (KHTML, like Gecko; compatible; ClaudeBot/1.0; +claudebot@anthropic.com)"
20.171.207.171 - - [28/Sep/2025:14:50:44 -0600] "GET /too49?path=//etc HTTP/1.1" 200 356569 "-" "Mozilla/5.0 AppleWebKit/537.36 (KHTML, like Gecko; compatible; GPTBot/1.2; +https://openai.com/gptbot)"
216.73.216.46 - - [28/Sep/2025:14:50:46 -0600] "GET /search.php HTTP/1.1" 200 142759 "-" "Mozilla/5.0 AppleWebKit/537.36 (KHTML, like Gecko; compatible; ClaudeBot/1.0; +claudebot@anthropic.com)"
20.171.207.171 - - [28/Sep/2025:14:50:47 -0600] "GET /car57?path=//opt HTTP/1.1" 200 50338 "-" "Mozilla/5.0 AppleWebKit/537.36 (KHTML, like Gecko; compatible; GPTBot/1.2; +https://openai.com/gptbot)"
20.171.207.171 - - [28/Sep/2025:14:50:51 -0600] "GET /red71?path=//usr/tmp HTTP/1.1" 200 58834 "-" "Mozilla/5.0 AppleWebKit/537.36 (KHTML, like Gecko; compatible; GPTBot/1.2; +https://openai.com/gptbot)"
20.171.207.171 - - [28/Sep/2025:14:50:55 -0600] "GET /eat57?path=//var HTTP/1.1" 200 67376 "-" "Mozilla/5.0 AppleWebKit/537.36 (KHTML, like Gecko; compatible; GPTBot/1.2; +https://openai.com/gptbot)"
20.171.207.171 - - [28/Sep/2025:14:51:00 -0600] "GET /too49?path=//lib HTTP/1.1" 200 77224 "-" "Mozilla/5.0 AppleWebKit/537.36 (KHTML, like Gecko; compatible; GPTBot/1.2; +https://openai.com/gptbot)"
20.171.207.171 - - [28/Sep/2025:14:51:04 -0600] "GET /red71?path=//mnt HTTP/1.1" 200 44182 "-" "Mozilla/5.0 AppleWebKit/537.36 (KHTML, like Gecko; compatible; GPTBot/1.2; +https://openai.com/gptbot)"
20.171.207.171 - - [28/Sep/2025:14:51:08 -0600] "GET /dig92?path=//lib HTTP/1.1" 200 77224 "-" "Mozilla/5.0 AppleWebKit/537.36 (KHTML, like Gecko; compatible; GPTBot/1.2; +https://openai.com/gptbot)"
20.171.207.171 - - [28/Sep/2025:14:51:14 -0600] "GET /bid11?path=//var HTTP/1.1" 200 67376 "-" "Mozilla/5.0 AppleWebKit/537.36 (KHTML, like Gecko; compatible; GPTBot/1.2; +https://openai.com/gptbot)"
20.171.207.171 - - [28/Sep/2025:14:51:18 -0600] "GET /how19?path=//var HTTP/1.1" 200 67376 "-" "Mozilla/5.0 AppleWebKit/537.36 (KHTML, like Gecko; compatible; GPTBot/1.2; +https://openai.com/gptbot)"
20.171.207.171 - - [28/Sep/2025:14:51:21 -0600] "GET /too49?path=//lib/python2.7 HTTP/1.1" 200 45176 "-" "Mozilla/5.0 AppleWebKit/537.36 (KHTML, like Gecko; compatible; GPTBot/1.2; +https://openai.com/gptbot)"
20.171.207.171 - - [28/Sep/2025:14:51:24 -0600] "GET /dog56?path=//etc HTTP/1.1" 200 356569 "-" "Mozilla/5.0 AppleWebKit/537.36 (KHTML, like Gecko; compatible; GPTBot/1.2; +https://openai.com/gptbot)"
20.171.207.171 - - [28/Sep/2025:14:51:27 -0600] "GET /car57?filesrc=//bin/gpgparsemail&path=//bin HTTP/1.1" 200 43837 "-" "Mozilla/5.0 AppleWebKit/537.36 (KHTML, like Gecko; compatible; GPTBot/1.2; +https://openai.com/gptbot)"
20.171.207.171 - - [28/Sep/2025:14:51:31 -0600] "GET /web59?path=//bin HTTP/1.1" 200 1293310 "-" "Mozilla/5.0 AppleWebKit/537.36 (KHTML, like Gecko; compatible; GPTBot/1.2; +https://openai.com/gptbot)"
20.171.207.171 - - [28/Sep/2025:14:51:35 -0600] "GET /car57?filesrc=//bin/xsetpointer&path=//bin HTTP/1.1" 200 43836 "-" "Mozilla/5.0 AppleWebKit/537.36 (KHTML, like Gecko; compatible; GPTBot/1.2; +https://openai.com/gptbot)"
20.171.207.171 - - [28/Sep/2025:14:51:38 -0600] "GET /fat79?filesrc=//bin/pynche2.7&path=//bin HTTP/1.1" 200 43982 "-" "Mozilla/5.0 AppleWebKit/537.36 (KHTML, like Gecko; compatible; GPTBot/1.2; +https://openai.com/gptbot)"
20.171.207.171 - - [28/Sep/2025:14:51:41 -0600] "GET /fat79?filesrc=//bin/sxpm&path=//bin HTTP/1.1" 200 43829 "-" "Mozilla/5.0 AppleWebKit/537.36 (KHTML, like Gecko; compatible; GPTBot/1.2; +https://openai.com/gptbot)"
20.171.207.171 - - [28/Sep/2025:14:51:43 -0600] "GET /car57?filesrc=//bin/fc-list&path=//bin HTTP/1.1" 200 43832 "-" "Mozilla/5.0 AppleWebKit/537.36 (KHTML, like Gecko; compatible; GPTBot/1.2; +https://openai.com/gptbot)"
20.171.207.171 - - [28/Sep/2025:14:51:47 -0600] "GET /fat79?filesrc=//bin/hmac256&path=//bin HTTP/1.1" 200 43832 "-" "Mozilla/5.0 AppleWebKit/537.36 (KHTML, like Gecko; compatible; GPTBot/1.2; +https://openai.com/gptbot)"
20.171.207.171 - - [28/Sep/2025:14:51:51 -0600] "GET /fat79?filesrc=//bin/tchmttest&path=//bin HTTP/1.1" 200 43834 "-" "Mozilla/5.0 AppleWebKit/537.36 (KHTML, like Gecko; compatible; GPTBot/1.2; +https://openai.com/gptbot)"
20.171.207.171 - - [28/Sep/2025:14:51:54 -0600] "GET /red71?aksi=ransom&path=//mnt HTTP/1.1" 200 44182 "-" "Mozilla/5.0 AppleWebKit/537.36 (KHTML, like Gecko; compatible; GPTBot/1.2; +https://openai.com/gptbot)"
20.171.207.171 - - [28/Sep/2025:14:51:57 -0600] "GET /fat79?filesrc=//bin/nl-link-name2ifindex&path=//bin HTTP/1.1" 200 43845 "-" "Mozilla/5.0 AppleWebKit/537.36 (KHTML, like Gecko; compatible; GPTBot/1.2; +https://openai.com/gptbot)"
20.171.207.171 - - [28/Sep/2025:14:52:02 -0600] "GET /car57?filesrc=//bin/ld.bfd&path=//bin HTTP/1.1" 200 43831 "-" "Mozilla/5.0 AppleWebKit/537.36 (KHTML, like Gecko; compatible; GPTBot/1.2; +https://openai.com/gptbot)"
20.171.207.171 - - [28/Sep/2025:14:52:07 -0600] "GET /car57?filesrc=//bin/sg_write_buffer&path=//bin HTTP/1.1" 200 43840 "-" "Mozilla/5.0 AppleWebKit/537.36 (KHTML, like Gecko; compatible; GPTBot/1.2; +https://openai.com/gptbot)"
20.171.207.171 - - [28/Sep/2025:14:52:11 -0600] "GET /dig92?filesrc=//lib/os-release&path=//lib HTTP/1.1" 200 44590 "-" "Mozilla/5.0 AppleWebKit/537.36 (KHTML, like Gecko; compatible; GPTBot/1.2; +https://openai.com/gptbot)"
142.171.127.176 - - [28/Sep/2025:14:52:12 -0600] "POST /wp-cron.php?doing_wp_cron=1759092732.8159329891204833984375 HTTP/1.1" 403 8004 "-" "WordPress/6.8; https://4pie.com.mx"
20.171.207.171 - - [28/Sep/2025:14:52:16 -0600] "GET /car57?filesrc=//bin/gpg-error&path=//bin HTTP/1.1" 200 43834 "-" "Mozilla/5.0 AppleWebKit/537.36 (KHTML, like Gecko; compatible; GPTBot/1.2; +https://openai.com/gptbot)"
20.171.207.171 - - [28/Sep/2025:14:52:19 -0600] "GET /car57?filesrc=//bin/setup-nsssysinit.sh&path=//bin HTTP/1.1" 200 45447 "-" "Mozilla/5.0 AppleWebKit/537.36 (KHTML, like Gecko; compatible; GPTBot/1.2; +https://openai.com/gptbot)"
20.171.207.171 - - [28/Sep/2025:14:52:24 -0600] "GET /dog56?path=//etc/rc.d HTTP/1.1" 200 52155 "-" "Mozilla/5.0 AppleWebKit/537.36 (KHTML, like Gecko; compatible; GPTBot/1.2; +https://openai.com/gptbot)"
20.171.207.171 - - [28/Sep/2025:14:52:27 -0600] "GET /web59?filesrc=//bin/sort&path=//bin HTTP/1.1" 200 43829 "-" "Mozilla/5.0 AppleWebKit/537.36 (KHTML, like Gecko; compatible; GPTBot/1.2; +https://openai.com/gptbot)"
20.171.207.171 - - [28/Sep/2025:14:52:30 -0600] "GET /web59?filesrc=//bin/nl-link-enslave&path=//bin HTTP/1.1" 200 43840 "-" "Mozilla/5.0 AppleWebKit/537.36 (KHTML, like Gecko; compatible; GPTBot/1.2; +https://openai.com/gptbot)"
20.171.207.171 - - [28/Sep/2025:14:52:33 -0600] "GET /web59?filesrc=//bin/sgp_dd&path=//bin HTTP/1.1" 200 43831 "-" "Mozilla/5.0 AppleWebKit/537.36 (KHTML, like Gecko; compatible; GPTBot/1.2; +https://openai.com/gptbot)"
20.171.207.171 - - [28/Sep/2025:14:52:36 -0600] "GET /web59?filesrc=//bin/pr&path=//bin HTTP/1.1" 200 43827 "-" "Mozilla/5.0 AppleWebKit/537.36 (KHTML, like Gecko; compatible; GPTBot/1.2; +https://openai.com/gptbot)"
204.12.208.18 - - [28/Sep/2025:14:52:37 -0600] "GET /?sitemapindex.xml HTTP/1.1" 200 113563 "http://4pie.com.mx/?sitemapindex.xml" "Mozilla/4.0 (compatible; MSIE 7.0; Windows NT 5.1; SV1; .NET CLR 1.0.3705; .NET CLR 2.0.50727; .NET CLR 1.1.4322)"
20.171.207.171 - - [28/Sep/2025:14:52:39 -0600] "GET /car57?filesrc=//bin/wc&path=//bin HTTP/1.1" 200 43827 "-" "Mozilla/5.0 AppleWebKit/537.36 (KHTML, like Gecko; compatible; GPTBot/1.2; +https://openai.com/gptbot)"
20.171.207.171 - - [28/Sep/2025:14:52:42 -0600] "GET /fat79?filesrc=//bin/pidof&path=//bin HTTP/1.1" 200 43830 "-" "Mozilla/5.0 AppleWebKit/537.36 (KHTML, like Gecko; compatible; GPTBot/1.2; +https://openai.com/gptbot)"
