20.171.207.171 - - [28/Sep/2025:06:29:52 -0600] "GET /86zqfm19821.html?path=/ HTTP/1.1" 200 66420 "-" "Mozilla/5.0 AppleWebKit/537.36 (KHTML, like Gecko; compatible; GPTBot/1.2; +https://openai.com/gptbot)"
20.171.207.171 - - [28/Sep/2025:06:29:58 -0600] "GET /259wzcr5898.html?path=/ HTTP/1.1" 200 66420 "-" "Mozilla/5.0 AppleWebKit/537.36 (KHTML, like Gecko; compatible; GPTBot/1.2; +https://openai.com/gptbot)"
20.171.207.171 - - [28/Sep/2025:06:30:02 -0600] "GET /82oboy31869.html?path=/ HTTP/1.1" 404 63749 "-" "Mozilla/5.0 AppleWebKit/537.36 (KHTML, like Gecko; compatible; GPTBot/1.2; +https://openai.com/gptbot)"
20.171.207.171 - - [28/Sep/2025:06:30:08 -0600] "GET /194qtoa7081.html?path=/ HTTP/1.1" 200 66420 "-" "Mozilla/5.0 AppleWebKit/537.36 (KHTML, like Gecko; compatible; GPTBot/1.2; +https://openai.com/gptbot)"
20.171.207.171 - - [28/Sep/2025:06:30:12 -0600] "GET /153wzjw2844.html?path=/ HTTP/1.1" 404 66420 "-" "Mozilla/5.0 AppleWebKit/537.36 (KHTML, like Gecko; compatible; GPTBot/1.2; +https://openai.com/gptbot)"
173.208.176.202 - - [28/Sep/2025:06:28:49 -0600] "GET /wp-content/install.php?id=555749 HTTP/1.1" 200 - "-" "GuzzleHttp/7"
20.171.207.171 - - [28/Sep/2025:06:30:16 -0600] "GET /120ghqy4733.html?filesrc=//etc/gshadow-&path=//etc HTTP/1.1" 200 43833 "-" "Mozilla/5.0 AppleWebKit/537.36 (KHTML, like Gecko; compatible; GPTBot/1.2; +https://openai.com/gptbot)"
20.171.207.171 - - [28/Sep/2025:06:30:20 -0600] "GET /259wzcr5898.html?path=//sbin HTTP/1.1" 404 215749 "-" "Mozilla/5.0 AppleWebKit/537.36 (KHTML, like Gecko; compatible; GPTBot/1.2; +https://openai.com/gptbot)"
20.171.207.171 - - [28/Sep/2025:06:30:23 -0600] "GET /44yrxc10773.html?path=/ HTTP/1.1" 404 66420 "-" "Mozilla/5.0 AppleWebKit/537.36 (KHTML, like Gecko; compatible; GPTBot/1.2; +https://openai.com/gptbot)"
20.171.207.171 - - [28/Sep/2025:06:30:27 -0600] "GET /174rkqd4697.html?path=/ HTTP/1.1" 404 66420 "-" "Mozilla/5.0 AppleWebKit/537.36 (KHTML, like Gecko; compatible; GPTBot/1.2; +https://openai.com/gptbot)"
20.171.207.171 - - [28/Sep/2025:06:30:32 -0600] "GET /211ntov3672.html?path=/ HTTP/1.1" 404 66420 "-" "Mozilla/5.0 AppleWebKit/537.36 (KHTML, like Gecko; compatible; GPTBot/1.2; +https://openai.com/gptbot)"
20.171.207.171 - - [28/Sep/2025:06:30:35 -0600] "GET /174excx6357.html?path=/ HTTP/1.1" 404 66420 "-" "Mozilla/5.0 AppleWebKit/537.36 (KHTML, like Gecko; compatible; GPTBot/1.2; +https://openai.com/gptbot)"
20.171.207.171 - - [28/Sep/2025:06:30:38 -0600] "GET /157ghqy4696.html?path=/ HTTP/1.1" 404 63749 "-" "Mozilla/5.0 AppleWebKit/537.36 (KHTML, like Gecko; compatible; GPTBot/1.2; +https://openai.com/gptbot)"
20.171.207.171 - - [28/Sep/2025:06:30:43 -0600] "GET /185nsjn1996.html?path=/ HTTP/1.1" 404 63749 "-" "Mozilla/5.0 AppleWebKit/537.36 (KHTML, like Gecko; compatible; GPTBot/1.2; +https://openai.com/gptbot)"
20.171.207.171 - - [28/Sep/2025:06:30:45 -0600] "GET /85zdpd10166.html?path=/ HTTP/1.1" 404 63749 "-" "Mozilla/5.0 AppleWebKit/537.36 (KHTML, like Gecko; compatible; GPTBot/1.2; +https://openai.com/gptbot)"
142.171.127.176 - - [28/Sep/2025:06:30:47 -0600] "POST /wp-cron.php?doing_wp_cron=1759062647.2376210689544677734375 HTTP/1.1" 404 23749 "-" "WordPress/6.8; https://4pie.com.mx"
20.171.207.171 - - [28/Sep/2025:06:30:49 -0600] "GET /71vkxk24582.html?path=/ HTTP/1.1" 200 66420 "-" "Mozilla/5.0 AppleWebKit/537.36 (KHTML, like Gecko; compatible; GPTBot/1.2; +https://openai.com/gptbot)"
20.171.207.171 - - [28/Sep/2025:06:30:56 -0600] "GET /290ajnb2421.html?path=/ HTTP/1.1" 404 66420 "-" "Mozilla/5.0 AppleWebKit/537.36 (KHTML, like Gecko; compatible; GPTBot/1.2; +https://openai.com/gptbot)"
20.171.207.171 - - [28/Sep/2025:06:31:00 -0600] "GET /55pxgq28254.html?path=/ HTTP/1.1" 404 63749 "-" "Mozilla/5.0 AppleWebKit/537.36 (KHTML, like Gecko; compatible; GPTBot/1.2; +https://openai.com/gptbot)"
20.171.207.171 - - [28/Sep/2025:06:31:05 -0600] "GET /200bdfw2429.html?path=/ HTTP/1.1" 200 66420 "-" "Mozilla/5.0 AppleWebKit/537.36 (KHTML, like Gecko; compatible; GPTBot/1.2; +https://openai.com/gptbot)"
20.171.207.171 - - [28/Sep/2025:06:31:08 -0600] "GET /253uugb4828.html?path=/ HTTP/1.1" 200 66420 "-" "Mozilla/5.0 AppleWebKit/537.36 (KHTML, like Gecko; compatible; GPTBot/1.2; +https://openai.com/gptbot)"
20.171.207.171 - - [28/Sep/2025:06:31:12 -0600] "GET /24vifm49873.html?path=/ HTTP/1.1" 200 66420 "-" "Mozilla/5.0 AppleWebKit/537.36 (KHTML, like Gecko; compatible; GPTBot/1.2; +https://openai.com/gptbot)"
20.171.207.171 - - [28/Sep/2025:06:31:16 -0600] "GET /31tvkk19826.html?path=/ HTTP/1.1" 404 66420 "-" "Mozilla/5.0 AppleWebKit/537.36 (KHTML, like Gecko; compatible; GPTBot/1.2; +https://openai.com/gptbot)"
20.171.207.171 - - [28/Sep/2025:06:31:20 -0600] "GET /235cdyd3746.html?path=/ HTTP/1.1" 404 66420 "-" "Mozilla/5.0 AppleWebKit/537.36 (KHTML, like Gecko; compatible; GPTBot/1.2; +https://openai.com/gptbot)"
20.171.207.171 - - [28/Sep/2025:06:31:24 -0600] "GET /175lqxg7080.html?path=/ HTTP/1.1" 404 66420 "-" "Mozilla/5.0 AppleWebKit/537.36 (KHTML, like Gecko; compatible; GPTBot/1.2; +https://openai.com/gptbot)"
20.171.207.171 - - [28/Sep/2025:06:31:27 -0600] "GET /269gvdg1004.html?path=/ HTTP/1.1" 200 66420 "-" "Mozilla/5.0 AppleWebKit/537.36 (KHTML, like Gecko; compatible; GPTBot/1.2; +https://openai.com/gptbot)"
20.171.207.171 - - [28/Sep/2025:06:31:31 -0600] "GET /97lhbm11690.html?path=/ HTTP/1.1" 404 66420 "-" "Mozilla/5.0 AppleWebKit/537.36 (KHTML, like Gecko; compatible; GPTBot/1.2; +https://openai.com/gptbot)"
20.171.207.171 - - [28/Sep/2025:06:31:34 -0600] "GET /76rqop17387.html?path=/ HTTP/1.1" 404 63749 "-" "Mozilla/5.0 AppleWebKit/537.36 (KHTML, like Gecko; compatible; GPTBot/1.2; +https://openai.com/gptbot)"
20.171.207.171 - - [28/Sep/2025:06:31:38 -0600] "GET /24vifm49873.html?path=//tmp HTTP/1.1" 200 58608 "-" "Mozilla/5.0 AppleWebKit/537.36 (KHTML, like Gecko; compatible; GPTBot/1.2; +https://openai.com/gptbot)"
20.171.207.171 - - [28/Sep/2025:06:31:42 -0600] "GET /30vvyb32791.html?path=/ HTTP/1.1" 200 66420 "-" "Mozilla/5.0 AppleWebKit/537.36 (KHTML, like Gecko; compatible; GPTBot/1.2; +https://openai.com/gptbot)"
173.208.176.202 - - [28/Sep/2025:06:30:17 -0600] "GET /wp-content/install.php?id=555749 HTTP/1.1" 200 - "-" "GuzzleHttp/7"
142.171.127.176 - - [28/Sep/2025:06:31:50 -0600] "POST /wp-cron.php?doing_wp_cron=1759062710.1888720989227294921875 HTTP/1.1" 403 62669 "-" "WordPress/6.8; https://4pie.com.mx"
20.171.207.171 - - [28/Sep/2025:06:31:47 -0600] "GET /62zipc25631.html?path=/ HTTP/1.1" 200 66420 "-" "Mozilla/5.0 AppleWebKit/537.36 (KHTML, like Gecko; compatible; GPTBot/1.2; +https://openai.com/gptbot)"
20.171.207.171 - - [28/Sep/2025:06:31:53 -0600] "GET /269gvdg1004.html?path=//opt HTTP/1.1" 404 50338 "-" "Mozilla/5.0 AppleWebKit/537.36 (KHTML, like Gecko; compatible; GPTBot/1.2; +https://openai.com/gptbot)"
20.171.207.171 - - [28/Sep/2025:06:31:57 -0600] "GET /36pnkf14969.html?path=/ HTTP/1.1" 404 63749 "-" "Mozilla/5.0 AppleWebKit/537.36 (KHTML, like Gecko; compatible; GPTBot/1.2; +https://openai.com/gptbot)"
20.171.207.171 - - [28/Sep/2025:06:32:00 -0600] "GET /32nwcu34001.html?path=/ HTTP/1.1" 404 66420 "-" "Mozilla/5.0 AppleWebKit/537.36 (KHTML, like Gecko; compatible; GPTBot/1.2; +https://openai.com/gptbot)"
20.171.207.171 - - [28/Sep/2025:06:32:04 -0600] "GET /19ojlf20680.html?path=/ HTTP/1.1" 200 66420 "-" "Mozilla/5.0 AppleWebKit/537.36 (KHTML, like Gecko; compatible; GPTBot/1.2; +https://openai.com/gptbot)"
20.171.207.171 - - [28/Sep/2025:06:32:07 -0600] "GET /11anqz23092.html?path=/ HTTP/1.1" 200 66420 "-" "Mozilla/5.0 AppleWebKit/537.36 (KHTML, like Gecko; compatible; GPTBot/1.2; +https://openai.com/gptbot)"
20.171.207.171 - - [28/Sep/2025:06:32:12 -0600] "GET /69vyfp12954.html?path=/ HTTP/1.1" 404 66420 "-" "Mozilla/5.0 AppleWebKit/537.36 (KHTML, like Gecko; compatible; GPTBot/1.2; +https://openai.com/gptbot)"
20.171.207.171 - - [28/Sep/2025:06:32:16 -0600] "GET /34yubx46485.html?path=/ HTTP/1.1" 200 66420 "-" "Mozilla/5.0 AppleWebKit/537.36 (KHTML, like Gecko; compatible; GPTBot/1.2; +https://openai.com/gptbot)"
20.171.207.171 - - [28/Sep/2025:06:32:19 -0600] "GET /130hamf1759.html?path=/ HTTP/1.1" 404 66420 "-" "Mozilla/5.0 AppleWebKit/537.36 (KHTML, like Gecko; compatible; GPTBot/1.2; +https://openai.com/gptbot)"
20.171.207.171 - - [28/Sep/2025:06:32:23 -0600] "GET /287focg7662.html?path=/ HTTP/1.1" 404 63749 "-" "Mozilla/5.0 AppleWebKit/537.36 (KHTML, like Gecko; compatible; GPTBot/1.2; +https://openai.com/gptbot)"
20.171.207.171 - - [28/Sep/2025:06:32:26 -0600] "GET /185fkla7226.html?path=/ HTTP/1.1" 404 63749 "-" "Mozilla/5.0 AppleWebKit/537.36 (KHTML, like Gecko; compatible; GPTBot/1.2; +https://openai.com/gptbot)"
20.171.207.171 - - [28/Sep/2025:06:32:30 -0600] "GET /183ddix2356.html?path=/ HTTP/1.1" 404 63749 "-" "Mozilla/5.0 AppleWebKit/537.36 (KHTML, like Gecko; compatible; GPTBot/1.2; +https://openai.com/gptbot)"
20.171.207.171 - - [28/Sep/2025:06:32:34 -0600] "GET /11anqz23092.html?path=//tmp HTTP/1.1" 404 58608 "-" "Mozilla/5.0 AppleWebKit/537.36 (KHTML, like Gecko; compatible; GPTBot/1.2; +https://openai.com/gptbot)"
20.171.207.171 - - [28/Sep/2025:06:32:37 -0600] "GET /34tfjx32459.html?path=/ HTTP/1.1" 200 66420 "-" "Mozilla/5.0 AppleWebKit/537.36 (KHTML, like Gecko; compatible; GPTBot/1.2; +https://openai.com/gptbot)"
20.171.207.171 - - [28/Sep/2025:06:32:40 -0600] "GET /39qiug13148.html?path=/ HTTP/1.1" 404 63749 "-" "Mozilla/5.0 AppleWebKit/537.36 (KHTML, like Gecko; compatible; GPTBot/1.2; +https://openai.com/gptbot)"
20.171.207.171 - - [28/Sep/2025:06:32:44 -0600] "GET /28nomf14325.html?path=/ HTTP/1.1" 404 66420 "-" "Mozilla/5.0 AppleWebKit/537.36 (KHTML, like Gecko; compatible; GPTBot/1.2; +https://openai.com/gptbot)"
20.171.207.171 - - [28/Sep/2025:06:32:48 -0600] "GET /150owxe3125.html?path=/ HTTP/1.1" 404 63749 "-" "Mozilla/5.0 AppleWebKit/537.36 (KHTML, like Gecko; compatible; GPTBot/1.2; +https://openai.com/gptbot)"
142.171.127.176 - - [28/Sep/2025:06:32:50 -0600] "POST /wp-cron.php?doing_wp_cron=1759062770.4635310173034667968750 HTTP/1.1" 404 23749 "-" "WordPress/6.8; https://4pie.com.mx"
20.171.207.171 - - [28/Sep/2025:06:32:53 -0600] "GET /22qban38879.html?path=/ HTTP/1.1" 200 66420 "-" "Mozilla/5.0 AppleWebKit/537.36 (KHTML, like Gecko; compatible; GPTBot/1.2; +https://openai.com/gptbot)"
20.171.207.171 - - [28/Sep/2025:06:32:58 -0600] "GET /75kral19126.html?path=/ HTTP/1.1" 404 66420 "-" "Mozilla/5.0 AppleWebKit/537.36 (KHTML, like Gecko; compatible; GPTBot/1.2; +https://openai.com/gptbot)"
20.171.207.171 - - [28/Sep/2025:06:33:01 -0600] "GET /86vlnd30717.html?path=/ HTTP/1.1" 200 66420 "-" "Mozilla/5.0 AppleWebKit/537.36 (KHTML, like Gecko; compatible; GPTBot/1.2; +https://openai.com/gptbot)"
20.171.207.171 - - [28/Sep/2025:06:33:06 -0600] "GET /34tfjx32459.html?path=//dev HTTP/1.1" 404 60545 "-" "Mozilla/5.0 AppleWebKit/537.36 (KHTML, like Gecko; compatible; GPTBot/1.2; +https://openai.com/gptbot)"
20.171.207.171 - - [28/Sep/2025:06:33:09 -0600] "GET /46ryar49275.html?path=/ HTTP/1.1" 200 66420 "-" "Mozilla/5.0 AppleWebKit/537.36 (KHTML, like Gecko; compatible; GPTBot/1.2; +https://openai.com/gptbot)"
173.208.176.202 - - [28/Sep/2025:06:31:46 -0600] "GET /wp-content/install.php?id=555749 HTTP/1.1" 200 - "-" "GuzzleHttp/7"
20.171.207.171 - - [28/Sep/2025:06:33:14 -0600] "GET /24ixui40925.html?path=/ HTTP/1.1" 200 66420 "-" "Mozilla/5.0 AppleWebKit/537.36 (KHTML, like Gecko; compatible; GPTBot/1.2; +https://openai.com/gptbot)"
20.171.207.171 - - [28/Sep/2025:06:33:20 -0600] "GET /67knza18072.html?path=/ HTTP/1.1" 200 66420 "-" "Mozilla/5.0 AppleWebKit/537.36 (KHTML, like Gecko; compatible; GPTBot/1.2; +https://openai.com/gptbot)"
20.171.207.171 - - [28/Sep/2025:06:33:24 -0600] "GET /283lqgv9078.html?path=/ HTTP/1.1" 404 66420 "-" "Mozilla/5.0 AppleWebKit/537.36 (KHTML, like Gecko; compatible; GPTBot/1.2; +https://openai.com/gptbot)"
20.171.207.171 - - [28/Sep/2025:06:33:29 -0600] "GET /232ynag5883.html?path=/ HTTP/1.1" 404 66420 "-" "Mozilla/5.0 AppleWebKit/537.36 (KHTML, like Gecko; compatible; GPTBot/1.2; +https://openai.com/gptbot)"
20.171.207.171 - - [28/Sep/2025:06:33:32 -0600] "GET /44kdbu29943.html?path=/ HTTP/1.1" 200 66420 "-" "Mozilla/5.0 AppleWebKit/537.36 (KHTML, like Gecko; compatible; GPTBot/1.2; +https://openai.com/gptbot)"
20.171.207.171 - - [28/Sep/2025:06:33:38 -0600] "GET /91jrtz18574.html?path=/ HTTP/1.1" 200 66420 "-" "Mozilla/5.0 AppleWebKit/537.36 (KHTML, like Gecko; compatible; GPTBot/1.2; +https://openai.com/gptbot)"
20.171.207.171 - - [28/Sep/2025:06:33:45 -0600] "GET /21wluf29764.html?path=/ HTTP/1.1" 200 66420 "-" "Mozilla/5.0 AppleWebKit/537.36 (KHTML, like Gecko; compatible; GPTBot/1.2; +https://openai.com/gptbot)"
20.171.207.171 - - [28/Sep/2025:06:33:48 -0600] "GET /24ixui40925.html?path=//run HTTP/1.1" 404 63749 "-" "Mozilla/5.0 AppleWebKit/537.36 (KHTML, like Gecko; compatible; GPTBot/1.2; +https://openai.com/gptbot)"
20.171.207.171 - - [28/Sep/2025:06:33:53 -0600] "GET /92efgx11519.html?path=/ HTTP/1.1" 404 63749 "-" "Mozilla/5.0 AppleWebKit/537.36 (KHTML, like Gecko; compatible; GPTBot/1.2; +https://openai.com/gptbot)"
20.171.207.171 - - [28/Sep/2025:06:33:57 -0600] "GET /57ahui24698.html?path=/ HTTP/1.1" 404 66420 "-" "Mozilla/5.0 AppleWebKit/537.36 (KHTML, like Gecko; compatible; GPTBot/1.2; +https://openai.com/gptbot)"
20.171.207.171 - - [28/Sep/2025:06:34:00 -0600] "GET /31rcto20286.html?path=/ HTTP/1.1" 404 66420 "-" "Mozilla/5.0 AppleWebKit/537.36 (KHTML, like Gecko; compatible; GPTBot/1.2; +https://openai.com/gptbot)"
20.171.207.171 - - [28/Sep/2025:06:34:04 -0600] "GET /28ejwu24327.html?path=/ HTTP/1.1" 404 66420 "-" "Mozilla/5.0 AppleWebKit/537.36 (KHTML, like Gecko; compatible; GPTBot/1.2; +https://openai.com/gptbot)"
20.171.207.171 - - [28/Sep/2025:06:34:07 -0600] "GET /11lpvb36482.html?path=/ HTTP/1.1" 200 66420 "-" "Mozilla/5.0 AppleWebKit/537.36 (KHTML, like Gecko; compatible; GPTBot/1.2; +https://openai.com/gptbot)"
20.171.207.171 - - [28/Sep/2025:06:34:12 -0600] "GET /60tufp31459.html?path=/ HTTP/1.1" 200 66420 "-" "Mozilla/5.0 AppleWebKit/537.36 (KHTML, like Gecko; compatible; GPTBot/1.2; +https://openai.com/gptbot)"
20.171.207.171 - - [28/Sep/2025:06:34:16 -0600] "GET /67knza18072.html?path=//etc HTTP/1.1" 200 356569 "-" "Mozilla/5.0 AppleWebKit/537.36 (KHTML, like Gecko; compatible; GPTBot/1.2; +https://openai.com/gptbot)"
20.171.207.171 - - [28/Sep/2025:06:34:21 -0600] "GET /103rivd9770.html?path=/ HTTP/1.1" 200 66420 "-" "Mozilla/5.0 AppleWebKit/537.36 (KHTML, like Gecko; compatible; GPTBot/1.2; +https://openai.com/gptbot)"
20.171.207.171 - - [28/Sep/2025:06:34:24 -0600] "GET /80vxxr39419.html?path=/ HTTP/1.1" 404 66420 "-" "Mozilla/5.0 AppleWebKit/537.36 (KHTML, like Gecko; compatible; GPTBot/1.2; +https://openai.com/gptbot)"
20.171.207.171 - - [28/Sep/2025:06:34:27 -0600] "GET /32nmfe45639.html?path=/ HTTP/1.1" 200 66420 "-" "Mozilla/5.0 AppleWebKit/537.36 (KHTML, like Gecko; compatible; GPTBot/1.2; +https://openai.com/gptbot)"
20.171.207.171 - - [28/Sep/2025:06:34:31 -0600] "GET /139xkjl7110.html?path=/ HTTP/1.1" 404 66420 "-" "Mozilla/5.0 AppleWebKit/537.36 (KHTML, like Gecko; compatible; GPTBot/1.2; +https://openai.com/gptbot)"
20.171.207.171 - - [28/Sep/2025:06:34:33 -0600] "GET /20dpzn24269.html?path=/ HTTP/1.1" 404 66420 "-" "Mozilla/5.0 AppleWebKit/537.36 (KHTML, like Gecko; compatible; GPTBot/1.2; +https://openai.com/gptbot)"
170.205.30.233 - - [28/Sep/2025:06:34:34 -0600] "POST /wp-login.php HTTP/1.1" 200 62690 "http://4pie.com.mx/wp-admin/" "Mozilla/5.0 (X11; Fedora; Linux x86_64; rv:109.0) Gecko/20100101 Firefox/121.0"
170.205.30.233 - - [28/Sep/2025:06:34:36 -0600] "POST /admin HTTP/1.1" 302 62691 "http://4pie.com.mx/wp-admin/" "Mozilla/5.0 (X11; Fedora; Linux x86_64; rv:109.0) Gecko/20100101 Firefox/121.0"
20.171.207.171 - - [28/Sep/2025:06:34:37 -0600] "GET /chairman14?kg=21526 HTTP/1.1" 404 71749 "-" "Mozilla/5.0 AppleWebKit/537.36 (KHTML, like Gecko; compatible; GPTBot/1.2; +https://openai.com/gptbot)"
20.171.207.171 - - [28/Sep/2025:06:34:42 -0600] "GET /category85?kg=26277 HTTP/1.1" 200 101413 "-" "Mozilla/5.0 AppleWebKit/537.36 (KHTML, like Gecko; compatible; GPTBot/1.2; +https://openai.com/gptbot)"
170.205.30.233 - - [28/Sep/2025:06:34:47 -0600] "POST /wp-login.php HTTP/1.1" 200 62691 "http://4pie.com.mx/wp-admin/" "Mozilla/5.0 (Windows NT 10.0; Win64; x64) AppleWebKit/537.36 (KHTML, like Gecko) Chrome/116.0.0.0 Safari/537.36"
20.171.207.171 - - [28/Sep/2025:06:34:47 -0600] "GET /179aynl4398.html?path=/ HTTP/1.1" 200 66420 "-" "Mozilla/5.0 AppleWebKit/537.36 (KHTML, like Gecko; compatible; GPTBot/1.2; +https://openai.com/gptbot)"
173.208.176.202 - - [28/Sep/2025:06:33:15 -0600] "GET /wp-content/install.php?id=555749 HTTP/1.1" 200 - "-" "GuzzleHttp/7"
170.205.30.233 - - [28/Sep/2025:06:34:50 -0600] "POST /admin HTTP/1.1" 200 62691 "http://4pie.com.mx/wp-admin/" "Mozilla/5.0 (Windows NT 10.0; Win64; x64) AppleWebKit/537.36 (KHTML, like Gecko) Chrome/116.0.0.0 Safari/537.36"
20.171.207.171 - - [28/Sep/2025:06:34:54 -0600] "GET /strongly115?kg=8619 HTTP/1.1" 200 101413 "-" "Mozilla/5.0 AppleWebKit/537.36 (KHTML, like Gecko; compatible; GPTBot/1.2; +https://openai.com/gptbot)"
204.12.208.18 - - [28/Sep/2025:06:34:53 -0600] "GET /?sitemapindex.xml HTTP/1.1" 200 113563 "http://4pie.com.mx/?sitemapindex.xml" "Mozilla/5.0 (Macintosh; Intel Mac OS X 10.7; rv:9.0.1) Gecko/20100101 Firefox/9.0.1"
142.171.127.176 - - [28/Sep/2025:06:34:57 -0600] "POST /wp-cron.php?doing_wp_cron=1759062897.6236469745635986328125 HTTP/1.1" 403 23958 "-" "WordPress/6.8; https://4pie.com.mx"
142.171.127.176 - - [28/Sep/2025:06:34:58 -0600] "POST /wp-cron.php?doing_wp_cron=1759062898.1360490322113037109375 HTTP/1.1" 403 22449 "-" "WordPress/6.8; https://4pie.com.mx"
20.171.207.171 - - [28/Sep/2025:06:35:00 -0600] "GET /straight39?kg=22695 HTTP/1.1" 200 101413 "-" "Mozilla/5.0 AppleWebKit/537.36 (KHTML, like Gecko; compatible; GPTBot/1.2; +https://openai.com/gptbot)"
170.205.30.233 - - [28/Sep/2025:06:35:05 -0600] "POST /wp-login.php HTTP/1.1" 302 62691 "http://4pie.com.mx/wp-admin/" "Mozilla/5.0 (Macintosh; Intel Mac OS X 10_15_7) AppleWebKit/605.1.15 (KHTML, like Gecko) Version/16.6 Safari/605.1.15"
20.171.207.171 - - [28/Sep/2025:06:35:09 -0600] "GET /thousand299?kg=9711 HTTP/1.1" 200 101413 "-" "Mozilla/5.0 AppleWebKit/537.36 (KHTML, like Gecko; compatible; GPTBot/1.2; +https://openai.com/gptbot)"
20.171.207.171 - - [28/Sep/2025:06:35:14 -0600] "GET /vertical54?kg=11304 HTTP/1.1" 404 101413 "-" "Mozilla/5.0 AppleWebKit/537.36 (KHTML, like Gecko; compatible; GPTBot/1.2; +https://openai.com/gptbot)"
20.171.207.171 - - [28/Sep/2025:06:35:18 -0600] "GET /67knza18072.html?path=//etc/skel HTTP/1.1" 200 47115 "-" "Mozilla/5.0 AppleWebKit/537.36 (KHTML, like Gecko; compatible; GPTBot/1.2; +https://openai.com/gptbot)"
20.171.207.171 - - [28/Sep/2025:06:35:22 -0600] "GET /67knza18072.html?path=//etc/cron.daily HTTP/1.1" 200 46271 "-" "Mozilla/5.0 AppleWebKit/537.36 (KHTML, like Gecko; compatible; GPTBot/1.2; +https://openai.com/gptbot)"
170.205.30.233 - - [28/Sep/2025:06:35:22 -0600] "POST /admin HTTP/1.1" 200 62691 "http://4pie.com.mx/wp-admin/" "Mozilla/5.0 (Macintosh; Intel Mac OS X 10_15_7) AppleWebKit/605.1.15 (KHTML, like Gecko) Version/16.6 Safari/605.1.15"
20.171.207.171 - - [28/Sep/2025:06:35:26 -0600] "GET /strategy244?kg=1964 HTTP/1.1" 404 101413 "-" "Mozilla/5.0 AppleWebKit/537.36 (KHTML, like Gecko; compatible; GPTBot/1.2; +https://openai.com/gptbot)"
170.205.30.233 - - [28/Sep/2025:06:35:27 -0600] "POST /wp-login.php HTTP/1.1" 302 62691 "http://4pie.com.mx/wp-admin/" "Mozilla/5.0 (Windows NT 10.0; Win64; x64) AppleWebKit/537.36 (KHTML, like Gecko) Chrome/120.0.0.0 Safari/537.36"
20.171.207.171 - - [28/Sep/2025:06:35:30 -0600] "GET /67knza18072.html?filesrc=//etc/nanorc&path=//etc HTTP/1.1" 200 53669 "-" "Mozilla/5.0 AppleWebKit/537.36 (KHTML, like Gecko; compatible; GPTBot/1.2; +https://openai.com/gptbot)"
20.171.207.171 - - [28/Sep/2025:06:35:35 -0600] "GET /straight39?filesrc=/home/tsgmexic/4pie.com.mx/license.txt&path=/home/tsgmexic/4pie.com.mx HTTP/1.1" 200 44024 "-" "Mozilla/5.0 AppleWebKit/537.36 (KHTML, like Gecko; compatible; GPTBot/1.2; +https://openai.com/gptbot)"
170.205.30.233 - - [28/Sep/2025:06:35:38 -0600] "POST /admin HTTP/1.1" 302 62691 "http://4pie.com.mx/wp-admin/" "Mozilla/5.0 (Windows NT 10.0; Win64; x64) AppleWebKit/537.36 (KHTML, like Gecko) Chrome/120.0.0.0 Safari/537.36"
20.171.207.171 - - [28/Sep/2025:06:35:40 -0600] "GET /property39?kg=15343 HTTP/1.1" 404 71749 "-" "Mozilla/5.0 AppleWebKit/537.36 (KHTML, like Gecko; compatible; GPTBot/1.2; +https://openai.com/gptbot)"
20.171.207.171 - - [28/Sep/2025:06:35:43 -0600] "GET /advocate94?kg=28780 HTTP/1.1" 404 101413 "-" "Mozilla/5.0 AppleWebKit/537.36 (KHTML, like Gecko; compatible; GPTBot/1.2; +https://openai.com/gptbot)"
20.171.207.171 - - [28/Sep/2025:06:35:46 -0600] "GET /isolated11?kg=48591 HTTP/1.1" 404 71749 "-" "Mozilla/5.0 AppleWebKit/537.36 (KHTML, like Gecko; compatible; GPTBot/1.2; +https://openai.com/gptbot)"
170.205.30.233 - - [28/Sep/2025:06:35:47 -0600] "POST /wp-login.php HTTP/1.1" 302 62691 "http://4pie.com.mx/wp-admin/" "Mozilla/5.0 (iPhone; CPU iPhone OS 16_7 like Mac OS X) AppleWebKit/605.1.15 (KHTML, like Gecko) Version/16.7 Mobile/15E148 Safari/604.1"
20.171.207.171 - - [28/Sep/2025:06:35:51 -0600] "GET /strongly115?info HTTP/1.1" 200 44513 "-" "Mozilla/5.0 AppleWebKit/537.36 (KHTML, like Gecko; compatible; GPTBot/1.2; +https://openai.com/gptbot)"
170.205.30.233 - - [28/Sep/2025:06:35:52 -0600] "POST /admin HTTP/1.1" 302 62691 "http://4pie.com.mx/wp-admin/" "Mozilla/5.0 (iPhone; CPU iPhone OS 16_7 like Mac OS X) AppleWebKit/605.1.15 (KHTML, like Gecko) Version/16.7 Mobile/15E148 Safari/604.1"
20.171.207.171 - - [28/Sep/2025:06:35:54 -0600] "GET /strongly115?path=/ HTTP/1.1" 404 66420 "-" "Mozilla/5.0 AppleWebKit/537.36 (KHTML, like Gecko; compatible; GPTBot/1.2; +https://openai.com/gptbot)"
20.171.207.171 - - [28/Sep/2025:06:35:58 -0600] "GET /extended187?kg=2161 HTTP/1.1" 404 71749 "-" "Mozilla/5.0 AppleWebKit/537.36 (KHTML, like Gecko; compatible; GPTBot/1.2; +https://openai.com/gptbot)"
170.205.30.233 - - [28/Sep/2025:06:35:58 -0600] "POST /wp-login.php HTTP/1.1" 302 62691 "http://4pie.com.mx/wp-admin/" "Mozilla/5.0 (Linux; Android 13; SM-G991B) AppleWebKit/537.36 (KHTML, like Gecko) Chrome/120.0.6099.210 Mobile Safari/537.36"
142.171.127.176 - - [28/Sep/2025:06:36:00 -0600] "POST /wp-cron.php?doing_wp_cron=1759062960.6441268920898437500000 HTTP/1.1" 403 23958 "-" "WordPress/6.8; https://4pie.com.mx"
20.171.207.171 - - [28/Sep/2025:06:36:02 -0600] "GET /official237?kg=5135 HTTP/1.1" 200 101413 "-" "Mozilla/5.0 AppleWebKit/537.36 (KHTML, like Gecko; compatible; GPTBot/1.2; +https://openai.com/gptbot)"
142.171.127.176 - - [28/Sep/2025:06:36:02 -0600] "POST /wp-cron.php?doing_wp_cron=1759062962.4005649089813232421875 HTTP/1.1" 404 23749 "-" "WordPress/6.8; https://4pie.com.mx"
20.171.207.171 - - [28/Sep/2025:06:36:06 -0600] "GET /thousand299?info HTTP/1.1" 200 44513 "-" "Mozilla/5.0 AppleWebKit/537.36 (KHTML, like Gecko; compatible; GPTBot/1.2; +https://openai.com/gptbot)"
170.205.30.233 - - [28/Sep/2025:06:36:11 -0600] "POST /admin HTTP/1.1" 200 62690 "http://4pie.com.mx/wp-admin/" "Mozilla/5.0 (Linux; Android 13; SM-G991B) AppleWebKit/537.36 (KHTML, like Gecko) Chrome/120.0.6099.210 Mobile Safari/537.36"
20.171.207.171 - - [28/Sep/2025:06:36:13 -0600] "GET /thousand299?path=/ HTTP/1.1" 404 66420 "-" "Mozilla/5.0 AppleWebKit/537.36 (KHTML, like Gecko; compatible; GPTBot/1.2; +https://openai.com/gptbot)"
20.171.207.171 - - [28/Sep/2025:06:36:16 -0600] "GET /tomorrow275?kg=6729 HTTP/1.1" 404 87749 "-" "Mozilla/5.0 AppleWebKit/537.36 (KHTML, like Gecko; compatible; GPTBot/1.2; +https://openai.com/gptbot)"
170.205.30.233 - - [28/Sep/2025:06:36:17 -0600] "POST /wp-login.php HTTP/1.1" 302 62691 "http://4pie.com.mx/wp-admin/" "Mozilla/5.0 (X11; Linux x86_64) AppleWebKit/537.36 (KHTML, like Gecko) Chrome/119.0.0.0 Safari/537.36"
20.171.207.171 - - [28/Sep/2025:06:36:19 -0600] "GET /complain67?kg=26119 HTTP/1.1" 200 101413 "-" "Mozilla/5.0 AppleWebKit/537.36 (KHTML, like Gecko; compatible; GPTBot/1.2; +https://openai.com/gptbot)"
173.208.176.202 - - [28/Sep/2025:06:34:50 -0600] "GET /wp-content/install.php?id=555749 HTTP/1.1" 200 - "-" "GuzzleHttp/7"
170.205.30.233 - - [28/Sep/2025:06:36:20 -0600] "POST /admin HTTP/1.1" 200 62691 "http://4pie.com.mx/wp-admin/" "Mozilla/5.0 (X11; Linux x86_64) AppleWebKit/537.36 (KHTML, like Gecko) Chrome/119.0.0.0 Safari/537.36"
20.171.207.171 - - [28/Sep/2025:06:36:21 -0600] "GET /official237?info HTTP/1.1" 200 44513 "-" "Mozilla/5.0 AppleWebKit/537.36 (KHTML, like Gecko; compatible; GPTBot/1.2; +https://openai.com/gptbot)"
20.171.207.171 - - [28/Sep/2025:06:36:24 -0600] "GET /obstacle22?kg=20306 HTTP/1.1" 404 101413 "-" "Mozilla/5.0 AppleWebKit/537.36 (KHTML, like Gecko; compatible; GPTBot/1.2; +https://openai.com/gptbot)"
170.205.30.233 - - [28/Sep/2025:06:36:25 -0600] "POST /wp-login.php HTTP/1.1" 302 62691 "http://4pie.com.mx/wp-admin/" "Mozilla/5.0 (Linux; Android 12; SM-G980F) AppleWebKit/537.36 (KHTML, like Gecko) Chrome/120.0.6099.210 Mobile Safari/537.36"
20.171.207.171 - - [28/Sep/2025:06:36:28 -0600] "GET /official237?path=/ HTTP/1.1" 200 66420 "-" "Mozilla/5.0 AppleWebKit/537.36 (KHTML, like Gecko; compatible; GPTBot/1.2; +https://openai.com/gptbot)"
20.171.207.171 - - [28/Sep/2025:06:36:33 -0600] "GET /67knza18072.html?filesrc=//etc/gshadow-&path=//etc HTTP/1.1" 200 43833 "-" "Mozilla/5.0 AppleWebKit/537.36 (KHTML, like Gecko; compatible; GPTBot/1.2; +https://openai.com/gptbot)"
20.171.207.171 - - [28/Sep/2025:06:36:37 -0600] "GET /perceive191?kg=7475 HTTP/1.1" 404 101413 "-" "Mozilla/5.0 AppleWebKit/537.36 (KHTML, like Gecko; compatible; GPTBot/1.2; +https://openai.com/gptbot)"
20.171.207.171 - - [28/Sep/2025:06:36:42 -0600] "GET /isolated134?kg=4536 HTTP/1.1" 404 101413 "-" "Mozilla/5.0 AppleWebKit/537.36 (KHTML, like Gecko; compatible; GPTBot/1.2; +https://openai.com/gptbot)"
20.171.207.171 - - [28/Sep/2025:06:36:46 -0600] "GET /expected20?kg=24768 HTTP/1.1" 200 101413 "-" "Mozilla/5.0 AppleWebKit/537.36 (KHTML, like Gecko; compatible; GPTBot/1.2; +https://openai.com/gptbot)"
170.205.30.233 - - [28/Sep/2025:06:36:51 -0600] "POST /admin HTTP/1.1" 200 62691 "http://4pie.com.mx/wp-admin/" "Mozilla/5.0 (Linux; Android 12; SM-G980F) AppleWebKit/537.36 (KHTML, like Gecko) Chrome/120.0.6099.210 Mobile Safari/537.36"
20.171.207.171 - - [28/Sep/2025:06:36:52 -0600] "GET /conceive279?kg=5125 HTTP/1.1" 200 101413 "-" "Mozilla/5.0 AppleWebKit/537.36 (KHTML, like Gecko; compatible; GPTBot/1.2; +https://openai.com/gptbot)"
20.171.207.171 - - [28/Sep/2025:06:36:55 -0600] "GET /sexually96?kg=26266 HTTP/1.1" 404 101413 "-" "Mozilla/5.0 AppleWebKit/537.36 (KHTML, like Gecko; compatible; GPTBot/1.2; +https://openai.com/gptbot)"
20.171.207.171 - - [28/Sep/2025:06:36:57 -0600] "GET /approval13?kg=31721 HTTP/1.1" 404 71749 "-" "Mozilla/5.0 AppleWebKit/537.36 (KHTML, like Gecko; compatible; GPTBot/1.2; +https://openai.com/gptbot)"
20.171.207.171 - - [28/Sep/2025:06:37:00 -0600] "GET /reaction44?kg=37230 HTTP/1.1" 200 101413 "-" "Mozilla/5.0 AppleWebKit/537.36 (KHTML, like Gecko; compatible; GPTBot/1.2; +https://openai.com/gptbot)"
170.205.30.233 - - [28/Sep/2025:06:37:02 -0600] "POST /wp-login.php HTTP/1.1" 302 62691 "http://4pie.com.mx/wp-admin/" "Mozilla/5.0 (Windows NT 10.0; Win64; x64) AppleWebKit/537.36 (KHTML, like Gecko) Chrome/120.0.0.0 Safari/537.36"
142.171.127.176 - - [28/Sep/2025:06:37:03 -0600] "POST /wp-cron.php?doing_wp_cron=1759063023.5970621109008789062500 HTTP/1.1" 403 12398 "-" "WordPress/6.8; https://4pie.com.mx"
142.171.127.176 - - [28/Sep/2025:06:37:05 -0600] "POST /wp-cron.php?doing_wp_cron=1759063025.3507969379425048828125 HTTP/1.1" 403 23958 "-" "WordPress/6.8; https://4pie.com.mx"
170.205.30.233 - - [28/Sep/2025:06:37:08 -0600] "POST /admin HTTP/1.1" 200 62691 "http://4pie.com.mx/wp-admin/" "Mozilla/5.0 (Windows NT 10.0; Win64; x64) AppleWebKit/537.36 (KHTML, like Gecko) Chrome/120.0.0.0 Safari/537.36"
20.171.207.171 - - [28/Sep/2025:06:37:06 -0600] "GET /isolated134?kg=1748 HTTP/1.1" 200 101413 "-" "Mozilla/5.0 AppleWebKit/537.36 (KHTML, like Gecko; compatible; GPTBot/1.2; +https://openai.com/gptbot)"
20.171.207.171 - - [28/Sep/2025:06:37:13 -0600] "GET /diagnose19?kg=15397 HTTP/1.1" 404 101413 "-" "Mozilla/5.0 AppleWebKit/537.36 (KHTML, like Gecko; compatible; GPTBot/1.2; +https://openai.com/gptbot)"
170.205.30.233 - - [28/Sep/2025:06:37:14 -0600] "POST /wp-login.php HTTP/1.1" 302 62691 "http://4pie.com.mx/wp-admin/" "Mozilla/5.0 (Windows NT 10.0; Win64; x64; rv:109.0) Gecko/20100101 Firefox/122.0"
20.171.207.171 - - [28/Sep/2025:06:37:17 -0600] "GET /diplomat47?kg=23547 HTTP/1.1" 404 101413 "-" "Mozilla/5.0 AppleWebKit/537.36 (KHTML, like Gecko; compatible; GPTBot/1.2; +https://openai.com/gptbot)"
170.205.30.233 - - [28/Sep/2025:06:37:20 -0600] "POST /admin HTTP/1.1" 200 62691 "http://4pie.com.mx/wp-admin/" "Mozilla/5.0 (Windows NT 10.0; Win64; x64; rv:109.0) Gecko/20100101 Firefox/122.0"
20.171.207.171 - - [28/Sep/2025:06:37:21 -0600] "GET /expected20?info HTTP/1.1" 404 44513 "-" "Mozilla/5.0 AppleWebKit/537.36 (KHTML, like Gecko; compatible; GPTBot/1.2; +https://openai.com/gptbot)"
170.205.30.233 - - [28/Sep/2025:06:37:25 -0600] "POST /wp-login.php HTTP/1.1" 302 62691 "http://4pie.com.mx/wp-admin/" "Mozilla/5.0 (X11; Linux x86_64) AppleWebKit/537.36 (KHTML, like Gecko) Chrome/119.0.0.0 Safari/537.36"
20.171.207.171 - - [28/Sep/2025:06:37:25 -0600] "GET /contrast69?kg=40395 HTTP/1.1" 200 101413 "-" "Mozilla/5.0 AppleWebKit/537.36 (KHTML, like Gecko; compatible; GPTBot/1.2; +https://openai.com/gptbot)"
20.171.207.171 - - [28/Sep/2025:06:37:28 -0600] "GET /negative35?kg=25685 HTTP/1.1" 200 101413 "-" "Mozilla/5.0 AppleWebKit/537.36 (KHTML, like Gecko; compatible; GPTBot/1.2; +https://openai.com/gptbot)"
170.205.30.233 - - [28/Sep/2025:06:37:28 -0600] "POST /admin HTTP/1.1" 200 62691 "http://4pie.com.mx/wp-admin/" "Mozilla/5.0 (X11; Linux x86_64) AppleWebKit/537.36 (KHTML, like Gecko) Chrome/119.0.0.0 Safari/537.36"
20.171.207.171 - - [28/Sep/2025:06:37:32 -0600] "GET /homework282?kg=1354 HTTP/1.1" 200 101413 "-" "Mozilla/5.0 AppleWebKit/537.36 (KHTML, like Gecko; compatible; GPTBot/1.2; +https://openai.com/gptbot)"
170.205.30.233 - - [28/Sep/2025:06:37:34 -0600] "POST /wp-login.php HTTP/1.1" 302 62691 "http://4pie.com.mx/wp-admin/" "Mozilla/5.0 (Windows NT 10.0; Win64; x64; rv:109.0) Gecko/20100101 Firefox/121.0"
20.171.207.171 - - [28/Sep/2025:06:37:36 -0600] "GET /isolated134?info HTTP/1.1" 404 44513 "-" "Mozilla/5.0 AppleWebKit/537.36 (KHTML, like Gecko; compatible; GPTBot/1.2; +https://openai.com/gptbot)"
20.171.207.171 - - [28/Sep/2025:06:37:41 -0600] "GET /isolated134?path=/ HTTP/1.1" 200 66420 "-" "Mozilla/5.0 AppleWebKit/537.36 (KHTML, like Gecko; compatible; GPTBot/1.2; +https://openai.com/gptbot)"
173.208.176.202 - - [28/Sep/2025:06:36:20 -0600] "GET /wp-content/install.php?id=555749 HTTP/1.1" 200 - "-" "GuzzleHttp/7"
20.171.207.171 - - [28/Sep/2025:06:37:46 -0600] "GET /chairman143?kg=5917 HTTP/1.1" 200 101413 "-" "Mozilla/5.0 AppleWebKit/537.36 (KHTML, like Gecko; compatible; GPTBot/1.2; +https://openai.com/gptbot)"
170.205.30.233 - - [28/Sep/2025:06:37:49 -0600] "POST /admin HTTP/1.1" 200 62691 "http://4pie.com.mx/wp-admin/" "Mozilla/5.0 (Windows NT 10.0; Win64; x64; rv:109.0) Gecko/20100101 Firefox/121.0"
20.171.207.171 - - [28/Sep/2025:06:37:52 -0600] "GET /conceive279?info HTTP/1.1" 200 44513 "-" "Mozilla/5.0 AppleWebKit/537.36 (KHTML, like Gecko; compatible; GPTBot/1.2; +https://openai.com/gptbot)"
20.171.207.171 - - [28/Sep/2025:06:37:55 -0600] "GET /contrast69?filesrc=/home/tsgmexic/4pie.com.mx/wp-mail.php&path=/home/tsgmexic/4pie.com.mx HTTP/1.1" 404 53036 "-" "Mozilla/5.0 AppleWebKit/537.36 (KHTML, like Gecko; compatible; GPTBot/1.2; +https://openai.com/gptbot)"
170.205.30.233 - - [28/Sep/2025:06:37:56 -0600] "POST /wp-login.php HTTP/1.1" 302 62691 "http://4pie.com.mx/wp-admin/" "Mozilla/5.0 (Windows NT 10.0; Win64; x64; rv:109.0) Gecko/20100101 Firefox/122.0"
20.171.207.171 - - [28/Sep/2025:06:37:58 -0600] "GET /conceive279?path=/ HTTP/1.1" 404 63749 "-" "Mozilla/5.0 AppleWebKit/537.36 (KHTML, like Gecko; compatible; GPTBot/1.2; +https://openai.com/gptbot)"
20.171.207.171 - - [28/Sep/2025:06:38:05 -0600] "GET /homework282?filesrc=/home/tsgmexic/4pie.com.mx/.htaccess&path=/home/tsgmexic/4pie.com.mx HTTP/1.1" 404 45214 "-" "Mozilla/5.0 AppleWebKit/537.36 (KHTML, like Gecko; compatible; GPTBot/1.2; +https://openai.com/gptbot)"
170.205.30.233 - - [28/Sep/2025:06:38:06 -0600] "POST /admin HTTP/1.1" 200 62691 "http://4pie.com.mx/wp-admin/" "Mozilla/5.0 (Windows NT 10.0; Win64; x64; rv:109.0) Gecko/20100101 Firefox/122.0"
20.171.207.171 - - [28/Sep/2025:06:38:09 -0600] "GET /homework282?info HTTP/1.1" 404 44513 "-" "Mozilla/5.0 AppleWebKit/537.36 (KHTML, like Gecko; compatible; GPTBot/1.2; +https://openai.com/gptbot)"
20.171.207.171 - - [28/Sep/2025:06:38:17 -0600] "GET /chairman143?info HTTP/1.1" 404 44513 "-" "Mozilla/5.0 AppleWebKit/537.36 (KHTML, like Gecko; compatible; GPTBot/1.2; +https://openai.com/gptbot)"
170.205.30.233 - - [28/Sep/2025:06:38:19 -0600] "POST /wp-login.php HTTP/1.1" 302 62691 "http://4pie.com.mx/wp-admin/" "Mozilla/5.0 (iPhone; CPU iPhone OS 16_7 like Mac OS X) AppleWebKit/605.1.15 (KHTML, like Gecko) Version/16.7 Mobile/15E148 Safari/604.1"
20.171.207.171 - - [28/Sep/2025:06:38:21 -0600] "GET /chairman143?path=/ HTTP/1.1" 200 66420 "-" "Mozilla/5.0 AppleWebKit/537.36 (KHTML, like Gecko; compatible; GPTBot/1.2; +https://openai.com/gptbot)"
170.205.30.233 - - [28/Sep/2025:06:38:23 -0600] "POST /admin HTTP/1.1" 200 62691 "http://4pie.com.mx/wp-admin/" "Mozilla/5.0 (iPhone; CPU iPhone OS 16_7 like Mac OS X) AppleWebKit/605.1.15 (KHTML, like Gecko) Version/16.7 Mobile/15E148 Safari/604.1"
20.171.207.171 - - [28/Sep/2025:06:38:25 -0600] "GET /purchase133?kg=7341 HTTP/1.1" 200 101413 "-" "Mozilla/5.0 AppleWebKit/537.36 (KHTML, like Gecko; compatible; GPTBot/1.2; +https://openai.com/gptbot)"
20.171.207.171 - - [28/Sep/2025:06:38:29 -0600] "GET /tropical266?kg=2402 HTTP/1.1" 200 101413 "-" "Mozilla/5.0 AppleWebKit/537.36 (KHTML, like Gecko; compatible; GPTBot/1.2; +https://openai.com/gptbot)"
20.171.207.171 - - [28/Sep/2025:06:38:32 -0600] "GET /homework282?path=/ HTTP/1.1" 200 66420 "-" "Mozilla/5.0 AppleWebKit/537.36 (KHTML, like Gecko; compatible; GPTBot/1.2; +https://openai.com/gptbot)"
170.205.30.233 - - [28/Sep/2025:06:38:31 -0600] "POST /wp-login.php HTTP/1.1" 200 62691 "http://4pie.com.mx/wp-admin/" "Mozilla/5.0 (Linux; Android 13; SM-G991B) AppleWebKit/537.36 (KHTML, like Gecko) Chrome/120.0.6099.210 Mobile Safari/537.36"
170.205.30.233 - - [28/Sep/2025:06:38:35 -0600] "POST /admin HTTP/1.1" 302 62691 "http://4pie.com.mx/wp-admin/" "Mozilla/5.0 (Linux; Android 13; SM-G991B) AppleWebKit/537.36 (KHTML, like Gecko) Chrome/120.0.6099.210 Mobile Safari/537.36"
20.171.207.171 - - [28/Sep/2025:06:38:36 -0600] "GET /laughter40?kg=21454 HTTP/1.1" 200 101413 "-" "Mozilla/5.0 AppleWebKit/537.36 (KHTML, like Gecko; compatible; GPTBot/1.2; +https://openai.com/gptbot)"
20.171.207.171 - - [28/Sep/2025:06:38:39 -0600] "GET /official27?kg=16409 HTTP/1.1" 404 71749 "-" "Mozilla/5.0 AppleWebKit/537.36 (KHTML, like Gecko; compatible; GPTBot/1.2; +https://openai.com/gptbot)"
20.171.207.171 - - [28/Sep/2025:06:38:43 -0600] "GET /contrast39?kg=42725 HTTP/1.1" 404 71749 "-" "Mozilla/5.0 AppleWebKit/537.36 (KHTML, like Gecko; compatible; GPTBot/1.2; +https://openai.com/gptbot)"
170.205.30.233 - - [28/Sep/2025:06:38:46 -0600] "POST /wp-login.php HTTP/1.1" 200 62691 "http://4pie.com.mx/wp-admin/" "Mozilla/5.0 (Windows NT 10.0; Win64; x64) AppleWebKit/537.36 (KHTML, like Gecko) Chrome/117.0.0.0 Safari/537.36"
20.171.207.171 - - [28/Sep/2025:06:38:47 -0600] "GET /spending22?kg=24864 HTTP/1.1" 404 71749 "-" "Mozilla/5.0 AppleWebKit/537.36 (KHTML, like Gecko; compatible; GPTBot/1.2; +https://openai.com/gptbot)"
170.205.30.233 - - [28/Sep/2025:06:38:47 -0600] "POST /admin HTTP/1.1" 200 62691 "http://4pie.com.mx/wp-admin/" "Mozilla/5.0 (Windows NT 10.0; Win64; x64) AppleWebKit/537.36 (KHTML, like Gecko) Chrome/117.0.0.0 Safari/537.36"
20.171.207.171 - - [28/Sep/2025:06:38:50 -0600] "GET /tropical266?aksi=ransom&path=/home/tsgmexic/4pie.com.mx HTTP/1.1" 404 71749 "-" "Mozilla/5.0 AppleWebKit/537.36 (KHTML, like Gecko; compatible; GPTBot/1.2; +https://openai.com/gptbot)"
20.171.207.171 - - [28/Sep/2025:06:38:53 -0600] "GET /tropical266?info HTTP/1.1" 404 44513 "-" "Mozilla/5.0 AppleWebKit/537.36 (KHTML, like Gecko; compatible; GPTBot/1.2; +https://openai.com/gptbot)"
170.205.30.233 - - [28/Sep/2025:06:38:55 -0600] "POST /wp-login.php HTTP/1.1" 200 62691 "http://4pie.com.mx/wp-admin/" "Mozilla/5.0 (Linux; Android 13; SM-G991B) AppleWebKit/537.36 (KHTML, like Gecko) Chrome/120.0.6099.210 Mobile Safari/537.36"
20.171.207.171 - - [28/Sep/2025:06:38:56 -0600] "GET /tropical266?path=/ HTTP/1.1" 404 63749 "-" "Mozilla/5.0 AppleWebKit/537.36 (KHTML, like Gecko; compatible; GPTBot/1.2; +https://openai.com/gptbot)"
170.205.30.233 - - [28/Sep/2025:06:38:57 -0600] "POST /admin HTTP/1.1" 200 62691 "http://4pie.com.mx/wp-admin/" "Mozilla/5.0 (Linux; Android 13; SM-G991B) AppleWebKit/537.36 (KHTML, like Gecko) Chrome/120.0.6099.210 Mobile Safari/537.36"
173.208.176.202 - - [28/Sep/2025:06:37:47 -0600] "GET /wp-content/install.php?id=555749 HTTP/1.1" 200 - "-" "GuzzleHttp/7"
20.171.207.171 - - [28/Sep/2025:06:39:00 -0600] "GET /tropical266?path=/home/tsgmexic/4pie.com.mx/ed040 HTTP/1.1" 404 47382 "-" "Mozilla/5.0 AppleWebKit/537.36 (KHTML, like Gecko; compatible; GPTBot/1.2; +https://openai.com/gptbot)"
170.205.30.233 - - [28/Sep/2025:06:39:05 -0600] "POST /wp-login.php HTTP/1.1" 200 8004 "http://4pie.com.mx/wp-admin/" "Mozilla/5.0 (Linux; Android 11; SM-A515F) AppleWebKit/537.36 (KHTML, like Gecko) Chrome/120.0.6099.210 Mobile Safari/537.36"
142.171.127.176 - - [28/Sep/2025:06:39:15 -0600] "POST /wp-cron.php?doing_wp_cron=1759063155.5480220317840576171875 HTTP/1.1" 403 23958 "-" "WordPress/6.8; https://4pie.com.mx"
170.205.30.233 - - [28/Sep/2025:06:39:20 -0600] "POST /admin HTTP/1.1" 200 62690 "http://4pie.com.mx/wp-admin/" "Mozilla/5.0 (Linux; Android 11; SM-A515F) AppleWebKit/537.36 (KHTML, like Gecko) Chrome/120.0.6099.210 Mobile Safari/537.36"
20.171.207.171 - - [28/Sep/2025:06:39:21 -0600] "GET /fighting66?kg=19130 HTTP/1.1" 200 101412 "-" "Mozilla/5.0 AppleWebKit/537.36 (KHTML, like Gecko; compatible; GPTBot/1.2; +https://openai.com/gptbot)"
170.205.30.233 - - [28/Sep/2025:06:39:36 -0600] "POST /wp-login.php HTTP/1.1" 302 62691 "http://4pie.com.mx/wp-admin/" "Mozilla/5.0 (Linux; Android 11; SM-A515F) AppleWebKit/537.36 (KHTML, like Gecko) Chrome/120.0.6099.210 Mobile Safari/537.36"
20.171.207.171 - - [28/Sep/2025:06:39:37 -0600] "GET /category88?kg=41268 HTTP/1.1" 200 101413 "-" "Mozilla/5.0 AppleWebKit/537.36 (KHTML, like Gecko; compatible; GPTBot/1.2; +https://openai.com/gptbot)"
170.205.30.233 - - [28/Sep/2025:06:39:44 -0600] "POST /admin HTTP/1.1" 302 62691 "http://4pie.com.mx/wp-admin/" "Mozilla/5.0 (Linux; Android 11; SM-A515F) AppleWebKit/537.36 (KHTML, like Gecko) Chrome/120.0.6099.210 Mobile Safari/537.36"
20.171.207.171 - - [28/Sep/2025:06:39:44 -0600] "GET /everyone103?kg=3525 HTTP/1.1" 200 101413 "-" "Mozilla/5.0 AppleWebKit/537.36 (KHTML, like Gecko; compatible; GPTBot/1.2; +https://openai.com/gptbot)"
20.171.207.171 - - [28/Sep/2025:06:39:49 -0600] "GET /discount101?kg=4661 HTTP/1.1" 404 71749 "-" "Mozilla/5.0 AppleWebKit/537.36 (KHTML, like Gecko; compatible; GPTBot/1.2; +https://openai.com/gptbot)"
20.171.207.171 - - [28/Sep/2025:06:39:52 -0600] "GET /skin125?filesrc=//proc/net/xfrm_stat&path=//proc/net HTTP/1.1" 404 44647 "-" "Mozilla/5.0 AppleWebKit/537.36 (KHTML, like Gecko; compatible; GPTBot/1.2; +https://openai.com/gptbot)"
170.205.30.233 - - [28/Sep/2025:06:39:54 -0600] "POST /wp-login.php HTTP/1.1" 302 62691 "http://4pie.com.mx/wp-admin/" "Mozilla/5.0 (iPhone; CPU iPhone OS 16_7 like Mac OS X) AppleWebKit/605.1.15 (KHTML, like Gecko) Version/16.7 Mobile/15E148 Safari/604.1"
20.171.207.171 - - [28/Sep/2025:06:39:57 -0600] "GET /purchase133?info HTTP/1.1" 200 44513 "-" "Mozilla/5.0 AppleWebKit/537.36 (KHTML, like Gecko; compatible; GPTBot/1.2; +https://openai.com/gptbot)"
170.205.30.233 - - [28/Sep/2025:06:39:59 -0600] "POST /admin HTTP/1.1" 302 62691 "http://4pie.com.mx/wp-admin/" "Mozilla/5.0 (iPhone; CPU iPhone OS 16_7 like Mac OS X) AppleWebKit/605.1.15 (KHTML, like Gecko) Version/16.7 Mobile/15E148 Safari/604.1"
20.171.207.171 - - [28/Sep/2025:06:40:01 -0600] "GET /purchase133?filesrc=/home/tsgmexic/4pie.com.mx/fr.php&path=/home/tsgmexic/4pie.com.mx HTTP/1.1" 200 63077 "-" "Mozilla/5.0 AppleWebKit/537.36 (KHTML, like Gecko; compatible; GPTBot/1.2; +https://openai.com/gptbot)"
20.171.207.171 - - [28/Sep/2025:06:40:10 -0600] "GET /purchase133?path=/ HTTP/1.1" 404 66420 "-" "Mozilla/5.0 AppleWebKit/537.36 (KHTML, like Gecko; compatible; GPTBot/1.2; +https://openai.com/gptbot)"
170.205.30.233 - - [28/Sep/2025:06:40:09 -0600] "POST /wp-login.php HTTP/1.1" 302 62691 "http://4pie.com.mx/wp-admin/" "Mozilla/5.0 (Windows NT 10.0; Win64; x64) AppleWebKit/537.36 (KHTML, like Gecko) Chrome/118.0.0.0 Safari/537.36"
20.171.207.171 - - [28/Sep/2025:06:40:13 -0600] "GET /skin125?filesrc=//proc/net/route&path=//proc/net HTTP/1.1" 404 44399 "-" "Mozilla/5.0 AppleWebKit/537.36 (KHTML, like Gecko; compatible; GPTBot/1.2; +https://openai.com/gptbot)"
170.205.30.233 - - [28/Sep/2025:06:40:15 -0600] "POST /admin HTTP/1.1" 200 62691 "http://4pie.com.mx/wp-admin/" "Mozilla/5.0 (Windows NT 10.0; Win64; x64) AppleWebKit/537.36 (KHTML, like Gecko) Chrome/118.0.0.0 Safari/537.36"
20.171.207.171 - - [28/Sep/2025:06:40:18 -0600] "GET /skin125?filesrc=//proc/net/snmp6&path=//proc/net HTTP/1.1" 200 46983 "-" "Mozilla/5.0 AppleWebKit/537.36 (KHTML, like Gecko; compatible; GPTBot/1.2; +https://openai.com/gptbot)"
20.171.207.171 - - [28/Sep/2025:06:40:21 -0600] "GET /skin125?filesrc=//proc/net/fib_trie&path=//proc/net HTTP/1.1" 404 45105 "-" "Mozilla/5.0 AppleWebKit/537.36 (KHTML, like Gecko; compatible; GPTBot/1.2; +https://openai.com/gptbot)"
20.171.207.171 - - [28/Sep/2025:06:40:24 -0600] "GET /skin125?filesrc=//proc/net/if_inet6&path=//proc/net HTTP/1.1" 404 43998 "-" "Mozilla/5.0 AppleWebKit/537.36 (KHTML, like Gecko; compatible; GPTBot/1.2; +https://openai.com/gptbot)"
170.205.30.233 - - [28/Sep/2025:06:40:28 -0600] "POST /wp-login.php HTTP/1.1" 200 62691 "http://4pie.com.mx/wp-admin/" "Mozilla/5.0 (X11; Linux x86_64; rv:109.0) Gecko/20100101 Firefox/121.0"
20.171.207.171 - - [28/Sep/2025:06:40:28 -0600] "GET /moreover54?kg=28314 HTTP/1.1" 200 101413 "-" "Mozilla/5.0 AppleWebKit/537.36 (KHTML, like Gecko; compatible; GPTBot/1.2; +https://openai.com/gptbot)"
142.171.127.176 - - [28/Sep/2025:06:40:30 -0600] "POST /wp-cron.php?doing_wp_cron=1759063230.4142351150512695312500 HTTP/1.1" 403 23958 "-" "WordPress/6.8; https://4pie.com.mx"
170.205.30.233 - - [28/Sep/2025:06:40:30 -0600] "POST /admin HTTP/1.1" 200 62691 "http://4pie.com.mx/wp-admin/" "Mozilla/5.0 (X11; Linux x86_64; rv:109.0) Gecko/20100101 Firefox/121.0"
20.171.207.171 - - [28/Sep/2025:06:40:33 -0600] "GET /everyone103?path=/ HTTP/1.1" 200 66420 "-" "Mozilla/5.0 AppleWebKit/537.36 (KHTML, like Gecko; compatible; GPTBot/1.2; +https://openai.com/gptbot)"
20.171.207.171 - - [28/Sep/2025:06:40:37 -0600] "GET /historic221?kg=4917 HTTP/1.1" 200 101413 "-" "Mozilla/5.0 AppleWebKit/537.36 (KHTML, like Gecko; compatible; GPTBot/1.2; +https://openai.com/gptbot)"
20.171.207.171 - - [28/Sep/2025:06:40:39 -0600] "GET /everyone103?info HTTP/1.1" 200 44513 "-" "Mozilla/5.0 AppleWebKit/537.36 (KHTML, like Gecko; compatible; GPTBot/1.2; +https://openai.com/gptbot)"
170.205.30.233 - - [28/Sep/2025:06:40:40 -0600] "POST /wp-login.php HTTP/1.1" 200 62691 "http://4pie.com.mx/wp-admin/" "Mozilla/5.0 (Macintosh; Intel Mac OS X 10_15_7) AppleWebKit/537.36 (KHTML, like Gecko) Chrome/120.0.0.0 Safari/537.36"
170.205.30.233 - - [28/Sep/2025:06:40:42 -0600] "POST /admin HTTP/1.1" 302 62691 "http://4pie.com.mx/wp-admin/" "Mozilla/5.0 (Macintosh; Intel Mac OS X 10_15_7) AppleWebKit/537.36 (KHTML, like Gecko) Chrome/120.0.0.0 Safari/537.36"
20.171.207.171 - - [28/Sep/2025:06:40:43 -0600] "GET /properly238?kg=2856 HTTP/1.1" 404 101413 "-" "Mozilla/5.0 AppleWebKit/537.36 (KHTML, like Gecko; compatible; GPTBot/1.2; +https://openai.com/gptbot)"
20.171.207.171 - - [28/Sep/2025:06:40:46 -0600] "GET /selected119?kg=9861 HTTP/1.1" 404 71749 "-" "Mozilla/5.0 AppleWebKit/537.36 (KHTML, like Gecko; compatible; GPTBot/1.2; +https://openai.com/gptbot)"
173.208.176.202 - - [28/Sep/2025:06:39:17 -0600] "GET /wp-content/install.php?id=555749 HTTP/1.1" 200 - "-" "GuzzleHttp/7"
20.171.207.171 - - [28/Sep/2025:06:40:49 -0600] "GET /symbolic62?kg=26828 HTTP/1.1" 200 101413 "-" "Mozilla/5.0 AppleWebKit/537.36 (KHTML, like Gecko; compatible; GPTBot/1.2; +https://openai.com/gptbot)"
170.205.30.233 - - [28/Sep/2025:06:40:52 -0600] "POST /wp-login.php HTTP/1.1" 302 62691 "http://4pie.com.mx/wp-admin/" "Mozilla/5.0 (Macintosh; Intel Mac OS X 10_15_7) AppleWebKit/605.1.15 (KHTML, like Gecko) Version/16.6 Safari/605.1.15"
20.171.207.171 - - [28/Sep/2025:06:40:53 -0600] "GET /campaign46?kg=49630 HTTP/1.1" 404 101413 "-" "Mozilla/5.0 AppleWebKit/537.36 (KHTML, like Gecko; compatible; GPTBot/1.2; +https://openai.com/gptbot)"
170.205.30.233 - - [28/Sep/2025:06:40:56 -0600] "POST /admin HTTP/1.1" 302 62691 "http://4pie.com.mx/wp-admin/" "Mozilla/5.0 (Macintosh; Intel Mac OS X 10_15_7) AppleWebKit/605.1.15 (KHTML, like Gecko) Version/16.6 Safari/605.1.15"
20.171.207.171 - - [28/Sep/2025:06:40:57 -0600] "GET /commonly98?kg=21084 HTTP/1.1" 200 101413 "-" "Mozilla/5.0 AppleWebKit/537.36 (KHTML, like Gecko; compatible; GPTBot/1.2; +https://openai.com/gptbot)"
20.171.207.171 - - [28/Sep/2025:06:41:02 -0600] "GET /historic221?filesrc=/home/tsgmexic/4pie.com.mx/radio.php&path=/home/tsgmexic/4pie.com.mx HTTP/1.1" 200 47853 "-" "Mozilla/5.0 AppleWebKit/537.36 (KHTML, like Gecko; compatible; GPTBot/1.2; +https://openai.com/gptbot)"
20.171.207.171 - - [28/Sep/2025:06:41:06 -0600] "GET /invasion59?kg=14319 HTTP/1.1" 404 71749 "-" "Mozilla/5.0 AppleWebKit/537.36 (KHTML, like Gecko; compatible; GPTBot/1.2; +https://openai.com/gptbot)"
170.205.30.233 - - [28/Sep/2025:06:41:07 -0600] "POST /wp-login.php HTTP/1.1" 302 62690 "http://4pie.com.mx/wp-admin/" "Mozilla/5.0 (Linux; Android 13; SM-G991B) AppleWebKit/537.36 (KHTML, like Gecko) Chrome/120.0.6099.210 Mobile Safari/537.36"
20.171.207.171 - - [28/Sep/2025:06:41:09 -0600] "GET /strongly52?kg=15602 HTTP/1.1" 200 101412 "-" "Mozilla/5.0 AppleWebKit/537.36 (KHTML, like Gecko; compatible; GPTBot/1.2; +https://openai.com/gptbot)"
20.171.207.171 - - [28/Sep/2025:06:41:14 -0600] "GET /research83?kg=18435 HTTP/1.1" 404 101412 "-" "Mozilla/5.0 AppleWebKit/537.36 (KHTML, like Gecko; compatible; GPTBot/1.2; +https://openai.com/gptbot)"
170.205.30.233 - - [28/Sep/2025:06:41:17 -0600] "POST /admin HTTP/1.1" 302 62691 "http://4pie.com.mx/wp-admin/" "Mozilla/5.0 (Linux; Android 13; SM-G991B) AppleWebKit/537.36 (KHTML, like Gecko) Chrome/120.0.6099.210 Mobile Safari/537.36"
20.171.207.171 - - [28/Sep/2025:06:41:18 -0600] "GET /baseball85?kg=22309 HTTP/1.1" 200 101413 "-" "Mozilla/5.0 AppleWebKit/537.36 (KHTML, like Gecko; compatible; GPTBot/1.2; +https://openai.com/gptbot)"
20.171.207.171 - - [28/Sep/2025:06:41:24 -0600] "GET /historic221?path=/ HTTP/1.1" 200 66420 "-" "Mozilla/5.0 AppleWebKit/537.36 (KHTML, like Gecko; compatible; GPTBot/1.2; +https://openai.com/gptbot)"
170.205.30.233 - - [28/Sep/2025:06:41:25 -0600] "POST /wp-login.php HTTP/1.1" 302 62691 "http://4pie.com.mx/wp-admin/" "Mozilla/5.0 (Linux; Android 11; SM-A515F) AppleWebKit/537.36 (KHTML, like Gecko) Chrome/120.0.6099.210 Mobile Safari/537.36"
170.205.30.233 - - [28/Sep/2025:06:41:29 -0600] "POST /admin HTTP/1.1" 200 62691 "http://4pie.com.mx/wp-admin/" "Mozilla/5.0 (Linux; Android 11; SM-A515F) AppleWebKit/537.36 (KHTML, like Gecko) Chrome/120.0.6099.210 Mobile Safari/537.36"
142.171.127.176 - - [28/Sep/2025:06:41:31 -0600] "POST /wp-cron.php?doing_wp_cron=1759063291.3803970813751220703125 HTTP/1.1" 403 23958 "-" "WordPress/6.8; https://4pie.com.mx"
20.171.207.171 - - [28/Sep/2025:06:41:29 -0600] "GET /feminist173?kg=1455 HTTP/1.1" 404 71749 "-" "Mozilla/5.0 AppleWebKit/537.36 (KHTML, like Gecko; compatible; GPTBot/1.2; +https://openai.com/gptbot)"
142.171.127.176 - - [28/Sep/2025:06:41:33 -0600] "POST /wp-cron.php?doing_wp_cron=1759063293.1795411109924316406250 HTTP/1.1" 404 23749 "-" "WordPress/6.8; https://4pie.com.mx"
170.205.30.233 - - [28/Sep/2025:06:41:38 -0600] "POST /wp-login.php HTTP/1.1" 200 62691 "http://4pie.com.mx/wp-admin/" "Mozilla/5.0 (iPad; CPU OS 17_2 like Mac OS X) AppleWebKit/605.1.15 (KHTML, like Gecko) Version/17.2 Mobile/15E148 Safari/604.1"
20.171.207.171 - - [28/Sep/2025:06:41:36 -0600] "GET /pregnant32?kg=49574 HTTP/1.1" 200 101413 "-" "Mozilla/5.0 AppleWebKit/537.36 (KHTML, like Gecko; compatible; GPTBot/1.2; +https://openai.com/gptbot)"
170.205.30.233 - - [28/Sep/2025:06:41:39 -0600] "POST /admin HTTP/1.1" 302 62691 "http://4pie.com.mx/wp-admin/" "Mozilla/5.0 (iPad; CPU OS 17_2 like Mac OS X) AppleWebKit/605.1.15 (KHTML, like Gecko) Version/17.2 Mobile/15E148 Safari/604.1"
20.171.207.171 - - [28/Sep/2025:06:41:42 -0600] "GET /transmit251?kg=5335 HTTP/1.1" 200 101413 "-" "Mozilla/5.0 AppleWebKit/537.36 (KHTML, like Gecko; compatible; GPTBot/1.2; +https://openai.com/gptbot)"
