20.171.207.171 - - [28/Sep/2025:09:52:05 -0600] "GET /egg219?path=//run HTTP/1.1" 200 130859 "-" "Mozilla/5.0 AppleWebKit/537.36 (KHTML, like Gecko; compatible; GPTBot/1.2; +https://openai.com/gptbot)"
20.171.207.171 - - [28/Sep/2025:09:52:11 -0600] "GET /egg219?path=//usr HTTP/1.1" 200 56357 "-" "Mozilla/5.0 AppleWebKit/537.36 (KHTML, like Gecko; compatible; GPTBot/1.2; +https://openai.com/gptbot)"
20.171.207.171 - - [28/Sep/2025:09:52:18 -0600] "GET /egg219?path=//srv HTTP/1.1" 404 44182 "-" "Mozilla/5.0 AppleWebKit/537.36 (KHTML, like Gecko; compatible; GPTBot/1.2; +https://openai.com/gptbot)"
20.171.207.171 - - [28/Sep/2025:09:52:23 -0600] "GET /egg219?filesrc=//bin/turbostat&path=//bin HTTP/1.1" 200 43834 "-" "Mozilla/5.0 AppleWebKit/537.36 (KHTML, like Gecko; compatible; GPTBot/1.2; +https://openai.com/gptbot)"
20.171.207.171 - - [28/Sep/2025:09:52:26 -0600] "GET /egg219?filesrc=//lib64/gconv/IBM278.so&path=//lib64/gconv HTTP/1.1" 404 43910 "-" "Mozilla/5.0 AppleWebKit/537.36 (KHTML, like Gecko; compatible; GPTBot/1.2; +https://openai.com/gptbot)"
20.171.207.171 - - [28/Sep/2025:09:52:30 -0600] "GET /egg219?filesrc=//lib64/gconv/IBM1388.so&path=//lib64/gconv HTTP/1.1" 404 43911 "-" "Mozilla/5.0 AppleWebKit/537.36 (KHTML, like Gecko; compatible; GPTBot/1.2; +https://openai.com/gptbot)"
142.171.127.176 - - [28/Sep/2025:09:52:32 -0600] "POST /wp-cron.php?doing_wp_cron=1759074752.5107960700988769531250 HTTP/1.1" 403 23958 "-" "WordPress/6.8; https://4pie.com.mx"
20.171.207.171 - - [28/Sep/2025:09:52:35 -0600] "GET /red161?filesrc=//bin/slencheck&path=//bin HTTP/1.1" 200 43834 "-" "Mozilla/5.0 AppleWebKit/537.36 (KHTML, like Gecko; compatible; GPTBot/1.2; +https://openai.com/gptbot)"
20.171.207.171 - - [28/Sep/2025:09:52:41 -0600] "GET /egg219?filesrc=//lib64/gconv/IBM1008.so&path=//lib64/gconv HTTP/1.1" 404 43911 "-" "Mozilla/5.0 AppleWebKit/537.36 (KHTML, like Gecko; compatible; GPTBot/1.2; +https://openai.com/gptbot)"
20.171.207.171 - - [28/Sep/2025:09:52:45 -0600] "GET /egg219?filesrc=//bin/msgfmt&path=//bin HTTP/1.1" 404 43831 "-" "Mozilla/5.0 AppleWebKit/537.36 (KHTML, like Gecko; compatible; GPTBot/1.2; +https://openai.com/gptbot)"
20.171.207.171 - - [28/Sep/2025:09:52:48 -0600] "GET /egg219?filesrc=//bin/addr2line&path=//bin HTTP/1.1" 404 43834 "-" "Mozilla/5.0 AppleWebKit/537.36 (KHTML, like Gecko; compatible; GPTBot/1.2; +https://openai.com/gptbot)"
20.171.207.171 - - [28/Sep/2025:09:52:52 -0600] "GET /egg219?filesrc=//bin/python3.6-config&path=//bin HTTP/1.1" 404 44080 "-" "Mozilla/5.0 AppleWebKit/537.36 (KHTML, like Gecko; compatible; GPTBot/1.2; +https://openai.com/gptbot)"
20.171.207.171 - - [28/Sep/2025:09:52:56 -0600] "GET /egg219?filesrc=//bin/nf-exp-list&path=//bin HTTP/1.1" 404 43836 "-" "Mozilla/5.0 AppleWebKit/537.36 (KHTML, like Gecko; compatible; GPTBot/1.2; +https://openai.com/gptbot)"
20.171.207.171 - - [28/Sep/2025:09:53:00 -0600] "GET /egg219?filesrc=//bin/bunzip2&path=//bin HTTP/1.1" 404 43832 "-" "Mozilla/5.0 AppleWebKit/537.36 (KHTML, like Gecko; compatible; GPTBot/1.2; +https://openai.com/gptbot)"
20.171.207.171 - - [28/Sep/2025:09:53:04 -0600] "GET /egg219?path=//run/chrony HTTP/1.1" 200 44243 "-" "Mozilla/5.0 AppleWebKit/537.36 (KHTML, like Gecko; compatible; GPTBot/1.2; +https://openai.com/gptbot)"
20.171.207.171 - - [28/Sep/2025:09:53:08 -0600] "GET /egg219?filesrc=//run/cpanellogd_stats.pid&path=//run HTTP/1.1" 404 43851 "-" "Mozilla/5.0 AppleWebKit/537.36 (KHTML, like Gecko; compatible; GPTBot/1.2; +https://openai.com/gptbot)"
20.171.207.171 - - [28/Sep/2025:09:53:11 -0600] "GET /egg219?filesrc=//bin/ccomps&path=//bin HTTP/1.1" 404 43831 "-" "Mozilla/5.0 AppleWebKit/537.36 (KHTML, like Gecko; compatible; GPTBot/1.2; +https://openai.com/gptbot)"
20.171.207.171 - - [28/Sep/2025:09:53:15 -0600] "GET /egg219?filesrc=//bin/xzgrep&path=//bin HTTP/1.1" 200 50417 "-" "Mozilla/5.0 AppleWebKit/537.36 (KHTML, like Gecko; compatible; GPTBot/1.2; +https://openai.com/gptbot)"
20.171.207.171 - - [28/Sep/2025:09:53:18 -0600] "GET /egg219?filesrc=//bin/nl-monitor&path=//bin HTTP/1.1" 404 43835 "-" "Mozilla/5.0 AppleWebKit/537.36 (KHTML, like Gecko; compatible; GPTBot/1.2; +https://openai.com/gptbot)"
20.171.207.171 - - [28/Sep/2025:09:53:22 -0600] "GET /egg219?filesrc=//bin/dbus-send&path=//bin HTTP/1.1" 200 43834 "-" "Mozilla/5.0 AppleWebKit/537.36 (KHTML, like Gecko; compatible; GPTBot/1.2; +https://openai.com/gptbot)"
20.171.207.171 - - [28/Sep/2025:09:53:25 -0600] "GET /egg219?filesrc=//bin/nslookup&path=//bin HTTP/1.1" 200 43833 "-" "Mozilla/5.0 AppleWebKit/537.36 (KHTML, like Gecko; compatible; GPTBot/1.2; +https://openai.com/gptbot)"
20.171.207.171 - - [28/Sep/2025:09:53:29 -0600] "GET /egg219?filesrc=//bin/info&path=//bin HTTP/1.1" 404 43829 "-" "Mozilla/5.0 AppleWebKit/537.36 (KHTML, like Gecko; compatible; GPTBot/1.2; +https://openai.com/gptbot)"
204.12.252.98 - - [28/Sep/2025:09:52:04 -0600] "GET /wp-content/install.php HTTP/1.1" 200 - "http://4pie.com.mx/wp-content/install.php" "Mozilla/5.0 (Windows NT 10.0; Win64; x64) AppleWebKit/537.36 (KHTML, like Gecko) Chrome/58.0.3029.110 Safari/537.3"
20.171.207.171 - - [28/Sep/2025:09:53:33 -0600] "GET /egg219?filesrc=//bin/gpg-zip&path=//bin HTTP/1.1" 200 47665 "-" "Mozilla/5.0 AppleWebKit/537.36 (KHTML, like Gecko; compatible; GPTBot/1.2; +https://openai.com/gptbot)"
142.171.127.176 - - [28/Sep/2025:09:53:35 -0600] "POST /wp-cron.php?doing_wp_cron=1759074815.4554920196533203125000 HTTP/1.1" 403 23958 "-" "WordPress/6.8; https://4pie.com.mx"
20.171.207.171 - - [28/Sep/2025:09:53:37 -0600] "GET /son25?filesrc=//lib64/librpm.so.8.2.0&path=//lib64 HTTP/1.1" 404 43852 "-" "Mozilla/5.0 AppleWebKit/537.36 (KHTML, like Gecko; compatible; GPTBot/1.2; +https://openai.com/gptbot)"
20.171.207.171 - - [28/Sep/2025:09:53:40 -0600] "GET /red161?filesrc=//bin/setvtrgb&path=//bin HTTP/1.1" 200 43833 "-" "Mozilla/5.0 AppleWebKit/537.36 (KHTML, like Gecko; compatible; GPTBot/1.2; +https://openai.com/gptbot)"
20.171.207.171 - - [28/Sep/2025:09:53:46 -0600] "GET /egg219?filesrc=//bin/arpaname&path=//bin HTTP/1.1" 404 43833 "-" "Mozilla/5.0 AppleWebKit/537.36 (KHTML, like Gecko; compatible; GPTBot/1.2; +https://openai.com/gptbot)"
20.171.207.171 - - [28/Sep/2025:09:53:50 -0600] "GET /red161?filesrc=//bin/reposync&path=//bin HTTP/1.1" 404 47575 "-" "Mozilla/5.0 AppleWebKit/537.36 (KHTML, like Gecko; compatible; GPTBot/1.2; +https://openai.com/gptbot)"
20.171.207.171 - - [28/Sep/2025:09:53:56 -0600] "GET /egg219?path=//sbin HTTP/1.1" 200 574363 "-" "Mozilla/5.0 AppleWebKit/537.36 (KHTML, like Gecko; compatible; GPTBot/1.2; +https://openai.com/gptbot)"
20.171.207.171 - - [28/Sep/2025:09:54:00 -0600] "GET /egg219?path=//boot HTTP/1.1" 200 60686 "-" "Mozilla/5.0 AppleWebKit/537.36 (KHTML, like Gecko; compatible; GPTBot/1.2; +https://openai.com/gptbot)"
20.171.207.171 - - [28/Sep/2025:09:54:04 -0600] "GET /red161?path=//root HTTP/1.1" 200 44187 "-" "Mozilla/5.0 AppleWebKit/537.36 (KHTML, like Gecko; compatible; GPTBot/1.2; +https://openai.com/gptbot)"
20.171.207.171 - - [28/Sep/2025:09:54:08 -0600] "GET /red161?path=//proc HTTP/1.1" 200 253270 "-" "Mozilla/5.0 AppleWebKit/537.36 (KHTML, like Gecko; compatible; GPTBot/1.2; +https://openai.com/gptbot)"
20.171.207.171 - - [28/Sep/2025:09:54:13 -0600] "GET /egg219?path=//root HTTP/1.1" 404 44187 "-" "Mozilla/5.0 AppleWebKit/537.36 (KHTML, like Gecko; compatible; GPTBot/1.2; +https://openai.com/gptbot)"
20.171.207.171 - - [28/Sep/2025:09:54:16 -0600] "GET /red161?path=//boot HTTP/1.1" 200 60686 "-" "Mozilla/5.0 AppleWebKit/537.36 (KHTML, like Gecko; compatible; GPTBot/1.2; +https://openai.com/gptbot)"
20.171.207.171 - - [28/Sep/2025:09:54:21 -0600] "GET /egg219?path=//proc HTTP/1.1" 200 259311 "-" "Mozilla/5.0 AppleWebKit/537.36 (KHTML, like Gecko; compatible; GPTBot/1.2; +https://openai.com/gptbot)"
20.171.207.171 - - [28/Sep/2025:09:54:25 -0600] "GET /egg219?path=//media HTTP/1.1" 404 44192 "-" "Mozilla/5.0 AppleWebKit/537.36 (KHTML, like Gecko; compatible; GPTBot/1.2; +https://openai.com/gptbot)"
20.171.207.171 - - [28/Sep/2025:09:54:30 -0600] "GET /red161?filesrc=//bin/wc&path=//bin HTTP/1.1" 404 43827 "-" "Mozilla/5.0 AppleWebKit/537.36 (KHTML, like Gecko; compatible; GPTBot/1.2; +https://openai.com/gptbot)"
20.171.207.171 - - [28/Sep/2025:09:54:32 -0600] "GET /red161?path=//var/www HTTP/1.1" 404 45968 "-" "Mozilla/5.0 AppleWebKit/537.36 (KHTML, like Gecko; compatible; GPTBot/1.2; +https://openai.com/gptbot)"
20.171.207.171 - - [28/Sep/2025:09:54:36 -0600] "GET /red161?filesrc=//bin/lsmd&path=//bin HTTP/1.1" 200 43829 "-" "Mozilla/5.0 AppleWebKit/537.36 (KHTML, like Gecko; compatible; GPTBot/1.2; +https://openai.com/gptbot)"
20.171.207.171 - - [28/Sep/2025:09:54:40 -0600] "GET /egg219?filesrc=//bin/hash&path=//bin HTTP/1.1" 404 43867 "-" "Mozilla/5.0 AppleWebKit/537.36 (KHTML, like Gecko; compatible; GPTBot/1.2; +https://openai.com/gptbot)"
20.171.207.171 - - [28/Sep/2025:09:54:44 -0600] "GET /egg219?path=/home HTTP/1.1" 200 44183 "-" "Mozilla/5.0 AppleWebKit/537.36 (KHTML, like Gecko; compatible; GPTBot/1.2; +https://openai.com/gptbot)"
20.171.207.171 - - [28/Sep/2025:09:54:48 -0600] "GET /egg219?path=//proc/1422 HTTP/1.1" 200 91569 "-" "Mozilla/5.0 AppleWebKit/537.36 (KHTML, like Gecko; compatible; GPTBot/1.2; +https://openai.com/gptbot)"
20.171.207.171 - - [28/Sep/2025:09:54:51 -0600] "GET /egg219?filesrc=//sbin/halt&path=//sbin HTTP/1.1" 404 43835 "-" "Mozilla/5.0 AppleWebKit/537.36 (KHTML, like Gecko; compatible; GPTBot/1.2; +https://openai.com/gptbot)"
20.171.207.171 - - [28/Sep/2025:09:54:56 -0600] "GET /egg219?filesrc=//sbin/rfkill&path=//sbin HTTP/1.1" 200 43837 "-" "Mozilla/5.0 AppleWebKit/537.36 (KHTML, like Gecko; compatible; GPTBot/1.2; +https://openai.com/gptbot)"
173.208.176.202 - - [28/Sep/2025:09:53:33 -0600] "GET /wp-content/install.php?id=685427 HTTP/1.1" 200 - "-" "GuzzleHttp/7"
20.171.207.171 - - [28/Sep/2025:09:55:00 -0600] "GET /egg219?filesrc=//boot/vmlinuz-4.18.0-425.3.1.el8.x86_64&path=//boot HTTP/1.1" 200 43864 "-" "Mozilla/5.0 AppleWebKit/537.36 (KHTML, like Gecko; compatible; GPTBot/1.2; +https://openai.com/gptbot)"
20.171.207.171 - - [28/Sep/2025:09:55:09 -0600] "GET /egg219?path=//proc/net HTTP/1.1" 200 92134 "-" "Mozilla/5.0 AppleWebKit/537.36 (KHTML, like Gecko; compatible; GPTBot/1.2; +https://openai.com/gptbot)"
20.171.207.171 - - [28/Sep/2025:09:55:12 -0600] "GET /red161?path=//proc/562 HTTP/1.1" 200 91371 "-" "Mozilla/5.0 AppleWebKit/537.36 (KHTML, like Gecko; compatible; GPTBot/1.2; +https://openai.com/gptbot)"
20.171.207.171 - - [28/Sep/2025:09:55:16 -0600] "GET /red161?path=//proc/net HTTP/1.1" 404 92134 "-" "Mozilla/5.0 AppleWebKit/537.36 (KHTML, like Gecko; compatible; GPTBot/1.2; +https://openai.com/gptbot)"
20.171.207.171 - - [28/Sep/2025:09:55:19 -0600] "GET /egg219?filesrc=//proc/1422/patch_state&path=//proc/1422 HTTP/1.1" 404 43899 "-" "Mozilla/5.0 AppleWebKit/537.36 (KHTML, like Gecko; compatible; GPTBot/1.2; +https://openai.com/gptbot)"
204.12.208.18 - - [28/Sep/2025:09:55:20 -0600] "GET /?sitemapindex.xml HTTP/1.1" 200 113563 "http://4pie.com.mx/?sitemapindex.xml" "Mozilla/5.0 (Macintosh; Intel Mac OS X 10.6; rv:6.0.2) Gecko/20100101 Firefox/6.0.2"
20.171.207.171 - - [28/Sep/2025:09:55:23 -0600] "GET /red161?path=//proc/204 HTTP/1.1" 404 91371 "-" "Mozilla/5.0 AppleWebKit/537.36 (KHTML, like Gecko; compatible; GPTBot/1.2; +https://openai.com/gptbot)"
20.171.207.171 - - [28/Sep/2025:09:55:26 -0600] "GET /pen219?path=/home HTTP/1.1" 200 44183 "-" "Mozilla/5.0 AppleWebKit/537.36 (KHTML, like Gecko; compatible; GPTBot/1.2; +https://openai.com/gptbot)"
20.171.207.171 - - [28/Sep/2025:09:55:29 -0600] "GET /nod226?path=/home HTTP/1.1" 404 44183 "-" "Mozilla/5.0 AppleWebKit/537.36 (KHTML, like Gecko; compatible; GPTBot/1.2; +https://openai.com/gptbot)"
20.171.207.171 - - [28/Sep/2025:09:55:33 -0600] "GET /dad283?path=/home HTTP/1.1" 404 44183 "-" "Mozilla/5.0 AppleWebKit/537.36 (KHTML, like Gecko; compatible; GPTBot/1.2; +https://openai.com/gptbot)"
20.171.207.171 - - [28/Sep/2025:09:55:36 -0600] "GET /for163?path=/home HTTP/1.1" 200 44183 "-" "Mozilla/5.0 AppleWebKit/537.36 (KHTML, like Gecko; compatible; GPTBot/1.2; +https://openai.com/gptbot)"
142.171.127.176 - - [28/Sep/2025:09:55:38 -0600] "POST /wp-cron.php?doing_wp_cron=1759074938.1597239971160888671875 HTTP/1.1" 403 23448 "-" "WordPress/6.8; https://4pie.com.mx"
20.171.207.171 - - [28/Sep/2025:09:55:41 -0600] "GET /egg219?path=//etc HTTP/1.1" 404 143749 "-" "Mozilla/5.0 AppleWebKit/537.36 (KHTML, like Gecko; compatible; GPTBot/1.2; +https://openai.com/gptbot)"
20.171.207.171 - - [28/Sep/2025:09:55:45 -0600] "GET /fit168?path=/home HTTP/1.1" 404 44183 "-" "Mozilla/5.0 AppleWebKit/537.36 (KHTML, like Gecko; compatible; GPTBot/1.2; +https://openai.com/gptbot)"
20.171.207.171 - - [28/Sep/2025:09:55:47 -0600] "GET /kit207?path=/home HTTP/1.1" 404 44183 "-" "Mozilla/5.0 AppleWebKit/537.36 (KHTML, like Gecko; compatible; GPTBot/1.2; +https://openai.com/gptbot)"
20.171.207.171 - - [28/Sep/2025:09:55:50 -0600] "GET /and198?path=/home HTTP/1.1" 404 44183 "-" "Mozilla/5.0 AppleWebKit/537.36 (KHTML, like Gecko; compatible; GPTBot/1.2; +https://openai.com/gptbot)"
20.171.207.171 - - [28/Sep/2025:09:55:53 -0600] "GET /gym126?path=/home HTTP/1.1" 200 44183 "-" "Mozilla/5.0 AppleWebKit/537.36 (KHTML, like Gecko; compatible; GPTBot/1.2; +https://openai.com/gptbot)"
20.171.207.171 - - [28/Sep/2025:09:55:56 -0600] "GET /lot105?path=/home HTTP/1.1" 200 44183 "-" "Mozilla/5.0 AppleWebKit/537.36 (KHTML, like Gecko; compatible; GPTBot/1.2; +https://openai.com/gptbot)"
20.171.207.171 - - [28/Sep/2025:09:56:00 -0600] "GET /one259?path=/home HTTP/1.1" 404 44183 "-" "Mozilla/5.0 AppleWebKit/537.36 (KHTML, like Gecko; compatible; GPTBot/1.2; +https://openai.com/gptbot)"
20.171.207.171 - - [28/Sep/2025:09:56:04 -0600] "GET /egg219?filesrc=//proc/net/ip6_mr_cache&path=//proc/net HTTP/1.1" 200 43997 "-" "Mozilla/5.0 AppleWebKit/537.36 (KHTML, like Gecko; compatible; GPTBot/1.2; +https://openai.com/gptbot)"
20.171.207.171 - - [28/Sep/2025:09:56:08 -0600] "GET /egg219?filesrc=//proc/net/ip_mr_cache&path=//proc/net HTTP/1.1" 404 43947 "-" "Mozilla/5.0 AppleWebKit/537.36 (KHTML, like Gecko; compatible; GPTBot/1.2; +https://openai.com/gptbot)"
20.171.207.171 - - [28/Sep/2025:09:56:12 -0600] "GET /egg219?filesrc=//proc/net/connector&path=//proc/net HTTP/1.1" 404 43930 "-" "Mozilla/5.0 AppleWebKit/537.36 (KHTML, like Gecko; compatible; GPTBot/1.2; +https://openai.com/gptbot)"
20.171.207.171 - - [28/Sep/2025:09:56:15 -0600] "GET /egg219?filesrc=//proc/net/udplite&path=//proc/net HTTP/1.1" 200 44020 "-" "Mozilla/5.0 AppleWebKit/537.36 (KHTML, like Gecko; compatible; GPTBot/1.2; +https://openai.com/gptbot)"
20.171.207.171 - - [28/Sep/2025:09:56:18 -0600] "GET /egg219?filesrc=//proc/net/protocols&path=//proc/net HTTP/1.1" 200 46015 "-" "Mozilla/5.0 AppleWebKit/537.36 (KHTML, like Gecko; compatible; GPTBot/1.2; +https://openai.com/gptbot)"
20.171.207.171 - - [28/Sep/2025:09:56:21 -0600] "GET /egg219?filesrc=//proc/net/nf_conntrack_expect&path=//proc/net HTTP/1.1" 404 43901 "-" "Mozilla/5.0 AppleWebKit/537.36 (KHTML, like Gecko; compatible; GPTBot/1.2; +https://openai.com/gptbot)"
20.171.207.171 - - [28/Sep/2025:09:56:24 -0600] "GET /egg219?filesrc=//proc/net/snmp&path=//proc/net HTTP/1.1" 404 45239 "-" "Mozilla/5.0 AppleWebKit/537.36 (KHTML, like Gecko; compatible; GPTBot/1.2; +https://openai.com/gptbot)"
20.171.207.171 - - [28/Sep/2025:09:56:26 -0600] "GET /egg219?filesrc=//proc/net/igmp&path=//proc/net HTTP/1.1" 200 44068 "-" "Mozilla/5.0 AppleWebKit/537.36 (KHTML, like Gecko; compatible; GPTBot/1.2; +https://openai.com/gptbot)"
20.171.207.171 - - [28/Sep/2025:09:56:29 -0600] "GET /egg219?filesrc=//proc/net/fib_trie&path=//proc/net HTTP/1.1" 404 45105 "-" "Mozilla/5.0 AppleWebKit/537.36 (KHTML, like Gecko; compatible; GPTBot/1.2; +https://openai.com/gptbot)"
173.208.176.202 - - [28/Sep/2025:09:55:03 -0600] "GET /wp-content/install.php?id=685427 HTTP/1.1" 200 - "-" "GuzzleHttp/7"
20.171.207.171 - - [28/Sep/2025:09:56:32 -0600] "GET /egg219?filesrc=//proc/net/netstat&path=//proc/net HTTP/1.1" 200 47231 "-" "Mozilla/5.0 AppleWebKit/537.36 (KHTML, like Gecko; compatible; GPTBot/1.2; +https://openai.com/gptbot)"
20.171.207.171 - - [28/Sep/2025:09:56:35 -0600] "GET /egg219?filesrc=//proc/net/icmp&path=//proc/net HTTP/1.1" 404 44017 "-" "Mozilla/5.0 AppleWebKit/537.36 (KHTML, like Gecko; compatible; GPTBot/1.2; +https://openai.com/gptbot)"
20.171.207.171 - - [28/Sep/2025:09:56:39 -0600] "GET /egg219?filesrc=//proc/net/ip6_flowlabel&path=//proc/net HTTP/1.1" 404 43970 "-" "Mozilla/5.0 AppleWebKit/537.36 (KHTML, like Gecko; compatible; GPTBot/1.2; +https://openai.com/gptbot)"
20.171.207.171 - - [28/Sep/2025:09:56:43 -0600] "GET /egg219?filesrc=//proc/net/nf_conntrack&path=//proc/net HTTP/1.1" 404 43894 "-" "Mozilla/5.0 AppleWebKit/537.36 (KHTML, like Gecko; compatible; GPTBot/1.2; +https://openai.com/gptbot)"
20.171.207.171 - - [28/Sep/2025:09:56:46 -0600] "GET /egg219?filesrc=//proc/net/raw6&path=//proc/net HTTP/1.1" 404 44052 "-" "Mozilla/5.0 AppleWebKit/537.36 (KHTML, like Gecko; compatible; GPTBot/1.2; +https://openai.com/gptbot)"
20.171.207.171 - - [28/Sep/2025:09:56:51 -0600] "GET /egg219?filesrc=//proc/net/tcp6&path=//proc/net HTTP/1.1" 404 46896 "-" "Mozilla/5.0 AppleWebKit/537.36 (KHTML, like Gecko; compatible; GPTBot/1.2; +https://openai.com/gptbot)"
20.171.207.171 - - [28/Sep/2025:09:56:56 -0600] "GET /egg219?filesrc=//proc/net/udp&path=//proc/net HTTP/1.1" 200 44656 "-" "Mozilla/5.0 AppleWebKit/537.36 (KHTML, like Gecko; compatible; GPTBot/1.2; +https://openai.com/gptbot)"
20.171.207.171 - - [28/Sep/2025:09:56:59 -0600] "GET /egg219?filesrc=//proc/net/arp&path=//proc/net HTTP/1.1" 404 44041 "-" "Mozilla/5.0 AppleWebKit/537.36 (KHTML, like Gecko; compatible; GPTBot/1.2; +https://openai.com/gptbot)"
20.171.207.171 - - [28/Sep/2025:09:57:02 -0600] "GET /egg219?filesrc=//proc/net/raw&path=//proc/net HTTP/1.1" 404 44003 "-" "Mozilla/5.0 AppleWebKit/537.36 (KHTML, like Gecko; compatible; GPTBot/1.2; +https://openai.com/gptbot)"
20.171.207.171 - - [28/Sep/2025:09:57:07 -0600] "GET /egg219?filesrc=//proc/net/softnet_stat&path=//proc/net HTTP/1.1" 404 44128 "-" "Mozilla/5.0 AppleWebKit/537.36 (KHTML, like Gecko; compatible; GPTBot/1.2; +https://openai.com/gptbot)"
20.171.207.171 - - [28/Sep/2025:09:57:14 -0600] "GET /egg219?filesrc=//proc/net/unix&path=//proc/net HTTP/1.1" 200 64030 "-" "Mozilla/5.0 AppleWebKit/537.36 (KHTML, like Gecko; compatible; GPTBot/1.2; +https://openai.com/gptbot)"
20.171.207.171 - - [28/Sep/2025:09:57:18 -0600] "GET /egg219?filesrc=//proc/net/udp6&path=//proc/net HTTP/1.1" 200 44553 "-" "Mozilla/5.0 AppleWebKit/537.36 (KHTML, like Gecko; compatible; GPTBot/1.2; +https://openai.com/gptbot)"
20.171.207.171 - - [28/Sep/2025:09:57:22 -0600] "GET /egg219?filesrc=//proc/net/sockstat&path=//proc/net HTTP/1.1" 200 44024 "-" "Mozilla/5.0 AppleWebKit/537.36 (KHTML, like Gecko; compatible; GPTBot/1.2; +https://openai.com/gptbot)"
20.171.207.171 - - [28/Sep/2025:09:57:26 -0600] "GET /egg219?filesrc=//proc/net/mcfilter&path=//proc/net HTTP/1.1" 404 43937 "-" "Mozilla/5.0 AppleWebKit/537.36 (KHTML, like Gecko; compatible; GPTBot/1.2; +https://openai.com/gptbot)"
20.171.207.171 - - [28/Sep/2025:09:57:29 -0600] "GET /egg219?filesrc=//proc/net/tcp&path=//proc/net HTTP/1.1" 404 54238 "-" "Mozilla/5.0 AppleWebKit/537.36 (KHTML, like Gecko; compatible; GPTBot/1.2; +https://openai.com/gptbot)"
20.171.207.171 - - [28/Sep/2025:09:57:32 -0600] "GET /egg219?filesrc=//proc/net/icmp6&path=//proc/net HTTP/1.1" 404 44053 "-" "Mozilla/5.0 AppleWebKit/537.36 (KHTML, like Gecko; compatible; GPTBot/1.2; +https://openai.com/gptbot)"
20.171.207.171 - - [28/Sep/2025:09:57:35 -0600] "GET /egg219?filesrc=//proc/net/route&path=//proc/net HTTP/1.1" 200 44399 "-" "Mozilla/5.0 AppleWebKit/537.36 (KHTML, like Gecko; compatible; GPTBot/1.2; +https://openai.com/gptbot)"
20.171.207.171 - - [28/Sep/2025:09:57:38 -0600] "GET /egg219?filesrc=//proc/net/ptype&path=//proc/net HTTP/1.1" 404 44005 "-" "Mozilla/5.0 AppleWebKit/537.36 (KHTML, like Gecko; compatible; GPTBot/1.2; +https://openai.com/gptbot)"
20.171.207.171 - - [28/Sep/2025:09:57:42 -0600] "GET /egg219?filesrc=//proc/net/snmp6&path=//proc/net HTTP/1.1" 200 46983 "-" "Mozilla/5.0 AppleWebKit/537.36 (KHTML, like Gecko; compatible; GPTBot/1.2; +https://openai.com/gptbot)"
20.171.207.171 - - [28/Sep/2025:09:57:47 -0600] "GET /egg219?filesrc=//proc/net/igmp6&path=//proc/net HTTP/1.1" 404 44242 "-" "Mozilla/5.0 AppleWebKit/537.36 (KHTML, like Gecko; compatible; GPTBot/1.2; +https://openai.com/gptbot)"
20.171.207.171 - - [28/Sep/2025:09:57:50 -0600] "GET /egg219?filesrc=//proc/net/fib_triestat&path=//proc/net HTTP/1.1" 200 44606 "-" "Mozilla/5.0 AppleWebKit/537.36 (KHTML, like Gecko; compatible; GPTBot/1.2; +https://openai.com/gptbot)"
20.171.207.171 - - [28/Sep/2025:09:57:55 -0600] "GET /egg219?filesrc=//proc/net/psched&path=//proc/net HTTP/1.1" 404 43924 "-" "Mozilla/5.0 AppleWebKit/537.36 (KHTML, like Gecko; compatible; GPTBot/1.2; +https://openai.com/gptbot)"
20.171.207.171 - - [28/Sep/2025:09:57:57 -0600] "GET /egg219?filesrc=//proc/net/packet&path=//proc/net HTTP/1.1" 404 44011 "-" "Mozilla/5.0 AppleWebKit/537.36 (KHTML, like Gecko; compatible; GPTBot/1.2; +https://openai.com/gptbot)"
173.208.176.202 - - [28/Sep/2025:09:56:31 -0600] "GET /wp-content/install.php?id=685427 HTTP/1.1" 200 - "-" "GuzzleHttp/7"
20.171.207.171 - - [28/Sep/2025:09:58:01 -0600] "GET /egg219?filesrc=//proc/net/rt_cache&path=//proc/net HTTP/1.1" 200 44018 "-" "Mozilla/5.0 AppleWebKit/537.36 (KHTML, like Gecko; compatible; GPTBot/1.2; +https://openai.com/gptbot)"
20.171.207.171 - - [28/Sep/2025:09:58:04 -0600] "GET /egg219?filesrc=//proc/net/rt_acct&path=//proc/net HTTP/1.1" 200 47985 "-" "Mozilla/5.0 AppleWebKit/537.36 (KHTML, like Gecko; compatible; GPTBot/1.2; +https://openai.com/gptbot)"
20.171.207.171 - - [28/Sep/2025:09:58:08 -0600] "GET /egg219?filesrc=//proc/net/if_inet6&path=//proc/net HTTP/1.1" 200 43998 "-" "Mozilla/5.0 AppleWebKit/537.36 (KHTML, like Gecko; compatible; GPTBot/1.2; +https://openai.com/gptbot)"
20.171.207.171 - - [28/Sep/2025:09:58:12 -0600] "GET /egg219?filesrc=//proc/net/rt6_stats&path=//proc/net HTTP/1.1" 404 43926 "-" "Mozilla/5.0 AppleWebKit/537.36 (KHTML, like Gecko; compatible; GPTBot/1.2; +https://openai.com/gptbot)"
20.171.207.171 - - [28/Sep/2025:09:58:15 -0600] "GET /egg219?filesrc=//proc/net/mcfilter6&path=//proc/net HTTP/1.1" 200 43982 "-" "Mozilla/5.0 AppleWebKit/537.36 (KHTML, like Gecko; compatible; GPTBot/1.2; +https://openai.com/gptbot)"
20.171.207.171 - - [28/Sep/2025:09:58:19 -0600] "GET /egg219?filesrc=//proc/net/sockstat6&path=//proc/net HTTP/1.1" 404 43976 "-" "Mozilla/5.0 AppleWebKit/537.36 (KHTML, like Gecko; compatible; GPTBot/1.2; +https://openai.com/gptbot)"
20.171.207.171 - - [28/Sep/2025:09:58:22 -0600] "GET /egg219?filesrc=//proc/net/xfrm_stat&path=//proc/net HTTP/1.1" 200 44647 "-" "Mozilla/5.0 AppleWebKit/537.36 (KHTML, like Gecko; compatible; GPTBot/1.2; +https://openai.com/gptbot)"
20.171.207.171 - - [28/Sep/2025:09:58:24 -0600] "GET /egg219?filesrc=//proc/net/ipv6_route&path=//proc/net HTTP/1.1" 200 46292 "-" "Mozilla/5.0 AppleWebKit/537.36 (KHTML, like Gecko; compatible; GPTBot/1.2; +https://openai.com/gptbot)"
20.171.207.171 - - [28/Sep/2025:09:58:29 -0600] "GET /egg219?filesrc=//proc/net/ip_mr_vif&path=//proc/net HTTP/1.1" 200 43962 "-" "Mozilla/5.0 AppleWebKit/537.36 (KHTML, like Gecko; compatible; GPTBot/1.2; +https://openai.com/gptbot)"
20.171.207.171 - - [28/Sep/2025:09:58:32 -0600] "GET /egg219?filesrc=//proc/net/netlink&path=//proc/net HTTP/1.1" 200 46095 "-" "Mozilla/5.0 AppleWebKit/537.36 (KHTML, like Gecko; compatible; GPTBot/1.2; +https://openai.com/gptbot)"
20.171.207.171 - - [28/Sep/2025:09:58:37 -0600] "GET /egg219?filesrc=//proc/net/anycast6&path=//proc/net HTTP/1.1" 200 43890 "-" "Mozilla/5.0 AppleWebKit/537.36 (KHTML, like Gecko; compatible; GPTBot/1.2; +https://openai.com/gptbot)"
20.171.207.171 - - [28/Sep/2025:09:58:40 -0600] "GET /egg219?filesrc=//proc/net/udplite6&path=//proc/net HTTP/1.1" 404 44056 "-" "Mozilla/5.0 AppleWebKit/537.36 (KHTML, like Gecko; compatible; GPTBot/1.2; +https://openai.com/gptbot)"
20.171.207.171 - - [28/Sep/2025:09:58:43 -0600] "GET /for110?path=/home HTTP/1.1" 404 44183 "-" "Mozilla/5.0 AppleWebKit/537.36 (KHTML, like Gecko; compatible; GPTBot/1.2; +https://openai.com/gptbot)"
20.171.207.171 - - [28/Sep/2025:09:58:49 -0600] "GET /kit133?path=/home HTTP/1.1" 200 44183 "-" "Mozilla/5.0 AppleWebKit/537.36 (KHTML, like Gecko; compatible; GPTBot/1.2; +https://openai.com/gptbot)"
20.171.207.171 - - [28/Sep/2025:09:58:54 -0600] "GET /boy278?path=/home HTTP/1.1" 404 44183 "-" "Mozilla/5.0 AppleWebKit/537.36 (KHTML, like Gecko; compatible; GPTBot/1.2; +https://openai.com/gptbot)"
20.171.207.171 - - [28/Sep/2025:09:58:58 -0600] "GET /end103?path=/home HTTP/1.1" 200 44183 "-" "Mozilla/5.0 AppleWebKit/537.36 (KHTML, like Gecko; compatible; GPTBot/1.2; +https://openai.com/gptbot)"
20.171.207.171 - - [28/Sep/2025:09:59:03 -0600] "GET /lot107?path=/home HTTP/1.1" 200 44183 "-" "Mozilla/5.0 AppleWebKit/537.36 (KHTML, like Gecko; compatible; GPTBot/1.2; +https://openai.com/gptbot)"
20.171.207.171 - - [28/Sep/2025:09:59:07 -0600] "GET /end108?path=/home HTTP/1.1" 404 44183 "-" "Mozilla/5.0 AppleWebKit/537.36 (KHTML, like Gecko; compatible; GPTBot/1.2; +https://openai.com/gptbot)"
20.171.207.171 - - [28/Sep/2025:09:59:11 -0600] "GET /far113?path=/home HTTP/1.1" 200 44183 "-" "Mozilla/5.0 AppleWebKit/537.36 (KHTML, like Gecko; compatible; GPTBot/1.2; +https://openai.com/gptbot)"
20.171.207.171 - - [28/Sep/2025:09:59:14 -0600] "GET /hug263?path=/home HTTP/1.1" 404 44183 "-" "Mozilla/5.0 AppleWebKit/537.36 (KHTML, like Gecko; compatible; GPTBot/1.2; +https://openai.com/gptbot)"
20.171.207.171 - - [28/Sep/2025:09:59:17 -0600] "GET /get103?path=/home HTTP/1.1" 200 44183 "-" "Mozilla/5.0 AppleWebKit/537.36 (KHTML, like Gecko; compatible; GPTBot/1.2; +https://openai.com/gptbot)"
216.244.66.243 - - [28/Sep/2025:09:59:23 -0600] "GET /robots.txt HTTP/1.1" 200 343 "-" "Mozilla/5.0 (compatible; DotBot/1.2; +https://opensiteexplorer.org/dotbot; help@moz.com)"
20.171.207.171 - - [28/Sep/2025:09:59:21 -0600] "GET /but153?path=/home HTTP/1.1" 200 44183 "-" "Mozilla/5.0 AppleWebKit/537.36 (KHTML, like Gecko; compatible; GPTBot/1.2; +https://openai.com/gptbot)"
20.171.207.171 - - [28/Sep/2025:09:59:26 -0600] "GET /cue292?path=/home HTTP/1.1" 404 44183 "-" "Mozilla/5.0 AppleWebKit/537.36 (KHTML, like Gecko; compatible; GPTBot/1.2; +https://openai.com/gptbot)"
20.171.207.171 - - [28/Sep/2025:09:59:29 -0600] "GET /guy133?path=/home HTTP/1.1" 200 44183 "-" "Mozilla/5.0 AppleWebKit/537.36 (KHTML, like Gecko; compatible; GPTBot/1.2; +https://openai.com/gptbot)"
20.171.207.171 - - [28/Sep/2025:09:59:33 -0600] "GET /bow243?path=/home HTTP/1.1" 200 44183 "-" "Mozilla/5.0 AppleWebKit/537.36 (KHTML, like Gecko; compatible; GPTBot/1.2; +https://openai.com/gptbot)"
173.208.176.202 - - [28/Sep/2025:09:58:01 -0600] "GET /wp-content/install.php?id=685427 HTTP/1.1" 200 - "-" "GuzzleHttp/7"
20.171.207.171 - - [28/Sep/2025:09:59:36 -0600] "GET /far113?aksi=ransom&path=/home HTTP/1.1" 200 44183 "-" "Mozilla/5.0 AppleWebKit/537.36 (KHTML, like Gecko; compatible; GPTBot/1.2; +https://openai.com/gptbot)"
20.171.207.171 - - [28/Sep/2025:09:59:39 -0600] "GET /nut294?path=/home HTTP/1.1" 200 44183 "-" "Mozilla/5.0 AppleWebKit/537.36 (KHTML, like Gecko; compatible; GPTBot/1.2; +https://openai.com/gptbot)"
20.171.207.171 - - [28/Sep/2025:09:59:42 -0600] "GET /red161?path=/home HTTP/1.1" 404 44183 "-" "Mozilla/5.0 AppleWebKit/537.36 (KHTML, like Gecko; compatible; GPTBot/1.2; +https://openai.com/gptbot)"
20.171.207.171 - - [28/Sep/2025:09:59:46 -0600] "GET /cow197?path=/home HTTP/1.1" 200 44183 "-" "Mozilla/5.0 AppleWebKit/537.36 (KHTML, like Gecko; compatible; GPTBot/1.2; +https://openai.com/gptbot)"
20.171.207.171 - - [28/Sep/2025:09:59:52 -0600] "GET /let194?path=/home HTTP/1.1" 200 44183 "-" "Mozilla/5.0 AppleWebKit/537.36 (KHTML, like Gecko; compatible; GPTBot/1.2; +https://openai.com/gptbot)"
208.110.64.178 - - [28/Sep/2025:09:59:55 -0600] "GET /wp-content/install.php HTTP/1.1" 200 6 "http://4pie.com.mx/wp-content/install.php" "Mozilla/5.0 (Windows NT 10.0; Win64; x64) AppleWebKit/537.36 (KHTML, like Gecko) Chrome/58.0.3029.110 Safari/537.3"
20.171.207.171 - - [28/Sep/2025:09:59:56 -0600] "GET /off180?path=/home HTTP/1.1" 200 44183 "-" "Mozilla/5.0 AppleWebKit/537.36 (KHTML, like Gecko; compatible; GPTBot/1.2; +https://openai.com/gptbot)"
20.171.207.171 - - [28/Sep/2025:10:00:01 -0600] "GET /red134?path=/home HTTP/1.1" 200 44183 "-" "Mozilla/5.0 AppleWebKit/537.36 (KHTML, like Gecko; compatible; GPTBot/1.2; +https://openai.com/gptbot)"
20.171.207.171 - - [28/Sep/2025:10:00:24 -0600] "GET /our281?path=/home HTTP/1.1" 200 44183 "-" "Mozilla/5.0 AppleWebKit/537.36 (KHTML, like Gecko; compatible; GPTBot/1.2; +https://openai.com/gptbot)"
20.171.207.171 - - [28/Sep/2025:10:00:29 -0600] "GET /far265?path=/home HTTP/1.1" 200 44183 "-" "Mozilla/5.0 AppleWebKit/537.36 (KHTML, like Gecko; compatible; GPTBot/1.2; +https://openai.com/gptbot)"
20.171.207.171 - - [28/Sep/2025:10:00:35 -0600] "GET /cue147?path=/home HTTP/1.1" 404 44183 "-" "Mozilla/5.0 AppleWebKit/537.36 (KHTML, like Gecko; compatible; GPTBot/1.2; +https://openai.com/gptbot)"
20.171.207.171 - - [28/Sep/2025:10:00:42 -0600] "GET /66rmqp8267.html HTTP/1.1" 404 101413 "-" "Mozilla/5.0 AppleWebKit/537.36 (KHTML, like Gecko; compatible; GPTBot/1.2; +https://openai.com/gptbot)"
20.171.207.171 - - [28/Sep/2025:10:00:48 -0600] "GET /70ehvj1009.html HTTP/1.1" 404 71749 "-" "Mozilla/5.0 AppleWebKit/537.36 (KHTML, like Gecko; compatible; GPTBot/1.2; +https://openai.com/gptbot)"
142.171.127.176 - - [28/Sep/2025:10:00:51 -0600] "POST /wp-cron.php?doing_wp_cron=1759075251.4523620605468750000000 HTTP/1.1" 404 23749 "-" "WordPress/6.8; https://4pie.com.mx"
170.106.152.218 - - [28/Sep/2025:10:00:55 -0600] "GET /wp-content/themes/twentytwentythree/assets/fonts/dm-sans/DMSans-Bold-Italic.woff2 HTTP/1.1" 200 19200 "-" "Mozilla/5.0 (iPhone; CPU iPhone OS 13_2_3 like Mac OS X) AppleWebKit/605.1.15 (KHTML, like Gecko) Version/13.0.3 Mobile/15E148 Safari/604.1"
20.171.207.171 - - [28/Sep/2025:10:00:54 -0600] "GET /138fuza311.html HTTP/1.1" 200 101413 "-" "Mozilla/5.0 AppleWebKit/537.36 (KHTML, like Gecko; compatible; GPTBot/1.2; +https://openai.com/gptbot)"
20.171.207.171 - - [28/Sep/2025:10:00:57 -0600] "GET /275cnmz282.html HTTP/1.1" 200 101413 "-" "Mozilla/5.0 AppleWebKit/537.36 (KHTML, like Gecko; compatible; GPTBot/1.2; +https://openai.com/gptbot)"
20.171.207.171 - - [28/Sep/2025:10:00:59 -0600] "GET /67cyjz1166.html HTTP/1.1" 404 101413 "-" "Mozilla/5.0 AppleWebKit/537.36 (KHTML, like Gecko; compatible; GPTBot/1.2; +https://openai.com/gptbot)"
20.171.207.171 - - [28/Sep/2025:10:01:02 -0600] "GET /9rljn11816.html HTTP/1.1" 200 101413 "-" "Mozilla/5.0 AppleWebKit/537.36 (KHTML, like Gecko; compatible; GPTBot/1.2; +https://openai.com/gptbot)"
173.208.176.202 - - [28/Sep/2025:09:59:35 -0600] "GET /wp-content/install.php?id=685427 HTTP/1.1" 200 - "-" "GuzzleHttp/7"
20.171.207.171 - - [28/Sep/2025:10:01:06 -0600] "GET /82ohhl5349.html HTTP/1.1" 200 101413 "-" "Mozilla/5.0 AppleWebKit/537.36 (KHTML, like Gecko; compatible; GPTBot/1.2; +https://openai.com/gptbot)"
20.171.207.171 - - [28/Sep/2025:10:01:10 -0600] "GET /161kdaa158.html HTTP/1.1" 404 71749 "-" "Mozilla/5.0 AppleWebKit/537.36 (KHTML, like Gecko; compatible; GPTBot/1.2; +https://openai.com/gptbot)"
20.171.207.171 - - [28/Sep/2025:10:01:13 -0600] "GET /nor169?path=/home HTTP/1.1" 404 44183 "-" "Mozilla/5.0 AppleWebKit/537.36 (KHTML, like Gecko; compatible; GPTBot/1.2; +https://openai.com/gptbot)"
20.171.207.171 - - [28/Sep/2025:10:01:18 -0600] "GET /98mqma2469.html HTTP/1.1" 404 101413 "-" "Mozilla/5.0 AppleWebKit/537.36 (KHTML, like Gecko; compatible; GPTBot/1.2; +https://openai.com/gptbot)"
20.171.207.171 - - [28/Sep/2025:10:01:21 -0600] "GET /138fuza311.html?info HTTP/1.1" 404 44513 "-" "Mozilla/5.0 AppleWebKit/537.36 (KHTML, like Gecko; compatible; GPTBot/1.2; +https://openai.com/gptbot)"
20.171.207.171 - - [28/Sep/2025:10:01:25 -0600] "GET /275cnmz282.html?path=/ HTTP/1.1" 200 66420 "-" "Mozilla/5.0 AppleWebKit/537.36 (KHTML, like Gecko; compatible; GPTBot/1.2; +https://openai.com/gptbot)"
20.171.207.171 - - [28/Sep/2025:10:01:28 -0600] "GET /138fuza311.html?path=/ HTTP/1.1" 200 66420 "-" "Mozilla/5.0 AppleWebKit/537.36 (KHTML, like Gecko; compatible; GPTBot/1.2; +https://openai.com/gptbot)"
20.171.207.171 - - [28/Sep/2025:10:01:30 -0600] "GET /82ohhl5349.html?info HTTP/1.1" 200 44513 "-" "Mozilla/5.0 AppleWebKit/537.36 (KHTML, like Gecko; compatible; GPTBot/1.2; +https://openai.com/gptbot)"
20.171.207.171 - - [28/Sep/2025:10:01:33 -0600] "GET /82ohhl5349.html?path=/ HTTP/1.1" 404 66420 "-" "Mozilla/5.0 AppleWebKit/537.36 (KHTML, like Gecko; compatible; GPTBot/1.2; +https://openai.com/gptbot)"
20.171.207.171 - - [28/Sep/2025:10:01:36 -0600] "GET /28octe8485.html HTTP/1.1" 200 101412 "-" "Mozilla/5.0 AppleWebKit/537.36 (KHTML, like Gecko; compatible; GPTBot/1.2; +https://openai.com/gptbot)"
20.171.207.171 - - [28/Sep/2025:10:01:39 -0600] "GET /275cnmz282.html?info HTTP/1.1" 200 44513 "-" "Mozilla/5.0 AppleWebKit/537.36 (KHTML, like Gecko; compatible; GPTBot/1.2; +https://openai.com/gptbot)"
20.171.207.171 - - [28/Sep/2025:10:01:43 -0600] "GET /94cyvl1979.html HTTP/1.1" 404 71749 "-" "Mozilla/5.0 AppleWebKit/537.36 (KHTML, like Gecko; compatible; GPTBot/1.2; +https://openai.com/gptbot)"
20.171.207.171 - - [28/Sep/2025:10:01:47 -0600] "GET /4sbzl22827.html HTTP/1.1" 404 71749 "-" "Mozilla/5.0 AppleWebKit/537.36 (KHTML, like Gecko; compatible; GPTBot/1.2; +https://openai.com/gptbot)"
20.171.207.171 - - [28/Sep/2025:10:01:50 -0600] "GET /65gdih8626.html HTTP/1.1" 404 71749 "-" "Mozilla/5.0 AppleWebKit/537.36 (KHTML, like Gecko; compatible; GPTBot/1.2; +https://openai.com/gptbot)"
142.171.127.176 - - [28/Sep/2025:10:01:53 -0600] "POST /wp-cron.php?doing_wp_cron=1759075313.3615550994873046875000 HTTP/1.1" 404 23749 "-" "WordPress/6.8; https://4pie.com.mx"
20.171.207.171 - - [28/Sep/2025:10:01:57 -0600] "GET /138fuza311.html?path=//bin HTTP/1.1" 200 1293310 "-" "Mozilla/5.0 AppleWebKit/537.36 (KHTML, like Gecko; compatible; GPTBot/1.2; +https://openai.com/gptbot)"
20.171.207.171 - - [28/Sep/2025:10:02:00 -0600] "GET /9rljn11816.html?info HTTP/1.1" 200 44513 "-" "Mozilla/5.0 AppleWebKit/537.36 (KHTML, like Gecko; compatible; GPTBot/1.2; +https://openai.com/gptbot)"
20.171.207.171 - - [28/Sep/2025:10:02:04 -0600] "GET /28octe8485.html?info HTTP/1.1" 404 44513 "-" "Mozilla/5.0 AppleWebKit/537.36 (KHTML, like Gecko; compatible; GPTBot/1.2; +https://openai.com/gptbot)"
20.171.207.171 - - [28/Sep/2025:10:02:06 -0600] "GET /9rljn11816.html?path=/ HTTP/1.1" 200 66420 "-" "Mozilla/5.0 AppleWebKit/537.36 (KHTML, like Gecko; compatible; GPTBot/1.2; +https://openai.com/gptbot)"
20.171.207.171 - - [28/Sep/2025:10:02:09 -0600] "GET /wp-content/plugins/h5jiz7ib/public/js/cf7-customizer-public.js?ver=1.0.01759075302 HTTP/1.1" 200 2498 "-" "Mozilla/5.0 AppleWebKit/537.36 (KHTML, like Gecko; compatible; GPTBot/1.2; +https://openai.com/gptbot)"
20.171.207.171 - - [28/Sep/2025:10:02:10 -0600] "GET /28octe8485.html?path=/ HTTP/1.1" 404 66420 "-" "Mozilla/5.0 AppleWebKit/537.36 (KHTML, like Gecko; compatible; GPTBot/1.2; +https://openai.com/gptbot)"
20.171.207.171 - - [28/Sep/2025:10:02:13 -0600] "GET /42yghj9447.html HTTP/1.1" 200 101413 "-" "Mozilla/5.0 AppleWebKit/537.36 (KHTML, like Gecko; compatible; GPTBot/1.2; +https://openai.com/gptbot)"
204.12.208.18 - - [28/Sep/2025:10:02:16 -0600] "GET /?sitemapindex.xml HTTP/1.1" 200 113563 "http://4pie.com.mx/?sitemapindex.xml" "Mozilla/5.0 (Macintosh; Intel Mac OS X 10.7; rv:9.0.1) Gecko/20100101 Firefox/9.0.1"
20.171.207.171 - - [28/Sep/2025:10:02:17 -0600] "GET /2hbhr34177.html HTTP/1.1" 404 101413 "-" "Mozilla/5.0 AppleWebKit/537.36 (KHTML, like Gecko; compatible; GPTBot/1.2; +https://openai.com/gptbot)"
20.171.207.171 - - [28/Sep/2025:10:02:20 -0600] "GET /68excx6463.html HTTP/1.1" 200 101413 "-" "Mozilla/5.0 AppleWebKit/537.36 (KHTML, like Gecko; compatible; GPTBot/1.2; +https://openai.com/gptbot)"
20.171.207.171 - - [28/Sep/2025:10:02:23 -0600] "GET /28mqma2539.html HTTP/1.1" 200 101413 "-" "Mozilla/5.0 AppleWebKit/537.36 (KHTML, like Gecko; compatible; GPTBot/1.2; +https://openai.com/gptbot)"
20.171.207.171 - - [28/Sep/2025:10:02:27 -0600] "GET /egg219?path=//var HTTP/1.1" 404 67376 "-" "Mozilla/5.0 AppleWebKit/537.36 (KHTML, like Gecko; compatible; GPTBot/1.2; +https://openai.com/gptbot)"
20.171.207.171 - - [28/Sep/2025:10:02:31 -0600] "GET /81hhsa9344.html HTTP/1.1" 404 71749 "-" "Mozilla/5.0 AppleWebKit/537.36 (KHTML, like Gecko; compatible; GPTBot/1.2; +https://openai.com/gptbot)"
173.208.176.202 - - [28/Sep/2025:10:01:04 -0600] "GET /wp-content/install.php?id=685427 HTTP/1.1" 200 - "-" "GuzzleHttp/7"
20.171.207.171 - - [28/Sep/2025:10:02:34 -0600] "GET /1izjn41944.html HTTP/1.1" 200 101413 "-" "Mozilla/5.0 AppleWebKit/537.36 (KHTML, like Gecko; compatible; GPTBot/1.2; +https://openai.com/gptbot)"
20.171.207.171 - - [28/Sep/2025:10:02:37 -0600] "GET /7phre17790.html HTTP/1.1" 200 101413 "-" "Mozilla/5.0 AppleWebKit/537.36 (KHTML, like Gecko; compatible; GPTBot/1.2; +https://openai.com/gptbot)"
20.171.207.171 - - [28/Sep/2025:10:02:40 -0600] "GET /76qvcn6177.html HTTP/1.1" 404 101413 "-" "Mozilla/5.0 AppleWebKit/537.36 (KHTML, like Gecko; compatible; GPTBot/1.2; +https://openai.com/gptbot)"
20.171.207.171 - - [28/Sep/2025:10:02:42 -0600] "GET /42yghj9447.html?path=/ HTTP/1.1" 200 66420 "-" "Mozilla/5.0 AppleWebKit/537.36 (KHTML, like Gecko; compatible; GPTBot/1.2; +https://openai.com/gptbot)"
20.171.207.171 - - [28/Sep/2025:10:02:45 -0600] "GET /42yghj9447.html?info HTTP/1.1" 200 44513 "-" "Mozilla/5.0 AppleWebKit/537.36 (KHTML, like Gecko; compatible; GPTBot/1.2; +https://openai.com/gptbot)"
20.171.207.171 - - [28/Sep/2025:10:02:48 -0600] "GET /68excx6463.html?info HTTP/1.1" 404 44513 "-" "Mozilla/5.0 AppleWebKit/537.36 (KHTML, like Gecko; compatible; GPTBot/1.2; +https://openai.com/gptbot)"
216.244.66.243 - - [28/Sep/2025:10:02:51 -0600] "GET /index.php/2025/03/27/vkhod-vozmite-ofitsialnyy-zhurnal/ HTTP/1.1" 200 120281 "-" "Mozilla/5.0 (compatible; DotBot/1.2; +https://opensiteexplorer.org/dotbot; help@moz.com)"
20.171.207.171 - - [28/Sep/2025:10:02:51 -0600] "GET /138fuza311.html?filesrc=//bin/preconv&path=//bin HTTP/1.1" 404 43832 "-" "Mozilla/5.0 AppleWebKit/537.36 (KHTML, like Gecko; compatible; GPTBot/1.2; +https://openai.com/gptbot)"
20.171.207.171 - - [28/Sep/2025:10:02:55 -0600] "GET /138fuza311.html?filesrc=//bin/tcftest&path=//bin HTTP/1.1" 404 43832 "-" "Mozilla/5.0 AppleWebKit/537.36 (KHTML, like Gecko; compatible; GPTBot/1.2; +https://openai.com/gptbot)"
20.171.207.171 - - [28/Sep/2025:10:02:57 -0600] "GET /138fuza311.html?filesrc=//bin/shasum&path=//bin HTTP/1.1" 404 54496 "-" "Mozilla/5.0 AppleWebKit/537.36 (KHTML, like Gecko; compatible; GPTBot/1.2; +https://openai.com/gptbot)"
20.171.207.171 - - [28/Sep/2025:10:03:02 -0600] "GET /138fuza311.html?filesrc=//bin/tracer&path=//bin HTTP/1.1" 200 45019 "-" "Mozilla/5.0 AppleWebKit/537.36 (KHTML, like Gecko; compatible; GPTBot/1.2; +https://openai.com/gptbot)"
20.171.207.171 - - [28/Sep/2025:10:03:07 -0600] "GET /138fuza311.html?filesrc=//bin/systemd-delta&path=//bin HTTP/1.1" 404 43838 "-" "Mozilla/5.0 AppleWebKit/537.36 (KHTML, like Gecko; compatible; GPTBot/1.2; +https://openai.com/gptbot)"
20.171.207.171 - - [28/Sep/2025:10:03:10 -0600] "GET /138fuza311.html?filesrc=//bin/mysqldumpslow&path=//bin HTTP/1.1" 404 51945 "-" "Mozilla/5.0 AppleWebKit/537.36 (KHTML, like Gecko; compatible; GPTBot/1.2; +https://openai.com/gptbot)"
20.171.207.171 - - [28/Sep/2025:10:03:13 -0600] "GET /138fuza311.html?filesrc=//bin/net-snmp-create-v3-user&path=//bin HTTP/1.1" 404 47723 "-" "Mozilla/5.0 AppleWebKit/537.36 (KHTML, like Gecko; compatible; GPTBot/1.2; +https://openai.com/gptbot)"
20.171.207.171 - - [28/Sep/2025:10:03:17 -0600] "GET /28mqma2539.html?path=/ HTTP/1.1" 200 66420 "-" "Mozilla/5.0 AppleWebKit/537.36 (KHTML, like Gecko; compatible; GPTBot/1.2; +https://openai.com/gptbot)"
20.171.207.171 - - [28/Sep/2025:10:03:19 -0600] "GET /68excx6463.html?path=/ HTTP/1.1" 404 66420 "-" "Mozilla/5.0 AppleWebKit/537.36 (KHTML, like Gecko; compatible; GPTBot/1.2; +https://openai.com/gptbot)"
20.171.207.171 - - [28/Sep/2025:10:03:22 -0600] "GET /1izjn41944.html?path=/ HTTP/1.1" 404 63749 "-" "Mozilla/5.0 AppleWebKit/537.36 (KHTML, like Gecko; compatible; GPTBot/1.2; +https://openai.com/gptbot)"
20.171.207.171 - - [28/Sep/2025:10:03:25 -0600] "GET /28mqma2539.html?info HTTP/1.1" 200 44513 "-" "Mozilla/5.0 AppleWebKit/537.36 (KHTML, like Gecko; compatible; GPTBot/1.2; +https://openai.com/gptbot)"
20.171.207.171 - - [28/Sep/2025:10:03:29 -0600] "GET /4hihs35421.html HTTP/1.1" 200 101413 "-" "Mozilla/5.0 AppleWebKit/537.36 (KHTML, like Gecko; compatible; GPTBot/1.2; +https://openai.com/gptbot)"
20.171.207.171 - - [28/Sep/2025:10:03:34 -0600] "GET /1izjn41944.html?info HTTP/1.1" 200 44513 "-" "Mozilla/5.0 AppleWebKit/537.36 (KHTML, like Gecko; compatible; GPTBot/1.2; +https://openai.com/gptbot)"
20.171.207.171 - - [28/Sep/2025:10:03:37 -0600] "GET /7phre17790.html?path=/ HTTP/1.1" 404 63749 "-" "Mozilla/5.0 AppleWebKit/537.36 (KHTML, like Gecko; compatible; GPTBot/1.2; +https://openai.com/gptbot)"
20.171.207.171 - - [28/Sep/2025:10:03:40 -0600] "GET /6xjut18211.html HTTP/1.1" 404 79749 "-" "Mozilla/5.0 AppleWebKit/537.36 (KHTML, like Gecko; compatible; GPTBot/1.2; +https://openai.com/gptbot)"
20.171.207.171 - - [28/Sep/2025:10:03:42 -0600] "GET /6jgku22727.html HTTP/1.1" 200 - "-" "Mozilla/5.0 AppleWebKit/537.36 (KHTML, like Gecko; compatible; GPTBot/1.2; +https://openai.com/gptbot)"
20.171.207.171 - - [28/Sep/2025:10:03:44 -0600] "GET /1ffpu24232.html HTTP/1.1" 404 95749 "-" "Mozilla/5.0 AppleWebKit/537.36 (KHTML, like Gecko; compatible; GPTBot/1.2; +https://openai.com/gptbot)"
20.171.207.171 - - [28/Sep/2025:10:03:47 -0600] "GET /7phre17790.html?info HTTP/1.1" 200 44513 "-" "Mozilla/5.0 AppleWebKit/537.36 (KHTML, like Gecko; compatible; GPTBot/1.2; +https://openai.com/gptbot)"
20.171.207.171 - - [28/Sep/2025:10:03:54 -0600] "GET /142nnzn665.html HTTP/1.1" 404 101413 "-" "Mozilla/5.0 AppleWebKit/537.36 (KHTML, like Gecko; compatible; GPTBot/1.2; +https://openai.com/gptbot)"
142.171.127.176 - - [28/Sep/2025:10:03:55 -0600] "POST /wp-cron.php?doing_wp_cron=1759075435.6041250228881835937500 HTTP/1.1" 403 12398 "-" "WordPress/6.8; https://4pie.com.mx"
173.208.176.202 - - [28/Sep/2025:10:02:32 -0600] "GET /wp-content/install.php?id=685427 HTTP/1.1" 200 - "-" "GuzzleHttp/7"
20.171.207.171 - - [28/Sep/2025:10:03:58 -0600] "GET /4hihs35421.html?path=/home/tsgmexic/4pie.com.mx HTTP/1.1" 200 101386 "-" "Mozilla/5.0 AppleWebKit/537.36 (KHTML, like Gecko; compatible; GPTBot/1.2; +https://openai.com/gptbot)"
20.171.207.171 - - [28/Sep/2025:10:04:05 -0600] "GET /4hihs35421.html?info HTTP/1.1" 404 44513 "-" "Mozilla/5.0 AppleWebKit/537.36 (KHTML, like Gecko; compatible; GPTBot/1.2; +https://openai.com/gptbot)"
20.171.207.171 - - [28/Sep/2025:10:04:08 -0600] "GET /4hihs35421.html?path=/ HTTP/1.1" 404 63749 "-" "Mozilla/5.0 AppleWebKit/537.36 (KHTML, like Gecko; compatible; GPTBot/1.2; +https://openai.com/gptbot)"
20.171.207.171 - - [28/Sep/2025:10:04:12 -0600] "GET /6wojx22625.html HTTP/1.1" 404 101413 "-" "Mozilla/5.0 AppleWebKit/537.36 (KHTML, like Gecko; compatible; GPTBot/1.2; +https://openai.com/gptbot)"
20.171.207.171 - - [28/Sep/2025:10:04:15 -0600] "GET /107ciij774.html HTTP/1.1" 200 101413 "-" "Mozilla/5.0 AppleWebKit/537.36 (KHTML, like Gecko; compatible; GPTBot/1.2; +https://openai.com/gptbot)"
20.171.207.171 - - [28/Sep/2025:10:04:19 -0600] "GET /89nzvn8718.html HTTP/1.1" 404 71749 "-" "Mozilla/5.0 AppleWebKit/537.36 (KHTML, like Gecko; compatible; GPTBot/1.2; +https://openai.com/gptbot)"
20.171.207.171 - - [28/Sep/2025:10:04:23 -0600] "GET /6zixm23383.html HTTP/1.1" 200 101413 "-" "Mozilla/5.0 AppleWebKit/537.36 (KHTML, like Gecko; compatible; GPTBot/1.2; +https://openai.com/gptbot)"
20.171.207.171 - - [28/Sep/2025:10:04:26 -0600] "GET /89flog9196.html HTTP/1.1" 200 101413 "-" "Mozilla/5.0 AppleWebKit/537.36 (KHTML, like Gecko; compatible; GPTBot/1.2; +https://openai.com/gptbot)"
20.171.207.171 - - [28/Sep/2025:10:04:30 -0600] "GET /122uhvx287.html HTTP/1.1" 200 101413 "-" "Mozilla/5.0 AppleWebKit/537.36 (KHTML, like Gecko; compatible; GPTBot/1.2; +https://openai.com/gptbot)"
20.171.207.171 - - [28/Sep/2025:10:04:34 -0600] "GET /88diaq8775.html HTTP/1.1" 200 101412 "-" "Mozilla/5.0 AppleWebKit/537.36 (KHTML, like Gecko; compatible; GPTBot/1.2; +https://openai.com/gptbot)"
20.171.207.171 - - [28/Sep/2025:10:04:38 -0600] "GET /53tsvo5756.html HTTP/1.1" 200 101412 "-" "Mozilla/5.0 AppleWebKit/537.36 (KHTML, like Gecko; compatible; GPTBot/1.2; +https://openai.com/gptbot)"
20.171.207.171 - - [28/Sep/2025:10:04:42 -0600] "GET /87iztt3630.html HTTP/1.1" 200 101412 "-" "Mozilla/5.0 AppleWebKit/537.36 (KHTML, like Gecko; compatible; GPTBot/1.2; +https://openai.com/gptbot)"
20.171.207.171 - - [28/Sep/2025:10:04:45 -0600] "GET /117yzmd916.html HTTP/1.1" 404 101413 "-" "Mozilla/5.0 AppleWebKit/537.36 (KHTML, like Gecko; compatible; GPTBot/1.2; +https://openai.com/gptbot)"
20.171.207.171 - - [28/Sep/2025:10:04:50 -0600] "GET /89flog9196.html?info HTTP/1.1" 404 44513 "-" "Mozilla/5.0 AppleWebKit/537.36 (KHTML, like Gecko; compatible; GPTBot/1.2; +https://openai.com/gptbot)"
20.171.207.171 - - [28/Sep/2025:10:04:54 -0600] "GET /6zixm23383.html?info HTTP/1.1" 404 44513 "-" "Mozilla/5.0 AppleWebKit/537.36 (KHTML, like Gecko; compatible; GPTBot/1.2; +https://openai.com/gptbot)"
20.171.207.171 - - [28/Sep/2025:10:04:58 -0600] "GET /55bovh9754.html HTTP/1.1" 200 101413 "-" "Mozilla/5.0 AppleWebKit/537.36 (KHTML, like Gecko; compatible; GPTBot/1.2; +https://openai.com/gptbot)"
20.171.207.171 - - [28/Sep/2025:10:05:08 -0600] "GET /88diaq8775.html?filesrc=/home/tsgmexic/4pie.com.mx/dd09be08b8.php&path=/home/tsgmexic/4pie.com.mx HTTP/1.1" 200 66965 "-" "Mozilla/5.0 AppleWebKit/537.36 (KHTML, like Gecko; compatible; GPTBot/1.2; +https://openai.com/gptbot)"
20.171.207.171 - - [28/Sep/2025:10:05:14 -0600] "GET /88diaq8775.html?info HTTP/1.1" 200 44513 "-" "Mozilla/5.0 AppleWebKit/537.36 (KHTML, like Gecko; compatible; GPTBot/1.2; +https://openai.com/gptbot)"
20.171.207.171 - - [28/Sep/2025:10:05:19 -0600] "GET /wp-content/plugins/h5jiz7ib/public/js/cf7-customizer-public.js?ver=1.0.01759075484 HTTP/1.1" 200 2498 "-" "Mozilla/5.0 AppleWebKit/537.36 (KHTML, like Gecko; compatible; GPTBot/1.2; +https://openai.com/gptbot)"
20.171.207.171 - - [28/Sep/2025:10:05:20 -0600] "GET /122uhvx287.html?info HTTP/1.1" 404 44513 "-" "Mozilla/5.0 AppleWebKit/537.36 (KHTML, like Gecko; compatible; GPTBot/1.2; +https://openai.com/gptbot)"
20.171.207.171 - - [28/Sep/2025:10:05:24 -0600] "GET /53tsvo5756.html?info HTTP/1.1" 404 44513 "-" "Mozilla/5.0 AppleWebKit/537.36 (KHTML, like Gecko; compatible; GPTBot/1.2; +https://openai.com/gptbot)"
173.208.176.202 - - [28/Sep/2025:10:03:59 -0600] "GET /wp-content/install.php?id=685427 HTTP/1.1" 200 - "-" "GuzzleHttp/7"
20.171.207.171 - - [28/Sep/2025:10:05:29 -0600] "GET /107ciij774.html?info HTTP/1.1" 200 44513 "-" "Mozilla/5.0 AppleWebKit/537.36 (KHTML, like Gecko; compatible; GPTBot/1.2; +https://openai.com/gptbot)"
20.171.207.171 - - [28/Sep/2025:10:05:31 -0600] "GET /87iztt3630.html?info HTTP/1.1" 200 44513 "-" "Mozilla/5.0 AppleWebKit/537.36 (KHTML, like Gecko; compatible; GPTBot/1.2; +https://openai.com/gptbot)"
20.171.207.171 - - [28/Sep/2025:10:05:36 -0600] "GET /55bovh9754.html?path=/ HTTP/1.1" 200 66420 "-" "Mozilla/5.0 AppleWebKit/537.36 (KHTML, like Gecko; compatible; GPTBot/1.2; +https://openai.com/gptbot)"
20.171.207.171 - - [28/Sep/2025:10:05:42 -0600] "GET /55bovh9754.html?info HTTP/1.1" 404 44513 "-" "Mozilla/5.0 AppleWebKit/537.36 (KHTML, like Gecko; compatible; GPTBot/1.2; +https://openai.com/gptbot)"
20.171.207.171 - - [28/Sep/2025:10:05:46 -0600] "GET /88diaq8775.html?path=/ HTTP/1.1" 200 66420 "-" "Mozilla/5.0 AppleWebKit/537.36 (KHTML, like Gecko; compatible; GPTBot/1.2; +https://openai.com/gptbot)"
20.171.207.171 - - [28/Sep/2025:10:05:51 -0600] "GET /53tsvo5756.html?path=/ HTTP/1.1" 404 66420 "-" "Mozilla/5.0 AppleWebKit/537.36 (KHTML, like Gecko; compatible; GPTBot/1.2; +https://openai.com/gptbot)"
20.171.207.171 - - [28/Sep/2025:10:05:54 -0600] "GET /107ciij774.html?path=/ HTTP/1.1" 200 66420 "-" "Mozilla/5.0 AppleWebKit/537.36 (KHTML, like Gecko; compatible; GPTBot/1.2; +https://openai.com/gptbot)"
20.171.207.171 - - [28/Sep/2025:10:05:57 -0600] "GET /122uhvx287.html?path=/ HTTP/1.1" 200 66420 "-" "Mozilla/5.0 AppleWebKit/537.36 (KHTML, like Gecko; compatible; GPTBot/1.2; +https://openai.com/gptbot)"
142.171.127.176 - - [28/Sep/2025:10:06:02 -0600] "POST /wp-cron.php?doing_wp_cron=1759075562.6775369644165039062500 HTTP/1.1" 404 71749 "-" "WordPress/6.8; https://4pie.com.mx"
20.171.207.171 - - [28/Sep/2025:10:06:05 -0600] "GET /89flog9196.html?path=/ HTTP/1.1" 200 66420 "-" "Mozilla/5.0 AppleWebKit/537.36 (KHTML, like Gecko; compatible; GPTBot/1.2; +https://openai.com/gptbot)"
20.171.207.171 - - [28/Sep/2025:10:06:10 -0600] "GET /87iztt3630.html?path=/ HTTP/1.1" 404 66420 "-" "Mozilla/5.0 AppleWebKit/537.36 (KHTML, like Gecko; compatible; GPTBot/1.2; +https://openai.com/gptbot)"
20.171.207.171 - - [28/Sep/2025:10:06:15 -0600] "GET /20zlel3545.html HTTP/1.1" 200 101413 "-" "Mozilla/5.0 AppleWebKit/537.36 (KHTML, like Gecko; compatible; GPTBot/1.2; +https://openai.com/gptbot)"
