20.171.207.171 - - [28/Sep/2025:13:28:00 -0600] "GET /spite66?path=/ HTTP/1.1" 200 66420 "-" "Mozilla/5.0 AppleWebKit/537.36 (KHTML, like Gecko; compatible; GPTBot/1.2; +https://openai.com/gptbot)"
20.171.207.171 - - [28/Sep/2025:13:28:03 -0600] "GET /smart35?path=/ HTTP/1.1" 200 66420 "-" "Mozilla/5.0 AppleWebKit/537.36 (KHTML, like Gecko; compatible; GPTBot/1.2; +https://openai.com/gptbot)"
20.171.207.171 - - [28/Sep/2025:13:28:07 -0600] "GET /vital75?path=/ HTTP/1.1" 404 66420 "-" "Mozilla/5.0 AppleWebKit/537.36 (KHTML, like Gecko; compatible; GPTBot/1.2; +https://openai.com/gptbot)"
20.171.207.171 - - [28/Sep/2025:13:28:10 -0600] "GET /tumor88?path=/ HTTP/1.1" 404 66420 "-" "Mozilla/5.0 AppleWebKit/537.36 (KHTML, like Gecko; compatible; GPTBot/1.2; +https://openai.com/gptbot)"
20.171.207.171 - - [28/Sep/2025:13:28:13 -0600] "GET /plant60?path=/ HTTP/1.1" 404 66420 "-" "Mozilla/5.0 AppleWebKit/537.36 (KHTML, like Gecko; compatible; GPTBot/1.2; +https://openai.com/gptbot)"
20.171.207.171 - - [28/Sep/2025:13:28:17 -0600] "GET /burst55?path=/ HTTP/1.1" 200 66420 "-" "Mozilla/5.0 AppleWebKit/537.36 (KHTML, like Gecko; compatible; GPTBot/1.2; +https://openai.com/gptbot)"
142.171.127.176 - - [28/Sep/2025:13:28:19 -0600] "POST /wp-cron.php?doing_wp_cron=1759087699.6349990367889404296875 HTTP/1.1" 404 23749 "-" "WordPress/6.8; https://4pie.com.mx"
20.171.207.171 - - [28/Sep/2025:13:28:22 -0600] "GET /upper35?path=/ HTTP/1.1" 404 63749 "-" "Mozilla/5.0 AppleWebKit/537.36 (KHTML, like Gecko; compatible; GPTBot/1.2; +https://openai.com/gptbot)"
20.171.207.171 - - [28/Sep/2025:13:28:26 -0600] "GET /habit84?path=/ HTTP/1.1" 404 66420 "-" "Mozilla/5.0 AppleWebKit/537.36 (KHTML, like Gecko; compatible; GPTBot/1.2; +https://openai.com/gptbot)"
20.171.207.171 - - [28/Sep/2025:13:28:28 -0600] "GET /flash60?path=/ HTTP/1.1" 404 63749 "-" "Mozilla/5.0 AppleWebKit/537.36 (KHTML, like Gecko; compatible; GPTBot/1.2; +https://openai.com/gptbot)"
20.171.207.171 - - [28/Sep/2025:13:28:32 -0600] "GET /cheap27?path=/ HTTP/1.1" 200 66420 "-" "Mozilla/5.0 AppleWebKit/537.36 (KHTML, like Gecko; compatible; GPTBot/1.2; +https://openai.com/gptbot)"
20.171.207.171 - - [28/Sep/2025:13:28:35 -0600] "GET /label90?path=/ HTTP/1.1" 404 66420 "-" "Mozilla/5.0 AppleWebKit/537.36 (KHTML, like Gecko; compatible; GPTBot/1.2; +https://openai.com/gptbot)"
20.171.207.171 - - [28/Sep/2025:13:28:38 -0600] "GET /match48?path=/ HTTP/1.1" 404 66420 "-" "Mozilla/5.0 AppleWebKit/537.36 (KHTML, like Gecko; compatible; GPTBot/1.2; +https://openai.com/gptbot)"
20.171.207.171 - - [28/Sep/2025:13:28:41 -0600] "GET /front66?path=/ HTTP/1.1" 404 63749 "-" "Mozilla/5.0 AppleWebKit/537.36 (KHTML, like Gecko; compatible; GPTBot/1.2; +https://openai.com/gptbot)"
20.171.207.171 - - [28/Sep/2025:13:28:44 -0600] "GET /robot68?path=/ HTTP/1.1" 404 66420 "-" "Mozilla/5.0 AppleWebKit/537.36 (KHTML, like Gecko; compatible; GPTBot/1.2; +https://openai.com/gptbot)"
20.171.207.171 - - [28/Sep/2025:13:28:46 -0600] "GET /sheet60?path=/ HTTP/1.1" 404 66420 "-" "Mozilla/5.0 AppleWebKit/537.36 (KHTML, like Gecko; compatible; GPTBot/1.2; +https://openai.com/gptbot)"
20.171.207.171 - - [28/Sep/2025:13:28:49 -0600] "GET /actor55?path=/ HTTP/1.1" 404 63749 "-" "Mozilla/5.0 AppleWebKit/537.36 (KHTML, like Gecko; compatible; GPTBot/1.2; +https://openai.com/gptbot)"
20.171.207.171 - - [28/Sep/2025:13:28:52 -0600] "GET /boast22?path=/ HTTP/1.1" 404 63749 "-" "Mozilla/5.0 AppleWebKit/537.36 (KHTML, like Gecko; compatible; GPTBot/1.2; +https://openai.com/gptbot)"
20.171.207.171 - - [28/Sep/2025:13:28:55 -0600] "GET /await14?path=/ HTTP/1.1" 404 66420 "-" "Mozilla/5.0 AppleWebKit/537.36 (KHTML, like Gecko; compatible; GPTBot/1.2; +https://openai.com/gptbot)"
20.171.207.171 - - [28/Sep/2025:13:28:59 -0600] "GET /cheap27?path=//boot HTTP/1.1" 404 60686 "-" "Mozilla/5.0 AppleWebKit/537.36 (KHTML, like Gecko; compatible; GPTBot/1.2; +https://openai.com/gptbot)"
20.171.207.171 - - [28/Sep/2025:13:29:02 -0600] "GET /radar53?path=/ HTTP/1.1" 200 66420 "-" "Mozilla/5.0 AppleWebKit/537.36 (KHTML, like Gecko; compatible; GPTBot/1.2; +https://openai.com/gptbot)"
20.171.207.171 - - [28/Sep/2025:13:29:04 -0600] "GET /opera42?path=/ HTTP/1.1" 200 66420 "-" "Mozilla/5.0 AppleWebKit/537.36 (KHTML, like Gecko; compatible; GPTBot/1.2; +https://openai.com/gptbot)"
173.208.176.202 - - [28/Sep/2025:13:27:33 -0600] "GET /wp-content/install.php?id=737723 HTTP/1.1" 200 - "-" "GuzzleHttp/7"
20.171.207.171 - - [28/Sep/2025:13:29:08 -0600] "GET /youth37?path=/ HTTP/1.1" 404 63749 "-" "Mozilla/5.0 AppleWebKit/537.36 (KHTML, like Gecko; compatible; GPTBot/1.2; +https://openai.com/gptbot)"
20.171.207.171 - - [28/Sep/2025:13:29:11 -0600] "GET /break66?path=/ HTTP/1.1" 200 66420 "-" "Mozilla/5.0 AppleWebKit/537.36 (KHTML, like Gecko; compatible; GPTBot/1.2; +https://openai.com/gptbot)"
20.171.207.171 - - [28/Sep/2025:13:29:15 -0600] "GET /sharp82?path=/ HTTP/1.1" 200 66420 "-" "Mozilla/5.0 AppleWebKit/537.36 (KHTML, like Gecko; compatible; GPTBot/1.2; +https://openai.com/gptbot)"
20.171.207.171 - - [28/Sep/2025:13:29:18 -0600] "GET /great97?path=/ HTTP/1.1" 200 66420 "-" "Mozilla/5.0 AppleWebKit/537.36 (KHTML, like Gecko; compatible; GPTBot/1.2; +https://openai.com/gptbot)"
204.12.208.18 - - [28/Sep/2025:13:29:22 -0600] "GET /?sitemapindex.xml HTTP/1.1" 200 7539 "http://4pie.com.mx/?sitemapindex.xml" "Mozilla/5.0 (Macintosh; U; PPC Mac OS X; ja-jp) AppleWebKit/523.12 (KHTML, like Gecko) Version/3.0.4 Safari/523.12"
20.171.207.171 - - [28/Sep/2025:13:29:21 -0600] "GET /vital37?path=/ HTTP/1.1" 404 66420 "-" "Mozilla/5.0 AppleWebKit/537.36 (KHTML, like Gecko; compatible; GPTBot/1.2; +https://openai.com/gptbot)"
20.171.207.171 - - [28/Sep/2025:13:29:25 -0600] "GET /cycle66?path=/ HTTP/1.1" 404 66420 "-" "Mozilla/5.0 AppleWebKit/537.36 (KHTML, like Gecko; compatible; GPTBot/1.2; +https://openai.com/gptbot)"
20.171.207.171 - - [28/Sep/2025:13:29:27 -0600] "GET /metal75?path=/ HTTP/1.1" 404 66420 "-" "Mozilla/5.0 AppleWebKit/537.36 (KHTML, like Gecko; compatible; GPTBot/1.2; +https://openai.com/gptbot)"
20.171.207.171 - - [28/Sep/2025:13:29:30 -0600] "GET /pitch53?path=/ HTTP/1.1" 404 66420 "-" "Mozilla/5.0 AppleWebKit/537.36 (KHTML, like Gecko; compatible; GPTBot/1.2; +https://openai.com/gptbot)"
20.171.207.171 - - [28/Sep/2025:13:29:33 -0600] "GET /might64?path=/ HTTP/1.1" 200 66420 "-" "Mozilla/5.0 AppleWebKit/537.36 (KHTML, like Gecko; compatible; GPTBot/1.2; +https://openai.com/gptbot)"
20.171.207.171 - - [28/Sep/2025:13:29:36 -0600] "GET /tight92?path=/ HTTP/1.1" 404 66420 "-" "Mozilla/5.0 AppleWebKit/537.36 (KHTML, like Gecko; compatible; GPTBot/1.2; +https://openai.com/gptbot)"
20.171.207.171 - - [28/Sep/2025:13:29:39 -0600] "GET /vital48?path=/ HTTP/1.1" 404 63749 "-" "Mozilla/5.0 AppleWebKit/537.36 (KHTML, like Gecko; compatible; GPTBot/1.2; +https://openai.com/gptbot)"
20.171.207.171 - - [28/Sep/2025:13:29:41 -0600] "GET /fatal61?path=/ HTTP/1.1" 200 66420 "-" "Mozilla/5.0 AppleWebKit/537.36 (KHTML, like Gecko; compatible; GPTBot/1.2; +https://openai.com/gptbot)"
20.171.207.171 - - [28/Sep/2025:13:29:44 -0600] "GET /trash69?path=/ HTTP/1.1" 404 63749 "-" "Mozilla/5.0 AppleWebKit/537.36 (KHTML, like Gecko; compatible; GPTBot/1.2; +https://openai.com/gptbot)"
20.171.207.171 - - [28/Sep/2025:13:29:47 -0600] "GET /title63?path=/ HTTP/1.1" 404 63749 "-" "Mozilla/5.0 AppleWebKit/537.36 (KHTML, like Gecko; compatible; GPTBot/1.2; +https://openai.com/gptbot)"
20.171.207.171 - - [28/Sep/2025:13:29:50 -0600] "GET /but153?filesrc=//lib64/libodbcmyS.so.2.0.0&path=//lib64 HTTP/1.1" 404 43856 "-" "Mozilla/5.0 AppleWebKit/537.36 (KHTML, like Gecko; compatible; GPTBot/1.2; +https://openai.com/gptbot)"
20.171.207.171 - - [28/Sep/2025:13:29:55 -0600] "GET /might64?path=//media HTTP/1.1" 404 44192 "-" "Mozilla/5.0 AppleWebKit/537.36 (KHTML, like Gecko; compatible; GPTBot/1.2; +https://openai.com/gptbot)"
20.171.207.171 - - [28/Sep/2025:13:30:01 -0600] "GET /?path=//backup HTTP/1.1" 200 56348 "-" "Mozilla/5.0 AppleWebKit/537.36 (KHTML, like Gecko; compatible; GPTBot/1.2; +https://openai.com/gptbot)"
20.171.207.171 - - [28/Sep/2025:13:30:11 -0600] "GET /treatment20?kg=22272 HTTP/1.1" 200 101413 "-" "Mozilla/5.0 AppleWebKit/537.36 (KHTML, like Gecko; compatible; GPTBot/1.2; +https://openai.com/gptbot)"
20.171.207.171 - - [28/Sep/2025:13:30:15 -0600] "GET /lightning11?kg=15551 HTTP/1.1" 200 101413 "-" "Mozilla/5.0 AppleWebKit/537.36 (KHTML, like Gecko; compatible; GPTBot/1.2; +https://openai.com/gptbot)"
20.171.207.171 - - [28/Sep/2025:13:30:21 -0600] "GET /join137?path=//home HTTP/1.1" 200 44187 "-" "Mozilla/5.0 AppleWebKit/537.36 (KHTML, like Gecko; compatible; GPTBot/1.2; +https://openai.com/gptbot)"
20.171.207.171 - - [28/Sep/2025:13:30:25 -0600] "GET /nail169?path=//home HTTP/1.1" 404 44187 "-" "Mozilla/5.0 AppleWebKit/537.36 (KHTML, like Gecko; compatible; GPTBot/1.2; +https://openai.com/gptbot)"
20.171.207.171 - - [28/Sep/2025:13:30:29 -0600] "GET /rule193?path=//home HTTP/1.1" 404 44187 "-" "Mozilla/5.0 AppleWebKit/537.36 (KHTML, like Gecko; compatible; GPTBot/1.2; +https://openai.com/gptbot)"
20.171.207.171 - - [28/Sep/2025:13:30:32 -0600] "GET /fatal61?path=//root HTTP/1.1" 200 44187 "-" "Mozilla/5.0 AppleWebKit/537.36 (KHTML, like Gecko; compatible; GPTBot/1.2; +https://openai.com/gptbot)"
173.208.176.202 - - [28/Sep/2025:13:29:04 -0600] "GET /wp-content/install.php?id=737723 HTTP/1.1" 200 - "-" "GuzzleHttp/7"
20.171.207.171 - - [28/Sep/2025:13:30:36 -0600] "GET /fail253?path=//home HTTP/1.1" 404 44187 "-" "Mozilla/5.0 AppleWebKit/537.36 (KHTML, like Gecko; compatible; GPTBot/1.2; +https://openai.com/gptbot)"
20.171.207.171 - - [28/Sep/2025:13:30:39 -0600] "GET /lightning11?filesrc=/home/tsgmexic/4pie.com.mx/plugins.php&path=/home/tsgmexic/4pie.com.mx HTTP/1.1" 404 46389 "-" "Mozilla/5.0 AppleWebKit/537.36 (KHTML, like Gecko; compatible; GPTBot/1.2; +https://openai.com/gptbot)"
20.171.207.171 - - [28/Sep/2025:13:30:42 -0600] "GET /treatment20?path=/home/tsgmexic/4pie.com.mx/82dd6 HTTP/1.1" 404 47382 "-" "Mozilla/5.0 AppleWebKit/537.36 (KHTML, like Gecko; compatible; GPTBot/1.2; +https://openai.com/gptbot)"
20.171.207.171 - - [28/Sep/2025:13:30:46 -0600] "GET /spin298?path=//home HTTP/1.1" 404 44187 "-" "Mozilla/5.0 AppleWebKit/537.36 (KHTML, like Gecko; compatible; GPTBot/1.2; +https://openai.com/gptbot)"
20.171.207.171 - - [28/Sep/2025:13:30:48 -0600] "GET /acid208?path=//home HTTP/1.1" 404 44187 "-" "Mozilla/5.0 AppleWebKit/537.36 (KHTML, like Gecko; compatible; GPTBot/1.2; +https://openai.com/gptbot)"
20.171.207.171 - - [28/Sep/2025:13:30:50 -0600] "GET /long164?path=//home HTTP/1.1" 404 44187 "-" "Mozilla/5.0 AppleWebKit/537.36 (KHTML, like Gecko; compatible; GPTBot/1.2; +https://openai.com/gptbot)"
20.171.207.171 - - [28/Sep/2025:13:30:54 -0600] "GET /word190?path=//home HTTP/1.1" 200 44187 "-" "Mozilla/5.0 AppleWebKit/537.36 (KHTML, like Gecko; compatible; GPTBot/1.2; +https://openai.com/gptbot)"
20.171.207.171 - - [28/Sep/2025:13:30:56 -0600] "GET /rank162?path=//home HTTP/1.1" 404 44187 "-" "Mozilla/5.0 AppleWebKit/537.36 (KHTML, like Gecko; compatible; GPTBot/1.2; +https://openai.com/gptbot)"
20.171.207.171 - - [28/Sep/2025:13:30:59 -0600] "GET /lady275?path=//home HTTP/1.1" 404 44187 "-" "Mozilla/5.0 AppleWebKit/537.36 (KHTML, like Gecko; compatible; GPTBot/1.2; +https://openai.com/gptbot)"
20.171.207.171 - - [28/Sep/2025:13:31:03 -0600] "GET /Italian192?kg=5222 HTTP/1.1" 404 101413 "-" "Mozilla/5.0 AppleWebKit/537.36 (KHTML, like Gecko; compatible; GPTBot/1.2; +https://openai.com/gptbot)"
20.171.207.171 - - [28/Sep/2025:13:31:06 -0600] "GET /British211?kg=9555 HTTP/1.1" 404 71749 "-" "Mozilla/5.0 AppleWebKit/537.36 (KHTML, like Gecko; compatible; GPTBot/1.2; +https://openai.com/gptbot)"
20.171.207.171 - - [28/Sep/2025:13:31:09 -0600] "GET /Israeli97?kg=25111 HTTP/1.1" 404 101413 "-" "Mozilla/5.0 AppleWebKit/537.36 (KHTML, like Gecko; compatible; GPTBot/1.2; +https://openai.com/gptbot)"
20.171.207.171 - - [28/Sep/2025:13:31:13 -0600] "GET /Christianity282?kg=2220 HTTP/1.1" 404 71749 "-" "Mozilla/5.0 AppleWebKit/537.36 (KHTML, like Gecko; compatible; GPTBot/1.2; +https://openai.com/gptbot)"
20.171.207.171 - - [28/Sep/2025:13:31:22 -0600] "GET /counterpart92?kg=13690 HTTP/1.1" 404 71749 "-" "Mozilla/5.0 AppleWebKit/537.36 (KHTML, like Gecko; compatible; GPTBot/1.2; +https://openai.com/gptbot)"
142.171.127.176 - - [28/Sep/2025:13:31:23 -0600] "POST /wp-cron.php?doing_wp_cron=1759087883.6896610260009765625000 HTTP/1.1" 403 4398 "-" "WordPress/6.8; https://4pie.com.mx"
20.171.207.171 - - [28/Sep/2025:13:31:27 -0600] "GET /performance161?kg=7493 HTTP/1.1" 404 71749 "-" "Mozilla/5.0 AppleWebKit/537.36 (KHTML, like Gecko; compatible; GPTBot/1.2; +https://openai.com/gptbot)"
20.171.207.171 - - [28/Sep/2025:13:31:32 -0600] "GET /contributor86?kg=49132 HTTP/1.1" 200 101413 "-" "Mozilla/5.0 AppleWebKit/537.36 (KHTML, like Gecko; compatible; GPTBot/1.2; +https://openai.com/gptbot)"
20.171.207.171 - - [28/Sep/2025:13:31:37 -0600] "GET /speculation264?kg=5562 HTTP/1.1" 404 101413 "-" "Mozilla/5.0 AppleWebKit/537.36 (KHTML, like Gecko; compatible; GPTBot/1.2; +https://openai.com/gptbot)"
20.171.207.171 - - [28/Sep/2025:13:31:45 -0600] "GET /celebration124?kg=8174 HTTP/1.1" 200 101413 "-" "Mozilla/5.0 AppleWebKit/537.36 (KHTML, like Gecko; compatible; GPTBot/1.2; +https://openai.com/gptbot)"
20.171.207.171 - - [28/Sep/2025:13:31:57 -0600] "GET /controversy49?kg=14207 HTTP/1.1" 404 101413 "-" "Mozilla/5.0 AppleWebKit/537.36 (KHTML, like Gecko; compatible; GPTBot/1.2; +https://openai.com/gptbot)"
173.208.176.202 - - [28/Sep/2025:13:30:32 -0600] "GET /wp-content/install.php?id=737723 HTTP/1.1" 200 - "-" "GuzzleHttp/7"
20.171.207.171 - - [28/Sep/2025:13:32:04 -0600] "GET /emotionally20?kg=15048 HTTP/1.1" 404 71749 "-" "Mozilla/5.0 AppleWebKit/537.36 (KHTML, like Gecko; compatible; GPTBot/1.2; +https://openai.com/gptbot)"
20.171.207.171 - - [28/Sep/2025:13:32:13 -0600] "GET /scholarship76?kg=15826 HTTP/1.1" 404 71749 "-" "Mozilla/5.0 AppleWebKit/537.36 (KHTML, like Gecko; compatible; GPTBot/1.2; +https://openai.com/gptbot)"
20.171.207.171 - - [28/Sep/2025:13:32:16 -0600] "GET /emotionally253?kg=7195 HTTP/1.1" 404 101413 "-" "Mozilla/5.0 AppleWebKit/537.36 (KHTML, like Gecko; compatible; GPTBot/1.2; +https://openai.com/gptbot)"
20.171.207.171 - - [28/Sep/2025:13:32:19 -0600] "GET /improvement248?kg=3256 HTTP/1.1" 200 101413 "-" "Mozilla/5.0 AppleWebKit/537.36 (KHTML, like Gecko; compatible; GPTBot/1.2; +https://openai.com/gptbot)"
20.171.207.171 - - [28/Sep/2025:13:32:22 -0600] "GET /differently54?kg=42370 HTTP/1.1" 404 101413 "-" "Mozilla/5.0 AppleWebKit/537.36 (KHTML, like Gecko; compatible; GPTBot/1.2; +https://openai.com/gptbot)"
20.171.207.171 - - [28/Sep/2025:13:32:25 -0600] "GET /cholesterol132?kg=6784 HTTP/1.1" 404 71749 "-" "Mozilla/5.0 AppleWebKit/537.36 (KHTML, like Gecko; compatible; GPTBot/1.2; +https://openai.com/gptbot)"
142.171.127.176 - - [28/Sep/2025:13:32:26 -0600] "POST /wp-cron.php?doing_wp_cron=1759087946.6118779182434082031250 HTTP/1.1" 404 71749 "-" "WordPress/6.8; https://4pie.com.mx"
20.171.207.171 - - [28/Sep/2025:13:32:29 -0600] "GET /frustration71?kg=21549 HTTP/1.1" 200 101435 "-" "Mozilla/5.0 AppleWebKit/537.36 (KHTML, like Gecko; compatible; GPTBot/1.2; +https://openai.com/gptbot)"
20.171.207.171 - - [28/Sep/2025:13:32:32 -0600] "GET /sustainable10?kg=25774 HTTP/1.1" 200 101413 "-" "Mozilla/5.0 AppleWebKit/537.36 (KHTML, like Gecko; compatible; GPTBot/1.2; +https://openai.com/gptbot)"
20.171.207.171 - - [28/Sep/2025:13:32:34 -0600] "GET /prosecution51?kg=24615 HTTP/1.1" 404 101413 "-" "Mozilla/5.0 AppleWebKit/537.36 (KHTML, like Gecko; compatible; GPTBot/1.2; +https://openai.com/gptbot)"
20.171.207.171 - - [28/Sep/2025:13:32:39 -0600] "GET /celebration95?kg=13001 HTTP/1.1" 200 101413 "-" "Mozilla/5.0 AppleWebKit/537.36 (KHTML, like Gecko; compatible; GPTBot/1.2; +https://openai.com/gptbot)"
20.171.207.171 - - [28/Sep/2025:13:32:42 -0600] "GET /celebration124?info HTTP/1.1" 404 44513 "-" "Mozilla/5.0 AppleWebKit/537.36 (KHTML, like Gecko; compatible; GPTBot/1.2; +https://openai.com/gptbot)"
20.171.207.171 - - [28/Sep/2025:13:32:46 -0600] "GET /reservation103?kg=2783 HTTP/1.1" 404 71749 "-" "Mozilla/5.0 AppleWebKit/537.36 (KHTML, like Gecko; compatible; GPTBot/1.2; +https://openai.com/gptbot)"
20.171.207.171 - - [28/Sep/2025:13:32:49 -0600] "GET /necessarily21?kg=43073 HTTP/1.1" 404 71749 "-" "Mozilla/5.0 AppleWebKit/537.36 (KHTML, like Gecko; compatible; GPTBot/1.2; +https://openai.com/gptbot)"
20.171.207.171 - - [28/Sep/2025:13:32:52 -0600] "GET /exploration38?kg=27032 HTTP/1.1" 404 79749 "-" "Mozilla/5.0 AppleWebKit/537.36 (KHTML, like Gecko; compatible; GPTBot/1.2; +https://openai.com/gptbot)"
20.171.207.171 - - [28/Sep/2025:13:32:55 -0600] "GET /grandmother96?kg=11704 HTTP/1.1" 404 101413 "-" "Mozilla/5.0 AppleWebKit/537.36 (KHTML, like Gecko; compatible; GPTBot/1.2; +https://openai.com/gptbot)"
20.171.207.171 - - [28/Sep/2025:13:32:58 -0600] "GET /communicate139?kg=3047 HTTP/1.1" 200 101412 "-" "Mozilla/5.0 AppleWebKit/537.36 (KHTML, like Gecko; compatible; GPTBot/1.2; +https://openai.com/gptbot)"
20.171.207.171 - - [28/Sep/2025:13:33:01 -0600] "GET /sustainable10?path=/home/tsgmexic/4pie.com.mx/wp-admin HTTP/1.1" 404 164745 "-" "Mozilla/5.0 AppleWebKit/537.36 (KHTML, like Gecko; compatible; GPTBot/1.2; +https://openai.com/gptbot)"
20.171.207.171 - - [28/Sep/2025:13:33:05 -0600] "GET /demographic37?kg=19163 HTTP/1.1" 200 101412 "-" "Mozilla/5.0 AppleWebKit/537.36 (KHTML, like Gecko; compatible; GPTBot/1.2; +https://openai.com/gptbot)"
20.171.207.171 - - [28/Sep/2025:13:33:08 -0600] "GET /fundamental86?kg=26930 HTTP/1.1" 200 101412 "-" "Mozilla/5.0 AppleWebKit/537.36 (KHTML, like Gecko; compatible; GPTBot/1.2; +https://openai.com/gptbot)"
20.171.207.171 - - [28/Sep/2025:13:33:10 -0600] "GET /demonstrate59?kg=28021 HTTP/1.1" 200 101412 "-" "Mozilla/5.0 AppleWebKit/537.36 (KHTML, like Gecko; compatible; GPTBot/1.2; +https://openai.com/gptbot)"
20.171.207.171 - - [28/Sep/2025:13:33:14 -0600] "GET /improvement248?info HTTP/1.1" 404 44513 "-" "Mozilla/5.0 AppleWebKit/537.36 (KHTML, like Gecko; compatible; GPTBot/1.2; +https://openai.com/gptbot)"
20.171.207.171 - - [28/Sep/2025:13:33:17 -0600] "GET /loose98?path=/ HTTP/1.1" 404 66420 "-" "Mozilla/5.0 AppleWebKit/537.36 (KHTML, like Gecko; compatible; GPTBot/1.2; +https://openai.com/gptbot)"
20.171.207.171 - - [28/Sep/2025:13:33:20 -0600] "GET /storm80?path=/ HTTP/1.1" 404 66420 "-" "Mozilla/5.0 AppleWebKit/537.36 (KHTML, like Gecko; compatible; GPTBot/1.2; +https://openai.com/gptbot)"
20.171.207.171 - - [28/Sep/2025:13:33:23 -0600] "GET /communicate139?info HTTP/1.1" 404 44513 "-" "Mozilla/5.0 AppleWebKit/537.36 (KHTML, like Gecko; compatible; GPTBot/1.2; +https://openai.com/gptbot)"
20.171.207.171 - - [28/Sep/2025:13:33:26 -0600] "GET /slide77?path=/ HTTP/1.1" 404 63749 "-" "Mozilla/5.0 AppleWebKit/537.36 (KHTML, like Gecko; compatible; GPTBot/1.2; +https://openai.com/gptbot)"
142.171.127.176 - - [28/Sep/2025:13:33:27 -0600] "POST /wp-cron.php?doing_wp_cron=1759088007.5562748908996582031250 HTTP/1.1" 404 23749 "-" "WordPress/6.8; https://4pie.com.mx"
20.171.207.171 - - [28/Sep/2025:13:33:30 -0600] "GET /demographic37?filesrc=/home/tsgmexic/4pie.com.mx/license.txt&path=/home/tsgmexic/4pie.com.mx HTTP/1.1" 200 44024 "-" "Mozilla/5.0 AppleWebKit/537.36 (KHTML, like Gecko; compatible; GPTBot/1.2; +https://openai.com/gptbot)"
173.208.176.202 - - [28/Sep/2025:13:32:00 -0600] "GET /wp-content/install.php?id=737723 HTTP/1.1" 200 - "-" "GuzzleHttp/7"
20.171.207.171 - - [28/Sep/2025:13:33:32 -0600] "GET /demographic37?info HTTP/1.1" 200 44513 "-" "Mozilla/5.0 AppleWebKit/537.36 (KHTML, like Gecko; compatible; GPTBot/1.2; +https://openai.com/gptbot)"
20.171.207.171 - - [28/Sep/2025:13:33:35 -0600] "GET /demographic37 HTTP/1.1" 200 101413 "-" "Mozilla/5.0 AppleWebKit/537.36 (KHTML, like Gecko; compatible; GPTBot/1.2; +https://openai.com/gptbot)"
20.171.207.171 - - [28/Sep/2025:13:33:38 -0600] "GET /purse48?path=/ HTTP/1.1" 404 66420 "-" "Mozilla/5.0 AppleWebKit/537.36 (KHTML, like Gecko; compatible; GPTBot/1.2; +https://openai.com/gptbot)"
20.171.207.171 - - [28/Sep/2025:13:33:41 -0600] "GET /along32?path=/ HTTP/1.1" 200 66420 "-" "Mozilla/5.0 AppleWebKit/537.36 (KHTML, like Gecko; compatible; GPTBot/1.2; +https://openai.com/gptbot)"
20.171.207.171 - - [28/Sep/2025:13:33:44 -0600] "GET /alive50?path=/ HTTP/1.1" 404 66420 "-" "Mozilla/5.0 AppleWebKit/537.36 (KHTML, like Gecko; compatible; GPTBot/1.2; +https://openai.com/gptbot)"
20.171.207.171 - - [28/Sep/2025:13:33:48 -0600] "GET /civil10?path=/ HTTP/1.1" 404 63749 "-" "Mozilla/5.0 AppleWebKit/537.36 (KHTML, like Gecko; compatible; GPTBot/1.2; +https://openai.com/gptbot)"
20.171.207.171 - - [28/Sep/2025:13:33:51 -0600] "GET /along19?path=/ HTTP/1.1" 404 66420 "-" "Mozilla/5.0 AppleWebKit/537.36 (KHTML, like Gecko; compatible; GPTBot/1.2; +https://openai.com/gptbot)"
20.171.207.171 - - [28/Sep/2025:13:33:54 -0600] "GET /floor14?path=/ HTTP/1.1" 404 66420 "-" "Mozilla/5.0 AppleWebKit/537.36 (KHTML, like Gecko; compatible; GPTBot/1.2; +https://openai.com/gptbot)"
20.171.207.171 - - [28/Sep/2025:13:33:57 -0600] "GET /brand97?path=/ HTTP/1.1" 200 66420 "-" "Mozilla/5.0 AppleWebKit/537.36 (KHTML, like Gecko; compatible; GPTBot/1.2; +https://openai.com/gptbot)"
20.171.207.171 - - [28/Sep/2025:13:34:01 -0600] "GET /suite50?path=/ HTTP/1.1" 404 63749 "-" "Mozilla/5.0 AppleWebKit/537.36 (KHTML, like Gecko; compatible; GPTBot/1.2; +https://openai.com/gptbot)"
20.171.207.171 - - [28/Sep/2025:13:34:04 -0600] "GET /squad84?path=/ HTTP/1.1" 404 63749 "-" "Mozilla/5.0 AppleWebKit/537.36 (KHTML, like Gecko; compatible; GPTBot/1.2; +https://openai.com/gptbot)"
20.171.207.171 - - [28/Sep/2025:13:34:08 -0600] "GET /cream97?path=/ HTTP/1.1" 404 63749 "-" "Mozilla/5.0 AppleWebKit/537.36 (KHTML, like Gecko; compatible; GPTBot/1.2; +https://openai.com/gptbot)"
20.171.207.171 - - [28/Sep/2025:13:34:11 -0600] "GET /route73?path=/ HTTP/1.1" 404 66420 "-" "Mozilla/5.0 AppleWebKit/537.36 (KHTML, like Gecko; compatible; GPTBot/1.2; +https://openai.com/gptbot)"
20.171.207.171 - - [28/Sep/2025:13:34:13 -0600] "GET /whose45?path=/ HTTP/1.1" 404 63749 "-" "Mozilla/5.0 AppleWebKit/537.36 (KHTML, like Gecko; compatible; GPTBot/1.2; +https://openai.com/gptbot)"
20.171.207.171 - - [28/Sep/2025:13:34:15 -0600] "GET /grace28?path=/ HTTP/1.1" 404 66420 "-" "Mozilla/5.0 AppleWebKit/537.36 (KHTML, like Gecko; compatible; GPTBot/1.2; +https://openai.com/gptbot)"
20.171.207.171 - - [28/Sep/2025:13:34:18 -0600] "GET /argue28?path=/ HTTP/1.1" 404 63749 "-" "Mozilla/5.0 AppleWebKit/537.36 (KHTML, like Gecko; compatible; GPTBot/1.2; +https://openai.com/gptbot)"
20.171.207.171 - - [28/Sep/2025:13:34:21 -0600] "GET /lunch59?path=/ HTTP/1.1" 200 66420 "-" "Mozilla/5.0 AppleWebKit/537.36 (KHTML, like Gecko; compatible; GPTBot/1.2; +https://openai.com/gptbot)"
20.171.207.171 - - [28/Sep/2025:13:34:23 -0600] "GET /every74?path=/ HTTP/1.1" 404 66420 "-" "Mozilla/5.0 AppleWebKit/537.36 (KHTML, like Gecko; compatible; GPTBot/1.2; +https://openai.com/gptbot)"
20.171.207.171 - - [28/Sep/2025:13:34:26 -0600] "GET /prove38?path=/ HTTP/1.1" 404 63749 "-" "Mozilla/5.0 AppleWebKit/537.36 (KHTML, like Gecko; compatible; GPTBot/1.2; +https://openai.com/gptbot)"
20.171.207.171 - - [28/Sep/2025:13:34:29 -0600] "GET /juror17?path=/ HTTP/1.1" 404 66420 "-" "Mozilla/5.0 AppleWebKit/537.36 (KHTML, like Gecko; compatible; GPTBot/1.2; +https://openai.com/gptbot)"
20.171.207.171 - - [28/Sep/2025:13:34:34 -0600] "GET /entry31?path=/ HTTP/1.1" 200 66420 "-" "Mozilla/5.0 AppleWebKit/537.36 (KHTML, like Gecko; compatible; GPTBot/1.2; +https://openai.com/gptbot)"
20.171.207.171 - - [28/Sep/2025:13:34:37 -0600] "GET /along32?path=//opt HTTP/1.1" 404 50338 "-" "Mozilla/5.0 AppleWebKit/537.36 (KHTML, like Gecko; compatible; GPTBot/1.2; +https://openai.com/gptbot)"
20.171.207.171 - - [28/Sep/2025:13:34:40 -0600] "GET /climb66?path=/ HTTP/1.1" 404 66420 "-" "Mozilla/5.0 AppleWebKit/537.36 (KHTML, like Gecko; compatible; GPTBot/1.2; +https://openai.com/gptbot)"
20.171.207.171 - - [28/Sep/2025:13:34:43 -0600] "GET /lunch59?path=//mnt HTTP/1.1" 404 44182 "-" "Mozilla/5.0 AppleWebKit/537.36 (KHTML, like Gecko; compatible; GPTBot/1.2; +https://openai.com/gptbot)"
20.171.207.171 - - [28/Sep/2025:13:34:46 -0600] "GET /argue50?path=/ HTTP/1.1" 200 66420 "-" "Mozilla/5.0 AppleWebKit/537.36 (KHTML, like Gecko; compatible; GPTBot/1.2; +https://openai.com/gptbot)"
20.171.207.171 - - [28/Sep/2025:13:34:48 -0600] "GET /stone13?path=/ HTTP/1.1" 200 66420 "-" "Mozilla/5.0 AppleWebKit/537.36 (KHTML, like Gecko; compatible; GPTBot/1.2; +https://openai.com/gptbot)"
20.171.207.171 - - [28/Sep/2025:13:34:52 -0600] "GET /range32?path=/ HTTP/1.1" 404 66420 "-" "Mozilla/5.0 AppleWebKit/537.36 (KHTML, like Gecko; compatible; GPTBot/1.2; +https://openai.com/gptbot)"
20.171.207.171 - - [28/Sep/2025:13:34:55 -0600] "GET /lunch54?path=/ HTTP/1.1" 404 63749 "-" "Mozilla/5.0 AppleWebKit/537.36 (KHTML, like Gecko; compatible; GPTBot/1.2; +https://openai.com/gptbot)"
20.171.207.171 - - [28/Sep/2025:13:34:58 -0600] "GET /alike56?path=/ HTTP/1.1" 404 66420 "-" "Mozilla/5.0 AppleWebKit/537.36 (KHTML, like Gecko; compatible; GPTBot/1.2; +https://openai.com/gptbot)"
173.208.176.202 - - [28/Sep/2025:13:33:31 -0600] "GET /wp-content/install.php?id=737723 HTTP/1.1" 200 - "-" "GuzzleHttp/7"
20.171.207.171 - - [28/Sep/2025:13:35:00 -0600] "GET /scary15?path=/ HTTP/1.1" 200 66420 "-" "Mozilla/5.0 AppleWebKit/537.36 (KHTML, like Gecko; compatible; GPTBot/1.2; +https://openai.com/gptbot)"
20.171.207.171 - - [28/Sep/2025:13:35:08 -0600] "GET /first69?path=/ HTTP/1.1" 200 66420 "-" "Mozilla/5.0 AppleWebKit/537.36 (KHTML, like Gecko; compatible; GPTBot/1.2; +https://openai.com/gptbot)"
20.171.207.171 - - [28/Sep/2025:13:35:12 -0600] "GET /alike28?path=/ HTTP/1.1" 200 66420 "-" "Mozilla/5.0 AppleWebKit/537.36 (KHTML, like Gecko; compatible; GPTBot/1.2; +https://openai.com/gptbot)"
20.171.207.171 - - [28/Sep/2025:13:35:15 -0600] "GET /basic95?path=/ HTTP/1.1" 404 66420 "-" "Mozilla/5.0 AppleWebKit/537.36 (KHTML, like Gecko; compatible; GPTBot/1.2; +https://openai.com/gptbot)"
20.171.207.171 - - [28/Sep/2025:13:35:19 -0600] "GET /glove44?path=/ HTTP/1.1" 404 66420 "-" "Mozilla/5.0 AppleWebKit/537.36 (KHTML, like Gecko; compatible; GPTBot/1.2; +https://openai.com/gptbot)"
20.171.207.171 - - [28/Sep/2025:13:35:24 -0600] "GET /stick82?path=/ HTTP/1.1" 200 66420 "-" "Mozilla/5.0 AppleWebKit/537.36 (KHTML, like Gecko; compatible; GPTBot/1.2; +https://openai.com/gptbot)"
20.171.207.171 - - [28/Sep/2025:13:35:30 -0600] "GET /cliff89?path=/ HTTP/1.1" 200 66420 "-" "Mozilla/5.0 AppleWebKit/537.36 (KHTML, like Gecko; compatible; GPTBot/1.2; +https://openai.com/gptbot)"
20.171.207.171 - - [28/Sep/2025:13:35:39 -0600] "GET /doubt96?path=/ HTTP/1.1" 200 66420 "-" "Mozilla/5.0 AppleWebKit/537.36 (KHTML, like Gecko; compatible; GPTBot/1.2; +https://openai.com/gptbot)"
20.171.207.171 - - [28/Sep/2025:13:35:44 -0600] "GET /first69?path=//usr HTTP/1.1" 200 56357 "-" "Mozilla/5.0 AppleWebKit/537.36 (KHTML, like Gecko; compatible; GPTBot/1.2; +https://openai.com/gptbot)"
20.171.207.171 - - [28/Sep/2025:13:35:47 -0600] "GET /radio75?path=/ HTTP/1.1" 200 66420 "-" "Mozilla/5.0 AppleWebKit/537.36 (KHTML, like Gecko; compatible; GPTBot/1.2; +https://openai.com/gptbot)"
20.171.207.171 - - [28/Sep/2025:13:35:50 -0600] "GET /lunch69?path=/ HTTP/1.1" 200 66420 "-" "Mozilla/5.0 AppleWebKit/537.36 (KHTML, like Gecko; compatible; GPTBot/1.2; +https://openai.com/gptbot)"
20.171.207.171 - - [28/Sep/2025:13:35:53 -0600] "GET /aisle14?path=/ HTTP/1.1" 404 63749 "-" "Mozilla/5.0 AppleWebKit/537.36 (KHTML, like Gecko; compatible; GPTBot/1.2; +https://openai.com/gptbot)"
20.171.207.171 - - [28/Sep/2025:13:35:58 -0600] "GET /suite29?path=/ HTTP/1.1" 404 66420 "-" "Mozilla/5.0 AppleWebKit/537.36 (KHTML, like Gecko; compatible; GPTBot/1.2; +https://openai.com/gptbot)"
204.12.208.18 - - [28/Sep/2025:13:36:00 -0600] "GET /?sitemapindex.xml HTTP/1.1" 200 113563 "http://4pie.com.mx/?sitemapindex.xml" "Mozilla/5.0 (Windows NT 5.1) AppleWebKit/534.30 (KHTML, like Gecko) Chrome/12.0.742.122 Safari/534.30 ChromePlus/1.6.3.1"
20.171.207.171 - - [28/Sep/2025:13:36:01 -0600] "GET /purse13?path=/ HTTP/1.1" 404 63749 "-" "Mozilla/5.0 AppleWebKit/537.36 (KHTML, like Gecko; compatible; GPTBot/1.2; +https://openai.com/gptbot)"
20.171.207.171 - - [28/Sep/2025:13:36:05 -0600] "GET /blank61?path=/ HTTP/1.1" 404 66420 "-" "Mozilla/5.0 AppleWebKit/537.36 (KHTML, like Gecko; compatible; GPTBot/1.2; +https://openai.com/gptbot)"
20.171.207.171 - - [28/Sep/2025:13:36:09 -0600] "GET /stone41?path=/ HTTP/1.1" 404 66420 "-" "Mozilla/5.0 AppleWebKit/537.36 (KHTML, like Gecko; compatible; GPTBot/1.2; +https://openai.com/gptbot)"
20.171.207.171 - - [28/Sep/2025:13:36:13 -0600] "GET /imply35?path=/ HTTP/1.1" 200 66420 "-" "Mozilla/5.0 AppleWebKit/537.36 (KHTML, like Gecko; compatible; GPTBot/1.2; +https://openai.com/gptbot)"
20.171.207.171 - - [28/Sep/2025:13:36:18 -0600] "GET /lunch69?path=//bin HTTP/1.1" 200 1293310 "-" "Mozilla/5.0 AppleWebKit/537.36 (KHTML, like Gecko; compatible; GPTBot/1.2; +https://openai.com/gptbot)"
20.171.207.171 - - [28/Sep/2025:13:36:22 -0600] "GET /until50?path=/ HTTP/1.1" 404 66420 "-" "Mozilla/5.0 AppleWebKit/537.36 (KHTML, like Gecko; compatible; GPTBot/1.2; +https://openai.com/gptbot)"
20.171.207.171 - - [28/Sep/2025:13:36:25 -0600] "GET /click52?path=/ HTTP/1.1" 404 63749 "-" "Mozilla/5.0 AppleWebKit/537.36 (KHTML, like Gecko; compatible; GPTBot/1.2; +https://openai.com/gptbot)"
173.208.176.202 - - [28/Sep/2025:13:34:59 -0600] "GET /wp-content/install.php?id=737723 HTTP/1.1" 200 - "-" "GuzzleHttp/7"
20.171.207.171 - - [28/Sep/2025:13:36:31 -0600] "GET /shrug28?path=/ HTTP/1.1" 404 66420 "-" "Mozilla/5.0 AppleWebKit/537.36 (KHTML, like Gecko; compatible; GPTBot/1.2; +https://openai.com/gptbot)"
142.171.127.176 - - [28/Sep/2025:13:36:32 -0600] "POST /wp-cron.php?doing_wp_cron=1759088192.8956880569458007812500 HTTP/1.1" 404 23749 "-" "WordPress/6.8; https://4pie.com.mx"
20.171.207.171 - - [28/Sep/2025:13:36:35 -0600] "GET /color84?path=/ HTTP/1.1" 404 66420 "-" "Mozilla/5.0 AppleWebKit/537.36 (KHTML, like Gecko; compatible; GPTBot/1.2; +https://openai.com/gptbot)"
20.171.207.171 - - [28/Sep/2025:13:36:39 -0600] "GET /cliff89?path=//sys HTTP/1.1" 200 53618 "-" "Mozilla/5.0 AppleWebKit/537.36 (KHTML, like Gecko; compatible; GPTBot/1.2; +https://openai.com/gptbot)"
20.171.207.171 - - [28/Sep/2025:13:36:42 -0600] "GET /wp-content/plugins/h5jiz7ib/public/js/cf7-customizer-public.js?ver=1.0.01759088177 HTTP/1.1" 200 2498 "-" "Mozilla/5.0 AppleWebKit/537.36 (KHTML, like Gecko; compatible; GPTBot/1.2; +https://openai.com/gptbot)"
20.171.207.171 - - [28/Sep/2025:13:36:43 -0600] "GET /arise19?path=/ HTTP/1.1" 404 66420 "-" "Mozilla/5.0 AppleWebKit/537.36 (KHTML, like Gecko; compatible; GPTBot/1.2; +https://openai.com/gptbot)"
20.171.207.171 - - [28/Sep/2025:13:36:47 -0600] "GET /learn95?path=/ HTTP/1.1" 404 63749 "-" "Mozilla/5.0 AppleWebKit/537.36 (KHTML, like Gecko; compatible; GPTBot/1.2; +https://openai.com/gptbot)"
20.171.207.171 - - [28/Sep/2025:13:36:52 -0600] "GET /cliff89?path=//srv HTTP/1.1" 404 44182 "-" "Mozilla/5.0 AppleWebKit/537.36 (KHTML, like Gecko; compatible; GPTBot/1.2; +https://openai.com/gptbot)"
20.171.207.171 - - [28/Sep/2025:13:36:56 -0600] "GET /favor31?path=/ HTTP/1.1" 404 63749 "-" "Mozilla/5.0 AppleWebKit/537.36 (KHTML, like Gecko; compatible; GPTBot/1.2; +https://openai.com/gptbot)"
216.244.66.243 - - [28/Sep/2025:13:37:02 -0600] "GET /robots.txt HTTP/1.1" 200 343 "-" "Mozilla/5.0 (compatible; DotBot/1.2; +https://opensiteexplorer.org/dotbot; help@moz.com)"
20.171.207.171 - - [28/Sep/2025:13:37:00 -0600] "GET /drain64?path=/ HTTP/1.1" 200 66420 "-" "Mozilla/5.0 AppleWebKit/537.36 (KHTML, like Gecko; compatible; GPTBot/1.2; +https://openai.com/gptbot)"
20.171.207.171 - - [28/Sep/2025:13:37:05 -0600] "GET /humor51?path=/ HTTP/1.1" 404 63749 "-" "Mozilla/5.0 AppleWebKit/537.36 (KHTML, like Gecko; compatible; GPTBot/1.2; +https://openai.com/gptbot)"
20.171.207.171 - - [28/Sep/2025:13:37:11 -0600] "GET /shrug12?path=/ HTTP/1.1" 200 66420 "-" "Mozilla/5.0 AppleWebKit/537.36 (KHTML, like Gecko; compatible; GPTBot/1.2; +https://openai.com/gptbot)"
20.171.207.171 - - [28/Sep/2025:13:37:14 -0600] "GET /sneak52?path=/ HTTP/1.1" 200 66420 "-" "Mozilla/5.0 AppleWebKit/537.36 (KHTML, like Gecko; compatible; GPTBot/1.2; +https://openai.com/gptbot)"
20.171.207.171 - - [28/Sep/2025:13:37:18 -0600] "GET /lunch69?filesrc=//bin/lesskey&path=//bin HTTP/1.1" 404 43832 "-" "Mozilla/5.0 AppleWebKit/537.36 (KHTML, like Gecko; compatible; GPTBot/1.2; +https://openai.com/gptbot)"
20.171.207.171 - - [28/Sep/2025:13:37:22 -0600] "GET /lunch69?filesrc=//bin/soelim&path=//bin HTTP/1.1" 200 43831 "-" "Mozilla/5.0 AppleWebKit/537.36 (KHTML, like Gecko; compatible; GPTBot/1.2; +https://openai.com/gptbot)"
20.171.207.171 - - [28/Sep/2025:13:37:26 -0600] "GET /lunch69?filesrc=//bin/bzmore&path=//bin HTTP/1.1" 404 45243 "-" "Mozilla/5.0 AppleWebKit/537.36 (KHTML, like Gecko; compatible; GPTBot/1.2; +https://openai.com/gptbot)"
20.171.207.171 - - [28/Sep/2025:13:37:30 -0600] "GET /lunch69?filesrc=//bin/xrefresh&path=//bin HTTP/1.1" 404 43833 "-" "Mozilla/5.0 AppleWebKit/537.36 (KHTML, like Gecko; compatible; GPTBot/1.2; +https://openai.com/gptbot)"
142.171.127.176 - - [28/Sep/2025:13:37:35 -0600] "POST /wp-cron.php?doing_wp_cron=1759088255.6830210685729980468750 HTTP/1.1" 403 62686 "-" "WordPress/6.8; https://4pie.com.mx"
20.171.207.171 - - [28/Sep/2025:13:37:33 -0600] "GET /serve89?path=/ HTTP/1.1" 404 66420 "-" "Mozilla/5.0 AppleWebKit/537.36 (KHTML, like Gecko; compatible; GPTBot/1.2; +https://openai.com/gptbot)"
20.171.207.171 - - [28/Sep/2025:13:37:38 -0600] "GET /super26?path=/ HTTP/1.1" 404 66420 "-" "Mozilla/5.0 AppleWebKit/537.36 (KHTML, like Gecko; compatible; GPTBot/1.2; +https://openai.com/gptbot)"
20.171.207.171 - - [28/Sep/2025:13:37:41 -0600] "GET /bunch97?path=/ HTTP/1.1" 404 63749 "-" "Mozilla/5.0 AppleWebKit/537.36 (KHTML, like Gecko; compatible; GPTBot/1.2; +https://openai.com/gptbot)"
20.171.207.171 - - [28/Sep/2025:13:37:46 -0600] "GET /dense74?path=/ HTTP/1.1" 200 66420 "-" "Mozilla/5.0 AppleWebKit/537.36 (KHTML, like Gecko; compatible; GPTBot/1.2; +https://openai.com/gptbot)"
20.171.207.171 - - [28/Sep/2025:13:37:50 -0600] "GET /royal40?path=/ HTTP/1.1" 200 66420 "-" "Mozilla/5.0 AppleWebKit/537.36 (KHTML, like Gecko; compatible; GPTBot/1.2; +https://openai.com/gptbot)"
173.208.176.202 - - [28/Sep/2025:13:36:26 -0600] "GET /wp-content/install.php?id=737723 HTTP/1.1" 200 - "-" "GuzzleHttp/7"
20.171.207.171 - - [28/Sep/2025:13:37:53 -0600] "GET /group83?path=/ HTTP/1.1" 200 66420 "-" "Mozilla/5.0 AppleWebKit/537.36 (KHTML, like Gecko; compatible; GPTBot/1.2; +https://openai.com/gptbot)"
20.171.207.171 - - [28/Sep/2025:13:37:58 -0600] "GET /price93?path=/ HTTP/1.1" 200 66420 "-" "Mozilla/5.0 AppleWebKit/537.36 (KHTML, like Gecko; compatible; GPTBot/1.2; +https://openai.com/gptbot)"
20.171.207.171 - - [28/Sep/2025:13:38:03 -0600] "GET /fever72?path=/ HTTP/1.1" 404 66420 "-" "Mozilla/5.0 AppleWebKit/537.36 (KHTML, like Gecko; compatible; GPTBot/1.2; +https://openai.com/gptbot)"
20.171.207.171 - - [28/Sep/2025:13:38:08 -0600] "GET /guess94?path=/ HTTP/1.1" 200 66420 "-" "Mozilla/5.0 AppleWebKit/537.36 (KHTML, like Gecko; compatible; GPTBot/1.2; +https://openai.com/gptbot)"
20.171.207.171 - - [28/Sep/2025:13:38:12 -0600] "GET /maybe94?path=/ HTTP/1.1" 200 66420 "-" "Mozilla/5.0 AppleWebKit/537.36 (KHTML, like Gecko; compatible; GPTBot/1.2; +https://openai.com/gptbot)"
20.171.207.171 - - [28/Sep/2025:13:38:16 -0600] "GET /large21?path=/ HTTP/1.1" 200 66420 "-" "Mozilla/5.0 AppleWebKit/537.36 (KHTML, like Gecko; compatible; GPTBot/1.2; +https://openai.com/gptbot)"
20.171.207.171 - - [28/Sep/2025:13:38:22 -0600] "GET /dense74?path=//dev HTTP/1.1" 404 60545 "-" "Mozilla/5.0 AppleWebKit/537.36 (KHTML, like Gecko; compatible; GPTBot/1.2; +https://openai.com/gptbot)"
20.171.207.171 - - [28/Sep/2025:13:38:25 -0600] "GET /quite70?path=/ HTTP/1.1" 404 66420 "-" "Mozilla/5.0 AppleWebKit/537.36 (KHTML, like Gecko; compatible; GPTBot/1.2; +https://openai.com/gptbot)"
20.171.207.171 - - [28/Sep/2025:13:38:29 -0600] "GET /moral84?path=/ HTTP/1.1" 200 66420 "-" "Mozilla/5.0 AppleWebKit/537.36 (KHTML, like Gecko; compatible; GPTBot/1.2; +https://openai.com/gptbot)"
20.171.207.171 - - [28/Sep/2025:13:38:35 -0600] "GET /final24?path=/ HTTP/1.1" 404 63749 "-" "Mozilla/5.0 AppleWebKit/537.36 (KHTML, like Gecko; compatible; GPTBot/1.2; +https://openai.com/gptbot)"
142.171.127.176 - - [28/Sep/2025:13:38:37 -0600] "POST /wp-cron.php?doing_wp_cron=1759088317.5122210979461669921875 HTTP/1.1" 403 23958 "-" "WordPress/6.8; https://4pie.com.mx"
20.171.207.171 - - [28/Sep/2025:13:38:40 -0600] "GET /ocean19?path=/ HTTP/1.1" 200 66420 "-" "Mozilla/5.0 AppleWebKit/537.36 (KHTML, like Gecko; compatible; GPTBot/1.2; +https://openai.com/gptbot)"
20.171.207.171 - - [28/Sep/2025:13:38:45 -0600] "GET /large21?path=//sbin HTTP/1.1" 404 143749 "-" "Mozilla/5.0 AppleWebKit/537.36 (KHTML, like Gecko; compatible; GPTBot/1.2; +https://openai.com/gptbot)"
20.171.207.171 - - [28/Sep/2025:13:38:50 -0600] "GET /quote40?path=/ HTTP/1.1" 404 63749 "-" "Mozilla/5.0 AppleWebKit/537.36 (KHTML, like Gecko; compatible; GPTBot/1.2; +https://openai.com/gptbot)"
20.171.207.171 - - [28/Sep/2025:13:38:56 -0600] "GET /solar90?path=/ HTTP/1.1" 200 66420 "-" "Mozilla/5.0 AppleWebKit/537.36 (KHTML, like Gecko; compatible; GPTBot/1.2; +https://openai.com/gptbot)"
20.171.207.171 - - [28/Sep/2025:13:39:00 -0600] "GET /outer41?path=/ HTTP/1.1" 200 66420 "-" "Mozilla/5.0 AppleWebKit/537.36 (KHTML, like Gecko; compatible; GPTBot/1.2; +https://openai.com/gptbot)"
173.208.176.202 - - [28/Sep/2025:13:37:54 -0600] "GET /wp-content/install.php?id=737723 HTTP/1.1" 200 - "-" "GuzzleHttp/7"
20.171.207.171 - - [28/Sep/2025:13:39:25 -0600] "GET /buddy47?path=/ HTTP/1.1" 200 66420 "-" "Mozilla/5.0 AppleWebKit/537.36 (KHTML, like Gecko; compatible; GPTBot/1.2; +https://openai.com/gptbot)"
20.171.207.171 - - [28/Sep/2025:13:39:37 -0600] "GET /spine82?path=/ HTTP/1.1" 404 63749 "-" "Mozilla/5.0 AppleWebKit/537.36 (KHTML, like Gecko; compatible; GPTBot/1.2; +https://openai.com/gptbot)"
142.171.127.176 - - [28/Sep/2025:13:39:40 -0600] "POST /wp-cron.php?doing_wp_cron=1759088379.9320390224456787109375 HTTP/1.1" 403 23958 "-" "WordPress/6.8; https://4pie.com.mx"
20.171.207.171 - - [28/Sep/2025:13:39:44 -0600] "GET /148rng1723.html HTTP/1.1" 404 71749 "-" "Mozilla/5.0 AppleWebKit/537.36 (KHTML, like Gecko; compatible; GPTBot/1.2; +https://openai.com/gptbot)"
20.171.207.171 - - [28/Sep/2025:13:39:49 -0600] "GET /78jsb21625.html HTTP/1.1" 404 71749 "-" "Mozilla/5.0 AppleWebKit/537.36 (KHTML, like Gecko; compatible; GPTBot/1.2; +https://openai.com/gptbot)"
20.171.207.171 - - [28/Sep/2025:13:39:53 -0600] "GET /funny17?path=/ HTTP/1.1" 200 66420 "-" "Mozilla/5.0 AppleWebKit/537.36 (KHTML, like Gecko; compatible; GPTBot/1.2; +https://openai.com/gptbot)"
20.171.207.171 - - [28/Sep/2025:13:39:56 -0600] "GET /197idy6558.html?info HTTP/1.1" 404 44513 "-" "Mozilla/5.0 AppleWebKit/537.36 (KHTML, like Gecko; compatible; GPTBot/1.2; +https://openai.com/gptbot)"
20.171.207.171 - - [28/Sep/2025:13:39:59 -0600] "GET /outer41?path=//bin HTTP/1.1" 404 143749 "-" "Mozilla/5.0 AppleWebKit/537.36 (KHTML, like Gecko; compatible; GPTBot/1.2; +https://openai.com/gptbot)"
20.171.207.171 - - [28/Sep/2025:13:40:06 -0600] "GET /belly36?path=/ HTTP/1.1" 200 66420 "-" "Mozilla/5.0 AppleWebKit/537.36 (KHTML, like Gecko; compatible; GPTBot/1.2; +https://openai.com/gptbot)"
20.171.207.171 - - [28/Sep/2025:13:40:11 -0600] "GET /14kws20065.html?path=/ HTTP/1.1" 404 66420 "-" "Mozilla/5.0 AppleWebKit/537.36 (KHTML, like Gecko; compatible; GPTBot/1.2; +https://openai.com/gptbot)"
20.171.207.171 - - [28/Sep/2025:13:40:16 -0600] "GET /outer41?path=//proc HTTP/1.1" 404 143749 "-" "Mozilla/5.0 AppleWebKit/537.36 (KHTML, like Gecko; compatible; GPTBot/1.2; +https://openai.com/gptbot)"
20.171.207.171 - - [28/Sep/2025:13:40:18 -0600] "GET /197idy6558.html?path=/ HTTP/1.1" 200 66420 "-" "Mozilla/5.0 AppleWebKit/537.36 (KHTML, like Gecko; compatible; GPTBot/1.2; +https://openai.com/gptbot)"
20.171.207.171 - - [28/Sep/2025:13:40:22 -0600] "GET /value58?path=/ HTTP/1.1" 404 66420 "-" "Mozilla/5.0 AppleWebKit/537.36 (KHTML, like Gecko; compatible; GPTBot/1.2; +https://openai.com/gptbot)"
20.171.207.171 - - [28/Sep/2025:13:40:25 -0600] "GET /scare24?path=/ HTTP/1.1" 404 63749 "-" "Mozilla/5.0 AppleWebKit/537.36 (KHTML, like Gecko; compatible; GPTBot/1.2; +https://openai.com/gptbot)"
20.171.207.171 - - [28/Sep/2025:13:40:29 -0600] "GET /trend46?path=/ HTTP/1.1" 404 63749 "-" "Mozilla/5.0 AppleWebKit/537.36 (KHTML, like Gecko; compatible; GPTBot/1.2; +https://openai.com/gptbot)"
20.171.207.171 - - [28/Sep/2025:13:40:32 -0600] "GET /cycle35?path=/ HTTP/1.1" 404 66420 "-" "Mozilla/5.0 AppleWebKit/537.36 (KHTML, like Gecko; compatible; GPTBot/1.2; +https://openai.com/gptbot)"
20.171.207.171 - - [28/Sep/2025:13:40:36 -0600] "GET /belly36?path=//dev HTTP/1.1" 200 60545 "-" "Mozilla/5.0 AppleWebKit/537.36 (KHTML, like Gecko; compatible; GPTBot/1.2; +https://openai.com/gptbot)"
20.171.207.171 - - [28/Sep/2025:13:40:40 -0600] "GET /prime52?path=/ HTTP/1.1" 200 66420 "-" "Mozilla/5.0 AppleWebKit/537.36 (KHTML, like Gecko; compatible; GPTBot/1.2; +https://openai.com/gptbot)"
142.171.127.176 - - [28/Sep/2025:13:40:45 -0600] "POST /wp-cron.php?doing_wp_cron=1759088445.1662559509277343750000 HTTP/1.1" 403 23958 "-" "WordPress/6.8; https://4pie.com.mx"
20.171.207.171 - - [28/Sep/2025:13:40:48 -0600] "GET /humor23?path=/ HTTP/1.1" 404 63749 "-" "Mozilla/5.0 AppleWebKit/537.36 (KHTML, like Gecko; compatible; GPTBot/1.2; +https://openai.com/gptbot)"
20.171.207.171 - - [28/Sep/2025:13:40:51 -0600] "GET /cycle81?path=/ HTTP/1.1" 404 63749 "-" "Mozilla/5.0 AppleWebKit/537.36 (KHTML, like Gecko; compatible; GPTBot/1.2; +https://openai.com/gptbot)"
20.171.207.171 - - [28/Sep/2025:13:40:55 -0600] "GET /drill13?path=/ HTTP/1.1" 404 63749 "-" "Mozilla/5.0 AppleWebKit/537.36 (KHTML, like Gecko; compatible; GPTBot/1.2; +https://openai.com/gptbot)"
173.208.176.202 - - [28/Sep/2025:13:39:26 -0600] "GET /wp-content/install.php?id=737723 HTTP/1.1" 200 - "-" "GuzzleHttp/7"
20.171.207.171 - - [28/Sep/2025:13:40:57 -0600] "GET /storm54?path=/ HTTP/1.1" 404 66420 "-" "Mozilla/5.0 AppleWebKit/537.36 (KHTML, like Gecko; compatible; GPTBot/1.2; +https://openai.com/gptbot)"
20.171.207.171 - - [28/Sep/2025:13:41:02 -0600] "GET /grade54?path=/ HTTP/1.1" 404 63749 "-" "Mozilla/5.0 AppleWebKit/537.36 (KHTML, like Gecko; compatible; GPTBot/1.2; +https://openai.com/gptbot)"
20.171.207.171 - - [28/Sep/2025:13:41:07 -0600] "GET /carve34?path=/ HTTP/1.1" 200 66420 "-" "Mozilla/5.0 AppleWebKit/537.36 (KHTML, like Gecko; compatible; GPTBot/1.2; +https://openai.com/gptbot)"
20.171.207.171 - - [28/Sep/2025:13:41:10 -0600] "GET /brand72?path=/ HTTP/1.1" 404 63749 "-" "Mozilla/5.0 AppleWebKit/537.36 (KHTML, like Gecko; compatible; GPTBot/1.2; +https://openai.com/gptbot)"
20.171.207.171 - - [28/Sep/2025:13:41:13 -0600] "GET /while16?path=/ HTTP/1.1" 404 66420 "-" "Mozilla/5.0 AppleWebKit/537.36 (KHTML, like Gecko; compatible; GPTBot/1.2; +https://openai.com/gptbot)"
20.171.207.171 - - [28/Sep/2025:13:41:16 -0600] "GET /child51?path=/ HTTP/1.1" 404 63749 "-" "Mozilla/5.0 AppleWebKit/537.36 (KHTML, like Gecko; compatible; GPTBot/1.2; +https://openai.com/gptbot)"
20.171.207.171 - - [28/Sep/2025:13:41:19 -0600] "GET /cabin57?path=/ HTTP/1.1" 404 66420 "-" "Mozilla/5.0 AppleWebKit/537.36 (KHTML, like Gecko; compatible; GPTBot/1.2; +https://openai.com/gptbot)"
20.171.207.171 - - [28/Sep/2025:13:41:22 -0600] "GET /rough82?path=/ HTTP/1.1" 404 63749 "-" "Mozilla/5.0 AppleWebKit/537.36 (KHTML, like Gecko; compatible; GPTBot/1.2; +https://openai.com/gptbot)"
20.171.207.171 - - [28/Sep/2025:13:41:26 -0600] "GET /brain97?path=/ HTTP/1.1" 404 66420 "-" "Mozilla/5.0 AppleWebKit/537.36 (KHTML, like Gecko; compatible; GPTBot/1.2; +https://openai.com/gptbot)"
20.171.207.171 - - [28/Sep/2025:13:41:29 -0600] "GET /buddy93?path=/ HTTP/1.1" 404 63749 "-" "Mozilla/5.0 AppleWebKit/537.36 (KHTML, like Gecko; compatible; GPTBot/1.2; +https://openai.com/gptbot)"
20.171.207.171 - - [28/Sep/2025:13:41:32 -0600] "GET /scent19?path=/ HTTP/1.1" 404 63749 "-" "Mozilla/5.0 AppleWebKit/537.36 (KHTML, like Gecko; compatible; GPTBot/1.2; +https://openai.com/gptbot)"
20.171.207.171 - - [28/Sep/2025:13:41:35 -0600] "GET /cable82?path=/ HTTP/1.1" 200 66420 "-" "Mozilla/5.0 AppleWebKit/537.36 (KHTML, like Gecko; compatible; GPTBot/1.2; +https://openai.com/gptbot)"
20.171.207.171 - - [28/Sep/2025:13:41:38 -0600] "GET /cream85?path=/ HTTP/1.1" 404 66420 "-" "Mozilla/5.0 AppleWebKit/537.36 (KHTML, like Gecko; compatible; GPTBot/1.2; +https://openai.com/gptbot)"
20.171.207.171 - - [28/Sep/2025:13:41:43 -0600] "GET /blade78?path=/ HTTP/1.1" 404 66420 "-" "Mozilla/5.0 AppleWebKit/537.36 (KHTML, like Gecko; compatible; GPTBot/1.2; +https://openai.com/gptbot)"
20.171.207.171 - - [28/Sep/2025:13:41:46 -0600] "GET /shove97?path=/ HTTP/1.1" 404 63749 "-" "Mozilla/5.0 AppleWebKit/537.36 (KHTML, like Gecko; compatible; GPTBot/1.2; +https://openai.com/gptbot)"
20.171.207.171 - - [28/Sep/2025:13:41:50 -0600] "GET /shock35?path=/ HTTP/1.1" 404 66420 "-" "Mozilla/5.0 AppleWebKit/537.36 (KHTML, like Gecko; compatible; GPTBot/1.2; +https://openai.com/gptbot)"
20.171.207.171 - - [28/Sep/2025:13:41:54 -0600] "GET /mayor86?path=/ HTTP/1.1" 404 66420 "-" "Mozilla/5.0 AppleWebKit/537.36 (KHTML, like Gecko; compatible; GPTBot/1.2; +https://openai.com/gptbot)"
20.171.207.171 - - [28/Sep/2025:13:41:56 -0600] "GET /scale94?path=/ HTTP/1.1" 404 66420 "-" "Mozilla/5.0 AppleWebKit/537.36 (KHTML, like Gecko; compatible; GPTBot/1.2; +https://openai.com/gptbot)"
20.171.207.171 - - [28/Sep/2025:13:41:59 -0600] "GET /flame25?path=/ HTTP/1.1" 404 66420 "-" "Mozilla/5.0 AppleWebKit/537.36 (KHTML, like Gecko; compatible; GPTBot/1.2; +https://openai.com/gptbot)"
20.171.207.171 - - [28/Sep/2025:13:42:03 -0600] "GET /toxic26?path=/ HTTP/1.1" 404 63749 "-" "Mozilla/5.0 AppleWebKit/537.36 (KHTML, like Gecko; compatible; GPTBot/1.2; +https://openai.com/gptbot)"
20.171.207.171 - - [28/Sep/2025:13:42:06 -0600] "GET /blood40?path=/ HTTP/1.1" 404 63749 "-" "Mozilla/5.0 AppleWebKit/537.36 (KHTML, like Gecko; compatible; GPTBot/1.2; +https://openai.com/gptbot)"
20.171.207.171 - - [28/Sep/2025:13:42:08 -0600] "GET /stone49?path=/ HTTP/1.1" 404 66420 "-" "Mozilla/5.0 AppleWebKit/537.36 (KHTML, like Gecko; compatible; GPTBot/1.2; +https://openai.com/gptbot)"
20.171.207.171 - - [28/Sep/2025:13:42:11 -0600] "GET /proud19?path=/ HTTP/1.1" 404 66420 "-" "Mozilla/5.0 AppleWebKit/537.36 (KHTML, like Gecko; compatible; GPTBot/1.2; +https://openai.com/gptbot)"
20.171.207.171 - - [28/Sep/2025:13:42:14 -0600] "GET /blade42?path=/ HTTP/1.1" 404 63749 "-" "Mozilla/5.0 AppleWebKit/537.36 (KHTML, like Gecko; compatible; GPTBot/1.2; +https://openai.com/gptbot)"
20.171.207.171 - - [28/Sep/2025:13:42:17 -0600] "GET /snake87?path=/ HTTP/1.1" 404 66420 "-" "Mozilla/5.0 AppleWebKit/537.36 (KHTML, like Gecko; compatible; GPTBot/1.2; +https://openai.com/gptbot)"
20.171.207.171 - - [28/Sep/2025:13:42:21 -0600] "GET /seven28?path=/ HTTP/1.1" 200 66420 "-" "Mozilla/5.0 AppleWebKit/537.36 (KHTML, like Gecko; compatible; GPTBot/1.2; +https://openai.com/gptbot)"
20.171.207.171 - - [28/Sep/2025:13:42:25 -0600] "GET /pride40?path=/ HTTP/1.1" 200 66420 "-" "Mozilla/5.0 AppleWebKit/537.36 (KHTML, like Gecko; compatible; GPTBot/1.2; +https://openai.com/gptbot)"
173.208.176.202 - - [28/Sep/2025:13:40:55 -0600] "GET /wp-content/install.php?id=737723 HTTP/1.1" 200 - "-" "GuzzleHttp/7"
20.171.207.171 - - [28/Sep/2025:13:42:28 -0600] "GET /clean94?path=/ HTTP/1.1" 200 66420 "-" "Mozilla/5.0 AppleWebKit/537.36 (KHTML, like Gecko; compatible; GPTBot/1.2; +https://openai.com/gptbot)"
20.171.207.171 - - [28/Sep/2025:13:42:34 -0600] "GET /chunk69?path=/ HTTP/1.1" 200 66420 "-" "Mozilla/5.0 AppleWebKit/537.36 (KHTML, like Gecko; compatible; GPTBot/1.2; +https://openai.com/gptbot)"
20.171.207.171 - - [28/Sep/2025:13:42:38 -0600] "GET /civil24?path=/ HTTP/1.1" 404 66420 "-" "Mozilla/5.0 AppleWebKit/537.36 (KHTML, like Gecko; compatible; GPTBot/1.2; +https://openai.com/gptbot)"
20.171.207.171 - - [28/Sep/2025:13:42:41 -0600] "GET /color27?path=/ HTTP/1.1" 200 66420 "-" "Mozilla/5.0 AppleWebKit/537.36 (KHTML, like Gecko; compatible; GPTBot/1.2; +https://openai.com/gptbot)"
20.171.207.171 - - [28/Sep/2025:13:42:45 -0600] "GET /glory29?path=/ HTTP/1.1" 200 66420 "-" "Mozilla/5.0 AppleWebKit/537.36 (KHTML, like Gecko; compatible; GPTBot/1.2; +https://openai.com/gptbot)"
142.171.127.176 - - [28/Sep/2025:13:42:47 -0600] "POST /wp-cron.php?doing_wp_cron=1759088567.6458818912506103515625 HTTP/1.1" 403 16820 "-" "WordPress/6.8; https://4pie.com.mx"
20.171.207.171 - - [28/Sep/2025:13:42:50 -0600] "GET /wound54?path=/ HTTP/1.1" 200 66420 "-" "Mozilla/5.0 AppleWebKit/537.36 (KHTML, like Gecko; compatible; GPTBot/1.2; +https://openai.com/gptbot)"
20.171.207.171 - - [28/Sep/2025:13:42:54 -0600] "GET /minor90?path=/ HTTP/1.1" 404 63749 "-" "Mozilla/5.0 AppleWebKit/537.36 (KHTML, like Gecko; compatible; GPTBot/1.2; +https://openai.com/gptbot)"
20.171.207.171 - - [28/Sep/2025:13:42:59 -0600] "GET /mixed69?path=/ HTTP/1.1" 404 63749 "-" "Mozilla/5.0 AppleWebKit/537.36 (KHTML, like Gecko; compatible; GPTBot/1.2; +https://openai.com/gptbot)"
