20.171.207.171 - - [28/Sep/2025:12:03:38 -0600] "GET /166kwi4037.html HTTP/1.1" 404 95749 "-" "Mozilla/5.0 AppleWebKit/537.36 (KHTML, like Gecko; compatible; GPTBot/1.2; +https://openai.com/gptbot)"
20.171.207.171 - - [28/Sep/2025:12:03:41 -0600] "GET /179mnk2354.html HTTP/1.1" 404 101413 "-" "Mozilla/5.0 AppleWebKit/537.36 (KHTML, like Gecko; compatible; GPTBot/1.2; +https://openai.com/gptbot)"
20.171.207.171 - - [28/Sep/2025:12:03:44 -0600] "GET /11yxz40592.html HTTP/1.1" 200 101413 "-" "Mozilla/5.0 AppleWebKit/537.36 (KHTML, like Gecko; compatible; GPTBot/1.2; +https://openai.com/gptbot)"
20.171.207.171 - - [28/Sep/2025:12:03:47 -0600] "GET /52iyb14917.html HTTP/1.1" 404 101413 "-" "Mozilla/5.0 AppleWebKit/537.36 (KHTML, like Gecko; compatible; GPTBot/1.2; +https://openai.com/gptbot)"
20.171.207.171 - - [28/Sep/2025:12:03:50 -0600] "GET /91uof15342.html HTTP/1.1" 404 71749 "-" "Mozilla/5.0 AppleWebKit/537.36 (KHTML, like Gecko; compatible; GPTBot/1.2; +https://openai.com/gptbot)"
20.171.207.171 - - [28/Sep/2025:12:03:53 -0600] "GET /36owj20755.html HTTP/1.1" 404 71749 "-" "Mozilla/5.0 AppleWebKit/537.36 (KHTML, like Gecko; compatible; GPTBot/1.2; +https://openai.com/gptbot)"
20.171.207.171 - - [28/Sep/2025:12:03:57 -0600] "GET /46nif18513.html HTTP/1.1" 200 101386 "-" "Mozilla/5.0 AppleWebKit/537.36 (KHTML, like Gecko; compatible; GPTBot/1.2; +https://openai.com/gptbot)"
173.208.176.202 - - [28/Sep/2025:12:02:29 -0600] "GET /wp-content/install.php?id=421352 HTTP/1.1" 200 - "-" "GuzzleHttp/7"
20.171.207.171 - - [28/Sep/2025:12:04:01 -0600] "GET /90jce15765.html HTTP/1.1" 200 101413 "-" "Mozilla/5.0 AppleWebKit/537.36 (KHTML, like Gecko; compatible; GPTBot/1.2; +https://openai.com/gptbot)"
20.171.207.171 - - [28/Sep/2025:12:04:06 -0600] "GET /138agv8629.html HTTP/1.1" 404 71749 "-" "Mozilla/5.0 AppleWebKit/537.36 (KHTML, like Gecko; compatible; GPTBot/1.2; +https://openai.com/gptbot)"
20.171.207.171 - - [28/Sep/2025:12:04:09 -0600] "GET /181wka2930.html HTTP/1.1" 200 101413 "-" "Mozilla/5.0 AppleWebKit/537.36 (KHTML, like Gecko; compatible; GPTBot/1.2; +https://openai.com/gptbot)"
20.171.207.171 - - [28/Sep/2025:12:04:12 -0600] "GET /11yxz40592.html?filesrc=/home/tsgmexic/4pie.com.mx/wp-config.php&path=/home/tsgmexic/4pie.com.mx HTTP/1.1" 404 47477 "-" "Mozilla/5.0 AppleWebKit/537.36 (KHTML, like Gecko; compatible; GPTBot/1.2; +https://openai.com/gptbot)"
20.171.207.171 - - [28/Sep/2025:12:04:16 -0600] "GET /11yxz40592.html?path=/ HTTP/1.1" 404 66420 "-" "Mozilla/5.0 AppleWebKit/537.36 (KHTML, like Gecko; compatible; GPTBot/1.2; +https://openai.com/gptbot)"
20.171.207.171 - - [28/Sep/2025:12:04:19 -0600] "GET /84div10217.html HTTP/1.1" 404 71749 "-" "Mozilla/5.0 AppleWebKit/537.36 (KHTML, like Gecko; compatible; GPTBot/1.2; +https://openai.com/gptbot)"
20.171.207.171 - - [28/Sep/2025:12:04:23 -0600] "GET /167rfi5270.html HTTP/1.1" 404 71749 "-" "Mozilla/5.0 AppleWebKit/537.36 (KHTML, like Gecko; compatible; GPTBot/1.2; +https://openai.com/gptbot)"
20.171.207.171 - - [28/Sep/2025:12:04:27 -0600] "GET /82rei45615.html HTTP/1.1" 404 101413 "-" "Mozilla/5.0 AppleWebKit/537.36 (KHTML, like Gecko; compatible; GPTBot/1.2; +https://openai.com/gptbot)"
20.171.207.171 - - [28/Sep/2025:12:04:31 -0600] "GET /280uiy6615.html HTTP/1.1" 404 101413 "-" "Mozilla/5.0 AppleWebKit/537.36 (KHTML, like Gecko; compatible; GPTBot/1.2; +https://openai.com/gptbot)"
20.171.207.171 - - [28/Sep/2025:12:04:35 -0600] "GET /181wka2930.html?filesrc=/home/tsgmexic/4pie.com.mx/style2.php&path=/home/tsgmexic/4pie.com.mx HTTP/1.1" 404 54036 "-" "Mozilla/5.0 AppleWebKit/537.36 (KHTML, like Gecko; compatible; GPTBot/1.2; +https://openai.com/gptbot)"
20.171.207.171 - - [28/Sep/2025:12:04:40 -0600] "GET /181wka2930.html?filesrc=/home/tsgmexic/4pie.com.mx/xmlrpc.php&path=/home/tsgmexic/4pie.com.mx HTTP/1.1" 404 47581 "-" "Mozilla/5.0 AppleWebKit/537.36 (KHTML, like Gecko; compatible; GPTBot/1.2; +https://openai.com/gptbot)"
20.171.207.171 - - [28/Sep/2025:12:04:42 -0600] "GET /181wka2930.html?path=/ HTTP/1.1" 404 66420 "-" "Mozilla/5.0 AppleWebKit/537.36 (KHTML, like Gecko; compatible; GPTBot/1.2; +https://openai.com/gptbot)"
20.171.207.171 - - [28/Sep/2025:12:04:45 -0600] "GET /75rjb10922.html HTTP/1.1" 404 71749 "-" "Mozilla/5.0 AppleWebKit/537.36 (KHTML, like Gecko; compatible; GPTBot/1.2; +https://openai.com/gptbot)"
20.171.207.171 - - [28/Sep/2025:12:04:49 -0600] "GET /46nif18513.html?path=/ HTTP/1.1" 404 66420 "-" "Mozilla/5.0 AppleWebKit/537.36 (KHTML, like Gecko; compatible; GPTBot/1.2; +https://openai.com/gptbot)"
20.171.207.171 - - [28/Sep/2025:12:04:52 -0600] "GET /46nif18513.html?info HTTP/1.1" 404 44513 "-" "Mozilla/5.0 AppleWebKit/537.36 (KHTML, like Gecko; compatible; GPTBot/1.2; +https://openai.com/gptbot)"
20.171.207.171 - - [28/Sep/2025:12:04:55 -0600] "GET /90jce15765.html?keluar=true HTTP/1.1" 404 101413 "-" "Mozilla/5.0 AppleWebKit/537.36 (KHTML, like Gecko; compatible; GPTBot/1.2; +https://openai.com/gptbot)"
20.171.207.171 - - [28/Sep/2025:12:04:57 -0600] "GET /248kuo6745.html HTTP/1.1" 404 101413 "-" "Mozilla/5.0 AppleWebKit/537.36 (KHTML, like Gecko; compatible; GPTBot/1.2; +https://openai.com/gptbot)"
20.171.207.171 - - [28/Sep/2025:12:05:00 -0600] "GET /34oxv23697.html HTTP/1.1" 200 101413 "-" "Mozilla/5.0 AppleWebKit/537.36 (KHTML, like Gecko; compatible; GPTBot/1.2; +https://openai.com/gptbot)"
150.109.46.88 - - [28/Sep/2025:12:05:06 -0600] "GET / HTTP/1.1" 200 113546 "-" "Mozilla/5.0 (iPhone; CPU iPhone OS 13_2_3 like Mac OS X) AppleWebKit/605.1.15 (KHTML, like Gecko) Version/13.0.3 Mobile/15E148 Safari/604.1"
20.171.207.171 - - [28/Sep/2025:12:05:06 -0600] "GET /90jce15765.html?path=/ HTTP/1.1" 200 66420 "-" "Mozilla/5.0 AppleWebKit/537.36 (KHTML, like Gecko; compatible; GPTBot/1.2; +https://openai.com/gptbot)"
20.171.207.171 - - [28/Sep/2025:12:05:11 -0600] "GET /80iqs12093.html HTTP/1.1" 404 101413 "-" "Mozilla/5.0 AppleWebKit/537.36 (KHTML, like Gecko; compatible; GPTBot/1.2; +https://openai.com/gptbot)"
20.171.207.171 - - [28/Sep/2025:12:05:14 -0600] "GET /82niv44073.html HTTP/1.1" 404 71749 "-" "Mozilla/5.0 AppleWebKit/537.36 (KHTML, like Gecko; compatible; GPTBot/1.2; +https://openai.com/gptbot)"
20.171.207.171 - - [28/Sep/2025:12:05:17 -0600] "GET /67yrj14910.html HTTP/1.1" 404 71749 "-" "Mozilla/5.0 AppleWebKit/537.36 (KHTML, like Gecko; compatible; GPTBot/1.2; +https://openai.com/gptbot)"
20.171.207.171 - - [28/Sep/2025:12:05:20 -0600] "GET /150jqv7695.html HTTP/1.1" 404 71749 "-" "Mozilla/5.0 AppleWebKit/537.36 (KHTML, like Gecko; compatible; GPTBot/1.2; +https://openai.com/gptbot)"
20.171.207.171 - - [28/Sep/2025:12:05:23 -0600] "GET /253iod9144.html HTTP/1.1" 404 101413 "-" "Mozilla/5.0 AppleWebKit/537.36 (KHTML, like Gecko; compatible; GPTBot/1.2; +https://openai.com/gptbot)"
173.208.176.202 - - [28/Sep/2025:12:03:57 -0600] "GET /wp-content/install.php?id=421352 HTTP/1.1" 200 - "-" "GuzzleHttp/7"
20.171.207.171 - - [28/Sep/2025:12:05:27 -0600] "GET /138vjo6805.html HTTP/1.1" 200 101413 "-" "Mozilla/5.0 AppleWebKit/537.36 (KHTML, like Gecko; compatible; GPTBot/1.2; +https://openai.com/gptbot)"
142.171.127.176 - - [28/Sep/2025:12:05:28 -0600] "POST /wp-cron.php?doing_wp_cron=1759082728.6326780319213867187500 HTTP/1.1" 404 23749 "-" "WordPress/6.8; https://4pie.com.mx"
20.171.207.171 - - [28/Sep/2025:12:05:31 -0600] "GET /68ake30871.html HTTP/1.1" 404 101413 "-" "Mozilla/5.0 AppleWebKit/537.36 (KHTML, like Gecko; compatible; GPTBot/1.2; +https://openai.com/gptbot)"
20.171.207.171 - - [28/Sep/2025:12:05:34 -0600] "GET /86fsj21959.html HTTP/1.1" 404 101413 "-" "Mozilla/5.0 AppleWebKit/537.36 (KHTML, like Gecko; compatible; GPTBot/1.2; +https://openai.com/gptbot)"
20.171.207.171 - - [28/Sep/2025:12:05:37 -0600] "GET /202ryw3897.html HTTP/1.1" 200 101413 "-" "Mozilla/5.0 AppleWebKit/537.36 (KHTML, like Gecko; compatible; GPTBot/1.2; +https://openai.com/gptbot)"
20.171.207.171 - - [28/Sep/2025:12:05:40 -0600] "GET /280xsv3779.html HTTP/1.1" 404 101412 "-" "Mozilla/5.0 AppleWebKit/537.36 (KHTML, like Gecko; compatible; GPTBot/1.2; +https://openai.com/gptbot)"
20.171.207.171 - - [28/Sep/2025:12:05:45 -0600] "GET /205yzg1584.html HTTP/1.1" 404 101412 "-" "Mozilla/5.0 AppleWebKit/537.36 (KHTML, like Gecko; compatible; GPTBot/1.2; +https://openai.com/gptbot)"
20.171.207.171 - - [28/Sep/2025:12:05:48 -0600] "GET /59cwm47608.html HTTP/1.1" 404 71749 "-" "Mozilla/5.0 AppleWebKit/537.36 (KHTML, like Gecko; compatible; GPTBot/1.2; +https://openai.com/gptbot)"
20.171.207.171 - - [28/Sep/2025:12:05:50 -0600] "GET /91kgq18602.html HTTP/1.1" 404 101412 "-" "Mozilla/5.0 AppleWebKit/537.36 (KHTML, like Gecko; compatible; GPTBot/1.2; +https://openai.com/gptbot)"
20.171.207.171 - - [28/Sep/2025:12:05:53 -0600] "GET /138vjo6805.html?info HTTP/1.1" 404 44513 "-" "Mozilla/5.0 AppleWebKit/537.36 (KHTML, like Gecko; compatible; GPTBot/1.2; +https://openai.com/gptbot)"
20.171.207.171 - - [28/Sep/2025:12:05:57 -0600] "GET /34oxv23697.html?info HTTP/1.1" 404 44513 "-" "Mozilla/5.0 AppleWebKit/537.36 (KHTML, like Gecko; compatible; GPTBot/1.2; +https://openai.com/gptbot)"
20.171.207.171 - - [28/Sep/2025:12:06:00 -0600] "GET /95aom47126.html HTTP/1.1" 404 71749 "-" "Mozilla/5.0 AppleWebKit/537.36 (KHTML, like Gecko; compatible; GPTBot/1.2; +https://openai.com/gptbot)"
20.171.207.171 - - [28/Sep/2025:12:06:03 -0600] "GET /202ryw3897.html?aksi=buatfile&path=/home/tsgmexic/4pie.com.mx HTTP/1.1" 404 101413 "-" "Mozilla/5.0 AppleWebKit/537.36 (KHTML, like Gecko; compatible; GPTBot/1.2; +https://openai.com/gptbot)"
20.171.207.171 - - [28/Sep/2025:12:06:06 -0600] "GET /202ryw3897.html?keluar=true HTTP/1.1" 404 101413 "-" "Mozilla/5.0 AppleWebKit/537.36 (KHTML, like Gecko; compatible; GPTBot/1.2; +https://openai.com/gptbot)"
20.171.207.171 - - [28/Sep/2025:12:06:09 -0600] "GET /138vjo6805.html?path=/ HTTP/1.1" 200 66420 "-" "Mozilla/5.0 AppleWebKit/537.36 (KHTML, like Gecko; compatible; GPTBot/1.2; +https://openai.com/gptbot)"
20.171.207.171 - - [28/Sep/2025:12:06:13 -0600] "GET /34oxv23697.html?path=/ HTTP/1.1" 404 66420 "-" "Mozilla/5.0 AppleWebKit/537.36 (KHTML, like Gecko; compatible; GPTBot/1.2; +https://openai.com/gptbot)"
20.171.207.171 - - [28/Sep/2025:12:06:17 -0600] "GET /202ryw3897.html?path=/ HTTP/1.1" 200 66420 "-" "Mozilla/5.0 AppleWebKit/537.36 (KHTML, like Gecko; compatible; GPTBot/1.2; +https://openai.com/gptbot)"
20.171.207.171 - - [28/Sep/2025:12:06:20 -0600] "GET /97ols16834.html HTTP/1.1" 404 101413 "-" "Mozilla/5.0 AppleWebKit/537.36 (KHTML, like Gecko; compatible; GPTBot/1.2; +https://openai.com/gptbot)"
20.171.207.171 - - [28/Sep/2025:12:06:23 -0600] "GET /53uzo20078.html HTTP/1.1" 200 101413 "-" "Mozilla/5.0 AppleWebKit/537.36 (KHTML, like Gecko; compatible; GPTBot/1.2; +https://openai.com/gptbot)"
20.171.207.171 - - [28/Sep/2025:12:06:26 -0600] "GET /20pkd18143.html HTTP/1.1" 404 101413 "-" "Mozilla/5.0 AppleWebKit/537.36 (KHTML, like Gecko; compatible; GPTBot/1.2; +https://openai.com/gptbot)"
20.171.207.171 - - [28/Sep/2025:12:06:29 -0600] "GET /139nxn5274.html HTTP/1.1" 200 101440 "-" "Mozilla/5.0 AppleWebKit/537.36 (KHTML, like Gecko; compatible; GPTBot/1.2; +https://openai.com/gptbot)"
20.171.207.171 - - [28/Sep/2025:12:06:34 -0600] "GET /138vjo6805.html?path=//bin HTTP/1.1" 404 135749 "-" "Mozilla/5.0 AppleWebKit/537.36 (KHTML, like Gecko; compatible; GPTBot/1.2; +https://openai.com/gptbot)"
20.171.207.171 - - [28/Sep/2025:12:06:38 -0600] "GET /138vjo6805.html?filesrc=//quota.user&path=/ HTTP/1.1" 404 43789 "-" "Mozilla/5.0 AppleWebKit/537.36 (KHTML, like Gecko; compatible; GPTBot/1.2; +https://openai.com/gptbot)"
20.171.207.171 - - [28/Sep/2025:12:06:40 -0600] "GET /208ejx6107.html HTTP/1.1" 404 101413 "-" "Mozilla/5.0 AppleWebKit/537.36 (KHTML, like Gecko; compatible; GPTBot/1.2; +https://openai.com/gptbot)"
20.171.207.171 - - [28/Sep/2025:12:06:44 -0600] "GET /185eft7234.html HTTP/1.1" 404 71749 "-" "Mozilla/5.0 AppleWebKit/537.36 (KHTML, like Gecko; compatible; GPTBot/1.2; +https://openai.com/gptbot)"
20.171.207.171 - - [28/Sep/2025:12:06:47 -0600] "GET /53uzo20078.html?path=/ HTTP/1.1" 200 66420 "-" "Mozilla/5.0 AppleWebKit/537.36 (KHTML, like Gecko; compatible; GPTBot/1.2; +https://openai.com/gptbot)"
20.171.207.171 - - [28/Sep/2025:12:06:50 -0600] "GET /53uzo20078.html?path=/home/tsgmexic/4pie.com.mx/images HTTP/1.1" 404 46481 "-" "Mozilla/5.0 AppleWebKit/537.36 (KHTML, like Gecko; compatible; GPTBot/1.2; +https://openai.com/gptbot)"
20.171.207.171 - - [28/Sep/2025:12:06:53 -0600] "GET /174wce3261.html HTTP/1.1" 200 101413 "-" "Mozilla/5.0 AppleWebKit/537.36 (KHTML, like Gecko; compatible; GPTBot/1.2; +https://openai.com/gptbot)"
173.208.176.202 - - [28/Sep/2025:12:05:25 -0600] "GET /wp-content/install.php?id=421352 HTTP/1.1" 200 - "-" "GuzzleHttp/7"
20.171.207.171 - - [28/Sep/2025:12:06:56 -0600] "GET /53uzo20078.html?info HTTP/1.1" 200 44513 "-" "Mozilla/5.0 AppleWebKit/537.36 (KHTML, like Gecko; compatible; GPTBot/1.2; +https://openai.com/gptbot)"
20.171.207.171 - - [28/Sep/2025:12:06:58 -0600] "GET /139nxn5274.html?path=/ HTTP/1.1" 404 63749 "-" "Mozilla/5.0 AppleWebKit/537.36 (KHTML, like Gecko; compatible; GPTBot/1.2; +https://openai.com/gptbot)"
20.171.207.171 - - [28/Sep/2025:12:07:01 -0600] "GET /139nxn5274.html?info HTTP/1.1" 404 44513 "-" "Mozilla/5.0 AppleWebKit/537.36 (KHTML, like Gecko; compatible; GPTBot/1.2; +https://openai.com/gptbot)"
20.171.207.171 - - [28/Sep/2025:12:07:05 -0600] "GET /139nxn5274.html?path=/home/tsgmexic/4pie.com.mx/.well-known HTTP/1.1" 404 46540 "-" "Mozilla/5.0 AppleWebKit/537.36 (KHTML, like Gecko; compatible; GPTBot/1.2; +https://openai.com/gptbot)"
204.12.208.18 - - [28/Sep/2025:12:07:06 -0600] "GET /?sitemapindex.xml HTTP/1.1" 200 113563 "http://4pie.com.mx/?sitemapindex.xml" "Mozilla/5.0 (Macintosh; Intel Mac OS X 10_6_8) AppleWebKit/534.24 (KHTML, like Gecko) Chrome/11.0.696.71 Safari/534.24"
20.171.207.171 - - [28/Sep/2025:12:07:09 -0600] "GET /93pfo31786.html HTTP/1.1" 404 101413 "-" "Mozilla/5.0 AppleWebKit/537.36 (KHTML, like Gecko; compatible; GPTBot/1.2; +https://openai.com/gptbot)"
20.171.207.171 - - [28/Sep/2025:12:07:12 -0600] "GET /198kwi4005.html HTTP/1.1" 200 101413 "-" "Mozilla/5.0 AppleWebKit/537.36 (KHTML, like Gecko; compatible; GPTBot/1.2; +https://openai.com/gptbot)"
20.171.207.171 - - [28/Sep/2025:12:07:14 -0600] "GET /174wce3261.html?path=/ HTTP/1.1" 200 66420 "-" "Mozilla/5.0 AppleWebKit/537.36 (KHTML, like Gecko; compatible; GPTBot/1.2; +https://openai.com/gptbot)"
216.73.216.46 - - [28/Sep/2025:12:07:17 -0600] "GET /robots.txt HTTP/1.1" 200 343 "-" "Mozilla/5.0 AppleWebKit/537.36 (KHTML, like Gecko; compatible; ClaudeBot/1.0; +claudebot@anthropic.com)"
20.171.207.171 - - [28/Sep/2025:12:07:17 -0600] "GET /216nqb4485.html HTTP/1.1" 404 101413 "-" "Mozilla/5.0 AppleWebKit/537.36 (KHTML, like Gecko; compatible; GPTBot/1.2; +https://openai.com/gptbot)"
20.171.207.171 - - [28/Sep/2025:12:07:20 -0600] "GET /22npz30419.html HTTP/1.1" 404 71749 "-" "Mozilla/5.0 AppleWebKit/537.36 (KHTML, like Gecko; compatible; GPTBot/1.2; +https://openai.com/gptbot)"
20.171.207.171 - - [28/Sep/2025:12:07:23 -0600] "GET /38ndv40227.html HTTP/1.1" 404 71749 "-" "Mozilla/5.0 AppleWebKit/537.36 (KHTML, like Gecko; compatible; GPTBot/1.2; +https://openai.com/gptbot)"
216.73.216.46 - - [28/Sep/2025:12:07:24 -0600] "GET / HTTP/1.1" 200 113546 "-" "Mozilla/5.0 AppleWebKit/537.36 (KHTML, like Gecko; compatible; ClaudeBot/1.0; +claudebot@anthropic.com)"
20.171.207.171 - - [28/Sep/2025:12:07:25 -0600] "GET /262swg3895.html HTTP/1.1" 404 71749 "-" "Mozilla/5.0 AppleWebKit/537.36 (KHTML, like Gecko; compatible; GPTBot/1.2; +https://openai.com/gptbot)"
20.171.207.171 - - [28/Sep/2025:12:07:28 -0600] "GET /48umx25931.html HTTP/1.1" 404 71749 "-" "Mozilla/5.0 AppleWebKit/537.36 (KHTML, like Gecko; compatible; GPTBot/1.2; +https://openai.com/gptbot)"
142.171.127.176 - - [28/Sep/2025:12:07:29 -0600] "POST /wp-cron.php?doing_wp_cron=1759082849.9393129348754882812500 HTTP/1.1" 404 23749 "-" "WordPress/6.8; https://4pie.com.mx"
20.171.207.171 - - [28/Sep/2025:12:07:32 -0600] "GET /92xzr26873.html HTTP/1.1" 200 101413 "-" "Mozilla/5.0 AppleWebKit/537.36 (KHTML, like Gecko; compatible; GPTBot/1.2; +https://openai.com/gptbot)"
20.171.207.171 - - [28/Sep/2025:12:07:35 -0600] "GET /57hwo18342.html HTTP/1.1" 404 101413 "-" "Mozilla/5.0 AppleWebKit/537.36 (KHTML, like Gecko; compatible; GPTBot/1.2; +https://openai.com/gptbot)"
20.171.207.171 - - [28/Sep/2025:12:07:37 -0600] "GET /75fbi12146.html HTTP/1.1" 404 101413 "-" "Mozilla/5.0 AppleWebKit/537.36 (KHTML, like Gecko; compatible; GPTBot/1.2; +https://openai.com/gptbot)"
20.171.207.171 - - [28/Sep/2025:12:07:40 -0600] "GET /235cax6416.html HTTP/1.1" 404 101413 "-" "Mozilla/5.0 AppleWebKit/537.36 (KHTML, like Gecko; compatible; GPTBot/1.2; +https://openai.com/gptbot)"
20.171.207.171 - - [28/Sep/2025:12:07:43 -0600] "GET /97vcg14282.html HTTP/1.1" 404 79749 "-" "Mozilla/5.0 AppleWebKit/537.36 (KHTML, like Gecko; compatible; GPTBot/1.2; +https://openai.com/gptbot)"
20.171.207.171 - - [28/Sep/2025:12:07:47 -0600] "GET /247yez8952.html HTTP/1.1" 404 71749 "-" "Mozilla/5.0 AppleWebKit/537.36 (KHTML, like Gecko; compatible; GPTBot/1.2; +https://openai.com/gptbot)"
20.171.207.171 - - [28/Sep/2025:12:07:50 -0600] "GET /94ztr28051.html HTTP/1.1" 404 101413 "-" "Mozilla/5.0 AppleWebKit/537.36 (KHTML, like Gecko; compatible; GPTBot/1.2; +https://openai.com/gptbot)"
20.171.207.171 - - [28/Sep/2025:12:07:53 -0600] "GET /83eqw16264.html HTTP/1.1" 404 101413 "-" "Mozilla/5.0 AppleWebKit/537.36 (KHTML, like Gecko; compatible; GPTBot/1.2; +https://openai.com/gptbot)"
20.171.207.171 - - [28/Sep/2025:12:07:56 -0600] "GET /239bgd4162.html HTTP/1.1" 404 71749 "-" "Mozilla/5.0 AppleWebKit/537.36 (KHTML, like Gecko; compatible; GPTBot/1.2; +https://openai.com/gptbot)"
20.171.207.171 - - [28/Sep/2025:12:07:59 -0600] "GET /92xzr26873.html?path=/ HTTP/1.1" 200 66420 "-" "Mozilla/5.0 AppleWebKit/537.36 (KHTML, like Gecko; compatible; GPTBot/1.2; +https://openai.com/gptbot)"
20.171.207.171 - - [28/Sep/2025:12:08:02 -0600] "GET /83gdj15714.html HTTP/1.1" 404 101413 "-" "Mozilla/5.0 AppleWebKit/537.36 (KHTML, like Gecko; compatible; GPTBot/1.2; +https://openai.com/gptbot)"
20.171.207.171 - - [28/Sep/2025:12:08:05 -0600] "GET /198kwi4005.html?filesrc=/home/tsgmexic/4pie.com.mx/wp-config.php&path=/home/tsgmexic/4pie.com.mx HTTP/1.1" 404 47477 "-" "Mozilla/5.0 AppleWebKit/537.36 (KHTML, like Gecko; compatible; GPTBot/1.2; +https://openai.com/gptbot)"
20.171.207.171 - - [28/Sep/2025:12:08:08 -0600] "GET /198kwi4005.html?filesrc=/home/tsgmexic/4pie.com.mx/readme.html&path=/home/tsgmexic/4pie.com.mx HTTP/1.1" 404 53359 "-" "Mozilla/5.0 AppleWebKit/537.36 (KHTML, like Gecko; compatible; GPTBot/1.2; +https://openai.com/gptbot)"
20.171.207.171 - - [28/Sep/2025:12:08:11 -0600] "GET /198kwi4005.html?info HTTP/1.1" 404 44513 "-" "Mozilla/5.0 AppleWebKit/537.36 (KHTML, like Gecko; compatible; GPTBot/1.2; +https://openai.com/gptbot)"
20.171.207.171 - - [28/Sep/2025:12:08:15 -0600] "GET /120kdn3249.html HTTP/1.1" 404 71749 "-" "Mozilla/5.0 AppleWebKit/537.36 (KHTML, like Gecko; compatible; GPTBot/1.2; +https://openai.com/gptbot)"
20.171.207.171 - - [28/Sep/2025:12:08:19 -0600] "GET /198kwi4005.html?path=/ HTTP/1.1" 404 66420 "-" "Mozilla/5.0 AppleWebKit/537.36 (KHTML, like Gecko; compatible; GPTBot/1.2; +https://openai.com/gptbot)"
20.171.207.171 - - [28/Sep/2025:12:08:22 -0600] "GET /70bng48573.html HTTP/1.1" 200 101413 "-" "Mozilla/5.0 AppleWebKit/537.36 (KHTML, like Gecko; compatible; GPTBot/1.2; +https://openai.com/gptbot)"
20.171.207.171 - - [28/Sep/2025:12:08:24 -0600] "GET /54fwg29877.html HTTP/1.1" 200 101413 "-" "Mozilla/5.0 AppleWebKit/537.36 (KHTML, like Gecko; compatible; GPTBot/1.2; +https://openai.com/gptbot)"
20.171.207.171 - - [28/Sep/2025:12:08:27 -0600] "GET /22rxa43689.html HTTP/1.1" 200 101413 "-" "Mozilla/5.0 AppleWebKit/537.36 (KHTML, like Gecko; compatible; GPTBot/1.2; +https://openai.com/gptbot)"
142.171.127.176 - - [28/Sep/2025:12:08:31 -0600] "POST /wp-cron.php?doing_wp_cron=1759082911.6109819412231445312500 HTTP/1.1" 403 62990 "-" "WordPress/6.8; https://4pie.com.mx"
20.171.207.171 - - [28/Sep/2025:12:08:30 -0600] "GET /204isc6807.html HTTP/1.1" 200 101413 "-" "Mozilla/5.0 AppleWebKit/537.36 (KHTML, like Gecko; compatible; GPTBot/1.2; +https://openai.com/gptbot)"
20.171.207.171 - - [28/Sep/2025:12:08:33 -0600] "GET /140efm2935.html HTTP/1.1" 200 101413 "-" "Mozilla/5.0 AppleWebKit/537.36 (KHTML, like Gecko; compatible; GPTBot/1.2; +https://openai.com/gptbot)"
20.171.207.171 - - [28/Sep/2025:12:08:35 -0600] "GET /270jcf5801.html HTTP/1.1" 200 101413 "-" "Mozilla/5.0 AppleWebKit/537.36 (KHTML, like Gecko; compatible; GPTBot/1.2; +https://openai.com/gptbot)"
20.171.207.171 - - [28/Sep/2025:12:08:39 -0600] "GET /31rps14708.html HTTP/1.1" 200 101413 "-" "Mozilla/5.0 AppleWebKit/537.36 (KHTML, like Gecko; compatible; GPTBot/1.2; +https://openai.com/gptbot)"
20.171.207.171 - - [28/Sep/2025:12:08:41 -0600] "GET /67yjd18046.html HTTP/1.1" 200 101413 "-" "Mozilla/5.0 AppleWebKit/537.36 (KHTML, like Gecko; compatible; GPTBot/1.2; +https://openai.com/gptbot)"
173.208.176.202 - - [28/Sep/2025:12:06:53 -0600] "GET /wp-content/install.php?id=421352 HTTP/1.1" 200 - "-" "GuzzleHttp/7"
20.171.207.171 - - [28/Sep/2025:12:08:44 -0600] "GET /70bng48573.html?info HTTP/1.1" 200 44513 "-" "Mozilla/5.0 AppleWebKit/537.36 (KHTML, like Gecko; compatible; GPTBot/1.2; +https://openai.com/gptbot)"
20.171.207.171 - - [28/Sep/2025:12:08:47 -0600] "GET /70bng48573.html?path=/ HTTP/1.1" 200 66420 "-" "Mozilla/5.0 AppleWebKit/537.36 (KHTML, like Gecko; compatible; GPTBot/1.2; +https://openai.com/gptbot)"
20.171.207.171 - - [28/Sep/2025:12:08:50 -0600] "GET /22rxa43689.html?path=/ HTTP/1.1" 200 66420 "-" "Mozilla/5.0 AppleWebKit/537.36 (KHTML, like Gecko; compatible; GPTBot/1.2; +https://openai.com/gptbot)"
20.171.207.171 - - [28/Sep/2025:12:08:53 -0600] "GET /295fzx4120.html HTTP/1.1" 200 101413 "-" "Mozilla/5.0 AppleWebKit/537.36 (KHTML, like Gecko; compatible; GPTBot/1.2; +https://openai.com/gptbot)"
20.171.207.171 - - [28/Sep/2025:12:08:55 -0600] "GET /204isc6807.html?filesrc=/home/tsgmexic/4pie.com.mx/ex.php&path=/home/tsgmexic/4pie.com.mx HTTP/1.1" 200 47850 "-" "Mozilla/5.0 AppleWebKit/537.36 (KHTML, like Gecko; compatible; GPTBot/1.2; +https://openai.com/gptbot)"
20.171.207.171 - - [28/Sep/2025:12:08:57 -0600] "GET /204isc6807.html?info HTTP/1.1" 200 44513 "-" "Mozilla/5.0 AppleWebKit/537.36 (KHTML, like Gecko; compatible; GPTBot/1.2; +https://openai.com/gptbot)"
20.171.207.171 - - [28/Sep/2025:12:09:00 -0600] "GET /67yjd18046.html?filesrc=/home/tsgmexic/4pie.com.mx/qing2.php&path=/home/tsgmexic/4pie.com.mx HTTP/1.1" 200 44393 "-" "Mozilla/5.0 AppleWebKit/537.36 (KHTML, like Gecko; compatible; GPTBot/1.2; +https://openai.com/gptbot)"
20.171.207.171 - - [28/Sep/2025:12:09:11 -0600] "GET /140efm2935.html?info HTTP/1.1" 200 44513 "-" "Mozilla/5.0 AppleWebKit/537.36 (KHTML, like Gecko; compatible; GPTBot/1.2; +https://openai.com/gptbot)"
20.171.207.171 - - [28/Sep/2025:12:09:26 -0600] "GET /31rps14708.html?path=/ HTTP/1.1" 200 66420 "-" "Mozilla/5.0 AppleWebKit/537.36 (KHTML, like Gecko; compatible; GPTBot/1.2; +https://openai.com/gptbot)"
20.171.207.171 - - [28/Sep/2025:12:09:30 -0600] "GET /204isc6807.html?path=/ HTTP/1.1" 200 66420 "-" "Mozilla/5.0 AppleWebKit/537.36 (KHTML, like Gecko; compatible; GPTBot/1.2; +https://openai.com/gptbot)"
142.171.127.176 - - [28/Sep/2025:12:09:34 -0600] "POST /wp-cron.php?doing_wp_cron=1759082974.0714600086212158203125 HTTP/1.1" 403 20749 "-" "WordPress/6.8; https://4pie.com.mx"
20.171.207.171 - - [28/Sep/2025:12:09:37 -0600] "GET /54fwg29877.html?info HTTP/1.1" 200 44513 "-" "Mozilla/5.0 AppleWebKit/537.36 (KHTML, like Gecko; compatible; GPTBot/1.2; +https://openai.com/gptbot)"
20.171.207.171 - - [28/Sep/2025:12:09:40 -0600] "GET /295fzx4120.html?info HTTP/1.1" 200 44513 "-" "Mozilla/5.0 AppleWebKit/537.36 (KHTML, like Gecko; compatible; GPTBot/1.2; +https://openai.com/gptbot)"
20.171.207.171 - - [28/Sep/2025:12:09:43 -0600] "GET /67yjd18046.html?path=/ HTTP/1.1" 200 66420 "-" "Mozilla/5.0 AppleWebKit/537.36 (KHTML, like Gecko; compatible; GPTBot/1.2; +https://openai.com/gptbot)"
20.171.207.171 - - [28/Sep/2025:12:09:46 -0600] "GET /270jcf5801.html?info HTTP/1.1" 200 44513 "-" "Mozilla/5.0 AppleWebKit/537.36 (KHTML, like Gecko; compatible; GPTBot/1.2; +https://openai.com/gptbot)"
20.171.207.171 - - [28/Sep/2025:12:09:49 -0600] "GET /295fzx4120.html?path=/ HTTP/1.1" 200 66420 "-" "Mozilla/5.0 AppleWebKit/537.36 (KHTML, like Gecko; compatible; GPTBot/1.2; +https://openai.com/gptbot)"
20.171.207.171 - - [28/Sep/2025:12:09:51 -0600] "GET /270jcf5801.html?path=/ HTTP/1.1" 200 66420 "-" "Mozilla/5.0 AppleWebKit/537.36 (KHTML, like Gecko; compatible; GPTBot/1.2; +https://openai.com/gptbot)"
20.171.207.171 - - [28/Sep/2025:12:09:54 -0600] "GET /54fwg29877.html?path=/ HTTP/1.1" 200 66420 "-" "Mozilla/5.0 AppleWebKit/537.36 (KHTML, like Gecko; compatible; GPTBot/1.2; +https://openai.com/gptbot)"
20.171.207.171 - - [28/Sep/2025:12:09:56 -0600] "GET /140efm2935.html?path=/ HTTP/1.1" 200 66420 "-" "Mozilla/5.0 AppleWebKit/537.36 (KHTML, like Gecko; compatible; GPTBot/1.2; +https://openai.com/gptbot)"
20.171.207.171 - - [28/Sep/2025:12:09:58 -0600] "GET /59xbu30886.html HTTP/1.1" 200 101413 "-" "Mozilla/5.0 AppleWebKit/537.36 (KHTML, like Gecko; compatible; GPTBot/1.2; +https://openai.com/gptbot)"
20.171.207.171 - - [28/Sep/2025:12:10:00 -0600] "GET /61bvq18302.html HTTP/1.1" 200 101413 "-" "Mozilla/5.0 AppleWebKit/537.36 (KHTML, like Gecko; compatible; GPTBot/1.2; +https://openai.com/gptbot)"
20.171.207.171 - - [28/Sep/2025:12:10:07 -0600] "GET /157bla9360.html HTTP/1.1" 200 101413 "-" "Mozilla/5.0 AppleWebKit/537.36 (KHTML, like Gecko; compatible; GPTBot/1.2; +https://openai.com/gptbot)"
20.171.207.171 - - [28/Sep/2025:12:10:10 -0600] "GET /67yjd18046.html?path=//var HTTP/1.1" 200 67376 "-" "Mozilla/5.0 AppleWebKit/537.36 (KHTML, like Gecko; compatible; GPTBot/1.2; +https://openai.com/gptbot)"
20.171.207.171 - - [28/Sep/2025:12:10:13 -0600] "GET /wp-content/plugins/h5jiz7ib/public/js/cf7-customizer-public.js?ver=1.0.01759082987 HTTP/1.1" 200 2498 "-" "Mozilla/5.0 AppleWebKit/537.36 (KHTML, like Gecko; compatible; GPTBot/1.2; +https://openai.com/gptbot)"
20.171.207.171 - - [28/Sep/2025:12:10:14 -0600] "GET /96zuj34877.html HTTP/1.1" 200 101413 "-" "Mozilla/5.0 AppleWebKit/537.36 (KHTML, like Gecko; compatible; GPTBot/1.2; +https://openai.com/gptbot)"
20.171.207.171 - - [28/Sep/2025:12:10:18 -0600] "GET /59xbu30886.html?aksi=ransom&path=/home/tsgmexic/4pie.com.mx HTTP/1.1" 200 101413 "-" "Mozilla/5.0 AppleWebKit/537.36 (KHTML, like Gecko; compatible; GPTBot/1.2; +https://openai.com/gptbot)"
20.171.207.171 - - [28/Sep/2025:12:10:24 -0600] "GET /59xbu30886.html?path=/ HTTP/1.1" 200 66420 "-" "Mozilla/5.0 AppleWebKit/537.36 (KHTML, like Gecko; compatible; GPTBot/1.2; +https://openai.com/gptbot)"
20.171.207.171 - - [28/Sep/2025:12:10:27 -0600] "GET /62xdf15419.html HTTP/1.1" 200 101413 "-" "Mozilla/5.0 AppleWebKit/537.36 (KHTML, like Gecko; compatible; GPTBot/1.2; +https://openai.com/gptbot)"
20.171.207.171 - - [28/Sep/2025:12:10:30 -0600] "GET /61bvq18302.html?path=/ HTTP/1.1" 200 66420 "-" "Mozilla/5.0 AppleWebKit/537.36 (KHTML, like Gecko; compatible; GPTBot/1.2; +https://openai.com/gptbot)"
142.171.127.176 - - [28/Sep/2025:12:10:34 -0600] "POST /wp-cron.php?doing_wp_cron=1759083034.4291160106658935546875 HTTP/1.1" 403 23958 "-" "WordPress/6.8; https://4pie.com.mx"
20.171.207.171 - - [28/Sep/2025:12:10:33 -0600] "GET /184ocs3105.html HTTP/1.1" 200 101413 "-" "Mozilla/5.0 AppleWebKit/537.36 (KHTML, like Gecko; compatible; GPTBot/1.2; +https://openai.com/gptbot)"
20.171.207.171 - - [28/Sep/2025:12:10:37 -0600] "GET /132yvx5857.html HTTP/1.1" 200 101413 "-" "Mozilla/5.0 AppleWebKit/537.36 (KHTML, like Gecko; compatible; GPTBot/1.2; +https://openai.com/gptbot)"
20.171.207.171 - - [28/Sep/2025:12:10:41 -0600] "GET /96zuj34877.html?path=/ HTTP/1.1" 200 66420 "-" "Mozilla/5.0 AppleWebKit/537.36 (KHTML, like Gecko; compatible; GPTBot/1.2; +https://openai.com/gptbot)"
20.171.207.171 - - [28/Sep/2025:12:10:43 -0600] "GET /291jig7478.html HTTP/1.1" 200 101413 "-" "Mozilla/5.0 AppleWebKit/537.36 (KHTML, like Gecko; compatible; GPTBot/1.2; +https://openai.com/gptbot)"
20.171.207.171 - - [28/Sep/2025:12:10:45 -0600] "GET /59xbu30886.html?path=//srv HTTP/1.1" 200 44182 "-" "Mozilla/5.0 AppleWebKit/537.36 (KHTML, like Gecko; compatible; GPTBot/1.2; +https://openai.com/gptbot)"
20.171.207.171 - - [28/Sep/2025:12:10:48 -0600] "GET /243piv7528.html HTTP/1.1" 200 101412 "-" "Mozilla/5.0 AppleWebKit/537.36 (KHTML, like Gecko; compatible; GPTBot/1.2; +https://openai.com/gptbot)"
20.171.207.171 - - [28/Sep/2025:12:10:51 -0600] "GET /61bvq18302.html?path=//tmp HTTP/1.1" 200 58608 "-" "Mozilla/5.0 AppleWebKit/537.36 (KHTML, like Gecko; compatible; GPTBot/1.2; +https://openai.com/gptbot)"
20.171.207.171 - - [28/Sep/2025:12:11:00 -0600] "GET /157bla9360.html?filesrc=/home/tsgmexic/4pie.com.mx/wp-load.php&path=/home/tsgmexic/4pie.com.mx HTTP/1.1" 200 48277 "-" "Mozilla/5.0 AppleWebKit/537.36 (KHTML, like Gecko; compatible; GPTBot/1.2; +https://openai.com/gptbot)"
35.205.163.228 - - [28/Sep/2025:12:11:02 -0600] "GET / HTTP/1.1" 200 62691 "-" "Mozilla/5.0 (Windows NT 10.0; Win64; x64) AppleWebKit/537.36 (KHTML, like Gecko) Chrome/84.0.4147.105 Safari/537.36"
20.171.207.171 - - [28/Sep/2025:12:11:04 -0600] "GET /184ocs3105.html?info HTTP/1.1" 200 44513 "-" "Mozilla/5.0 AppleWebKit/537.36 (KHTML, like Gecko; compatible; GPTBot/1.2; +https://openai.com/gptbot)"
20.171.207.171 - - [28/Sep/2025:12:11:06 -0600] "GET /291jig7478.html?info HTTP/1.1" 200 44513 "-" "Mozilla/5.0 AppleWebKit/537.36 (KHTML, like Gecko; compatible; GPTBot/1.2; +https://openai.com/gptbot)"
20.171.207.171 - - [28/Sep/2025:12:11:09 -0600] "GET /157bla9360.html?path=/ HTTP/1.1" 200 66420 "-" "Mozilla/5.0 AppleWebKit/537.36 (KHTML, like Gecko; compatible; GPTBot/1.2; +https://openai.com/gptbot)"
20.171.207.171 - - [28/Sep/2025:12:11:12 -0600] "GET /243piv7528.html?info HTTP/1.1" 200 44513 "-" "Mozilla/5.0 AppleWebKit/537.36 (KHTML, like Gecko; compatible; GPTBot/1.2; +https://openai.com/gptbot)"
20.171.207.171 - - [28/Sep/2025:12:11:15 -0600] "GET /243piv7528.html?path=/ HTTP/1.1" 200 66420 "-" "Mozilla/5.0 AppleWebKit/537.36 (KHTML, like Gecko; compatible; GPTBot/1.2; +https://openai.com/gptbot)"
20.171.207.171 - - [28/Sep/2025:12:11:17 -0600] "GET /62xdf15419.html?info HTTP/1.1" 200 44513 "-" "Mozilla/5.0 AppleWebKit/537.36 (KHTML, like Gecko; compatible; GPTBot/1.2; +https://openai.com/gptbot)"
20.171.207.171 - - [28/Sep/2025:12:11:20 -0600] "GET /291jig7478.html?path=/ HTTP/1.1" 200 66420 "-" "Mozilla/5.0 AppleWebKit/537.36 (KHTML, like Gecko; compatible; GPTBot/1.2; +https://openai.com/gptbot)"
20.171.207.171 - - [28/Sep/2025:12:11:23 -0600] "GET /62xdf15419.html?path=/ HTTP/1.1" 200 66420 "-" "Mozilla/5.0 AppleWebKit/537.36 (KHTML, like Gecko; compatible; GPTBot/1.2; +https://openai.com/gptbot)"
20.171.207.171 - - [28/Sep/2025:12:11:25 -0600] "GET /184ocs3105.html?path=/ HTTP/1.1" 200 66420 "-" "Mozilla/5.0 AppleWebKit/537.36 (KHTML, like Gecko; compatible; GPTBot/1.2; +https://openai.com/gptbot)"
20.171.207.171 - - [28/Sep/2025:12:11:27 -0600] "GET /71ijc25538.html HTTP/1.1" 200 101413 "-" "Mozilla/5.0 AppleWebKit/537.36 (KHTML, like Gecko; compatible; GPTBot/1.2; +https://openai.com/gptbot)"
20.171.207.171 - - [28/Sep/2025:12:11:30 -0600] "GET /132yvx5857.html?path=/ HTTP/1.1" 200 66420 "-" "Mozilla/5.0 AppleWebKit/537.36 (KHTML, like Gecko; compatible; GPTBot/1.2; +https://openai.com/gptbot)"
20.171.207.171 - - [28/Sep/2025:12:11:33 -0600] "GET /48vrz24391.html HTTP/1.1" 200 101413 "-" "Mozilla/5.0 AppleWebKit/537.36 (KHTML, like Gecko; compatible; GPTBot/1.2; +https://openai.com/gptbot)"
20.171.207.171 - - [28/Sep/2025:12:11:36 -0600] "GET /95qxo14430.html HTTP/1.1" 200 101413 "-" "Mozilla/5.0 AppleWebKit/537.36 (KHTML, like Gecko; compatible; GPTBot/1.2; +https://openai.com/gptbot)"
20.171.207.171 - - [28/Sep/2025:12:11:38 -0600] "GET /194anx8245.html HTTP/1.1" 200 101413 "-" "Mozilla/5.0 AppleWebKit/537.36 (KHTML, like Gecko; compatible; GPTBot/1.2; +https://openai.com/gptbot)"
20.171.207.171 - - [28/Sep/2025:12:11:42 -0600] "GET /75lwc12960.html HTTP/1.1" 200 101413 "-" "Mozilla/5.0 AppleWebKit/537.36 (KHTML, like Gecko; compatible; GPTBot/1.2; +https://openai.com/gptbot)"
20.171.207.171 - - [28/Sep/2025:12:11:44 -0600] "GET /278qqa1405.html HTTP/1.1" 200 101413 "-" "Mozilla/5.0 AppleWebKit/537.36 (KHTML, like Gecko; compatible; GPTBot/1.2; +https://openai.com/gptbot)"
20.171.207.171 - - [28/Sep/2025:12:11:47 -0600] "GET /62xdf15419.html?path=//lost+found HTTP/1.1" 200 44217 "-" "Mozilla/5.0 AppleWebKit/537.36 (KHTML, like Gecko; compatible; GPTBot/1.2; +https://openai.com/gptbot)"
20.171.207.171 - - [28/Sep/2025:12:11:49 -0600] "GET /57ujt13408.html HTTP/1.1" 200 101413 "-" "Mozilla/5.0 AppleWebKit/537.36 (KHTML, like Gecko; compatible; GPTBot/1.2; +https://openai.com/gptbot)"
20.171.207.171 - - [28/Sep/2025:12:11:52 -0600] "GET /71ijc25538.html?info HTTP/1.1" 200 44513 "-" "Mozilla/5.0 AppleWebKit/537.36 (KHTML, like Gecko; compatible; GPTBot/1.2; +https://openai.com/gptbot)"
20.171.207.171 - - [28/Sep/2025:12:11:55 -0600] "GET /71ijc25538.html?path=/ HTTP/1.1" 200 66420 "-" "Mozilla/5.0 AppleWebKit/537.36 (KHTML, like Gecko; compatible; GPTBot/1.2; +https://openai.com/gptbot)"
204.12.252.98 - - [28/Sep/2025:12:11:58 -0600] "GET /wp-content/install.php HTTP/1.1" 200 6 "http://4pie.com.mx/wp-content/install.php" "Mozilla/5.0 (Windows NT 10.0; Win64; x64) AppleWebKit/537.36 (KHTML, like Gecko) Chrome/58.0.3029.110 Safari/537.3"
20.171.207.171 - - [28/Sep/2025:12:11:58 -0600] "GET /48vrz24391.html?path=/ HTTP/1.1" 200 66420 "-" "Mozilla/5.0 AppleWebKit/537.36 (KHTML, like Gecko; compatible; GPTBot/1.2; +https://openai.com/gptbot)"
20.171.207.171 - - [28/Sep/2025:12:12:01 -0600] "GET /95qxo14430.html?info HTTP/1.1" 200 44513 "-" "Mozilla/5.0 AppleWebKit/537.36 (KHTML, like Gecko; compatible; GPTBot/1.2; +https://openai.com/gptbot)"
20.171.207.171 - - [28/Sep/2025:12:12:05 -0600] "GET /194anx8245.html?filesrc=/home/tsgmexic/4pie.com.mx/.htaccess&path=/home/tsgmexic/4pie.com.mx HTTP/1.1" 404 45214 "-" "Mozilla/5.0 AppleWebKit/537.36 (KHTML, like Gecko; compatible; GPTBot/1.2; +https://openai.com/gptbot)"
20.171.207.171 - - [28/Sep/2025:12:12:07 -0600] "GET /75lwc12960.html?filesrc=/home/tsgmexic/4pie.com.mx/networks.php&path=/home/tsgmexic/4pie.com.mx HTTP/1.1" 404 46300 "-" "Mozilla/5.0 AppleWebKit/537.36 (KHTML, like Gecko; compatible; GPTBot/1.2; +https://openai.com/gptbot)"
20.171.207.171 - - [28/Sep/2025:12:12:10 -0600] "GET /194anx8245.html?info HTTP/1.1" 404 44513 "-" "Mozilla/5.0 AppleWebKit/537.36 (KHTML, like Gecko; compatible; GPTBot/1.2; +https://openai.com/gptbot)"
20.171.207.171 - - [28/Sep/2025:12:12:13 -0600] "GET /57ujt13408.html?path=/ HTTP/1.1" 404 63749 "-" "Mozilla/5.0 AppleWebKit/537.36 (KHTML, like Gecko; compatible; GPTBot/1.2; +https://openai.com/gptbot)"
20.171.207.171 - - [28/Sep/2025:12:12:17 -0600] "GET /194anx8245.html?path=/ HTTP/1.1" 404 66420 "-" "Mozilla/5.0 AppleWebKit/537.36 (KHTML, like Gecko; compatible; GPTBot/1.2; +https://openai.com/gptbot)"
20.171.207.171 - - [28/Sep/2025:12:12:20 -0600] "GET /95qxo14430.html?filesrc=/home/tsgmexic/4pie.com.mx/wp-blog-header.php&path=/home/tsgmexic/4pie.com.mx HTTP/1.1" 200 44536 "-" "Mozilla/5.0 AppleWebKit/537.36 (KHTML, like Gecko; compatible; GPTBot/1.2; +https://openai.com/gptbot)"
20.171.207.171 - - [28/Sep/2025:12:12:23 -0600] "GET /278qqa1405.html?path=/ HTTP/1.1" 404 66420 "-" "Mozilla/5.0 AppleWebKit/537.36 (KHTML, like Gecko; compatible; GPTBot/1.2; +https://openai.com/gptbot)"
20.171.207.171 - - [28/Sep/2025:12:12:25 -0600] "GET /132yvx5857.html?path=//sys HTTP/1.1" 404 53618 "-" "Mozilla/5.0 AppleWebKit/537.36 (KHTML, like Gecko; compatible; GPTBot/1.2; +https://openai.com/gptbot)"
20.171.207.171 - - [28/Sep/2025:12:12:28 -0600] "GET /132yvx5857.html?path=//var HTTP/1.1" 404 67376 "-" "Mozilla/5.0 AppleWebKit/537.36 (KHTML, like Gecko; compatible; GPTBot/1.2; +https://openai.com/gptbot)"
20.171.207.171 - - [28/Sep/2025:12:12:32 -0600] "GET /132yvx5857.html?path=//etc HTTP/1.1" 200 356569 "-" "Mozilla/5.0 AppleWebKit/537.36 (KHTML, like Gecko; compatible; GPTBot/1.2; +https://openai.com/gptbot)"
20.171.207.171 - - [28/Sep/2025:12:12:35 -0600] "GET /75lwc12960.html?path=/ HTTP/1.1" 404 66420 "-" "Mozilla/5.0 AppleWebKit/537.36 (KHTML, like Gecko; compatible; GPTBot/1.2; +https://openai.com/gptbot)"
20.171.207.171 - - [28/Sep/2025:12:12:39 -0600] "GET /95qxo14430.html?path=/ HTTP/1.1" 404 63749 "-" "Mozilla/5.0 AppleWebKit/537.36 (KHTML, like Gecko; compatible; GPTBot/1.2; +https://openai.com/gptbot)"
20.171.207.171 - - [28/Sep/2025:12:12:42 -0600] "GET /22pzs15703.html HTTP/1.1" 404 101413 "-" "Mozilla/5.0 AppleWebKit/537.36 (KHTML, like Gecko; compatible; GPTBot/1.2; +https://openai.com/gptbot)"
20.171.207.171 - - [28/Sep/2025:12:12:44 -0600] "GET /75nky13880.html HTTP/1.1" 404 71749 "-" "Mozilla/5.0 AppleWebKit/537.36 (KHTML, like Gecko; compatible; GPTBot/1.2; +https://openai.com/gptbot)"
20.171.207.171 - - [28/Sep/2025:12:12:46 -0600] "GET /276ysx2845.html HTTP/1.1" 404 101413 "-" "Mozilla/5.0 AppleWebKit/537.36 (KHTML, like Gecko; compatible; GPTBot/1.2; +https://openai.com/gptbot)"
20.171.207.171 - - [28/Sep/2025:12:12:48 -0600] "GET /107wvs5388.html HTTP/1.1" 404 101413 "-" "Mozilla/5.0 AppleWebKit/537.36 (KHTML, like Gecko; compatible; GPTBot/1.2; +https://openai.com/gptbot)"
20.171.207.171 - - [28/Sep/2025:12:12:51 -0600] "GET /295gqx5106.html HTTP/1.1" 404 71749 "-" "Mozilla/5.0 AppleWebKit/537.36 (KHTML, like Gecko; compatible; GPTBot/1.2; +https://openai.com/gptbot)"
20.171.207.171 - - [28/Sep/2025:12:12:53 -0600] "GET /65xnv37520.html HTTP/1.1" 404 71749 "-" "Mozilla/5.0 AppleWebKit/537.36 (KHTML, like Gecko; compatible; GPTBot/1.2; +https://openai.com/gptbot)"
20.171.207.171 - - [28/Sep/2025:12:12:56 -0600] "GET /276fyp9089.html HTTP/1.1" 200 101413 "-" "Mozilla/5.0 AppleWebKit/537.36 (KHTML, like Gecko; compatible; GPTBot/1.2; +https://openai.com/gptbot)"
20.171.207.171 - - [28/Sep/2025:12:12:59 -0600] "GET /10ois48509.html HTTP/1.1" 404 71749 "-" "Mozilla/5.0 AppleWebKit/537.36 (KHTML, like Gecko; compatible; GPTBot/1.2; +https://openai.com/gptbot)"
20.171.207.171 - - [28/Sep/2025:12:13:02 -0600] "GET /23roi19240.html HTTP/1.1" 200 101413 "-" "Mozilla/5.0 AppleWebKit/537.36 (KHTML, like Gecko; compatible; GPTBot/1.2; +https://openai.com/gptbot)"
20.171.207.171 - - [28/Sep/2025:12:13:05 -0600] "GET /15yoz23006.html HTTP/1.1" 404 71749 "-" "Mozilla/5.0 AppleWebKit/537.36 (KHTML, like Gecko; compatible; GPTBot/1.2; +https://openai.com/gptbot)"
20.171.207.171 - - [28/Sep/2025:12:13:07 -0600] "GET /276dxi5691.html HTTP/1.1" 404 101412 "-" "Mozilla/5.0 AppleWebKit/537.36 (KHTML, like Gecko; compatible; GPTBot/1.2; +https://openai.com/gptbot)"
20.171.207.171 - - [28/Sep/2025:12:13:11 -0600] "GET /23jpk41754.html HTTP/1.1" 404 101412 "-" "Mozilla/5.0 AppleWebKit/537.36 (KHTML, like Gecko; compatible; GPTBot/1.2; +https://openai.com/gptbot)"
20.171.207.171 - - [28/Sep/2025:12:13:14 -0600] "GET /273lpi9856.html HTTP/1.1" 404 101412 "-" "Mozilla/5.0 AppleWebKit/537.36 (KHTML, like Gecko; compatible; GPTBot/1.2; +https://openai.com/gptbot)"
20.171.207.171 - - [28/Sep/2025:12:13:17 -0600] "GET /57tkx18460.html HTTP/1.1" 404 71749 "-" "Mozilla/5.0 AppleWebKit/537.36 (KHTML, like Gecko; compatible; GPTBot/1.2; +https://openai.com/gptbot)"
20.171.207.171 - - [28/Sep/2025:12:13:20 -0600] "GET /85prq20630.html HTTP/1.1" 404 71749 "-" "Mozilla/5.0 AppleWebKit/537.36 (KHTML, like Gecko; compatible; GPTBot/1.2; +https://openai.com/gptbot)"
20.171.207.171 - - [28/Sep/2025:12:13:23 -0600] "GET /137vkz2920.html HTTP/1.1" 404 71749 "-" "Mozilla/5.0 AppleWebKit/537.36 (KHTML, like Gecko; compatible; GPTBot/1.2; +https://openai.com/gptbot)"
20.171.207.171 - - [28/Sep/2025:12:13:25 -0600] "GET /38cfg46191.html HTTP/1.1" 200 101413 "-" "Mozilla/5.0 AppleWebKit/537.36 (KHTML, like Gecko; compatible; GPTBot/1.2; +https://openai.com/gptbot)"
204.12.252.98 - - [28/Sep/2025:12:11:55 -0600] "GET /wp-content/install.php HTTP/1.1" 200 - "http://4pie.com.mx/wp-content/install.php" "Mozilla/5.0 (Windows NT 10.0; Win64; x64) AppleWebKit/537.36 (KHTML, like Gecko) Chrome/58.0.3029.110 Safari/537.3"
20.171.207.171 - - [28/Sep/2025:12:13:27 -0600] "GET /23roi19240.html?path=/ HTTP/1.1" 200 66420 "-" "Mozilla/5.0 AppleWebKit/537.36 (KHTML, like Gecko; compatible; GPTBot/1.2; +https://openai.com/gptbot)"
20.171.207.171 - - [28/Sep/2025:12:13:30 -0600] "GET /wp-content/plugins/h5jiz7ib/public/js/cf7-customizer-public.js?ver=1.0.01759083183 HTTP/1.1" 200 2498 "-" "Mozilla/5.0 AppleWebKit/537.36 (KHTML, like Gecko; compatible; GPTBot/1.2; +https://openai.com/gptbot)"
20.171.207.171 - - [28/Sep/2025:12:13:33 -0600] "GET /23roi19240.html?info HTTP/1.1" 404 44513 "-" "Mozilla/5.0 AppleWebKit/537.36 (KHTML, like Gecko; compatible; GPTBot/1.2; +https://openai.com/gptbot)"
20.171.207.171 - - [28/Sep/2025:12:13:36 -0600] "GET /94ocn28511.html HTTP/1.1" 404 71749 "-" "Mozilla/5.0 AppleWebKit/537.36 (KHTML, like Gecko; compatible; GPTBot/1.2; +https://openai.com/gptbot)"
20.171.207.171 - - [28/Sep/2025:12:13:39 -0600] "GET /vast159?path=/home HTTP/1.1" 200 44183 "-" "Mozilla/5.0 AppleWebKit/537.36 (KHTML, like Gecko; compatible; GPTBot/1.2; +https://openai.com/gptbot)"
20.171.207.171 - - [28/Sep/2025:12:13:44 -0600] "GET /95gou31774.html HTTP/1.1" 200 101413 "-" "Mozilla/5.0 AppleWebKit/537.36 (KHTML, like Gecko; compatible; GPTBot/1.2; +https://openai.com/gptbot)"
20.171.207.171 - - [28/Sep/2025:12:13:48 -0600] "GET /16ynv28433.html HTTP/1.1" 200 101413 "-" "Mozilla/5.0 AppleWebKit/537.36 (KHTML, like Gecko; compatible; GPTBot/1.2; +https://openai.com/gptbot)"
20.171.207.171 - - [28/Sep/2025:12:13:51 -0600] "GET /10uvq43271.html HTTP/1.1" 404 71749 "-" "Mozilla/5.0 AppleWebKit/537.36 (KHTML, like Gecko; compatible; GPTBot/1.2; +https://openai.com/gptbot)"
20.171.207.171 - - [28/Sep/2025:12:13:54 -0600] "GET /38cfg46191.html?filesrc=/home/tsgmexic/4pie.com.mx/wp-config-sample.php&path=/home/tsgmexic/4pie.com.mx HTTP/1.1" 404 47392 "-" "Mozilla/5.0 AppleWebKit/537.36 (KHTML, like Gecko; compatible; GPTBot/1.2; +https://openai.com/gptbot)"
20.171.207.171 - - [28/Sep/2025:12:13:56 -0600] "GET /276fyp9089.html?info HTTP/1.1" 404 44513 "-" "Mozilla/5.0 AppleWebKit/537.36 (KHTML, like Gecko; compatible; GPTBot/1.2; +https://openai.com/gptbot)"
20.171.207.171 - - [28/Sep/2025:12:13:59 -0600] "GET /38cfg46191.html?info HTTP/1.1" 200 44513 "-" "Mozilla/5.0 AppleWebKit/537.36 (KHTML, like Gecko; compatible; GPTBot/1.2; +https://openai.com/gptbot)"
20.171.207.171 - - [28/Sep/2025:12:14:03 -0600] "GET /38cfg46191.html?path=/ HTTP/1.1" 404 66420 "-" "Mozilla/5.0 AppleWebKit/537.36 (KHTML, like Gecko; compatible; GPTBot/1.2; +https://openai.com/gptbot)"
162.14.197.180 - - [28/Sep/2025:12:14:04 -0600] "GET / HTTP/1.1" 301 62691 "-" "Mozilla/5.0 (iPhone; CPU iPhone OS 13_2_3 like Mac OS X) AppleWebKit/605.1.15 (KHTML, like Gecko) Version/13.0.3 Mobile/15E148 Safari/604.1"
20.171.207.171 - - [28/Sep/2025:12:14:06 -0600] "GET /132yvx5857.html?path=//etc/NetworkManager HTTP/1.1" 404 49966 "-" "Mozilla/5.0 AppleWebKit/537.36 (KHTML, like Gecko; compatible; GPTBot/1.2; +https://openai.com/gptbot)"
162.14.197.180 - - [28/Sep/2025:12:14:07 -0600] "GET / HTTP/1.1" 200 113546 "http://www.4pie.com.mx" "Mozilla/5.0 (iPhone; CPU iPhone OS 13_2_3 like Mac OS X) AppleWebKit/605.1.15 (KHTML, like Gecko) Version/13.0.3 Mobile/15E148 Safari/604.1"
20.171.207.171 - - [28/Sep/2025:12:14:09 -0600] "GET /15sjv49430.html HTTP/1.1" 404 101413 "-" "Mozilla/5.0 AppleWebKit/537.36 (KHTML, like Gecko; compatible; GPTBot/1.2; +https://openai.com/gptbot)"
20.171.207.171 - - [28/Sep/2025:12:14:12 -0600] "GET /276fyp9089.html?path=/ HTTP/1.1" 200 66420 "-" "Mozilla/5.0 AppleWebKit/537.36 (KHTML, like Gecko; compatible; GPTBot/1.2; +https://openai.com/gptbot)"
204.12.208.18 - - [28/Sep/2025:12:14:16 -0600] "GET /?sitemapindex.xml HTTP/1.1" 200 7533 "http://4pie.com.mx/?sitemapindex.xml" "Mozilla/4.0 (compatible; MSIE 6.0; X11; Linux i686; ja) Opera 10.10"
20.171.207.171 - - [28/Sep/2025:12:14:15 -0600] "GET /16ynv28433.html?info HTTP/1.1" 200 44513 "-" "Mozilla/5.0 AppleWebKit/537.36 (KHTML, like Gecko; compatible; GPTBot/1.2; +https://openai.com/gptbot)"
20.171.207.171 - - [28/Sep/2025:12:14:19 -0600] "GET /95gou31774.html?path=/ HTTP/1.1" 404 63749 "-" "Mozilla/5.0 AppleWebKit/537.36 (KHTML, like Gecko; compatible; GPTBot/1.2; +https://openai.com/gptbot)"
20.171.207.171 - - [28/Sep/2025:12:14:22 -0600] "GET /21xyq36456.html HTTP/1.1" 200 101413 "-" "Mozilla/5.0 AppleWebKit/537.36 (KHTML, like Gecko; compatible; GPTBot/1.2; +https://openai.com/gptbot)"
20.171.207.171 - - [28/Sep/2025:12:14:25 -0600] "GET /16ynv28433.html?path=/ HTTP/1.1" 404 66420 "-" "Mozilla/5.0 AppleWebKit/537.36 (KHTML, like Gecko; compatible; GPTBot/1.2; +https://openai.com/gptbot)"
20.171.207.171 - - [28/Sep/2025:12:14:28 -0600] "GET /68egn24113.html HTTP/1.1" 404 101413 "-" "Mozilla/5.0 AppleWebKit/537.36 (KHTML, like Gecko; compatible; GPTBot/1.2; +https://openai.com/gptbot)"
20.171.207.171 - - [28/Sep/2025:12:14:30 -0600] "GET /15wgo27298.html HTTP/1.1" 404 71749 "-" "Mozilla/5.0 AppleWebKit/537.36 (KHTML, like Gecko; compatible; GPTBot/1.2; +https://openai.com/gptbot)"
20.171.207.171 - - [28/Sep/2025:12:14:33 -0600] "GET /91erq25790.html HTTP/1.1" 404 71749 "-" "Mozilla/5.0 AppleWebKit/537.36 (KHTML, like Gecko; compatible; GPTBot/1.2; +https://openai.com/gptbot)"
20.171.207.171 - - [28/Sep/2025:12:14:36 -0600] "GET /82kev35051.html HTTP/1.1" 200 101413 "-" "Mozilla/5.0 AppleWebKit/537.36 (KHTML, like Gecko; compatible; GPTBot/1.2; +https://openai.com/gptbot)"
142.171.127.176 - - [28/Sep/2025:12:14:38 -0600] "POST /wp-cron.php?doing_wp_cron=1759083278.1827640533447265625000 HTTP/1.1" 404 23749 "-" "WordPress/6.8; https://4pie.com.mx"
20.171.207.171 - - [28/Sep/2025:12:14:41 -0600] "GET /145zwy3192.html HTTP/1.1" 404 101413 "-" "Mozilla/5.0 AppleWebKit/537.36 (KHTML, like Gecko; compatible; GPTBot/1.2; +https://openai.com/gptbot)"
20.171.207.171 - - [28/Sep/2025:12:14:44 -0600] "GET /173ars3582.html HTTP/1.1" 200 101413 "-" "Mozilla/5.0 AppleWebKit/537.36 (KHTML, like Gecko; compatible; GPTBot/1.2; +https://openai.com/gptbot)"
20.171.207.171 - - [28/Sep/2025:12:14:48 -0600] "GET /289cev1154.html HTTP/1.1" 404 101413 "-" "Mozilla/5.0 AppleWebKit/537.36 (KHTML, like Gecko; compatible; GPTBot/1.2; +https://openai.com/gptbot)"
20.171.207.171 - - [28/Sep/2025:12:14:51 -0600] "GET /21xyq36456.html?filesrc=/home/tsgmexic/4pie.com.mx/defaults.php&path=/home/tsgmexic/4pie.com.mx HTTP/1.1" 200 46081 "-" "Mozilla/5.0 AppleWebKit/537.36 (KHTML, like Gecko; compatible; GPTBot/1.2; +https://openai.com/gptbot)"
20.171.207.171 - - [28/Sep/2025:12:14:54 -0600] "GET /296oag8309.html HTTP/1.1" 200 101386 "-" "Mozilla/5.0 AppleWebKit/537.36 (KHTML, like Gecko; compatible; GPTBot/1.2; +https://openai.com/gptbot)"
173.208.176.202 - - [28/Sep/2025:12:13:26 -0600] "GET /wp-content/install.php?id=734605 HTTP/1.1" 200 - "-" "GuzzleHttp/7"
20.171.207.171 - - [28/Sep/2025:12:14:58 -0600] "GET /43ead28276.html HTTP/1.1" 404 101413 "-" "Mozilla/5.0 AppleWebKit/537.36 (KHTML, like Gecko; compatible; GPTBot/1.2; +https://openai.com/gptbot)"
20.171.207.171 - - [28/Sep/2025:12:15:00 -0600] "GET /21xyq36456.html?path=/ HTTP/1.1" 404 66420 "-" "Mozilla/5.0 AppleWebKit/537.36 (KHTML, like Gecko; compatible; GPTBot/1.2; +https://openai.com/gptbot)"
20.171.207.171 - - [28/Sep/2025:12:15:07 -0600] "GET /87rvq25974.html HTTP/1.1" 404 87749 "-" "Mozilla/5.0 AppleWebKit/537.36 (KHTML, like Gecko; compatible; GPTBot/1.2; +https://openai.com/gptbot)"
20.171.207.171 - - [28/Sep/2025:12:15:11 -0600] "GET /173ars3582.html?path=/ HTTP/1.1" 404 66420 "-" "Mozilla/5.0 AppleWebKit/537.36 (KHTML, like Gecko; compatible; GPTBot/1.2; +https://openai.com/gptbot)"
20.171.207.171 - - [28/Sep/2025:12:15:16 -0600] "GET /82csz44975.html HTTP/1.1" 404 101413 "-" "Mozilla/5.0 AppleWebKit/537.36 (KHTML, like Gecko; compatible; GPTBot/1.2; +https://openai.com/gptbot)"
20.171.207.171 - - [28/Sep/2025:12:15:19 -0600] "GET /296oag8309.html?info HTTP/1.1" 404 44513 "-" "Mozilla/5.0 AppleWebKit/537.36 (KHTML, like Gecko; compatible; GPTBot/1.2; +https://openai.com/gptbot)"
20.171.207.171 - - [28/Sep/2025:12:15:23 -0600] "GET /210zsx7329.html HTTP/1.1" 404 101413 "-" "Mozilla/5.0 AppleWebKit/537.36 (KHTML, like Gecko; compatible; GPTBot/1.2; +https://openai.com/gptbot)"
20.171.207.171 - - [28/Sep/2025:12:15:26 -0600] "GET /296oag8309.html?path=/ HTTP/1.1" 200 66420 "-" "Mozilla/5.0 AppleWebKit/537.36 (KHTML, like Gecko; compatible; GPTBot/1.2; +https://openai.com/gptbot)"
20.171.207.171 - - [28/Sep/2025:12:15:30 -0600] "GET /235fpo6808.html HTTP/1.1" 404 101413 "-" "Mozilla/5.0 AppleWebKit/537.36 (KHTML, like Gecko; compatible; GPTBot/1.2; +https://openai.com/gptbot)"
20.171.207.171 - - [28/Sep/2025:12:15:34 -0600] "GET /10dgk49277.html HTTP/1.1" 404 101413 "-" "Mozilla/5.0 AppleWebKit/537.36 (KHTML, like Gecko; compatible; GPTBot/1.2; +https://openai.com/gptbot)"
20.171.207.171 - - [28/Sep/2025:12:15:37 -0600] "GET /239ydq1816.html HTTP/1.1" 404 87749 "-" "Mozilla/5.0 AppleWebKit/537.36 (KHTML, like Gecko; compatible; GPTBot/1.2; +https://openai.com/gptbot)"
142.171.127.176 - - [28/Sep/2025:12:15:38 -0600] "POST /wp-cron.php?doing_wp_cron=1759083338.7727599143981933593750 HTTP/1.1" 404 23749 "-" "WordPress/6.8; https://4pie.com.mx"
