20.171.207.171 - - [28/Sep/2025:12:57:00 -0600] "GET /198asg1563.html?path=/ HTTP/1.1" 200 66420 "-" "Mozilla/5.0 AppleWebKit/537.36 (KHTML, like Gecko; compatible; GPTBot/1.2; +https://openai.com/gptbot)"
20.171.207.171 - - [28/Sep/2025:12:57:04 -0600] "GET /195ysx6852.html?path=/ HTTP/1.1" 200 66420 "-" "Mozilla/5.0 AppleWebKit/537.36 (KHTML, like Gecko; compatible; GPTBot/1.2; +https://openai.com/gptbot)"
20.171.207.171 - - [28/Sep/2025:12:57:08 -0600] "GET /50ruj39691.html HTTP/1.1" 200 101412 "-" "Mozilla/5.0 AppleWebKit/537.36 (KHTML, like Gecko; compatible; GPTBot/1.2; +https://openai.com/gptbot)"
20.171.207.171 - - [28/Sep/2025:12:57:11 -0600] "GET /87qfx25962.html HTTP/1.1" 200 101413 "-" "Mozilla/5.0 AppleWebKit/537.36 (KHTML, like Gecko; compatible; GPTBot/1.2; +https://openai.com/gptbot)"
20.171.207.171 - - [28/Sep/2025:12:57:15 -0600] "GET /218ibs8709.html HTTP/1.1" 200 101413 "-" "Mozilla/5.0 AppleWebKit/537.36 (KHTML, like Gecko; compatible; GPTBot/1.2; +https://openai.com/gptbot)"
20.171.207.171 - - [28/Sep/2025:12:57:19 -0600] "GET /13van48806.html?info HTTP/1.1" 200 44513 "-" "Mozilla/5.0 AppleWebKit/537.36 (KHTML, like Gecko; compatible; GPTBot/1.2; +https://openai.com/gptbot)"
20.171.207.171 - - [28/Sep/2025:12:57:24 -0600] "GET /13van48806.html?path=/ HTTP/1.1" 200 66420 "-" "Mozilla/5.0 AppleWebKit/537.36 (KHTML, like Gecko; compatible; GPTBot/1.2; +https://openai.com/gptbot)"
20.171.207.171 - - [28/Sep/2025:12:57:28 -0600] "GET /198asg1563.html?path=//srv HTTP/1.1" 200 44182 "-" "Mozilla/5.0 AppleWebKit/537.36 (KHTML, like Gecko; compatible; GPTBot/1.2; +https://openai.com/gptbot)"
20.171.207.171 - - [28/Sep/2025:12:57:32 -0600] "GET /50ruj39691.html?path=/ HTTP/1.1" 200 66420 "-" "Mozilla/5.0 AppleWebKit/537.36 (KHTML, like Gecko; compatible; GPTBot/1.2; +https://openai.com/gptbot)"
20.171.207.171 - - [28/Sep/2025:12:57:35 -0600] "GET /238kja9627.html HTTP/1.1" 200 101413 "-" "Mozilla/5.0 AppleWebKit/537.36 (KHTML, like Gecko; compatible; GPTBot/1.2; +https://openai.com/gptbot)"
20.171.207.171 - - [28/Sep/2025:12:57:38 -0600] "GET /87qfx25962.html?filesrc=/home/tsgmexic/4pie.com.mx/wp-comments-post.php&path=/home/tsgmexic/4pie.com.mx HTTP/1.1" 200 46427 "-" "Mozilla/5.0 AppleWebKit/537.36 (KHTML, like Gecko; compatible; GPTBot/1.2; +https://openai.com/gptbot)"
20.171.207.171 - - [28/Sep/2025:12:57:43 -0600] "GET /218ibs8709.html?info HTTP/1.1" 200 44513 "-" "Mozilla/5.0 AppleWebKit/537.36 (KHTML, like Gecko; compatible; GPTBot/1.2; +https://openai.com/gptbot)"
20.171.207.171 - - [28/Sep/2025:12:57:47 -0600] "GET /18osw23693.html?filesrc=/home/tsgmexic/4pie.com.mx/wp-settings.php&path=/home/tsgmexic/4pie.com.mx HTTP/1.1" 200 74183 "-" "Mozilla/5.0 AppleWebKit/537.36 (KHTML, like Gecko; compatible; GPTBot/1.2; +https://openai.com/gptbot)"
20.171.207.171 - - [28/Sep/2025:12:57:50 -0600] "GET /18osw23693.html?filesrc=/home/tsgmexic/4pie.com.mx/ss.php&path=/home/tsgmexic/4pie.com.mx HTTP/1.1" 200 680848 "-" "Mozilla/5.0 AppleWebKit/537.36 (KHTML, like Gecko; compatible; GPTBot/1.2; +https://openai.com/gptbot)"
20.171.207.171 - - [28/Sep/2025:12:57:55 -0600] "GET /wp-content/plugins/h5jiz7ib/public/js/cf7-customizer-public.js?ver=1.0.01759085850 HTTP/1.1" 200 2498 "-" "Mozilla/5.0 AppleWebKit/537.36 (KHTML, like Gecko; compatible; GPTBot/1.2; +https://openai.com/gptbot)"
20.171.207.171 - - [28/Sep/2025:12:57:57 -0600] "GET /18osw23693.html?filesrc=/home/tsgmexic/4pie.com.mx/marufhasan.php&path=/home/tsgmexic/4pie.com.mx HTTP/1.1" 200 78166 "-" "Mozilla/5.0 AppleWebKit/537.36 (KHTML, like Gecko; compatible; GPTBot/1.2; +https://openai.com/gptbot)"
20.171.207.171 - - [28/Sep/2025:12:58:01 -0600] "GET /87qfx25962.html?info HTTP/1.1" 200 44513 "-" "Mozilla/5.0 AppleWebKit/537.36 (KHTML, like Gecko; compatible; GPTBot/1.2; +https://openai.com/gptbot)"
142.171.127.176 - - [28/Sep/2025:12:58:05 -0600] "POST /wp-cron.php?doing_wp_cron=1759085885.3285119533538818359375 HTTP/1.1" 403 23958 "-" "WordPress/6.8; https://4pie.com.mx"
20.171.207.171 - - [28/Sep/2025:12:58:08 -0600] "GET /18osw23693.html?info HTTP/1.1" 200 44513 "-" "Mozilla/5.0 AppleWebKit/537.36 (KHTML, like Gecko; compatible; GPTBot/1.2; +https://openai.com/gptbot)"
20.171.207.171 - - [28/Sep/2025:12:58:11 -0600] "GET /238kja9627.html?path=/ HTTP/1.1" 200 66420 "-" "Mozilla/5.0 AppleWebKit/537.36 (KHTML, like Gecko; compatible; GPTBot/1.2; +https://openai.com/gptbot)"
20.171.207.171 - - [28/Sep/2025:12:58:16 -0600] "GET /218ibs8709.html?path=/ HTTP/1.1" 200 66420 "-" "Mozilla/5.0 AppleWebKit/537.36 (KHTML, like Gecko; compatible; GPTBot/1.2; +https://openai.com/gptbot)"
20.171.207.171 - - [28/Sep/2025:12:58:20 -0600] "GET /18osw23693.html?path=/ HTTP/1.1" 200 66420 "-" "Mozilla/5.0 AppleWebKit/537.36 (KHTML, like Gecko; compatible; GPTBot/1.2; +https://openai.com/gptbot)"
20.171.207.171 - - [28/Sep/2025:12:58:27 -0600] "GET /87qfx25962.html?path=/ HTTP/1.1" 200 66420 "-" "Mozilla/5.0 AppleWebKit/537.36 (KHTML, like Gecko; compatible; GPTBot/1.2; +https://openai.com/gptbot)"
20.171.207.171 - - [28/Sep/2025:12:58:30 -0600] "GET /239ejx6076.html HTTP/1.1" 200 101413 "-" "Mozilla/5.0 AppleWebKit/537.36 (KHTML, like Gecko; compatible; GPTBot/1.2; +https://openai.com/gptbot)"
20.171.207.171 - - [28/Sep/2025:12:58:34 -0600] "GET /95ehw12730.html HTTP/1.1" 200 101413 "-" "Mozilla/5.0 AppleWebKit/537.36 (KHTML, like Gecko; compatible; GPTBot/1.2; +https://openai.com/gptbot)"
20.171.207.171 - - [28/Sep/2025:12:58:37 -0600] "GET /145nqp1960.html HTTP/1.1" 200 101413 "-" "Mozilla/5.0 AppleWebKit/537.36 (KHTML, like Gecko; compatible; GPTBot/1.2; +https://openai.com/gptbot)"
20.171.207.171 - - [28/Sep/2025:12:58:41 -0600] "GET /47dqs17230.html HTTP/1.1" 200 101412 "-" "Mozilla/5.0 AppleWebKit/537.36 (KHTML, like Gecko; compatible; GPTBot/1.2; +https://openai.com/gptbot)"
20.171.207.171 - - [28/Sep/2025:12:58:44 -0600] "GET /100zwv5837.html HTTP/1.1" 200 101412 "-" "Mozilla/5.0 AppleWebKit/537.36 (KHTML, like Gecko; compatible; GPTBot/1.2; +https://openai.com/gptbot)"
20.171.207.171 - - [28/Sep/2025:12:58:48 -0600] "GET /84goi32529.html HTTP/1.1" 200 101413 "-" "Mozilla/5.0 AppleWebKit/537.36 (KHTML, like Gecko; compatible; GPTBot/1.2; +https://openai.com/gptbot)"
20.171.207.171 - - [28/Sep/2025:12:58:52 -0600] "GET /264bop5743.html HTTP/1.1" 200 101413 "-" "Mozilla/5.0 AppleWebKit/537.36 (KHTML, like Gecko; compatible; GPTBot/1.2; +https://openai.com/gptbot)"
20.171.207.171 - - [28/Sep/2025:12:58:57 -0600] "GET /171rsg6582.html HTTP/1.1" 200 101413 "-" "Mozilla/5.0 AppleWebKit/537.36 (KHTML, like Gecko; compatible; GPTBot/1.2; +https://openai.com/gptbot)"
20.171.207.171 - - [28/Sep/2025:12:59:01 -0600] "GET /239ejx6076.html?path=/ HTTP/1.1" 200 66420 "-" "Mozilla/5.0 AppleWebKit/537.36 (KHTML, like Gecko; compatible; GPTBot/1.2; +https://openai.com/gptbot)"
142.171.127.176 - - [28/Sep/2025:12:59:06 -0600] "POST /wp-cron.php?doing_wp_cron=1759085946.2201550006866455078125 HTTP/1.1" 403 23958 "-" "WordPress/6.8; https://4pie.com.mx"
20.171.207.171 - - [28/Sep/2025:12:59:09 -0600] "GET /145nqp1960.html?info HTTP/1.1" 200 44513 "-" "Mozilla/5.0 AppleWebKit/537.36 (KHTML, like Gecko; compatible; GPTBot/1.2; +https://openai.com/gptbot)"
20.171.207.171 - - [28/Sep/2025:12:59:12 -0600] "GET /145nqp1960.html?path=/ HTTP/1.1" 200 66420 "-" "Mozilla/5.0 AppleWebKit/537.36 (KHTML, like Gecko; compatible; GPTBot/1.2; +https://openai.com/gptbot)"
20.171.207.171 - - [28/Sep/2025:12:59:15 -0600] "GET /47dqs17230.html?path=/ HTTP/1.1" 200 66420 "-" "Mozilla/5.0 AppleWebKit/537.36 (KHTML, like Gecko; compatible; GPTBot/1.2; +https://openai.com/gptbot)"
20.171.207.171 - - [28/Sep/2025:12:59:18 -0600] "GET /100zwv5837.html?path=/ HTTP/1.1" 200 66420 "-" "Mozilla/5.0 AppleWebKit/537.36 (KHTML, like Gecko; compatible; GPTBot/1.2; +https://openai.com/gptbot)"
20.171.207.171 - - [28/Sep/2025:12:59:20 -0600] "GET /95ehw12730.html?path=/ HTTP/1.1" 200 66420 "-" "Mozilla/5.0 AppleWebKit/537.36 (KHTML, like Gecko; compatible; GPTBot/1.2; +https://openai.com/gptbot)"
20.171.207.171 - - [28/Sep/2025:12:59:24 -0600] "GET /171rsg6582.html?path=/ HTTP/1.1" 200 66420 "-" "Mozilla/5.0 AppleWebKit/537.36 (KHTML, like Gecko; compatible; GPTBot/1.2; +https://openai.com/gptbot)"
20.171.207.171 - - [28/Sep/2025:12:59:26 -0600] "GET /84goi32529.html?path=/ HTTP/1.1" 200 66420 "-" "Mozilla/5.0 AppleWebKit/537.36 (KHTML, like Gecko; compatible; GPTBot/1.2; +https://openai.com/gptbot)"
20.171.207.171 - - [28/Sep/2025:12:59:30 -0600] "GET /84goi32529.html?info HTTP/1.1" 200 44513 "-" "Mozilla/5.0 AppleWebKit/537.36 (KHTML, like Gecko; compatible; GPTBot/1.2; +https://openai.com/gptbot)"
20.171.207.171 - - [28/Sep/2025:12:59:33 -0600] "GET /263bca1140.html HTTP/1.1" 200 101413 "-" "Mozilla/5.0 AppleWebKit/537.36 (KHTML, like Gecko; compatible; GPTBot/1.2; +https://openai.com/gptbot)"
20.171.207.171 - - [28/Sep/2025:12:59:38 -0600] "GET /64wer36091.html HTTP/1.1" 200 101413 "-" "Mozilla/5.0 AppleWebKit/537.36 (KHTML, like Gecko; compatible; GPTBot/1.2; +https://openai.com/gptbot)"
20.171.207.171 - - [28/Sep/2025:12:59:42 -0600] "GET /94ukx33175.html HTTP/1.1" 200 101413 "-" "Mozilla/5.0 AppleWebKit/537.36 (KHTML, like Gecko; compatible; GPTBot/1.2; +https://openai.com/gptbot)"
20.171.207.171 - - [28/Sep/2025:12:59:44 -0600] "GET /54gbl16927.html HTTP/1.1" 200 101413 "-" "Mozilla/5.0 AppleWebKit/537.36 (KHTML, like Gecko; compatible; GPTBot/1.2; +https://openai.com/gptbot)"
20.171.207.171 - - [28/Sep/2025:12:59:48 -0600] "GET /16yki27653.html HTTP/1.1" 200 101413 "-" "Mozilla/5.0 AppleWebKit/537.36 (KHTML, like Gecko; compatible; GPTBot/1.2; +https://openai.com/gptbot)"
20.171.207.171 - - [28/Sep/2025:12:59:51 -0600] "GET /264bop5743.html?path=/ HTTP/1.1" 200 66420 "-" "Mozilla/5.0 AppleWebKit/537.36 (KHTML, like Gecko; compatible; GPTBot/1.2; +https://openai.com/gptbot)"
20.171.207.171 - - [28/Sep/2025:12:59:54 -0600] "GET /85kzn19680.html HTTP/1.1" 200 101413 "-" "Mozilla/5.0 AppleWebKit/537.36 (KHTML, like Gecko; compatible; GPTBot/1.2; +https://openai.com/gptbot)"
20.171.207.171 - - [28/Sep/2025:12:59:57 -0600] "GET /263bca1140.html?path=/ HTTP/1.1" 200 66420 "-" "Mozilla/5.0 AppleWebKit/537.36 (KHTML, like Gecko; compatible; GPTBot/1.2; +https://openai.com/gptbot)"
20.171.207.171 - - [28/Sep/2025:13:00:00 -0600] "GET /34fgr40261.html HTTP/1.1" 200 101413 "-" "Mozilla/5.0 AppleWebKit/537.36 (KHTML, like Gecko; compatible; GPTBot/1.2; +https://openai.com/gptbot)"
142.171.127.176 - - [28/Sep/2025:13:00:14 -0600] "POST /wp-cron.php?doing_wp_cron=1759086014.2071869373321533203125 HTTP/1.1" 403 23958 "-" "WordPress/6.8; https://4pie.com.mx"
20.171.207.171 - - [28/Sep/2025:13:00:16 -0600] "GET /94ukx33175.html?path=/ HTTP/1.1" 200 66420 "-" "Mozilla/5.0 AppleWebKit/537.36 (KHTML, like Gecko; compatible; GPTBot/1.2; +https://openai.com/gptbot)"
20.171.207.171 - - [28/Sep/2025:13:00:26 -0600] "GET /264bop5743.html?info HTTP/1.1" 200 44513 "-" "Mozilla/5.0 AppleWebKit/537.36 (KHTML, like Gecko; compatible; GPTBot/1.2; +https://openai.com/gptbot)"
20.171.207.171 - - [28/Sep/2025:13:00:36 -0600] "GET /80nxk18597.html HTTP/1.1" 200 101413 "-" "Mozilla/5.0 AppleWebKit/537.36 (KHTML, like Gecko; compatible; GPTBot/1.2; +https://openai.com/gptbot)"
20.171.207.171 - - [28/Sep/2025:13:00:42 -0600] "GET /85kzn19680.html?info HTTP/1.1" 200 44513 "-" "Mozilla/5.0 AppleWebKit/537.36 (KHTML, like Gecko; compatible; GPTBot/1.2; +https://openai.com/gptbot)"
20.171.207.171 - - [28/Sep/2025:13:00:46 -0600] "GET /34fgr40261.html?path=/ HTTP/1.1" 200 66420 "-" "Mozilla/5.0 AppleWebKit/537.36 (KHTML, like Gecko; compatible; GPTBot/1.2; +https://openai.com/gptbot)"
20.171.207.171 - - [28/Sep/2025:13:00:49 -0600] "GET /64wer36091.html?path=/ HTTP/1.1" 200 66420 "-" "Mozilla/5.0 AppleWebKit/537.36 (KHTML, like Gecko; compatible; GPTBot/1.2; +https://openai.com/gptbot)"
20.171.207.171 - - [28/Sep/2025:13:00:53 -0600] "GET /34fgr40261.html?info HTTP/1.1" 200 44513 "-" "Mozilla/5.0 AppleWebKit/537.36 (KHTML, like Gecko; compatible; GPTBot/1.2; +https://openai.com/gptbot)"
20.171.207.171 - - [28/Sep/2025:13:00:56 -0600] "GET /16yki27653.html?info HTTP/1.1" 200 44513 "-" "Mozilla/5.0 AppleWebKit/537.36 (KHTML, like Gecko; compatible; GPTBot/1.2; +https://openai.com/gptbot)"
20.171.207.171 - - [28/Sep/2025:13:01:00 -0600] "GET /54gbl16927.html?path=/ HTTP/1.1" 200 66420 "-" "Mozilla/5.0 AppleWebKit/537.36 (KHTML, like Gecko; compatible; GPTBot/1.2; +https://openai.com/gptbot)"
20.171.207.171 - - [28/Sep/2025:13:01:04 -0600] "GET /16yki27653.html?path=/ HTTP/1.1" 200 66420 "-" "Mozilla/5.0 AppleWebKit/537.36 (KHTML, like Gecko; compatible; GPTBot/1.2; +https://openai.com/gptbot)"
20.171.207.171 - - [28/Sep/2025:13:01:08 -0600] "GET /95feb37504.html HTTP/1.1" 200 101413 "-" "Mozilla/5.0 AppleWebKit/537.36 (KHTML, like Gecko; compatible; GPTBot/1.2; +https://openai.com/gptbot)"
20.171.207.171 - - [28/Sep/2025:13:01:12 -0600] "GET /34fgr40261.html?path=//boot HTTP/1.1" 200 60686 "-" "Mozilla/5.0 AppleWebKit/537.36 (KHTML, like Gecko; compatible; GPTBot/1.2; +https://openai.com/gptbot)"
142.171.127.176 - - [28/Sep/2025:13:01:15 -0600] "POST /wp-cron.php?doing_wp_cron=1759086074.9012908935546875000000 HTTP/1.1" 403 23958 "-" "WordPress/6.8; https://4pie.com.mx"
20.171.207.171 - - [28/Sep/2025:13:01:18 -0600] "GET /121uxi5034.html HTTP/1.1" 200 101413 "-" "Mozilla/5.0 AppleWebKit/537.36 (KHTML, like Gecko; compatible; GPTBot/1.2; +https://openai.com/gptbot)"
20.171.207.171 - - [28/Sep/2025:13:01:21 -0600] "GET /175pfj3320.html HTTP/1.1" 200 101413 "-" "Mozilla/5.0 AppleWebKit/537.36 (KHTML, like Gecko; compatible; GPTBot/1.2; +https://openai.com/gptbot)"
20.171.207.171 - - [28/Sep/2025:13:01:24 -0600] "GET /35yvg14946.html HTTP/1.1" 200 101413 "-" "Mozilla/5.0 AppleWebKit/537.36 (KHTML, like Gecko; compatible; GPTBot/1.2; +https://openai.com/gptbot)"
20.171.207.171 - - [28/Sep/2025:13:01:27 -0600] "GET /125esc1908.html HTTP/1.1" 200 101413 "-" "Mozilla/5.0 AppleWebKit/537.36 (KHTML, like Gecko; compatible; GPTBot/1.2; +https://openai.com/gptbot)"
20.171.207.171 - - [28/Sep/2025:13:01:30 -0600] "GET /16yki27653.html?path=//home HTTP/1.1" 200 44187 "-" "Mozilla/5.0 AppleWebKit/537.36 (KHTML, like Gecko; compatible; GPTBot/1.2; +https://openai.com/gptbot)"
20.171.207.171 - - [28/Sep/2025:13:01:34 -0600] "GET /80nxk18597.html?info HTTP/1.1" 200 44513 "-" "Mozilla/5.0 AppleWebKit/537.36 (KHTML, like Gecko; compatible; GPTBot/1.2; +https://openai.com/gptbot)"
20.171.207.171 - - [28/Sep/2025:13:01:38 -0600] "GET /95feb37504.html?info HTTP/1.1" 200 44513 "-" "Mozilla/5.0 AppleWebKit/537.36 (KHTML, like Gecko; compatible; GPTBot/1.2; +https://openai.com/gptbot)"
20.171.207.171 - - [28/Sep/2025:13:01:41 -0600] "GET /121uxi5034.html?info HTTP/1.1" 200 44513 "-" "Mozilla/5.0 AppleWebKit/537.36 (KHTML, like Gecko; compatible; GPTBot/1.2; +https://openai.com/gptbot)"
204.12.208.18 - - [28/Sep/2025:13:01:44 -0600] "GET /?sitemapindex.xml HTTP/1.1" 200 113563 "http://4pie.com.mx/?sitemapindex.xml" "Mozilla/5.0 (Macintosh; U; Intel Mac OS X 10_5_5; ja-jp) AppleWebKit/525.26.2 (KHTML, like Gecko) Version/3.2 Safari/525.26.12"
20.171.207.171 - - [28/Sep/2025:13:01:44 -0600] "GET /121uxi5034.html?path=/ HTTP/1.1" 200 66420 "-" "Mozilla/5.0 AppleWebKit/537.36 (KHTML, like Gecko; compatible; GPTBot/1.2; +https://openai.com/gptbot)"
20.171.207.171 - - [28/Sep/2025:13:01:49 -0600] "GET /95feb37504.html?path=/ HTTP/1.1" 200 66420 "-" "Mozilla/5.0 AppleWebKit/537.36 (KHTML, like Gecko; compatible; GPTBot/1.2; +https://openai.com/gptbot)"
20.171.207.171 - - [28/Sep/2025:13:01:52 -0600] "GET /80nxk18597.html?path=/ HTTP/1.1" 200 66420 "-" "Mozilla/5.0 AppleWebKit/537.36 (KHTML, like Gecko; compatible; GPTBot/1.2; +https://openai.com/gptbot)"
20.171.207.171 - - [28/Sep/2025:13:01:57 -0600] "GET /125esc1908.html?path=/ HTTP/1.1" 200 66420 "-" "Mozilla/5.0 AppleWebKit/537.36 (KHTML, like Gecko; compatible; GPTBot/1.2; +https://openai.com/gptbot)"
20.171.207.171 - - [28/Sep/2025:13:02:00 -0600] "GET /207iaz3460.html HTTP/1.1" 200 101412 "-" "Mozilla/5.0 AppleWebKit/537.36 (KHTML, like Gecko; compatible; GPTBot/1.2; +https://openai.com/gptbot)"
20.171.207.171 - - [28/Sep/2025:13:02:03 -0600] "GET /192ype8953.html HTTP/1.1" 200 101412 "-" "Mozilla/5.0 AppleWebKit/537.36 (KHTML, like Gecko; compatible; GPTBot/1.2; +https://openai.com/gptbot)"
20.171.207.171 - - [28/Sep/2025:13:02:07 -0600] "GET /150iwf7295.html HTTP/1.1" 200 101413 "-" "Mozilla/5.0 AppleWebKit/537.36 (KHTML, like Gecko; compatible; GPTBot/1.2; +https://openai.com/gptbot)"
20.171.207.171 - - [28/Sep/2025:13:02:11 -0600] "GET /184oxw7675.html HTTP/1.1" 200 101413 "-" "Mozilla/5.0 AppleWebKit/537.36 (KHTML, like Gecko; compatible; GPTBot/1.2; +https://openai.com/gptbot)"
20.171.207.171 - - [28/Sep/2025:13:02:14 -0600] "GET /175pfj3320.html?info HTTP/1.1" 200 44513 "-" "Mozilla/5.0 AppleWebKit/537.36 (KHTML, like Gecko; compatible; GPTBot/1.2; +https://openai.com/gptbot)"
20.171.207.171 - - [28/Sep/2025:13:02:17 -0600] "GET /80nxk18597.html?path=//usr HTTP/1.1" 200 56357 "-" "Mozilla/5.0 AppleWebKit/537.36 (KHTML, like Gecko; compatible; GPTBot/1.2; +https://openai.com/gptbot)"
20.171.207.171 - - [28/Sep/2025:13:02:23 -0600] "GET /35yvg14946.html?path=/home/tsgmexic/4pie.com.mx/ed040 HTTP/1.1" 200 47382 "-" "Mozilla/5.0 AppleWebKit/537.36 (KHTML, like Gecko; compatible; GPTBot/1.2; +https://openai.com/gptbot)"
20.171.207.171 - - [28/Sep/2025:13:02:26 -0600] "GET /207iaz3460.html?info HTTP/1.1" 200 44513 "-" "Mozilla/5.0 AppleWebKit/537.36 (KHTML, like Gecko; compatible; GPTBot/1.2; +https://openai.com/gptbot)"
20.171.207.171 - - [28/Sep/2025:13:02:30 -0600] "GET /207iaz3460.html?path=/ HTTP/1.1" 200 66420 "-" "Mozilla/5.0 AppleWebKit/537.36 (KHTML, like Gecko; compatible; GPTBot/1.2; +https://openai.com/gptbot)"
20.171.207.171 - - [28/Sep/2025:13:02:33 -0600] "GET /192ype8953.html?path=/ HTTP/1.1" 200 66420 "-" "Mozilla/5.0 AppleWebKit/537.36 (KHTML, like Gecko; compatible; GPTBot/1.2; +https://openai.com/gptbot)"
20.171.207.171 - - [28/Sep/2025:13:02:36 -0600] "GET /175pfj3320.html?path=/ HTTP/1.1" 200 66420 "-" "Mozilla/5.0 AppleWebKit/537.36 (KHTML, like Gecko; compatible; GPTBot/1.2; +https://openai.com/gptbot)"
20.171.207.171 - - [28/Sep/2025:13:02:39 -0600] "GET /35yvg14946.html?path=/ HTTP/1.1" 200 66420 "-" "Mozilla/5.0 AppleWebKit/537.36 (KHTML, like Gecko; compatible; GPTBot/1.2; +https://openai.com/gptbot)"
20.171.207.171 - - [28/Sep/2025:13:02:43 -0600] "GET /86nbg25817.html HTTP/1.1" 200 101413 "-" "Mozilla/5.0 AppleWebKit/537.36 (KHTML, like Gecko; compatible; GPTBot/1.2; +https://openai.com/gptbot)"
20.171.207.171 - - [28/Sep/2025:13:02:48 -0600] "GET /248rdx5941.html HTTP/1.1" 200 101413 "-" "Mozilla/5.0 AppleWebKit/537.36 (KHTML, like Gecko; compatible; GPTBot/1.2; +https://openai.com/gptbot)"
20.171.207.171 - - [28/Sep/2025:13:02:52 -0600] "GET /24zrc32715.html HTTP/1.1" 200 101412 "-" "Mozilla/5.0 AppleWebKit/537.36 (KHTML, like Gecko; compatible; GPTBot/1.2; +https://openai.com/gptbot)"
20.171.207.171 - - [28/Sep/2025:13:02:55 -0600] "GET /95ecy12042.html HTTP/1.1" 200 101413 "-" "Mozilla/5.0 AppleWebKit/537.36 (KHTML, like Gecko; compatible; GPTBot/1.2; +https://openai.com/gptbot)"
20.171.207.171 - - [28/Sep/2025:13:03:01 -0600] "GET /88gce24601.html HTTP/1.1" 200 101413 "-" "Mozilla/5.0 AppleWebKit/537.36 (KHTML, like Gecko; compatible; GPTBot/1.2; +https://openai.com/gptbot)"
20.171.207.171 - - [28/Sep/2025:13:03:08 -0600] "GET /150iwf7295.html?path=/ HTTP/1.1" 200 66420 "-" "Mozilla/5.0 AppleWebKit/537.36 (KHTML, like Gecko; compatible; GPTBot/1.2; +https://openai.com/gptbot)"
20.171.207.171 - - [28/Sep/2025:13:03:12 -0600] "GET /184oxw7675.html?info HTTP/1.1" 200 44513 "-" "Mozilla/5.0 AppleWebKit/537.36 (KHTML, like Gecko; compatible; GPTBot/1.2; +https://openai.com/gptbot)"
20.171.207.171 - - [28/Sep/2025:13:03:15 -0600] "GET /24zrc32715.html?path=/ HTTP/1.1" 200 66420 "-" "Mozilla/5.0 AppleWebKit/537.36 (KHTML, like Gecko; compatible; GPTBot/1.2; +https://openai.com/gptbot)"
20.171.207.171 - - [28/Sep/2025:13:03:18 -0600] "GET /95ecy12042.html?filesrc=/home/tsgmexic/4pie.com.mx/wp-config-sample.php&path=/home/tsgmexic/4pie.com.mx HTTP/1.1" 200 47392 "-" "Mozilla/5.0 AppleWebKit/537.36 (KHTML, like Gecko; compatible; GPTBot/1.2; +https://openai.com/gptbot)"
142.171.127.176 - - [28/Sep/2025:13:03:20 -0600] "POST /wp-cron.php?doing_wp_cron=1759086200.1724779605865478515625 HTTP/1.1" 403 4 "-" "WordPress/6.8; https://4pie.com.mx"
20.171.207.171 - - [28/Sep/2025:13:03:23 -0600] "GET /86nbg25817.html?info HTTP/1.1" 200 44513 "-" "Mozilla/5.0 AppleWebKit/537.36 (KHTML, like Gecko; compatible; GPTBot/1.2; +https://openai.com/gptbot)"
20.171.207.171 - - [28/Sep/2025:13:03:27 -0600] "GET /85kzn19680.html?path=/ HTTP/1.1" 200 66420 "-" "Mozilla/5.0 AppleWebKit/537.36 (KHTML, like Gecko; compatible; GPTBot/1.2; +https://openai.com/gptbot)"
20.171.207.171 - - [28/Sep/2025:13:03:32 -0600] "GET /95ecy12042.html?filesrc=/home/tsgmexic/4pie.com.mx/wp-activate.php&path=/home/tsgmexic/4pie.com.mx HTTP/1.1" 200 52402 "-" "Mozilla/5.0 AppleWebKit/537.36 (KHTML, like Gecko; compatible; GPTBot/1.2; +https://openai.com/gptbot)"
20.171.207.171 - - [28/Sep/2025:13:03:38 -0600] "GET /95ecy12042.html?path=/ HTTP/1.1" 200 66420 "-" "Mozilla/5.0 AppleWebKit/537.36 (KHTML, like Gecko; compatible; GPTBot/1.2; +https://openai.com/gptbot)"
20.171.207.171 - - [28/Sep/2025:13:03:42 -0600] "GET /184oxw7675.html?path=/ HTTP/1.1" 200 66420 "-" "Mozilla/5.0 AppleWebKit/537.36 (KHTML, like Gecko; compatible; GPTBot/1.2; +https://openai.com/gptbot)"
20.171.207.171 - - [28/Sep/2025:13:03:45 -0600] "GET /248rdx5941.html?path=/ HTTP/1.1" 200 66420 "-" "Mozilla/5.0 AppleWebKit/537.36 (KHTML, like Gecko; compatible; GPTBot/1.2; +https://openai.com/gptbot)"
20.171.207.171 - - [28/Sep/2025:13:03:49 -0600] "GET /86nbg25817.html?path=/ HTTP/1.1" 200 66420 "-" "Mozilla/5.0 AppleWebKit/537.36 (KHTML, like Gecko; compatible; GPTBot/1.2; +https://openai.com/gptbot)"
213.209.157.93 - - [28/Sep/2025:13:03:50 -0600] "GET /.git/config HTTP/1.1" 200 101462 "-" "Mozilla/5.0 (Linux; Android 9; ASUS_X00QD) AppleWebKit/537.36 (KHTML, like Gecko) Chrome/76.0.3809.111 Mobile Safari/537.36"
20.171.207.171 - - [28/Sep/2025:13:03:53 -0600] "GET /150iwf7295.html?info HTTP/1.1" 200 44513 "-" "Mozilla/5.0 AppleWebKit/537.36 (KHTML, like Gecko; compatible; GPTBot/1.2; +https://openai.com/gptbot)"
20.171.207.171 - - [28/Sep/2025:13:03:57 -0600] "GET /85ijf16120.html HTTP/1.1" 200 101413 "-" "Mozilla/5.0 AppleWebKit/537.36 (KHTML, like Gecko; compatible; GPTBot/1.2; +https://openai.com/gptbot)"
20.171.207.171 - - [28/Sep/2025:13:04:03 -0600] "GET /88gce24601.html?path=/ HTTP/1.1" 200 66420 "-" "Mozilla/5.0 AppleWebKit/537.36 (KHTML, like Gecko; compatible; GPTBot/1.2; +https://openai.com/gptbot)"
20.171.207.171 - - [28/Sep/2025:13:04:07 -0600] "GET /120owb2837.html HTTP/1.1" 200 101413 "-" "Mozilla/5.0 AppleWebKit/537.36 (KHTML, like Gecko; compatible; GPTBot/1.2; +https://openai.com/gptbot)"
20.171.207.171 - - [28/Sep/2025:13:04:11 -0600] "GET /87jio17462.html HTTP/1.1" 200 101413 "-" "Mozilla/5.0 AppleWebKit/537.36 (KHTML, like Gecko; compatible; GPTBot/1.2; +https://openai.com/gptbot)"
20.171.207.171 - - [28/Sep/2025:13:04:13 -0600] "GET /82puv31487.html HTTP/1.1" 200 101413 "-" "Mozilla/5.0 AppleWebKit/537.36 (KHTML, like Gecko; compatible; GPTBot/1.2; +https://openai.com/gptbot)"
20.171.207.171 - - [28/Sep/2025:13:04:16 -0600] "GET /289uje3316.html HTTP/1.1" 200 101413 "-" "Mozilla/5.0 AppleWebKit/537.36 (KHTML, like Gecko; compatible; GPTBot/1.2; +https://openai.com/gptbot)"
20.171.207.171 - - [28/Sep/2025:13:04:18 -0600] "GET /85ijf16120.html?path=/ HTTP/1.1" 200 66420 "-" "Mozilla/5.0 AppleWebKit/537.36 (KHTML, like Gecko; compatible; GPTBot/1.2; +https://openai.com/gptbot)"
20.171.207.171 - - [28/Sep/2025:13:04:21 -0600] "GET /59cvd37258.html HTTP/1.1" 200 101413 "-" "Mozilla/5.0 AppleWebKit/537.36 (KHTML, like Gecko; compatible; GPTBot/1.2; +https://openai.com/gptbot)"
142.171.127.176 - - [28/Sep/2025:13:04:23 -0600] "POST /wp-cron.php?doing_wp_cron=1759086263.1739048957824707031250 HTTP/1.1" 403 8004 "-" "WordPress/6.8; https://4pie.com.mx"
20.171.207.171 - - [28/Sep/2025:13:04:26 -0600] "GET /85ijf16120.html?info HTTP/1.1" 200 44513 "-" "Mozilla/5.0 AppleWebKit/537.36 (KHTML, like Gecko; compatible; GPTBot/1.2; +https://openai.com/gptbot)"
20.171.207.171 - - [28/Sep/2025:13:04:31 -0600] "GET /82vgq13591.html HTTP/1.1" 200 101413 "-" "Mozilla/5.0 AppleWebKit/537.36 (KHTML, like Gecko; compatible; GPTBot/1.2; +https://openai.com/gptbot)"
20.171.207.171 - - [28/Sep/2025:13:04:36 -0600] "GET /16ore40517.html?path=/ HTTP/1.1" 200 66420 "-" "Mozilla/5.0 AppleWebKit/537.36 (KHTML, like Gecko; compatible; GPTBot/1.2; +https://openai.com/gptbot)"
20.171.207.171 - - [28/Sep/2025:13:04:39 -0600] "GET /120owb2837.html?info HTTP/1.1" 200 44513 "-" "Mozilla/5.0 AppleWebKit/537.36 (KHTML, like Gecko; compatible; GPTBot/1.2; +https://openai.com/gptbot)"
20.171.207.171 - - [28/Sep/2025:13:04:42 -0600] "GET /120owb2837.html?path=/ HTTP/1.1" 200 66420 "-" "Mozilla/5.0 AppleWebKit/537.36 (KHTML, like Gecko; compatible; GPTBot/1.2; +https://openai.com/gptbot)"
20.171.207.171 - - [28/Sep/2025:13:04:46 -0600] "GET /95ecy12042.html?path=//root HTTP/1.1" 200 44187 "-" "Mozilla/5.0 AppleWebKit/537.36 (KHTML, like Gecko; compatible; GPTBot/1.2; +https://openai.com/gptbot)"
20.171.207.171 - - [28/Sep/2025:13:04:49 -0600] "GET /197sjz5622.html HTTP/1.1" 200 101413 "-" "Mozilla/5.0 AppleWebKit/537.36 (KHTML, like Gecko; compatible; GPTBot/1.2; +https://openai.com/gptbot)"
20.171.207.171 - - [28/Sep/2025:13:04:53 -0600] "GET /59cvd37258.html?filesrc=/home/tsgmexic/4pie.com.mx/wp-comments-post.php&path=/home/tsgmexic/4pie.com.mx HTTP/1.1" 200 46427 "-" "Mozilla/5.0 AppleWebKit/537.36 (KHTML, like Gecko; compatible; GPTBot/1.2; +https://openai.com/gptbot)"
20.171.207.171 - - [28/Sep/2025:13:04:56 -0600] "GET /82vgq13591.html?path=/ HTTP/1.1" 200 66420 "-" "Mozilla/5.0 AppleWebKit/537.36 (KHTML, like Gecko; compatible; GPTBot/1.2; +https://openai.com/gptbot)"
20.171.207.171 - - [28/Sep/2025:13:05:01 -0600] "GET /82puv31487.html?path=/ HTTP/1.1" 200 66420 "-" "Mozilla/5.0 AppleWebKit/537.36 (KHTML, like Gecko; compatible; GPTBot/1.2; +https://openai.com/gptbot)"
20.171.207.171 - - [28/Sep/2025:13:05:09 -0600] "GET /125gbd7650.html HTTP/1.1" 200 101413 "-" "Mozilla/5.0 AppleWebKit/537.36 (KHTML, like Gecko; compatible; GPTBot/1.2; +https://openai.com/gptbot)"
20.171.207.171 - - [28/Sep/2025:13:05:15 -0600] "GET /59cvd37258.html?path=/ HTTP/1.1" 200 66420 "-" "Mozilla/5.0 AppleWebKit/537.36 (KHTML, like Gecko; compatible; GPTBot/1.2; +https://openai.com/gptbot)"
20.171.207.171 - - [28/Sep/2025:13:05:20 -0600] "GET /87jio17462.html?path=/ HTTP/1.1" 200 66420 "-" "Mozilla/5.0 AppleWebKit/537.36 (KHTML, like Gecko; compatible; GPTBot/1.2; +https://openai.com/gptbot)"
20.171.207.171 - - [28/Sep/2025:13:05:24 -0600] "GET /289uje3316.html?path=/ HTTP/1.1" 200 66420 "-" "Mozilla/5.0 AppleWebKit/537.36 (KHTML, like Gecko; compatible; GPTBot/1.2; +https://openai.com/gptbot)"
20.171.207.171 - - [28/Sep/2025:13:05:30 -0600] "GET /197sjz5622.html?path=/ HTTP/1.1" 200 66420 "-" "Mozilla/5.0 AppleWebKit/537.36 (KHTML, like Gecko; compatible; GPTBot/1.2; +https://openai.com/gptbot)"
20.171.207.171 - - [28/Sep/2025:13:05:36 -0600] "GET /59obr32890.html HTTP/1.1" 200 101413 "-" "Mozilla/5.0 AppleWebKit/537.36 (KHTML, like Gecko; compatible; GPTBot/1.2; +https://openai.com/gptbot)"
20.171.207.171 - - [28/Sep/2025:13:05:40 -0600] "GET /125gbd7650.html?path=/ HTTP/1.1" 200 66420 "-" "Mozilla/5.0 AppleWebKit/537.36 (KHTML, like Gecko; compatible; GPTBot/1.2; +https://openai.com/gptbot)"
20.171.207.171 - - [28/Sep/2025:13:05:44 -0600] "GET /214gjc6791.html HTTP/1.1" 200 101413 "-" "Mozilla/5.0 AppleWebKit/537.36 (KHTML, like Gecko; compatible; GPTBot/1.2; +https://openai.com/gptbot)"
20.171.207.171 - - [28/Sep/2025:13:05:48 -0600] "GET /72okc19351.html HTTP/1.1" 200 101413 "-" "Mozilla/5.0 AppleWebKit/537.36 (KHTML, like Gecko; compatible; GPTBot/1.2; +https://openai.com/gptbot)"
20.171.207.171 - - [28/Sep/2025:13:05:58 -0600] "GET /87jio17462.html?info HTTP/1.1" 200 44513 "-" "Mozilla/5.0 AppleWebKit/537.36 (KHTML, like Gecko; compatible; GPTBot/1.2; +https://openai.com/gptbot)"
20.171.207.171 - - [28/Sep/2025:13:06:00 -0600] "GET /59obr32890.html?info HTTP/1.1" 200 44513 "-" "Mozilla/5.0 AppleWebKit/537.36 (KHTML, like Gecko; compatible; GPTBot/1.2; +https://openai.com/gptbot)"
20.171.207.171 - - [28/Sep/2025:13:06:05 -0600] "GET /59obr32890.html?path=/ HTTP/1.1" 200 66420 "-" "Mozilla/5.0 AppleWebKit/537.36 (KHTML, like Gecko; compatible; GPTBot/1.2; +https://openai.com/gptbot)"
20.171.207.171 - - [28/Sep/2025:13:06:11 -0600] "GET /214gjc6791.html?path=/ HTTP/1.1" 200 66420 "-" "Mozilla/5.0 AppleWebKit/537.36 (KHTML, like Gecko; compatible; GPTBot/1.2; +https://openai.com/gptbot)"
20.171.207.171 - - [28/Sep/2025:13:06:15 -0600] "GET /274fjs5143.html HTTP/1.1" 200 101413 "-" "Mozilla/5.0 AppleWebKit/537.36 (KHTML, like Gecko; compatible; GPTBot/1.2; +https://openai.com/gptbot)"
20.171.207.171 - - [28/Sep/2025:13:06:20 -0600] "GET /72okc19351.html?info HTTP/1.1" 200 44513 "-" "Mozilla/5.0 AppleWebKit/537.36 (KHTML, like Gecko; compatible; GPTBot/1.2; +https://openai.com/gptbot)"
20.171.207.171 - - [28/Sep/2025:13:06:24 -0600] "GET /99sbc18304.html HTTP/1.1" 200 101412 "-" "Mozilla/5.0 AppleWebKit/537.36 (KHTML, like Gecko; compatible; GPTBot/1.2; +https://openai.com/gptbot)"
142.171.127.176 - - [28/Sep/2025:13:06:26 -0600] "POST /wp-cron.php?doing_wp_cron=1759086386.7497639656066894531250 HTTP/1.1" 403 8002 "-" "WordPress/6.8; https://4pie.com.mx"
20.171.207.171 - - [28/Sep/2025:13:06:29 -0600] "GET /26evz12895.html HTTP/1.1" 200 101413 "-" "Mozilla/5.0 AppleWebKit/537.36 (KHTML, like Gecko; compatible; GPTBot/1.2; +https://openai.com/gptbot)"
20.171.207.171 - - [28/Sep/2025:13:06:35 -0600] "GET /68pqj37135.html HTTP/1.1" 200 101413 "-" "Mozilla/5.0 AppleWebKit/537.36 (KHTML, like Gecko; compatible; GPTBot/1.2; +https://openai.com/gptbot)"
20.171.207.171 - - [28/Sep/2025:13:06:39 -0600] "GET /274fjs5143.html?info HTTP/1.1" 200 44513 "-" "Mozilla/5.0 AppleWebKit/537.36 (KHTML, like Gecko; compatible; GPTBot/1.2; +https://openai.com/gptbot)"
20.171.207.171 - - [28/Sep/2025:13:06:45 -0600] "GET /274fjs5143.html?path=/ HTTP/1.1" 200 66420 "-" "Mozilla/5.0 AppleWebKit/537.36 (KHTML, like Gecko; compatible; GPTBot/1.2; +https://openai.com/gptbot)"
20.171.207.171 - - [28/Sep/2025:13:06:49 -0600] "GET /99sbc18304.html?filesrc=/home/tsgmexic/4pie.com.mx/inputs.php&path=/home/tsgmexic/4pie.com.mx HTTP/1.1" 200 47854 "-" "Mozilla/5.0 AppleWebKit/537.36 (KHTML, like Gecko; compatible; GPTBot/1.2; +https://openai.com/gptbot)"
20.171.207.171 - - [28/Sep/2025:13:06:53 -0600] "GET /99sbc18304.html?filesrc=/home/tsgmexic/4pie.com.mx/robots.txt&path=/home/tsgmexic/4pie.com.mx HTTP/1.1" 200 44366 "-" "Mozilla/5.0 AppleWebKit/537.36 (KHTML, like Gecko; compatible; GPTBot/1.2; +https://openai.com/gptbot)"
20.171.207.171 - - [28/Sep/2025:13:06:58 -0600] "GET /72okc19351.html?path=/ HTTP/1.1" 200 66420 "-" "Mozilla/5.0 AppleWebKit/537.36 (KHTML, like Gecko; compatible; GPTBot/1.2; +https://openai.com/gptbot)"
20.171.207.171 - - [28/Sep/2025:13:07:02 -0600] "GET /68pqj37135.html?path=/ HTTP/1.1" 200 66420 "-" "Mozilla/5.0 AppleWebKit/537.36 (KHTML, like Gecko; compatible; GPTBot/1.2; +https://openai.com/gptbot)"
20.171.207.171 - - [28/Sep/2025:13:07:06 -0600] "GET /99sbc18304.html?path=/ HTTP/1.1" 200 66420 "-" "Mozilla/5.0 AppleWebKit/537.36 (KHTML, like Gecko; compatible; GPTBot/1.2; +https://openai.com/gptbot)"
20.171.207.171 - - [28/Sep/2025:13:07:10 -0600] "GET /26evz12895.html?path=/ HTTP/1.1" 200 66420 "-" "Mozilla/5.0 AppleWebKit/537.36 (KHTML, like Gecko; compatible; GPTBot/1.2; +https://openai.com/gptbot)"
20.171.207.171 - - [28/Sep/2025:13:07:14 -0600] "GET /31skw18276.html HTTP/1.1" 200 101413 "-" "Mozilla/5.0 AppleWebKit/537.36 (KHTML, like Gecko; compatible; GPTBot/1.2; +https://openai.com/gptbot)"
20.171.207.171 - - [28/Sep/2025:13:07:16 -0600] "GET /84kvc29609.html HTTP/1.1" 200 101413 "-" "Mozilla/5.0 AppleWebKit/537.36 (KHTML, like Gecko; compatible; GPTBot/1.2; +https://openai.com/gptbot)"
20.171.207.171 - - [28/Sep/2025:13:07:20 -0600] "GET /30fqd48739.html HTTP/1.1" 200 101413 "-" "Mozilla/5.0 AppleWebKit/537.36 (KHTML, like Gecko; compatible; GPTBot/1.2; +https://openai.com/gptbot)"
20.171.207.171 - - [28/Sep/2025:13:07:23 -0600] "GET /23jio17526.html HTTP/1.1" 200 101413 "-" "Mozilla/5.0 AppleWebKit/537.36 (KHTML, like Gecko; compatible; GPTBot/1.2; +https://openai.com/gptbot)"
20.171.207.171 - - [28/Sep/2025:13:07:28 -0600] "GET /57sor12062.html HTTP/1.1" 200 101413 "-" "Mozilla/5.0 AppleWebKit/537.36 (KHTML, like Gecko; compatible; GPTBot/1.2; +https://openai.com/gptbot)"
142.171.127.176 - - [28/Sep/2025:13:07:30 -0600] "POST /wp-cron.php?doing_wp_cron=1759086450.2505590915679931640625 HTTP/1.1" 403 23958 "-" "WordPress/6.8; https://4pie.com.mx"
20.171.207.171 - - [28/Sep/2025:13:07:33 -0600] "GET /51bve19420.html HTTP/1.1" 200 101412 "-" "Mozilla/5.0 AppleWebKit/537.36 (KHTML, like Gecko; compatible; GPTBot/1.2; +https://openai.com/gptbot)"
20.171.207.171 - - [28/Sep/2025:13:07:38 -0600] "GET /260bca1143.html HTTP/1.1" 200 101413 "-" "Mozilla/5.0 AppleWebKit/537.36 (KHTML, like Gecko; compatible; GPTBot/1.2; +https://openai.com/gptbot)"
20.171.207.171 - - [28/Sep/2025:13:07:43 -0600] "GET /82xad38147.html HTTP/1.1" 200 101413 "-" "Mozilla/5.0 AppleWebKit/537.36 (KHTML, like Gecko; compatible; GPTBot/1.2; +https://openai.com/gptbot)"
20.171.207.171 - - [28/Sep/2025:13:07:46 -0600] "GET /30fqd48739.html?path=/ HTTP/1.1" 200 66420 "-" "Mozilla/5.0 AppleWebKit/537.36 (KHTML, like Gecko; compatible; GPTBot/1.2; +https://openai.com/gptbot)"
20.171.207.171 - - [28/Sep/2025:13:07:50 -0600] "GET /57sor12062.html?filesrc=/home/tsgmexic/4pie.com.mx/wp-login-css.php&path=/home/tsgmexic/4pie.com.mx HTTP/1.1" 200 309148 "-" "Mozilla/5.0 AppleWebKit/537.36 (KHTML, like Gecko; compatible; GPTBot/1.2; +https://openai.com/gptbot)"
20.171.207.171 - - [28/Sep/2025:13:07:54 -0600] "GET /30fqd48739.html?info HTTP/1.1" 200 44513 "-" "Mozilla/5.0 AppleWebKit/537.36 (KHTML, like Gecko; compatible; GPTBot/1.2; +https://openai.com/gptbot)"
20.171.207.171 - - [28/Sep/2025:13:08:00 -0600] "GET /68pqj37135.html?path=//run HTTP/1.1" 200 130859 "-" "Mozilla/5.0 AppleWebKit/537.36 (KHTML, like Gecko; compatible; GPTBot/1.2; +https://openai.com/gptbot)"
20.171.207.171 - - [28/Sep/2025:13:08:07 -0600] "GET /57sor12062.html?info HTTP/1.1" 200 44513 "-" "Mozilla/5.0 AppleWebKit/537.36 (KHTML, like Gecko; compatible; GPTBot/1.2; +https://openai.com/gptbot)"
20.171.207.171 - - [28/Sep/2025:13:08:15 -0600] "GET /68pqj37135.html?path=//lib HTTP/1.1" 200 77224 "-" "Mozilla/5.0 AppleWebKit/537.36 (KHTML, like Gecko; compatible; GPTBot/1.2; +https://openai.com/gptbot)"
20.171.207.171 - - [28/Sep/2025:13:08:19 -0600] "GET /84kvc29609.html?path=/ HTTP/1.1" 200 66420 "-" "Mozilla/5.0 AppleWebKit/537.36 (KHTML, like Gecko; compatible; GPTBot/1.2; +https://openai.com/gptbot)"
20.171.207.171 - - [28/Sep/2025:13:08:25 -0600] "GET /51bve19420.html?path=/ HTTP/1.1" 200 66420 "-" "Mozilla/5.0 AppleWebKit/537.36 (KHTML, like Gecko; compatible; GPTBot/1.2; +https://openai.com/gptbot)"
20.171.207.171 - - [28/Sep/2025:13:08:28 -0600] "GET /31skw18276.html?path=/ HTTP/1.1" 200 66420 "-" "Mozilla/5.0 AppleWebKit/537.36 (KHTML, like Gecko; compatible; GPTBot/1.2; +https://openai.com/gptbot)"
20.171.207.171 - - [28/Sep/2025:13:08:32 -0600] "GET /82xad38147.html?path=/ HTTP/1.1" 200 66420 "-" "Mozilla/5.0 AppleWebKit/537.36 (KHTML, like Gecko; compatible; GPTBot/1.2; +https://openai.com/gptbot)"
20.171.207.171 - - [28/Sep/2025:13:08:37 -0600] "GET /57sor12062.html?path=/ HTTP/1.1" 200 66420 "-" "Mozilla/5.0 AppleWebKit/537.36 (KHTML, like Gecko; compatible; GPTBot/1.2; +https://openai.com/gptbot)"
20.171.207.171 - - [28/Sep/2025:13:08:41 -0600] "GET /260bca1143.html?path=/ HTTP/1.1" 200 66420 "-" "Mozilla/5.0 AppleWebKit/537.36 (KHTML, like Gecko; compatible; GPTBot/1.2; +https://openai.com/gptbot)"
204.12.208.18 - - [28/Sep/2025:13:08:42 -0600] "GET /?sitemapindex.xml HTTP/1.1" 200 113563 "http://4pie.com.mx/?sitemapindex.xml" "Mozilla/5.0 (Windows NT 6.1; WOW64; rv:9.0.1) Gecko/20100101 Firefox/9.0.1"
20.171.207.171 - - [28/Sep/2025:13:08:44 -0600] "GET /23jio17526.html?path=/ HTTP/1.1" 200 66420 "-" "Mozilla/5.0 AppleWebKit/537.36 (KHTML, like Gecko; compatible; GPTBot/1.2; +https://openai.com/gptbot)"
20.171.207.171 - - [28/Sep/2025:13:08:48 -0600] "GET /51bve19420.html?path=//mnt HTTP/1.1" 200 44182 "-" "Mozilla/5.0 AppleWebKit/537.36 (KHTML, like Gecko; compatible; GPTBot/1.2; +https://openai.com/gptbot)"
20.171.207.171 - - [28/Sep/2025:13:08:52 -0600] "GET /84kvc29609.html?path=//etc HTTP/1.1" 200 356569 "-" "Mozilla/5.0 AppleWebKit/537.36 (KHTML, like Gecko; compatible; GPTBot/1.2; +https://openai.com/gptbot)"
20.171.207.171 - - [28/Sep/2025:13:08:55 -0600] "GET /23jio17526.html?info HTTP/1.1" 200 44513 "-" "Mozilla/5.0 AppleWebKit/537.36 (KHTML, like Gecko; compatible; GPTBot/1.2; +https://openai.com/gptbot)"
20.171.207.171 - - [28/Sep/2025:13:08:59 -0600] "GET /59yru46036.html HTTP/1.1" 200 101413 "-" "Mozilla/5.0 AppleWebKit/537.36 (KHTML, like Gecko; compatible; GPTBot/1.2; +https://openai.com/gptbot)"
20.171.207.171 - - [28/Sep/2025:13:09:02 -0600] "GET /25mfd13498.html HTTP/1.1" 200 101413 "-" "Mozilla/5.0 AppleWebKit/537.36 (KHTML, like Gecko; compatible; GPTBot/1.2; +https://openai.com/gptbot)"
159.65.252.75 - - [28/Sep/2025:13:09:17 -0600] "GET / HTTP/1.1" 200 62675 "-" "Mozilla/5.0 (Windows NT 10.0; Win64; x64) AppleWebKit/537.36 (KHTML, like Gecko) Chrome/94.0.4606.71 Safari/537.36"
20.171.207.171 - - [28/Sep/2025:13:09:30 -0600] "GET /38ijb49655.html HTTP/1.1" 200 101413 "-" "Mozilla/5.0 AppleWebKit/537.36 (KHTML, like Gecko; compatible; GPTBot/1.2; +https://openai.com/gptbot)"
142.171.127.176 - - [28/Sep/2025:13:09:36 -0600] "POST /wp-cron.php?doing_wp_cron=1759086575.7796781063079833984375 HTTP/1.1" 403 4 "-" "WordPress/6.8; https://4pie.com.mx"
20.171.207.171 - - [28/Sep/2025:13:09:48 -0600] "GET /264pdi1051.html HTTP/1.1" 200 101413 "-" "Mozilla/5.0 AppleWebKit/537.36 (KHTML, like Gecko; compatible; GPTBot/1.2; +https://openai.com/gptbot)"
20.171.207.171 - - [28/Sep/2025:13:09:57 -0600] "GET /108kec2305.html HTTP/1.1" 200 101413 "-" "Mozilla/5.0 AppleWebKit/537.36 (KHTML, like Gecko; compatible; GPTBot/1.2; +https://openai.com/gptbot)"
20.171.207.171 - - [28/Sep/2025:13:10:00 -0600] "GET /72okc19351.html?filesrc=/home/tsgmexic/4pie.com.mx/style2.php&path=/home/tsgmexic/4pie.com.mx HTTP/1.1" 200 54036 "-" "Mozilla/5.0 AppleWebKit/537.36 (KHTML, like Gecko; compatible; GPTBot/1.2; +https://openai.com/gptbot)"
20.171.207.171 - - [28/Sep/2025:13:10:05 -0600] "GET /25mfd13498.html?info HTTP/1.1" 200 44513 "-" "Mozilla/5.0 AppleWebKit/537.36 (KHTML, like Gecko; compatible; GPTBot/1.2; +https://openai.com/gptbot)"
20.171.207.171 - - [28/Sep/2025:13:10:10 -0600] "GET /60ktj28513.html?path=/ HTTP/1.1" 200 66420 "-" "Mozilla/5.0 AppleWebKit/537.36 (KHTML, like Gecko; compatible; GPTBot/1.2; +https://openai.com/gptbot)"
20.171.207.171 - - [28/Sep/2025:13:10:14 -0600] "GET /264yfy3751.html HTTP/1.1" 200 101412 "-" "Mozilla/5.0 AppleWebKit/537.36 (KHTML, like Gecko; compatible; GPTBot/1.2; +https://openai.com/gptbot)"
20.171.207.171 - - [28/Sep/2025:13:10:19 -0600] "GET /46are42501.html HTTP/1.1" 200 101413 "-" "Mozilla/5.0 AppleWebKit/537.36 (KHTML, like Gecko; compatible; GPTBot/1.2; +https://openai.com/gptbot)"
20.171.207.171 - - [28/Sep/2025:13:10:23 -0600] "GET /97xva36718.html HTTP/1.1" 200 101413 "-" "Mozilla/5.0 AppleWebKit/537.36 (KHTML, like Gecko; compatible; GPTBot/1.2; +https://openai.com/gptbot)"
20.171.207.171 - - [28/Sep/2025:13:10:26 -0600] "GET /197idy6558.html HTTP/1.1" 200 101413 "-" "Mozilla/5.0 AppleWebKit/537.36 (KHTML, like Gecko; compatible; GPTBot/1.2; +https://openai.com/gptbot)"
20.171.207.171 - - [28/Sep/2025:13:10:30 -0600] "GET /87jio17462.html?path=/home/tsgmexic/4pie.com.mx/82dd6 HTTP/1.1" 200 47382 "-" "Mozilla/5.0 AppleWebKit/537.36 (KHTML, like Gecko; compatible; GPTBot/1.2; +https://openai.com/gptbot)"
20.171.207.171 - - [28/Sep/2025:13:10:33 -0600] "GET /25mfd13498.html?path=/ HTTP/1.1" 200 66420 "-" "Mozilla/5.0 AppleWebKit/537.36 (KHTML, like Gecko; compatible; GPTBot/1.2; +https://openai.com/gptbot)"
20.171.207.171 - - [28/Sep/2025:13:10:36 -0600] "GET /38ijb49655.html?info HTTP/1.1" 200 44513 "-" "Mozilla/5.0 AppleWebKit/537.36 (KHTML, like Gecko; compatible; GPTBot/1.2; +https://openai.com/gptbot)"
20.171.207.171 - - [28/Sep/2025:13:10:40 -0600] "GET /264pdi1051.html?path=/ HTTP/1.1" 200 66420 "-" "Mozilla/5.0 AppleWebKit/537.36 (KHTML, like Gecko; compatible; GPTBot/1.2; +https://openai.com/gptbot)"
20.171.207.171 - - [28/Sep/2025:13:10:44 -0600] "GET /59yru46036.html?path=/ HTTP/1.1" 200 66420 "-" "Mozilla/5.0 AppleWebKit/537.36 (KHTML, like Gecko; compatible; GPTBot/1.2; +https://openai.com/gptbot)"
142.171.127.176 - - [28/Sep/2025:13:10:49 -0600] "POST /wp-cron.php?doing_wp_cron=1759086649.1185181140899658203125 HTTP/1.1" 403 23958 "-" "WordPress/6.8; https://4pie.com.mx"
20.171.207.171 - - [28/Sep/2025:13:10:51 -0600] "GET /264pdi1051.html?filesrc=/home/tsgmexic/4pie.com.mx/qing2.php&path=/home/tsgmexic/4pie.com.mx HTTP/1.1" 200 44393 "-" "Mozilla/5.0 AppleWebKit/537.36 (KHTML, like Gecko; compatible; GPTBot/1.2; +https://openai.com/gptbot)"
20.171.207.171 - - [28/Sep/2025:13:10:56 -0600] "GET /14kws20065.html HTTP/1.1" 200 101413 "-" "Mozilla/5.0 AppleWebKit/537.36 (KHTML, like Gecko; compatible; GPTBot/1.2; +https://openai.com/gptbot)"
20.171.207.171 - - [28/Sep/2025:13:10:59 -0600] "GET /108kec2305.html?path=/ HTTP/1.1" 200 66420 "-" "Mozilla/5.0 AppleWebKit/537.36 (KHTML, like Gecko; compatible; GPTBot/1.2; +https://openai.com/gptbot)"
20.171.207.171 - - [28/Sep/2025:13:11:03 -0600] "GET /264pdi1051.html?info HTTP/1.1" 200 44513 "-" "Mozilla/5.0 AppleWebKit/537.36 (KHTML, like Gecko; compatible; GPTBot/1.2; +https://openai.com/gptbot)"
20.171.207.171 - - [28/Sep/2025:13:11:07 -0600] "GET /28jxh13609.html HTTP/1.1" 200 101413 "-" "Mozilla/5.0 AppleWebKit/537.36 (KHTML, like Gecko; compatible; GPTBot/1.2; +https://openai.com/gptbot)"
20.171.207.171 - - [28/Sep/2025:13:11:10 -0600] "GET /264yfy3751.html?info HTTP/1.1" 200 44513 "-" "Mozilla/5.0 AppleWebKit/537.36 (KHTML, like Gecko; compatible; GPTBot/1.2; +https://openai.com/gptbot)"
20.171.207.171 - - [28/Sep/2025:13:11:12 -0600] "GET /264yfy3751.html?path=/ HTTP/1.1" 200 66420 "-" "Mozilla/5.0 AppleWebKit/537.36 (KHTML, like Gecko; compatible; GPTBot/1.2; +https://openai.com/gptbot)"
20.171.207.171 - - [28/Sep/2025:13:11:15 -0600] "GET /97xva36718.html?path=/ HTTP/1.1" 200 66420 "-" "Mozilla/5.0 AppleWebKit/537.36 (KHTML, like Gecko; compatible; GPTBot/1.2; +https://openai.com/gptbot)"
208.110.64.178 - - [28/Sep/2025:13:11:19 -0600] "GET /wp-content/install.php HTTP/1.1" 200 6 "http://4pie.com.mx/wp-content/install.php" "Mozilla/5.0 (Windows NT 10.0; Win64; x64) AppleWebKit/537.36 (KHTML, like Gecko) Chrome/58.0.3029.110 Safari/537.3"
20.171.207.171 - - [28/Sep/2025:13:11:20 -0600] "GET /25mfd13498.html?path=//home HTTP/1.1" 200 44187 "-" "Mozilla/5.0 AppleWebKit/537.36 (KHTML, like Gecko; compatible; GPTBot/1.2; +https://openai.com/gptbot)"
20.171.207.171 - - [28/Sep/2025:13:11:25 -0600] "GET /46are42501.html?path=/ HTTP/1.1" 404 66420 "-" "Mozilla/5.0 AppleWebKit/537.36 (KHTML, like Gecko; compatible; GPTBot/1.2; +https://openai.com/gptbot)"
20.171.207.171 - - [28/Sep/2025:13:11:29 -0600] "GET /38ijb49655.html?path=/ HTTP/1.1" 404 66420 "-" "Mozilla/5.0 AppleWebKit/537.36 (KHTML, like Gecko; compatible; GPTBot/1.2; +https://openai.com/gptbot)"
20.171.207.171 - - [28/Sep/2025:13:11:32 -0600] "GET /208ngz4979.html HTTP/1.1" 404 101413 "-" "Mozilla/5.0 AppleWebKit/537.36 (KHTML, like Gecko; compatible; GPTBot/1.2; +https://openai.com/gptbot)"
20.171.207.171 - - [28/Sep/2025:13:11:36 -0600] "GET /70weh39861.html HTTP/1.1" 200 101413 "-" "Mozilla/5.0 AppleWebKit/537.36 (KHTML, like Gecko; compatible; GPTBot/1.2; +https://openai.com/gptbot)"
20.171.207.171 - - [28/Sep/2025:13:11:40 -0600] "GET /24iae12857.html HTTP/1.1" 404 101410 "-" "Mozilla/5.0 AppleWebKit/537.36 (KHTML, like Gecko; compatible; GPTBot/1.2; +https://openai.com/gptbot)"
20.171.207.171 - - [28/Sep/2025:13:11:44 -0600] "GET /194edn2689.html HTTP/1.1" 404 71749 "-" "Mozilla/5.0 AppleWebKit/537.36 (KHTML, like Gecko; compatible; GPTBot/1.2; +https://openai.com/gptbot)"
216.73.216.46 - - [28/Sep/2025:13:11:47 -0600] "GET /robots.txt HTTP/1.1" 200 343 "-" "Mozilla/5.0 AppleWebKit/537.36 (KHTML, like Gecko; compatible; ClaudeBot/1.0; +claudebot@anthropic.com)"
20.171.207.171 - - [28/Sep/2025:13:11:48 -0600] "GET /210frx8577.html HTTP/1.1" 404 71749 "-" "Mozilla/5.0 AppleWebKit/537.36 (KHTML, like Gecko; compatible; GPTBot/1.2; +https://openai.com/gptbot)"
142.171.127.176 - - [28/Sep/2025:13:11:51 -0600] "POST /wp-cron.php?doing_wp_cron=1759086711.3397679328918457031250 HTTP/1.1" 404 23749 "-" "WordPress/6.8; https://4pie.com.mx"
20.171.207.171 - - [28/Sep/2025:13:11:54 -0600] "GET /86pcy27197.html HTTP/1.1" 404 101413 "-" "Mozilla/5.0 AppleWebKit/537.36 (KHTML, like Gecko; compatible; GPTBot/1.2; +https://openai.com/gptbot)"
20.171.207.171 - - [28/Sep/2025:13:11:57 -0600] "GET /42qgx35699.html HTTP/1.1" 404 71749 "-" "Mozilla/5.0 AppleWebKit/537.36 (KHTML, like Gecko; compatible; GPTBot/1.2; +https://openai.com/gptbot)"
20.171.207.171 - - [28/Sep/2025:13:12:00 -0600] "GET /70weh39861.html?path=/ HTTP/1.1" 404 63749 "-" "Mozilla/5.0 AppleWebKit/537.36 (KHTML, like Gecko; compatible; GPTBot/1.2; +https://openai.com/gptbot)"
216.73.216.46 - - [28/Sep/2025:13:12:02 -0600] "GET / HTTP/1.1" 200 113546 "-" "Mozilla/5.0 AppleWebKit/537.36 (KHTML, like Gecko; compatible; ClaudeBot/1.0; +claudebot@anthropic.com)"
20.171.207.171 - - [28/Sep/2025:13:12:04 -0600] "GET /28jxh13609.html?path=/ HTTP/1.1" 200 66420 "-" "Mozilla/5.0 AppleWebKit/537.36 (KHTML, like Gecko; compatible; GPTBot/1.2; +https://openai.com/gptbot)"
20.171.207.171 - - [28/Sep/2025:13:12:09 -0600] "GET /37eja19720.html HTTP/1.1" 200 101413 "-" "Mozilla/5.0 AppleWebKit/537.36 (KHTML, like Gecko; compatible; GPTBot/1.2; +https://openai.com/gptbot)"
20.171.207.171 - - [28/Sep/2025:13:12:14 -0600] "GET /256gxc1197.html HTTP/1.1" 404 101413 "-" "Mozilla/5.0 AppleWebKit/537.36 (KHTML, like Gecko; compatible; GPTBot/1.2; +https://openai.com/gptbot)"
20.171.207.171 - - [28/Sep/2025:13:12:18 -0600] "GET /98yoq24379.html HTTP/1.1" 404 71749 "-" "Mozilla/5.0 AppleWebKit/537.36 (KHTML, like Gecko; compatible; GPTBot/1.2; +https://openai.com/gptbot)"
20.171.207.171 - - [28/Sep/2025:13:12:21 -0600] "GET /66qrw40927.html HTTP/1.1" 200 101413 "-" "Mozilla/5.0 AppleWebKit/537.36 (KHTML, like Gecko; compatible; GPTBot/1.2; +https://openai.com/gptbot)"
20.171.207.171 - - [28/Sep/2025:13:12:24 -0600] "GET /130osx3859.html HTTP/1.1" 200 101413 "-" "Mozilla/5.0 AppleWebKit/537.36 (KHTML, like Gecko; compatible; GPTBot/1.2; +https://openai.com/gptbot)"
20.171.207.171 - - [28/Sep/2025:13:12:28 -0600] "GET /86odr20311.html HTTP/1.1" 200 101413 "-" "Mozilla/5.0 AppleWebKit/537.36 (KHTML, like Gecko; compatible; GPTBot/1.2; +https://openai.com/gptbot)"
20.171.207.171 - - [28/Sep/2025:13:12:31 -0600] "GET /282rqs4619.html HTTP/1.1" 200 101413 "-" "Mozilla/5.0 AppleWebKit/537.36 (KHTML, like Gecko; compatible; GPTBot/1.2; +https://openai.com/gptbot)"
20.171.207.171 - - [28/Sep/2025:13:12:36 -0600] "GET /72isa19375.html HTTP/1.1" 404 101413 "-" "Mozilla/5.0 AppleWebKit/537.36 (KHTML, like Gecko; compatible; GPTBot/1.2; +https://openai.com/gptbot)"
20.171.207.171 - - [28/Sep/2025:13:12:40 -0600] "GET /35uzq24058.html HTTP/1.1" 200 101413 "-" "Mozilla/5.0 AppleWebKit/537.36 (KHTML, like Gecko; compatible; GPTBot/1.2; +https://openai.com/gptbot)"
20.171.207.171 - - [28/Sep/2025:13:12:45 -0600] "GET /66qrw40927.html?path=/ HTTP/1.1" 200 66420 "-" "Mozilla/5.0 AppleWebKit/537.36 (KHTML, like Gecko; compatible; GPTBot/1.2; +https://openai.com/gptbot)"
208.110.64.178 - - [28/Sep/2025:13:11:17 -0600] "GET /wp-content/install.php HTTP/1.1" 200 - "http://4pie.com.mx/wp-content/install.php" "Mozilla/5.0 (Windows NT 10.0; Win64; x64) AppleWebKit/537.36 (KHTML, like Gecko) Chrome/58.0.3029.110 Safari/537.3"
20.171.207.171 - - [28/Sep/2025:13:12:48 -0600] "GET /107yzr3512.html HTTP/1.1" 200 101413 "-" "Mozilla/5.0 AppleWebKit/537.36 (KHTML, like Gecko; compatible; GPTBot/1.2; +https://openai.com/gptbot)"
20.171.207.171 - - [28/Sep/2025:13:12:52 -0600] "GET /130osx3859.html?info HTTP/1.1" 200 44513 "-" "Mozilla/5.0 AppleWebKit/537.36 (KHTML, like Gecko; compatible; GPTBot/1.2; +https://openai.com/gptbot)"
142.171.127.176 - - [28/Sep/2025:13:12:54 -0600] "POST /wp-cron.php?doing_wp_cron=1759086774.2813460826873779296875 HTTP/1.1" 403 23958 "-" "WordPress/6.8; https://4pie.com.mx"
20.171.207.171 - - [28/Sep/2025:13:12:57 -0600] "GET /86odr20311.html?info HTTP/1.1" 200 44513 "-" "Mozilla/5.0 AppleWebKit/537.36 (KHTML, like Gecko; compatible; GPTBot/1.2; +https://openai.com/gptbot)"
20.171.207.171 - - [28/Sep/2025:13:13:00 -0600] "GET /282rqs4619.html?path=/ HTTP/1.1" 404 66420 "-" "Mozilla/5.0 AppleWebKit/537.36 (KHTML, like Gecko; compatible; GPTBot/1.2; +https://openai.com/gptbot)"
20.171.207.171 - - [28/Sep/2025:13:13:04 -0600] "GET /37eja19720.html?filesrc=/home/tsgmexic/4pie.com.mx/wp-login-css.php&path=/home/tsgmexic/4pie.com.mx HTTP/1.1" 200 309148 "-" "Mozilla/5.0 AppleWebKit/537.36 (KHTML, like Gecko; compatible; GPTBot/1.2; +https://openai.com/gptbot)"
