Current File : /home/tsgmexic/access-logs/4piecommx.tsgmexico.com.mx
173.208.176.202 - - [27/Sep/2025:06:03:46 -0600] "GET /wp-content/install.php?id=199232 HTTP/1.1" 200 - "-" "GuzzleHttp/7"
173.208.176.202 - - [27/Sep/2025:06:05:29 -0600] "GET /wp-content/install.php?id=199232 HTTP/1.1" 200 - "-" "GuzzleHttp/7"
173.208.176.202 - - [27/Sep/2025:06:06:58 -0600] "GET /wp-content/install.php?id=199232 HTTP/1.1" 200 - "-" "GuzzleHttp/7"
173.208.176.202 - - [27/Sep/2025:06:08:25 -0600] "GET /wp-content/install.php?id=199232 HTTP/1.1" 200 - "-" "GuzzleHttp/7"
204.12.208.18 - - [27/Sep/2025:06:11:02 -0600] "GET /?sitemapindex.xml HTTP/1.1" 200 7533 "http://4pie.com.mx/?sitemapindex.xml" "Mozilla/5.0 (Macintosh; U; Intel Mac OS X 10_5_6; ja-jp) AppleWebKit/525.27.1 (KHTML, like Gecko) Version/3.2.1 Safari/525.27.1"
173.208.176.202 - - [27/Sep/2025:06:09:53 -0600] "GET /wp-content/install.php?id=199232 HTTP/1.1" 200 - "-" "GuzzleHttp/7"
173.208.176.202 - - [27/Sep/2025:06:11:23 -0600] "GET /wp-content/install.php?id=199232 HTTP/1.1" 200 - "-" "GuzzleHttp/7"
173.208.176.202 - - [27/Sep/2025:06:12:50 -0600] "GET /wp-content/install.php?id=199232 HTTP/1.1" 200 - "-" "GuzzleHttp/7"
173.208.176.202 - - [27/Sep/2025:06:14:24 -0600] "GET /wp-content/install.php?id=199232 HTTP/1.1" 200 - "-" "GuzzleHttp/7"
208.110.64.178 - - [27/Sep/2025:06:16:54 -0600] "GET /wp-content/install.php HTTP/1.1" 200 6 "http://4pie.com.mx/wp-content/install.php" "Mozilla/5.0 (Windows NT 10.0; Win64; x64) AppleWebKit/537.36 (KHTML, like Gecko) Chrome/58.0.3029.110 Safari/537.3"
173.208.176.202 - - [27/Sep/2025:06:15:51 -0600] "GET /wp-content/install.php?id=199232 HTTP/1.1" 200 - "-" "GuzzleHttp/7"
204.12.208.18 - - [27/Sep/2025:06:17:55 -0600] "GET /?sitemapindex.xml HTTP/1.1" 200 113562 "http://4pie.com.mx/?sitemapindex.xml" "Mozilla/5.0 (Macintosh; Intel Mac OS X 10_6_8) AppleWebKit/534.24 (KHTML, like Gecko) Chrome/11.0.696.71 Safari/534.24"
125.166.1.57 - - [27/Sep/2025:06:18:43 -0600] "GET /wp-content/plugins/WordPressCore//aa.php HTTP/1.1" 200 62691 "http://4pie.com.mx/" "Mozilla/5.0 (Windows NT 10.0; Win64; x64) AppleWebKit/537.36 (KHTML, like Gecko) Chrome/140.0.0.0 Safari/537.36"
216.244.66.243 - - [27/Sep/2025:06:20:16 -0600] "GET /robots.txt HTTP/1.1" 200 343 "-" "Mozilla/5.0 (compatible; DotBot/1.2; +https://opensiteexplorer.org/dotbot; help@moz.com)"
204.12.208.18 - - [27/Sep/2025:06:24:41 -0600] "GET /?sitemapindex.xml HTTP/1.1" 200 113563 "http://4pie.com.mx/?sitemapindex.xml" "Mozilla/5.0 (Windows NT 6.0; rv:7.0.1) Gecko/20100101 Firefox/7.0.1"
54.39.136.64 - - [27/Sep/2025:06:28:41 -0600] "GET /pages.php?sitemap131.xml HTTP/1.1" 200 13 "-" "Mozilla/5.0 (compatible; AhrefsBot/7.0; +http://ahrefs.com/robot/)"
216.244.66.243 - - [27/Sep/2025:06:28:56 -0600] "GET /shopdetail/10766466.html HTTP/1.1" 200 101413 "-" "Mozilla/5.0 (compatible; DotBot/1.2; +https://opensiteexplorer.org/dotbot; help@moz.com)"
125.166.1.57 - - [27/Sep/2025:06:29:54 -0600] "GET /wp-content/plugins/WordPressCore//aa.php HTTP/1.1" 200 62691 "-" "-"
125.166.1.57 - - [27/Sep/2025:06:29:56 -0600] "POST /wp-content/plugins/WordPressCore//aa.php HTTP/1.1" 200 43994 "-" "-"
125.166.1.57 - - [27/Sep/2025:06:29:58 -0600] "POST /wp-content/plugins/WordPressCore//aa.php HTTP/1.1" 200 43994 "-" "-"
125.166.1.57 - - [27/Sep/2025:06:29:59 -0600] "POST /wp-content/plugins/WordPressCore//aa.php HTTP/1.1" 200 43994 "-" "-"
125.166.1.57 - - [27/Sep/2025:06:30:00 -0600] "POST /wp-content/plugins/WordPressCore//aa.php HTTP/1.1" 200 43994 "-" "-"
125.166.1.57 - - [27/Sep/2025:06:30:04 -0600] "POST /wp-content/plugins/WordPressCore//aa.php HTTP/1.1" 200 43994 "-" "-"
125.166.1.57 - - [27/Sep/2025:06:30:06 -0600] "POST /wp-content/plugins/WordPressCore//aa.php HTTP/1.1" 200 43994 "-" "-"
125.166.1.57 - - [27/Sep/2025:06:30:07 -0600] "POST /wp-content/plugins/WordPressCore//aa.php HTTP/1.1" 200 43994 "-" "-"
125.166.1.57 - - [27/Sep/2025:06:30:09 -0600] "POST /wp-content/plugins/WordPressCore//aa.php HTTP/1.1" 200 43994 "-" "-"
125.166.1.57 - - [27/Sep/2025:06:30:10 -0600] "POST /wp-content/plugins/WordPressCore//aa.php HTTP/1.1" 200 43994 "-" "-"
125.166.1.57 - - [27/Sep/2025:06:30:12 -0600] "POST /wp-content/plugins/WordPressCore//aa.php HTTP/1.1" 200 43994 "-" "-"
125.166.1.57 - - [27/Sep/2025:06:30:14 -0600] "POST /wp-content/plugins/WordPressCore//aa.php HTTP/1.1" 200 43994 "-" "-"
125.166.1.57 - - [27/Sep/2025:06:30:15 -0600] "POST /wp-content/plugins/WordPressCore//aa.php HTTP/1.1" 200 43994 "-" "-"
125.166.1.57 - - [27/Sep/2025:06:30:17 -0600] "POST /wp-content/plugins/WordPressCore//aa.php HTTP/1.1" 200 43994 "-" "-"
125.166.1.57 - - [27/Sep/2025:06:30:19 -0600] "POST /wp-content/plugins/WordPressCore//aa.php HTTP/1.1" 200 43994 "-" "-"
125.166.1.57 - - [27/Sep/2025:06:30:20 -0600] "POST /wp-content/plugins/WordPressCore//aa.php HTTP/1.1" 200 43994 "-" "-"
125.166.1.57 - - [27/Sep/2025:06:30:22 -0600] "POST /wp-content/plugins/WordPressCore//aa.php HTTP/1.1" 200 43994 "-" "-"
125.166.1.57 - - [27/Sep/2025:06:30:23 -0600] "POST /wp-content/plugins/WordPressCore//aa.php HTTP/1.1" 200 43994 "-" "-"
125.166.1.57 - - [27/Sep/2025:06:30:25 -0600] "POST /wp-content/plugins/WordPressCore//aa.php HTTP/1.1" 200 43994 "-" "-"
125.166.1.57 - - [27/Sep/2025:06:30:26 -0600] "POST /wp-content/plugins/WordPressCore//aa.php HTTP/1.1" 200 43994 "-" "-"
142.171.127.176 - - [27/Sep/2025:06:30:27 -0600] "POST /wp-cron.php?doing_wp_cron=1758976227.7836730480194091796875 HTTP/1.1" 403 62691 "-" "WordPress/6.8; https://4pie.com.mx"
125.166.1.57 - - [27/Sep/2025:06:30:29 -0600] "POST /wp-content/plugins/WordPressCore//aa.php HTTP/1.1" 200 43994 "-" "-"
125.166.1.57 - - [27/Sep/2025:06:30:31 -0600] "POST /wp-content/plugins/WordPressCore//aa.php HTTP/1.1" 200 43994 "-" "-"
125.166.1.57 - - [27/Sep/2025:06:30:33 -0600] "POST /wp-content/plugins/WordPressCore//aa.php HTTP/1.1" 200 43994 "-" "-"
125.166.1.57 - - [27/Sep/2025:06:30:34 -0600] "POST /wp-content/plugins/WordPressCore//aa.php HTTP/1.1" 200 43994 "-" "-"
125.166.1.57 - - [27/Sep/2025:06:30:36 -0600] "POST /wp-content/plugins/WordPressCore//aa.php HTTP/1.1" 200 43994 "-" "-"
125.166.1.57 - - [27/Sep/2025:06:30:37 -0600] "GET /wp-content/plugins/WordPressCore//aa.php HTTP/1.1" 200 62691 "-" "-"
125.166.1.57 - - [27/Sep/2025:06:30:37 -0600] "POST /wp-content/plugins/WordPressCore//aa.php HTTP/1.1" 200 43994 "-" "-"
125.166.1.57 - - [27/Sep/2025:06:30:39 -0600] "POST /wp-content/plugins/WordPressCore//aa.php HTTP/1.1" 200 43994 "-" "-"
125.166.1.57 - - [27/Sep/2025:06:30:39 -0600] "POST /wp-content/plugins/WordPressCore//aa.php HTTP/1.1" 200 43994 "-" "-"
125.166.1.57 - - [27/Sep/2025:06:30:41 -0600] "POST /wp-content/plugins/WordPressCore//aa.php HTTP/1.1" 200 43994 "-" "-"
125.166.1.57 - - [27/Sep/2025:06:30:41 -0600] "POST /wp-content/plugins/WordPressCore//aa.php HTTP/1.1" 200 43994 "-" "-"
125.166.1.57 - - [27/Sep/2025:06:30:43 -0600] "POST /wp-content/plugins/WordPressCore//aa.php HTTP/1.1" 200 43994 "-" "-"
125.166.1.57 - - [27/Sep/2025:06:30:43 -0600] "POST /wp-content/plugins/WordPressCore//aa.php HTTP/1.1" 200 43994 "-" "-"
125.166.1.57 - - [27/Sep/2025:06:30:44 -0600] "POST /wp-content/plugins/WordPressCore//aa.php HTTP/1.1" 200 43994 "-" "-"
125.166.1.57 - - [27/Sep/2025:06:30:45 -0600] "POST /wp-content/plugins/WordPressCore//aa.php HTTP/1.1" 200 43994 "-" "-"
125.166.1.57 - - [27/Sep/2025:06:30:46 -0600] "POST /wp-content/plugins/WordPressCore//aa.php HTTP/1.1" 200 43994 "-" "-"
125.166.1.57 - - [27/Sep/2025:06:30:46 -0600] "POST /wp-content/plugins/WordPressCore//aa.php HTTP/1.1" 200 43994 "-" "-"
125.166.1.57 - - [27/Sep/2025:06:30:48 -0600] "POST /wp-content/plugins/WordPressCore//aa.php HTTP/1.1" 200 43994 "-" "-"
125.166.1.57 - - [27/Sep/2025:06:30:48 -0600] "POST /wp-content/plugins/WordPressCore//aa.php HTTP/1.1" 200 43994 "-" "-"
125.166.1.57 - - [27/Sep/2025:06:30:49 -0600] "POST /wp-content/plugins/WordPressCore//aa.php HTTP/1.1" 200 43994 "-" "-"
125.166.1.57 - - [27/Sep/2025:06:30:50 -0600] "POST /wp-content/plugins/WordPressCore//aa.php HTTP/1.1" 200 43994 "-" "-"
125.166.1.57 - - [27/Sep/2025:06:30:51 -0600] "POST /wp-content/plugins/WordPressCore//aa.php HTTP/1.1" 200 43994 "-" "-"
125.166.1.57 - - [27/Sep/2025:06:30:52 -0600] "POST /wp-content/plugins/WordPressCore//aa.php HTTP/1.1" 200 43994 "-" "-"
125.166.1.57 - - [27/Sep/2025:06:30:53 -0600] "POST /wp-content/plugins/WordPressCore//aa.php HTTP/1.1" 200 43994 "-" "-"
125.166.1.57 - - [27/Sep/2025:06:30:54 -0600] "POST /wp-content/plugins/WordPressCore//aa.php HTTP/1.1" 200 43994 "-" "-"
125.166.1.57 - - [27/Sep/2025:06:30:55 -0600] "POST /wp-content/plugins/WordPressCore//aa.php HTTP/1.1" 200 43994 "-" "-"
125.166.1.57 - - [27/Sep/2025:06:30:56 -0600] "POST /wp-content/plugins/WordPressCore//aa.php HTTP/1.1" 200 43994 "-" "-"
125.166.1.57 - - [27/Sep/2025:06:30:56 -0600] "POST /wp-content/plugins/WordPressCore//aa.php HTTP/1.1" 200 43994 "-" "-"
125.166.1.57 - - [27/Sep/2025:06:30:57 -0600] "POST /wp-content/plugins/WordPressCore//aa.php HTTP/1.1" 200 43994 "-" "-"
125.166.1.57 - - [27/Sep/2025:06:30:58 -0600] "POST /wp-content/plugins/WordPressCore//aa.php HTTP/1.1" 200 43994 "-" "-"
125.166.1.57 - - [27/Sep/2025:06:30:59 -0600] "POST /wp-content/plugins/WordPressCore//aa.php HTTP/1.1" 200 43994 "-" "-"
125.166.1.57 - - [27/Sep/2025:06:31:00 -0600] "POST /wp-content/plugins/WordPressCore//aa.php HTTP/1.1" 200 43994 "-" "-"
125.166.1.57 - - [27/Sep/2025:06:31:01 -0600] "POST /wp-content/plugins/WordPressCore//aa.php HTTP/1.1" 200 43994 "-" "-"
125.166.1.57 - - [27/Sep/2025:06:31:01 -0600] "POST /wp-content/plugins/WordPressCore//aa.php HTTP/1.1" 200 43994 "-" "-"
125.166.1.57 - - [27/Sep/2025:06:31:04 -0600] "POST /wp-content/plugins/WordPressCore//aa.php HTTP/1.1" 200 43994 "-" "-"
125.166.1.57 - - [27/Sep/2025:06:31:04 -0600] "POST /wp-content/plugins/WordPressCore//aa.php HTTP/1.1" 200 43994 "-" "-"
125.166.1.57 - - [27/Sep/2025:06:31:05 -0600] "POST /wp-content/plugins/WordPressCore//aa.php HTTP/1.1" 200 43994 "-" "-"
125.166.1.57 - - [27/Sep/2025:06:31:06 -0600] "POST /wp-content/plugins/WordPressCore//aa.php HTTP/1.1" 200 43994 "-" "-"
125.166.1.57 - - [27/Sep/2025:06:31:07 -0600] "POST /wp-content/plugins/WordPressCore//aa.php HTTP/1.1" 200 43994 "-" "-"
125.166.1.57 - - [27/Sep/2025:06:31:08 -0600] "POST /wp-content/plugins/WordPressCore//aa.php HTTP/1.1" 200 43994 "-" "-"
125.166.1.57 - - [27/Sep/2025:06:31:10 -0600] "POST /wp-content/plugins/WordPressCore//aa.php HTTP/1.1" 200 43994 "-" "-"
125.166.1.57 - - [27/Sep/2025:06:31:09 -0600] "POST /wp-content/plugins/WordPressCore//aa.php HTTP/1.1" 200 43994 "-" "-"
125.166.1.57 - - [27/Sep/2025:06:31:11 -0600] "POST /wp-content/plugins/WordPressCore//aa.php HTTP/1.1" 200 43994 "-" "-"
125.166.1.57 - - [27/Sep/2025:06:31:11 -0600] "POST /wp-content/plugins/WordPressCore//aa.php HTTP/1.1" 200 43994 "-" "-"
125.166.1.57 - - [27/Sep/2025:06:31:13 -0600] "POST /wp-content/plugins/WordPressCore//aa.php HTTP/1.1" 200 43994 "-" "-"
125.166.1.57 - - [27/Sep/2025:06:31:13 -0600] "POST /wp-content/plugins/WordPressCore//aa.php HTTP/1.1" 200 43994 "-" "-"
125.166.1.57 - - [27/Sep/2025:06:31:15 -0600] "POST /wp-content/plugins/WordPressCore//aa.php HTTP/1.1" 200 43994 "-" "-"
125.166.1.57 - - [27/Sep/2025:06:31:16 -0600] "POST /wp-content/plugins/WordPressCore//aa.php HTTP/1.1" 200 43994 "-" "-"
125.166.1.57 - - [27/Sep/2025:06:31:17 -0600] "POST /wp-content/plugins/WordPressCore//aa.php HTTP/1.1" 200 43994 "-" "-"
125.166.1.57 - - [27/Sep/2025:06:31:18 -0600] "POST /wp-content/plugins/WordPressCore//aa.php HTTP/1.1" 200 43994 "-" "-"
125.166.1.57 - - [27/Sep/2025:06:31:19 -0600] "POST /wp-content/plugins/WordPressCore//aa.php HTTP/1.1" 200 43994 "-" "-"
125.166.1.57 - - [27/Sep/2025:06:31:20 -0600] "POST /wp-content/plugins/WordPressCore//aa.php HTTP/1.1" 200 43994 "-" "-"
125.166.1.57 - - [27/Sep/2025:06:31:20 -0600] "POST /wp-content/plugins/WordPressCore//aa.php HTTP/1.1" 200 43994 "-" "-"
125.166.1.57 - - [27/Sep/2025:06:31:22 -0600] "POST /wp-content/plugins/WordPressCore//aa.php HTTP/1.1" 200 43994 "-" "-"
125.166.1.57 - - [27/Sep/2025:06:31:22 -0600] "POST /wp-content/plugins/WordPressCore//aa.php HTTP/1.1" 200 43994 "-" "-"
125.166.1.57 - - [27/Sep/2025:06:31:24 -0600] "POST /wp-content/plugins/WordPressCore//aa.php HTTP/1.1" 200 43994 "-" "-"
125.166.1.57 - - [27/Sep/2025:06:31:24 -0600] "POST /wp-content/plugins/WordPressCore//aa.php HTTP/1.1" 200 43994 "-" "-"
125.166.1.57 - - [27/Sep/2025:06:31:26 -0600] "POST /wp-content/plugins/WordPressCore//aa.php HTTP/1.1" 200 43994 "-" "-"
125.166.1.57 - - [27/Sep/2025:06:31:26 -0600] "POST /wp-content/plugins/WordPressCore//aa.php HTTP/1.1" 200 43994 "-" "-"
142.171.127.176 - - [27/Sep/2025:06:31:28 -0600] "POST /wp-cron.php?doing_wp_cron=1758976288.2381799221038818359375 HTTP/1.1" 403 12368 "-" "WordPress/6.8; https://4pie.com.mx"
142.171.127.176 - - [27/Sep/2025:06:31:28 -0600] "POST /wp-cron.php?doing_wp_cron=1758976288.0569930076599121093750 HTTP/1.1" 403 23958 "-" "WordPress/6.8; https://4pie.com.mx"
125.166.1.57 - - [27/Sep/2025:06:31:29 -0600] "POST /wp-content/plugins/WordPressCore//aa.php HTTP/1.1" 200 43994 "-" "-"
125.166.1.57 - - [27/Sep/2025:06:31:30 -0600] "POST /wp-content/plugins/WordPressCore//aa.php HTTP/1.1" 200 43994 "-" "-"
125.166.1.57 - - [27/Sep/2025:06:31:31 -0600] "POST /wp-content/plugins/WordPressCore//aa.php HTTP/1.1" 200 43994 "-" "-"
125.166.1.57 - - [27/Sep/2025:06:31:32 -0600] "POST /wp-content/plugins/WordPressCore//aa.php HTTP/1.1" 200 43994 "-" "-"
125.166.1.57 - - [27/Sep/2025:06:31:33 -0600] "POST /wp-content/plugins/WordPressCore//aa.php HTTP/1.1" 200 43994 "-" "-"
125.166.1.57 - - [27/Sep/2025:06:31:34 -0600] "POST /wp-content/plugins/WordPressCore//aa.php HTTP/1.1" 200 43994 "-" "-"
125.166.1.57 - - [27/Sep/2025:06:31:35 -0600] "POST /wp-content/plugins/WordPressCore//aa.php HTTP/1.1" 200 43994 "-" "-"
125.166.1.57 - - [27/Sep/2025:06:31:36 -0600] "POST /wp-content/plugins/WordPressCore//aa.php HTTP/1.1" 200 43994 "-" "-"
125.166.1.57 - - [27/Sep/2025:06:31:37 -0600] "POST /wp-content/plugins/WordPressCore//aa.php HTTP/1.1" 200 43994 "-" "-"
125.166.1.57 - - [27/Sep/2025:06:31:38 -0600] "POST /wp-content/plugins/WordPressCore//aa.php HTTP/1.1" 200 43994 "-" "-"
125.166.1.57 - - [27/Sep/2025:06:31:40 -0600] "POST /wp-content/plugins/WordPressCore//aa.php HTTP/1.1" 200 43994 "-" "-"
125.166.1.57 - - [27/Sep/2025:06:31:39 -0600] "POST /wp-content/plugins/WordPressCore//aa.php HTTP/1.1" 200 43994 "-" "-"
204.12.208.18 - - [27/Sep/2025:06:31:40 -0600] "GET /?sitemapindex.xml HTTP/1.1" 200 113563 "http://4pie.com.mx/?sitemapindex.xml" "Mozilla/5.0 (Macintosh; U; PPC Mac OS X; ja-jp) AppleWebKit/523.12.2 (KHTML, like Gecko) Version/3.0.4 Safari/523.12.2"
125.166.1.57 - - [27/Sep/2025:06:31:41 -0600] "POST /wp-content/plugins/WordPressCore//aa.php HTTP/1.1" 200 43994 "-" "-"
125.166.1.57 - - [27/Sep/2025:06:31:42 -0600] "POST /wp-content/plugins/WordPressCore//aa.php HTTP/1.1" 200 43994 "-" "-"
125.166.1.57 - - [27/Sep/2025:06:31:44 -0600] "POST /wp-content/plugins/WordPressCore//aa.php HTTP/1.1" 200 43994 "-" "-"
125.166.1.57 - - [27/Sep/2025:06:31:44 -0600] "POST /wp-content/plugins/WordPressCore//aa.php HTTP/1.1" 200 43994 "-" "-"
125.166.1.57 - - [27/Sep/2025:06:31:45 -0600] "POST /wp-content/plugins/WordPressCore//aa.php HTTP/1.1" 200 43994 "-" "-"
125.166.1.57 - - [27/Sep/2025:06:31:45 -0600] "POST /wp-content/plugins/WordPressCore//aa.php HTTP/1.1" 200 43994 "-" "-"
125.166.1.57 - - [27/Sep/2025:06:31:47 -0600] "POST /wp-content/plugins/WordPressCore//aa.php HTTP/1.1" 200 43994 "-" "-"
125.166.1.57 - - [27/Sep/2025:06:31:47 -0600] "POST /wp-content/plugins/WordPressCore//aa.php HTTP/1.1" 200 43994 "-" "-"
125.166.1.57 - - [27/Sep/2025:06:31:49 -0600] "POST /wp-content/plugins/WordPressCore//aa.php HTTP/1.1" 200 43994 "-" "-"
125.166.1.57 - - [27/Sep/2025:06:31:49 -0600] "POST /wp-content/plugins/WordPressCore//aa.php HTTP/1.1" 200 43994 "-" "-"
125.166.1.57 - - [27/Sep/2025:06:31:51 -0600] "POST /wp-content/plugins/WordPressCore//aa.php HTTP/1.1" 200 43994 "-" "-"
125.166.1.57 - - [27/Sep/2025:06:31:51 -0600] "POST /wp-content/plugins/WordPressCore//aa.php HTTP/1.1" 200 43994 "-" "-"
125.166.1.57 - - [27/Sep/2025:06:31:52 -0600] "POST /wp-content/plugins/WordPressCore//aa.php HTTP/1.1" 200 43994 "-" "-"
125.166.1.57 - - [27/Sep/2025:06:31:54 -0600] "POST /wp-content/plugins/WordPressCore//aa.php HTTP/1.1" 200 43994 "-" "-"
125.166.1.57 - - [27/Sep/2025:06:31:54 -0600] "POST /wp-content/plugins/WordPressCore//aa.php HTTP/1.1" 200 43994 "-" "-"
125.166.1.57 - - [27/Sep/2025:06:31:56 -0600] "POST /wp-content/plugins/WordPressCore//aa.php HTTP/1.1" 200 43994 "-" "-"
125.166.1.57 - - [27/Sep/2025:06:31:56 -0600] "POST /wp-content/plugins/WordPressCore//aa.php HTTP/1.1" 200 43994 "-" "-"
125.166.1.57 - - [27/Sep/2025:06:31:57 -0600] "POST /wp-content/plugins/WordPressCore//aa.php HTTP/1.1" 200 43994 "-" "-"
125.166.1.57 - - [27/Sep/2025:06:31:58 -0600] "POST /wp-content/plugins/WordPressCore//aa.php HTTP/1.1" 200 43994 "-" "-"
125.166.1.57 - - [27/Sep/2025:06:31:59 -0600] "POST /wp-content/plugins/WordPressCore//aa.php HTTP/1.1" 200 43994 "-" "-"
125.166.1.57 - - [27/Sep/2025:06:32:00 -0600] "POST /wp-content/plugins/WordPressCore//aa.php HTTP/1.1" 200 43994 "-" "-"
125.166.1.57 - - [27/Sep/2025:06:32:00 -0600] "POST /wp-content/plugins/WordPressCore//aa.php HTTP/1.1" 200 43994 "-" "-"
125.166.1.57 - - [27/Sep/2025:06:32:03 -0600] "POST /wp-content/plugins/WordPressCore//aa.php HTTP/1.1" 200 43994 "-" "-"
125.166.1.57 - - [27/Sep/2025:06:32:03 -0600] "POST /wp-content/plugins/WordPressCore//aa.php HTTP/1.1" 200 43994 "-" "-"
125.166.1.57 - - [27/Sep/2025:06:32:04 -0600] "POST /wp-content/plugins/WordPressCore//aa.php HTTP/1.1" 200 43994 "-" "-"
125.166.1.57 - - [27/Sep/2025:06:32:05 -0600] "POST /wp-content/plugins/WordPressCore//aa.php HTTP/1.1" 200 43994 "-" "-"
125.166.1.57 - - [27/Sep/2025:06:32:06 -0600] "POST /wp-content/plugins/WordPressCore//aa.php HTTP/1.1" 200 43994 "-" "-"
125.166.1.57 - - [27/Sep/2025:06:32:07 -0600] "POST /wp-content/plugins/WordPressCore//aa.php HTTP/1.1" 200 43994 "-" "-"
125.166.1.57 - - [27/Sep/2025:06:32:08 -0600] "POST /wp-content/plugins/WordPressCore//aa.php HTTP/1.1" 200 43994 "-" "-"
125.166.1.57 - - [27/Sep/2025:06:32:08 -0600] "POST /wp-content/plugins/WordPressCore//aa.php HTTP/1.1" 200 43994 "-" "-"
125.166.1.57 - - [27/Sep/2025:06:32:10 -0600] "POST /wp-content/plugins/WordPressCore//aa.php HTTP/1.1" 200 43994 "-" "-"
125.166.1.57 - - [27/Sep/2025:06:32:10 -0600] "POST /wp-content/plugins/WordPressCore//aa.php HTTP/1.1" 200 43994 "-" "-"
125.166.1.57 - - [27/Sep/2025:06:32:12 -0600] "POST /wp-content/plugins/WordPressCore//aa.php HTTP/1.1" 200 43994 "-" "-"
125.166.1.57 - - [27/Sep/2025:06:32:12 -0600] "POST /wp-content/plugins/WordPressCore//aa.php HTTP/1.1" 200 43994 "-" "-"
125.166.1.57 - - [27/Sep/2025:06:32:14 -0600] "POST /wp-content/plugins/WordPressCore//aa.php HTTP/1.1" 200 43994 "-" "-"
125.166.1.57 - - [27/Sep/2025:06:32:14 -0600] "POST /wp-content/plugins/WordPressCore//aa.php HTTP/1.1" 200 43994 "-" "-"
125.166.1.57 - - [27/Sep/2025:06:32:15 -0600] "POST /wp-content/plugins/WordPressCore//aa.php HTTP/1.1" 200 43994 "-" "-"
125.166.1.57 - - [27/Sep/2025:06:32:15 -0600] "POST /wp-content/plugins/WordPressCore//aa.php HTTP/1.1" 200 43994 "-" "-"
125.166.1.57 - - [27/Sep/2025:06:32:17 -0600] "POST /wp-content/plugins/WordPressCore//aa.php HTTP/1.1" 200 43994 "-" "-"
125.166.1.57 - - [27/Sep/2025:06:32:18 -0600] "POST /wp-content/plugins/WordPressCore//aa.php HTTP/1.1" 200 43994 "-" "-"
125.166.1.57 - - [27/Sep/2025:06:32:19 -0600] "POST /wp-content/plugins/WordPressCore//aa.php HTTP/1.1" 200 43994 "-" "-"
125.166.1.57 - - [27/Sep/2025:06:32:20 -0600] "POST /wp-content/plugins/WordPressCore//aa.php HTTP/1.1" 200 43994 "-" "-"
125.166.1.57 - - [27/Sep/2025:06:32:21 -0600] "POST /wp-content/plugins/WordPressCore//aa.php HTTP/1.1" 200 43994 "-" "-"
125.166.1.57 - - [27/Sep/2025:06:32:22 -0600] "POST /wp-content/plugins/WordPressCore//aa.php HTTP/1.1" 200 43994 "-" "-"
125.166.1.57 - - [27/Sep/2025:06:32:23 -0600] "POST /wp-content/plugins/WordPressCore//aa.php HTTP/1.1" 200 43994 "-" "-"
125.166.1.57 - - [27/Sep/2025:06:32:23 -0600] "POST /wp-content/plugins/WordPressCore//aa.php HTTP/1.1" 200 43994 "-" "-"
125.166.1.57 - - [27/Sep/2025:06:32:24 -0600] "POST /wp-content/plugins/WordPressCore//aa.php HTTP/1.1" 200 43994 "-" "-"
125.166.1.57 - - [27/Sep/2025:06:32:25 -0600] "POST /wp-content/plugins/WordPressCore//aa.php HTTP/1.1" 200 43994 "-" "-"
125.166.1.57 - - [27/Sep/2025:06:32:26 -0600] "POST /wp-content/plugins/WordPressCore//aa.php HTTP/1.1" 200 43994 "-" "-"
125.166.1.57 - - [27/Sep/2025:06:32:27 -0600] "POST /wp-content/plugins/WordPressCore//aa.php HTTP/1.1" 200 43994 "-" "-"
142.171.127.176 - - [27/Sep/2025:06:32:28 -0600] "POST /wp-cron.php?doing_wp_cron=1758976348.3794100284576416015625 HTTP/1.1" 403 23958 "-" "WordPress/6.8; https://4pie.com.mx"
125.166.1.57 - - [27/Sep/2025:06:32:28 -0600] "POST /wp-content/plugins/WordPressCore//aa.php HTTP/1.1" 200 43994 "-" "-"
142.171.127.176 - - [27/Sep/2025:06:32:29 -0600] "POST /wp-cron.php?doing_wp_cron=1758976349.4649720191955566406250 HTTP/1.1" 403 12389 "-" "WordPress/6.8; https://4pie.com.mx"
125.166.1.57 - - [27/Sep/2025:06:32:29 -0600] "POST /wp-content/plugins/WordPressCore//aa.php HTTP/1.1" 200 43994 "-" "-"
125.166.1.57 - - [27/Sep/2025:06:32:31 -0600] "POST /wp-content/plugins/WordPressCore//aa.php HTTP/1.1" 200 43994 "-" "-"
125.166.1.57 - - [27/Sep/2025:06:32:32 -0600] "POST /wp-content/plugins/WordPressCore//aa.php HTTP/1.1" 200 43994 "-" "-"
125.166.1.57 - - [27/Sep/2025:06:32:33 -0600] "POST /wp-content/plugins/WordPressCore//aa.php HTTP/1.1" 200 43994 "-" "-"
125.166.1.57 - - [27/Sep/2025:06:32:33 -0600] "POST /wp-content/plugins/WordPressCore//aa.php HTTP/1.1" 200 43994 "-" "-"
125.166.1.57 - - [27/Sep/2025:06:32:34 -0600] "POST /wp-content/plugins/WordPressCore//aa.php HTTP/1.1" 200 43994 "-" "-"
125.166.1.57 - - [27/Sep/2025:06:32:35 -0600] "POST /wp-content/plugins/WordPressCore//aa.php HTTP/1.1" 200 43994 "-" "-"
125.166.1.57 - - [27/Sep/2025:06:32:36 -0600] "POST /wp-content/plugins/WordPressCore//aa.php HTTP/1.1" 200 43994 "-" "-"
125.166.1.57 - - [27/Sep/2025:06:32:36 -0600] "POST /wp-content/plugins/WordPressCore//aa.php HTTP/1.1" 200 43994 "-" "-"
125.166.1.57 - - [27/Sep/2025:06:32:37 -0600] "POST /wp-content/plugins/WordPressCore//aa.php HTTP/1.1" 200 43994 "-" "-"
125.166.1.57 - - [27/Sep/2025:06:32:38 -0600] "POST /wp-content/plugins/WordPressCore//aa.php HTTP/1.1" 200 43994 "-" "-"
125.166.1.57 - - [27/Sep/2025:06:32:39 -0600] "POST /wp-content/plugins/WordPressCore//aa.php HTTP/1.1" 200 43994 "-" "-"
125.166.1.57 - - [27/Sep/2025:06:32:39 -0600] "POST /wp-content/plugins/WordPressCore//aa.php HTTP/1.1" 200 43994 "-" "-"
125.166.1.57 - - [27/Sep/2025:06:32:40 -0600] "POST /wp-content/plugins/WordPressCore//aa.php HTTP/1.1" 200 43994 "-" "-"
125.166.1.57 - - [27/Sep/2025:06:32:41 -0600] "POST /wp-content/plugins/WordPressCore//aa.php HTTP/1.1" 200 43994 "-" "-"
125.166.1.57 - - [27/Sep/2025:06:32:42 -0600] "POST /wp-content/plugins/WordPressCore//aa.php HTTP/1.1" 200 43994 "-" "-"
125.166.1.57 - - [27/Sep/2025:06:32:42 -0600] "POST /wp-content/plugins/WordPressCore//aa.php HTTP/1.1" 200 43994 "-" "-"
125.166.1.57 - - [27/Sep/2025:06:32:43 -0600] "POST /wp-content/plugins/WordPressCore//aa.php HTTP/1.1" 200 43994 "-" "-"
125.166.1.57 - - [27/Sep/2025:06:32:44 -0600] "POST /wp-content/plugins/WordPressCore//aa.php HTTP/1.1" 200 43994 "-" "-"
125.166.1.57 - - [27/Sep/2025:06:32:45 -0600] "POST /wp-content/plugins/WordPressCore//aa.php HTTP/1.1" 200 43994 "-" "-"
125.166.1.57 - - [27/Sep/2025:06:32:46 -0600] "POST /wp-content/plugins/WordPressCore//aa.php HTTP/1.1" 200 43994 "-" "-"
125.166.1.57 - - [27/Sep/2025:06:32:47 -0600] "POST /wp-content/plugins/WordPressCore//aa.php HTTP/1.1" 200 43994 "-" "-"
125.166.1.57 - - [27/Sep/2025:06:32:47 -0600] "POST /wp-content/plugins/WordPressCore//aa.php HTTP/1.1" 200 43994 "-" "-"
125.166.1.57 - - [27/Sep/2025:06:32:49 -0600] "POST /wp-content/plugins/WordPressCore//aa.php HTTP/1.1" 200 43994 "-" "-"
125.166.1.57 - - [27/Sep/2025:06:32:49 -0600] "POST /wp-content/plugins/WordPressCore//aa.php HTTP/1.1" 200 43994 "-" "-"
125.166.1.57 - - [27/Sep/2025:06:32:51 -0600] "POST /wp-content/plugins/WordPressCore//aa.php HTTP/1.1" 200 43994 "-" "-"
125.166.1.57 - - [27/Sep/2025:06:32:51 -0600] "POST /wp-content/plugins/WordPressCore//aa.php HTTP/1.1" 200 43994 "-" "-"
125.166.1.57 - - [27/Sep/2025:06:32:53 -0600] "POST /wp-content/plugins/WordPressCore//aa.php HTTP/1.1" 200 43994 "-" "-"
125.166.1.57 - - [27/Sep/2025:06:32:53 -0600] "POST /wp-content/plugins/WordPressCore//aa.php HTTP/1.1" 200 43994 "-" "-"
125.166.1.57 - - [27/Sep/2025:06:32:54 -0600] "POST /wp-content/plugins/WordPressCore//aa.php HTTP/1.1" 200 43994 "-" "-"
125.166.1.57 - - [27/Sep/2025:06:32:55 -0600] "POST /wp-content/plugins/WordPressCore//aa.php HTTP/1.1" 200 43994 "-" "-"
125.166.1.57 - - [27/Sep/2025:06:32:56 -0600] "POST /wp-content/plugins/WordPressCore//aa.php HTTP/1.1" 200 43994 "-" "-"
125.166.1.57 - - [27/Sep/2025:06:32:56 -0600] "POST /wp-content/plugins/WordPressCore//aa.php HTTP/1.1" 200 43994 "-" "-"
125.166.1.57 - - [27/Sep/2025:06:32:57 -0600] "POST /wp-content/plugins/WordPressCore//aa.php HTTP/1.1" 200 43994 "-" "-"
125.166.1.57 - - [27/Sep/2025:06:32:58 -0600] "POST /wp-content/plugins/WordPressCore//aa.php HTTP/1.1" 200 43994 "-" "-"
125.166.1.57 - - [27/Sep/2025:06:32:59 -0600] "POST /wp-content/plugins/WordPressCore//aa.php HTTP/1.1" 200 43994 "-" "-"
125.166.1.57 - - [27/Sep/2025:06:32:59 -0600] "POST /wp-content/plugins/WordPressCore//aa.php HTTP/1.1" 200 43994 "-" "-"
125.166.1.57 - - [27/Sep/2025:06:33:00 -0600] "POST /wp-content/plugins/WordPressCore//aa.php HTTP/1.1" 200 43994 "-" "-"
125.166.1.57 - - [27/Sep/2025:06:33:01 -0600] "POST /wp-content/plugins/WordPressCore//aa.php HTTP/1.1" 200 43994 "-" "-"
125.166.1.57 - - [27/Sep/2025:06:33:03 -0600] "POST /wp-content/plugins/WordPressCore//aa.php HTTP/1.1" 200 43994 "-" "-"
125.166.1.57 - - [27/Sep/2025:06:33:03 -0600] "POST /wp-content/plugins/WordPressCore//aa.php HTTP/1.1" 200 43994 "-" "-"
125.166.1.57 - - [27/Sep/2025:06:33:04 -0600] "POST /wp-content/plugins/WordPressCore//aa.php HTTP/1.1" 200 43994 "-" "-"
125.166.1.57 - - [27/Sep/2025:06:33:05 -0600] "POST /wp-content/plugins/WordPressCore//aa.php HTTP/1.1" 200 43994 "-" "-"
125.166.1.57 - - [27/Sep/2025:06:33:06 -0600] "POST /wp-content/plugins/WordPressCore//aa.php HTTP/1.1" 200 43994 "-" "-"
125.166.1.57 - - [27/Sep/2025:06:33:07 -0600] "POST /wp-content/plugins/WordPressCore//aa.php HTTP/1.1" 200 43994 "-" "-"
125.166.1.57 - - [27/Sep/2025:06:33:08 -0600] "POST /wp-content/plugins/WordPressCore//aa.php HTTP/1.1" 200 43994 "-" "-"
125.166.1.57 - - [27/Sep/2025:06:33:09 -0600] "POST /wp-content/plugins/WordPressCore//aa.php HTTP/1.1" 200 43994 "-" "-"
125.166.1.57 - - [27/Sep/2025:06:33:10 -0600] "POST /wp-content/plugins/WordPressCore//aa.php HTTP/1.1" 200 43994 "-" "-"
125.166.1.57 - - [27/Sep/2025:06:33:11 -0600] "POST /wp-content/plugins/WordPressCore//aa.php HTTP/1.1" 200 43994 "-" "-"
125.166.1.57 - - [27/Sep/2025:06:33:11 -0600] "POST /wp-content/plugins/WordPressCore//aa.php HTTP/1.1" 200 43994 "-" "-"
125.166.1.57 - - [27/Sep/2025:06:33:13 -0600] "POST /wp-content/plugins/WordPressCore//aa.php HTTP/1.1" 200 43994 "-" "-"
125.166.1.57 - - [27/Sep/2025:06:33:13 -0600] "POST /wp-content/plugins/WordPressCore//aa.php HTTP/1.1" 200 43994 "-" "-"
125.166.1.57 - - [27/Sep/2025:06:33:14 -0600] "POST /wp-content/plugins/WordPressCore//aa.php HTTP/1.1" 200 43994 "-" "-"
125.166.1.57 - - [27/Sep/2025:06:33:15 -0600] "POST /wp-content/plugins/WordPressCore//aa.php HTTP/1.1" 200 43994 "-" "-"
125.166.1.57 - - [27/Sep/2025:06:33:16 -0600] "POST /wp-content/plugins/WordPressCore//aa.php HTTP/1.1" 200 43994 "-" "-"
125.166.1.57 - - [27/Sep/2025:06:33:16 -0600] "POST /wp-content/plugins/WordPressCore//aa.php HTTP/1.1" 200 43994 "-" "-"
125.166.1.57 - - [27/Sep/2025:06:33:17 -0600] "POST /wp-content/plugins/WordPressCore//aa.php HTTP/1.1" 200 43994 "-" "-"
125.166.1.57 - - [27/Sep/2025:06:33:18 -0600] "POST /wp-content/plugins/WordPressCore//aa.php HTTP/1.1" 200 43994 "-" "-"
125.166.1.57 - - [27/Sep/2025:06:33:19 -0600] "POST /wp-content/plugins/WordPressCore//aa.php HTTP/1.1" 200 43994 "-" "-"
125.166.1.57 - - [27/Sep/2025:06:33:19 -0600] "POST /wp-content/plugins/WordPressCore//aa.php HTTP/1.1" 200 43994 "-" "-"
125.166.1.57 - - [27/Sep/2025:06:33:21 -0600] "POST /wp-content/plugins/WordPressCore//aa.php HTTP/1.1" 200 43994 "-" "-"
125.166.1.57 - - [27/Sep/2025:06:33:21 -0600] "POST /wp-content/plugins/WordPressCore//aa.php HTTP/1.1" 200 43994 "-" "-"
125.166.1.57 - - [27/Sep/2025:06:33:22 -0600] "POST /wp-content/plugins/WordPressCore//aa.php HTTP/1.1" 200 43994 "-" "-"
125.166.1.57 - - [27/Sep/2025:06:33:23 -0600] "POST /wp-content/plugins/WordPressCore//aa.php HTTP/1.1" 200 43994 "-" "-"
125.166.1.57 - - [27/Sep/2025:06:33:24 -0600] "POST /wp-content/plugins/WordPressCore//aa.php HTTP/1.1" 200 43994 "-" "-"
125.166.1.57 - - [27/Sep/2025:06:33:24 -0600] "POST /wp-content/plugins/WordPressCore//aa.php HTTP/1.1" 200 43994 "-" "-"
125.166.1.57 - - [27/Sep/2025:06:33:26 -0600] "POST /wp-content/plugins/WordPressCore//aa.php HTTP/1.1" 200 43994 "-" "-"
125.166.1.57 - - [27/Sep/2025:06:33:27 -0600] "POST /wp-content/plugins/WordPressCore//aa.php HTTP/1.1" 200 43994 "-" "-"
142.171.127.176 - - [27/Sep/2025:06:33:30 -0600] "POST /wp-cron.php?doing_wp_cron=1758976410.2206280231475830078125 HTTP/1.1" 403 70829 "-" "WordPress/6.8; https://4pie.com.mx"
125.166.1.57 - - [27/Sep/2025:06:33:29 -0600] "POST /wp-content/plugins/WordPressCore//aa.php HTTP/1.1" 200 43994 "-" "-"
125.166.1.57 - - [27/Sep/2025:06:33:31 -0600] "POST /wp-content/plugins/WordPressCore//aa.php HTTP/1.1" 200 43994 "-" "-"
125.166.1.57 - - [27/Sep/2025:06:33:33 -0600] "POST /wp-content/plugins/WordPressCore//aa.php HTTP/1.1" 200 43994 "-" "-"
125.166.1.57 - - [27/Sep/2025:06:33:34 -0600] "POST /wp-content/plugins/WordPressCore//aa.php HTTP/1.1" 200 43994 "-" "-"
125.166.1.57 - - [27/Sep/2025:06:33:36 -0600] "POST /wp-content/plugins/WordPressCore//aa.php HTTP/1.1" 200 43994 "-" "-"
125.166.1.57 - - [27/Sep/2025:06:33:37 -0600] "POST /wp-content/plugins/WordPressCore//aa.php HTTP/1.1" 200 43994 "-" "-"
125.166.1.57 - - [27/Sep/2025:06:33:39 -0600] "POST /wp-content/plugins/WordPressCore//aa.php HTTP/1.1" 200 43994 "-" "-"
125.166.1.57 - - [27/Sep/2025:06:33:40 -0600] "POST /wp-content/plugins/WordPressCore//aa.php HTTP/1.1" 200 43994 "-" "-"
125.166.1.57 - - [27/Sep/2025:06:33:42 -0600] "POST /wp-content/plugins/WordPressCore//aa.php HTTP/1.1" 200 43994 "-" "-"
125.166.1.57 - - [27/Sep/2025:06:33:43 -0600] "POST /wp-content/plugins/WordPressCore//aa.php HTTP/1.1" 200 43994 "-" "-"
125.166.1.57 - - [27/Sep/2025:06:33:45 -0600] "POST /wp-content/plugins/WordPressCore//aa.php HTTP/1.1" 200 43994 "-" "-"
125.166.1.57 - - [27/Sep/2025:06:33:47 -0600] "POST /wp-content/plugins/WordPressCore//aa.php HTTP/1.1" 200 43994 "-" "-"
125.166.1.57 - - [27/Sep/2025:06:33:48 -0600] "POST /wp-content/plugins/WordPressCore//aa.php HTTP/1.1" 200 43994 "-" "-"
125.166.1.57 - - [27/Sep/2025:06:33:50 -0600] "POST /wp-content/plugins/WordPressCore//aa.php HTTP/1.1" 200 43994 "-" "-"
125.166.1.57 - - [27/Sep/2025:06:33:51 -0600] "POST /wp-content/plugins/WordPressCore//aa.php HTTP/1.1" 200 43994 "-" "-"
125.166.1.57 - - [27/Sep/2025:06:33:53 -0600] "POST /wp-content/plugins/WordPressCore//aa.php HTTP/1.1" 200 43994 "-" "-"
125.166.1.57 - - [27/Sep/2025:06:33:54 -0600] "POST /wp-content/plugins/WordPressCore//aa.php HTTP/1.1" 200 43994 "-" "-"
125.166.1.57 - - [27/Sep/2025:06:33:56 -0600] "POST /wp-content/plugins/WordPressCore//aa.php HTTP/1.1" 200 43994 "-" "-"
125.166.1.57 - - [27/Sep/2025:06:33:57 -0600] "POST /wp-content/plugins/WordPressCore//aa.php HTTP/1.1" 200 43994 "-" "-"
125.166.1.57 - - [27/Sep/2025:06:33:59 -0600] "POST /wp-content/plugins/WordPressCore//aa.php HTTP/1.1" 200 43994 "-" "-"
208.110.64.178 - - [27/Sep/2025:06:35:11 -0600] "GET /wp-content/install.php HTTP/1.1" 200 6 "http://4pie.com.mx/wp-content/install.php" "Mozilla/5.0 (Windows NT 10.0; Win64; x64) AppleWebKit/537.36 (KHTML, like Gecko) Chrome/58.0.3029.110 Safari/537.3"
216.244.66.243 - - [27/Sep/2025:06:36:23 -0600] "GET /index.php/2025/02/27/nv-casino-fur-spieler-in-deutschland/ HTTP/1.1" 200 133691 "-" "Mozilla/5.0 (compatible; DotBot/1.2; +https://opensiteexplorer.org/dotbot; help@moz.com)"
208.110.64.178 - - [27/Sep/2025:06:35:09 -0600] "GET /wp-content/install.php HTTP/1.1" 200 - "http://4pie.com.mx/wp-content/install.php" "Mozilla/5.0 (Windows NT 10.0; Win64; x64) AppleWebKit/537.36 (KHTML, like Gecko) Chrome/58.0.3029.110 Safari/537.3"
173.208.176.202 - - [27/Sep/2025:06:36:38 -0600] "GET /wp-content/install.php?id=141764 HTTP/1.1" 200 - "-" "GuzzleHttp/7"
204.12.208.18 - - [27/Sep/2025:06:38:32 -0600] "GET /?sitemapindex.xml HTTP/1.1" 200 7535 "http://4pie.com.mx/?sitemapindex.xml" "Mozilla/5.0 (Macintosh; Intel Mac OS X 10.7; rv:7.0.1) Gecko/20100101 Firefox/7.0.1"
173.208.176.202 - - [27/Sep/2025:06:38:06 -0600] "GET /wp-content/install.php?id=141764 HTTP/1.1" 200 - "-" "GuzzleHttp/7"
173.208.176.202 - - [27/Sep/2025:06:39:34 -0600] "GET /wp-content/install.php?id=141764 HTTP/1.1" 200 - "-" "GuzzleHttp/7"
216.244.66.243 - - [27/Sep/2025:06:44:07 -0600] "GET /index.php/2025/03/17/dieu-gi-cung-cap-song-bac-truc-tuyen-bat-dau-cam-ket-de-vuabet-88-tranh-nhung-nguoi-choi-gian-lan/ HTTP/1.1" 200 119236 "-" "Mozilla/5.0 (compatible; DotBot/1.2; +https://opensiteexplorer.org/dotbot; help@moz.com)"
204.12.208.18 - - [27/Sep/2025:06:45:27 -0600] "GET /?sitemapindex.xml HTTP/1.1" 200 113563 "http://4pie.com.mx/?sitemapindex.xml" "Mozilla/4.0 (compatible; MSIE 7.0; Windows NT 5.1)"
204.12.208.18 - - [27/Sep/2025:06:52:08 -0600] "GET /?sitemapindex.xml HTTP/1.1" 200 113563 "http://4pie.com.mx/?sitemapindex.xml" "Mozilla/5.0 (Macintosh; Intel Mac OS X 10.5; rv:8.0.1) Gecko/20100101 Firefox/8.0.1"
142.171.127.176 - - [27/Sep/2025:06:52:09 -0600] "POST /wp-cron.php?doing_wp_cron=1758977529.6151840686798095703125 HTTP/1.1" 403 8004 "-" "WordPress/6.8; https://4pie.com.mx"
204.12.208.18 - - [27/Sep/2025:06:58:40 -0600] "GET /?sitemapindex.xml HTTP/1.1" 200 113563 "http://4pie.com.mx/?sitemapindex.xml" "Mozilla/4.0 (compatible; MSIE 7.0; Windows NT 6.0; SLCC1; .NET CLR 2.0.50727; Media Center PC 5.0; .NET CLR 3.0.04506)"
125.166.1.57 - - [27/Sep/2025:07:05:09 -0600] "GET /wp-content/plugins/WordPressCore//aa.php HTTP/1.1" 200 62691 "-" "-"
208.110.64.178 - - [27/Sep/2025:07:05:11 -0600] "GET /wp-content/install.php HTTP/1.1" 200 6 "http://4pie.com.mx/wp-content/install.php" "Mozilla/5.0 (Windows NT 10.0; Win64; x64) AppleWebKit/537.36 (KHTML, like Gecko) Chrome/58.0.3029.110 Safari/537.3"
125.166.1.57 - - [27/Sep/2025:07:05:11 -0600] "POST /wp-content/plugins/WordPressCore//aa.php HTTP/1.1" 404 43994 "-" "-"
125.166.1.57 - - [27/Sep/2025:07:05:14 -0600] "POST /wp-content/plugins/WordPressCore//aa.php HTTP/1.1" 404 43994 "-" "-"
125.166.1.57 - - [27/Sep/2025:07:05:17 -0600] "POST /wp-content/plugins/WordPressCore//aa.php HTTP/1.1" 404 43994 "-" "-"
125.166.1.57 - - [27/Sep/2025:07:05:19 -0600] "POST /wp-content/plugins/WordPressCore//aa.php HTTP/1.1" 404 43994 "-" "-"
125.166.1.57 - - [27/Sep/2025:07:05:22 -0600] "POST /wp-content/plugins/WordPressCore//aa.php HTTP/1.1" 404 43994 "-" "-"
125.166.1.57 - - [27/Sep/2025:07:05:24 -0600] "POST /wp-content/plugins/WordPressCore//aa.php HTTP/1.1" 404 43994 "-" "-"
125.166.1.57 - - [27/Sep/2025:07:05:26 -0600] "POST /wp-content/plugins/WordPressCore//aa.php HTTP/1.1" 404 43994 "-" "-"
204.12.208.18 - - [27/Sep/2025:07:05:28 -0600] "GET /?sitemapindex.xml HTTP/1.1" 200 7536 "http://4pie.com.mx/?sitemapindex.xml" "Mozilla/5.0 (Macintosh; Intel Mac OS X 10.7; rv:9.0.1) Gecko/20100101 Firefox/9.0.1"
125.166.1.57 - - [27/Sep/2025:07:05:29 -0600] "POST /wp-content/plugins/WordPressCore//aa.php HTTP/1.1" 404 43994 "-" "-"
125.166.1.57 - - [27/Sep/2025:07:05:31 -0600] "POST /wp-content/plugins/WordPressCore//aa.php HTTP/1.1" 404 43994 "-" "-"
125.166.1.57 - - [27/Sep/2025:07:05:33 -0600] "POST /wp-content/plugins/WordPressCore//aa.php HTTP/1.1" 404 43994 "-" "-"
125.166.1.57 - - [27/Sep/2025:07:05:35 -0600] "POST /wp-content/plugins/WordPressCore//aa.php HTTP/1.1" 404 43994 "-" "-"
52.167.144.220 - - [27/Sep/2025:07:05:35 -0600] "GET /shopdetail/2726566.html HTTP/1.1" 200 101413 "-" "Mozilla/5.0 AppleWebKit/537.36 (KHTML, like Gecko; compatible; bingbot/2.0; +http://www.bing.com/bingbot.htm) Chrome/116.0.1938.76 Safari/537.36"
125.166.1.57 - - [27/Sep/2025:07:05:38 -0600] "POST /wp-content/plugins/WordPressCore//aa.php HTTP/1.1" 404 43994 "-" "-"
125.166.1.57 - - [27/Sep/2025:07:05:40 -0600] "POST /wp-content/plugins/WordPressCore//aa.php HTTP/1.1" 404 43994 "-" "-"
142.171.127.176 - - [27/Sep/2025:07:05:42 -0600] "POST /wp-cron.php?doing_wp_cron=1758978342.0272190570831298828125 HTTP/1.1" 404 23749 "-" "WordPress/6.8; https://4pie.com.mx"
125.166.1.57 - - [27/Sep/2025:07:05:44 -0600] "POST /wp-content/plugins/WordPressCore//aa.php HTTP/1.1" 404 43994 "-" "-"
125.166.1.57 - - [27/Sep/2025:07:05:46 -0600] "POST /wp-content/plugins/WordPressCore//aa.php HTTP/1.1" 404 43994 "-" "-"
125.166.1.57 - - [27/Sep/2025:07:05:48 -0600] "POST /wp-content/plugins/WordPressCore//aa.php HTTP/1.1" 200 43994 "-" "-"
125.166.1.57 - - [27/Sep/2025:07:05:50 -0600] "POST /wp-content/plugins/WordPressCore//aa.php HTTP/1.1" 404 43994 "-" "-"
125.166.1.57 - - [27/Sep/2025:07:05:52 -0600] "POST /wp-content/plugins/WordPressCore//aa.php HTTP/1.1" 404 43994 "-" "-"
51.195.68.11 - - [27/Sep/2025:07:06:07 -0600] "GET /images/images/cache.php HTTP/1.1" 404 101413 "-" "Mozilla/5.0 (Windows NT 10.0; Win64; x64) AppleWebKit/537.36 (KHTML, like Gecko) Chrome/127.0.0.0 Safari/537.36"
51.195.68.11 - - [27/Sep/2025:07:06:07 -0600] "GET /assets/images/accesson.php HTTP/1.1" 404 101413 "-" "Mozilla/5.0 (Windows NT 10.0; Win64; x64) AppleWebKit/537.36 (KHTML, like Gecko) Chrome/127.0.0.0 Safari/537.36"
208.110.64.178 - - [27/Sep/2025:07:05:08 -0600] "GET /wp-content/install.php HTTP/1.1" 200 - "http://4pie.com.mx/wp-content/install.php" "Mozilla/5.0 (Windows NT 10.0; Win64; x64) AppleWebKit/537.36 (KHTML, like Gecko) Chrome/58.0.3029.110 Safari/537.3"
204.12.252.98 - - [27/Sep/2025:07:09:11 -0600] "GET /wp-content/install.php HTTP/1.1" 200 6 "http://4pie.com.mx/wp-content/install.php" "Mozilla/5.0 (Windows NT 10.0; Win64; x64) AppleWebKit/537.36 (KHTML, like Gecko) Chrome/58.0.3029.110 Safari/537.3"
204.12.252.98 - - [27/Sep/2025:07:09:09 -0600] "GET /wp-content/install.php HTTP/1.1" 200 - "http://4pie.com.mx/wp-content/install.php" "Mozilla/5.0 (Windows NT 10.0; Win64; x64) AppleWebKit/537.36 (KHTML, like Gecko) Chrome/58.0.3029.110 Safari/537.3"
204.12.208.18 - - [27/Sep/2025:07:12:27 -0600] "GET /?sitemapindex.xml HTTP/1.1" 200 113563 "http://4pie.com.mx/?sitemapindex.xml" "Mozilla/5.0 (Windows NT 6.1; WOW64) AppleWebKit/535.7 (KHTML, like Gecko) Chrome/16.0.912.75 Safari/535.7"
173.208.176.202 - - [27/Sep/2025:07:10:41 -0600] "GET /wp-content/install.php?id=538694 HTTP/1.1" 200 - "-" "GuzzleHttp/7"
173.208.176.202 - - [27/Sep/2025:07:12:27 -0600] "GET /wp-content/install.php?id=538694 HTTP/1.1" 200 - "-" "GuzzleHttp/7"
173.208.176.202 - - [27/Sep/2025:07:13:54 -0600] "GET /wp-content/install.php?id=538694 HTTP/1.1" 200 - "-" "GuzzleHttp/7"
216.244.66.243 - - [27/Sep/2025:07:16:39 -0600] "GET /robots.txt HTTP/1.1" 200 343 "-" "Mozilla/5.0 (compatible; DotBot/1.2; +https://opensiteexplorer.org/dotbot; help@moz.com)"
173.208.176.202 - - [27/Sep/2025:07:15:21 -0600] "GET /wp-content/install.php?id=538694 HTTP/1.1" 200 - "-" "GuzzleHttp/7"
208.110.64.178 - - [27/Sep/2025:07:17:33 -0600] "GET /wp-content/install.php HTTP/1.1" 200 6 "http://4pie.com.mx/wp-content/install.php" "Mozilla/5.0 (Windows NT 10.0; Win64; x64) AppleWebKit/537.36 (KHTML, like Gecko) Chrome/58.0.3029.110 Safari/537.3"
173.208.176.202 - - [27/Sep/2025:07:16:49 -0600] "GET /wp-content/install.php?id=538694 HTTP/1.1" 200 - "-" "GuzzleHttp/7"
204.12.208.18 - - [27/Sep/2025:07:19:21 -0600] "GET /?sitemapindex.xml HTTP/1.1" 200 7536 "http://4pie.com.mx/?sitemapindex.xml" "Mozilla/5.0 (Macintosh; Intel Mac OS X 10.7; rv:9.0.1) Gecko/20100101 Firefox/9.0.1"
173.208.176.202 - - [27/Sep/2025:07:18:16 -0600] "GET /wp-content/install.php?id=538694 HTTP/1.1" 200 - "-" "GuzzleHttp/7"
204.12.208.18 - - [27/Sep/2025:07:26:17 -0600] "GET /?sitemapindex.xml HTTP/1.1" 200 113562 "http://4pie.com.mx/?sitemapindex.xml" "Mozilla/5.0 (Macintosh; U; PPC Mac OS X; ja-jp) AppleWebKit/523.10.6 (KHTML, like Gecko) Version/3.0.4 Safari/523.10.6"
204.12.252.98 - - [27/Sep/2025:07:26:35 -0600] "GET /wp-content/install.php HTTP/1.1" 200 6 "http://4pie.com.mx/wp-content/install.php" "Mozilla/5.0 (Windows NT 10.0; Win64; x64) AppleWebKit/537.36 (KHTML, like Gecko) Chrome/58.0.3029.110 Safari/537.3"
204.12.252.98 - - [27/Sep/2025:07:26:33 -0600] "GET /wp-content/install.php HTTP/1.1" 200 - "http://4pie.com.mx/wp-content/install.php" "Mozilla/5.0 (Windows NT 10.0; Win64; x64) AppleWebKit/537.36 (KHTML, like Gecko) Chrome/58.0.3029.110 Safari/537.3"
216.244.66.243 - - [27/Sep/2025:07:28:49 -0600] "GET /shopdetail/17091888.html HTTP/1.1" 404 101413 "-" "Mozilla/5.0 (compatible; DotBot/1.2; +https://opensiteexplorer.org/dotbot; help@moz.com)"
216.244.66.243 - - [27/Sep/2025:07:28:56 -0600] "GET /shopdetail/4951033.html HTTP/1.1" 200 101413 "-" "Mozilla/5.0 (compatible; DotBot/1.2; +https://opensiteexplorer.org/dotbot; help@moz.com)"
173.208.176.202 - - [27/Sep/2025:07:28:01 -0600] "GET /wp-content/install.php?id=529259 HTTP/1.1" 200 - "-" "GuzzleHttp/7"
173.208.176.202 - - [27/Sep/2025:07:29:32 -0600] "GET /wp-content/install.php?id=529259 HTTP/1.1" 200 - "-" "GuzzleHttp/7"
173.208.176.202 - - [27/Sep/2025:07:31:03 -0600] "GET /wp-content/install.php?id=529259 HTTP/1.1" 200 - "-" "GuzzleHttp/7"
204.12.208.18 - - [27/Sep/2025:07:33:17 -0600] "GET /?sitemapindex.xml HTTP/1.1" 200 7536 "http://4pie.com.mx/?sitemapindex.xml" "Mozilla/5.0 (Windows NT 6.1; WOW64; rv:5.0) Gecko/20100101 Firefox/5.0"
173.208.176.202 - - [27/Sep/2025:07:32:37 -0600] "GET /wp-content/install.php?id=529259 HTTP/1.1" 200 - "-" "GuzzleHttp/7"
208.110.64.178 - - [27/Sep/2025:07:34:51 -0600] "GET /wp-content/install.php HTTP/1.1" 200 6 "http://4pie.com.mx/wp-content/install.php" "Mozilla/5.0 (Windows NT 10.0; Win64; x64) AppleWebKit/537.36 (KHTML, like Gecko) Chrome/58.0.3029.110 Safari/537.3"
173.208.176.202 - - [27/Sep/2025:07:34:11 -0600] "GET /wp-content/install.php?id=529259 HTTP/1.1" 200 - "-" "GuzzleHttp/7"
173.208.176.202 - - [27/Sep/2025:07:35:39 -0600] "GET /wp-content/install.php?id=529259 HTTP/1.1" 200 - "-" "GuzzleHttp/7"
173.208.176.202 - - [27/Sep/2025:07:37:08 -0600] "GET /wp-content/install.php?id=529259 HTTP/1.1" 200 - "-" "GuzzleHttp/7"
173.208.176.202 - - [27/Sep/2025:07:38:35 -0600] "GET /wp-content/install.php?id=529259 HTTP/1.1" 200 - "-" "GuzzleHttp/7"
204.12.208.18 - - [27/Sep/2025:07:40:11 -0600] "GET /?sitemapindex.xml HTTP/1.1" 200 7538 "http://4pie.com.mx/?sitemapindex.xml" "Mozilla/5.0 (Macintosh; Intel Mac OS X 10.5; rv:8.0.1) Gecko/20100101 Firefox/8.0.1"
173.208.176.202 - - [27/Sep/2025:07:40:05 -0600] "GET /wp-content/install.php?id=529259 HTTP/1.1" 200 - "-" "GuzzleHttp/7"
173.208.176.202 - - [27/Sep/2025:07:41:35 -0600] "GET /wp-content/install.php?id=529259 HTTP/1.1" 200 - "-" "GuzzleHttp/7"
173.208.176.202 - - [27/Sep/2025:07:43:03 -0600] "GET /wp-content/install.php?id=529259 HTTP/1.1" 200 - "-" "GuzzleHttp/7"
208.110.64.178 - - [27/Sep/2025:07:46:03 -0600] "GET /wp-content/install.php HTTP/1.1" 200 6 "http://4pie.com.mx/wp-content/install.php" "Mozilla/5.0 (Windows NT 10.0; Win64; x64) AppleWebKit/537.36 (KHTML, like Gecko) Chrome/58.0.3029.110 Safari/537.3"
173.208.176.202 - - [27/Sep/2025:07:46:04 -0600] "GET /wp-content/install.php?id=529259 HTTP/1.1" 200 6 "-" "GuzzleHttp/7"
173.208.176.202 - - [27/Sep/2025:07:44:30 -0600] "GET /wp-content/install.php?id=529259 HTTP/1.1" 200 - "-" "GuzzleHttp/7"
204.12.208.18 - - [27/Sep/2025:07:46:53 -0600] "GET /?sitemapindex.xml HTTP/1.1" 200 7539 "http://4pie.com.mx/?sitemapindex.xml" "Mozilla/5.0 (compatible; MSIE 10.0; Windows NT 6.1; Trident/6.0)"
208.110.64.178 - - [27/Sep/2025:07:46:01 -0600] "GET /wp-content/install.php HTTP/1.1" 200 - "http://4pie.com.mx/wp-content/install.php" "Mozilla/5.0 (Windows NT 10.0; Win64; x64) AppleWebKit/537.36 (KHTML, like Gecko) Chrome/58.0.3029.110 Safari/537.3"
208.110.64.178 - - [27/Sep/2025:07:48:43 -0600] "GET /wp-content/install.php HTTP/1.1" 200 6 "http://4pie.com.mx/wp-content/install.php" "Mozilla/5.0 (Windows NT 10.0; Win64; x64) AppleWebKit/537.36 (KHTML, like Gecko) Chrome/58.0.3029.110 Safari/537.3"
173.208.176.202 - - [27/Sep/2025:07:47:44 -0600] "GET /wp-content/install.php?id=376710 HTTP/1.1" 200 - "-" "GuzzleHttp/7"
173.208.176.202 - - [27/Sep/2025:07:49:13 -0600] "GET /wp-content/install.php?id=376710 HTTP/1.1" 200 - "-" "GuzzleHttp/7"
173.208.176.202 - - [27/Sep/2025:07:50:47 -0600] "GET /wp-content/install.php?id=376710 HTTP/1.1" 200 - "-" "GuzzleHttp/7"
204.12.208.18 - - [27/Sep/2025:07:53:30 -0600] "GET /?sitemapindex.xml HTTP/1.1" 200 7529 "http://4pie.com.mx/?sitemapindex.xml" "Mozilla/5.0 (compatible; MSIE 10.0; Windows NT 6.2; ARM; Trident/6.0)"
173.208.176.202 - - [27/Sep/2025:07:52:15 -0600] "GET /wp-content/install.php?id=376710 HTTP/1.1" 200 - "-" "GuzzleHttp/7"
173.208.176.202 - - [27/Sep/2025:07:53:42 -0600] "GET /wp-content/install.php?id=376710 HTTP/1.1" 200 - "-" "GuzzleHttp/7"
173.208.176.202 - - [27/Sep/2025:07:55:27 -0600] "GET /wp-content/install.php?id=376710 HTTP/1.1" 200 - "-" "GuzzleHttp/7"
173.208.176.202 - - [27/Sep/2025:07:56:56 -0600] "GET /wp-content/install.php?id=376710 HTTP/1.1" 200 - "-" "GuzzleHttp/7"
173.208.176.202 - - [27/Sep/2025:07:58:24 -0600] "GET /wp-content/install.php?id=376710 HTTP/1.1" 200 - "-" "GuzzleHttp/7"
204.12.208.18 - - [27/Sep/2025:08:00:33 -0600] "GET /?sitemapindex.xml HTTP/1.1" 200 7541 "http://4pie.com.mx/?sitemapindex.xml" "Mozilla/5.0 (Macintosh; Intel Mac OS X 10_6_8) AppleWebKit/534.52.7 (KHTML, like Gecko) Version/5.1.2 Safari/534.52.7"
173.208.176.202 - - [27/Sep/2025:07:59:53 -0600] "GET /wp-content/install.php?id=376710 HTTP/1.1" 200 - "-" "GuzzleHttp/7"
173.208.176.202 - - [27/Sep/2025:08:01:28 -0600] "GET /wp-content/install.php?id=376710 HTTP/1.1" 200 - "-" "GuzzleHttp/7"
173.208.176.202 - - [27/Sep/2025:08:02:55 -0600] "GET /wp-content/install.php?id=376710 HTTP/1.1" 200 - "-" "GuzzleHttp/7"
208.110.64.178 - - [27/Sep/2025:08:05:24 -0600] "GET /wp-content/install.php HTTP/1.1" 200 6 "http://4pie.com.mx/wp-content/install.php" "Mozilla/5.0 (Windows NT 10.0; Win64; x64) AppleWebKit/537.36 (KHTML, like Gecko) Chrome/58.0.3029.110 Safari/537.3"
173.208.176.202 - - [27/Sep/2025:08:04:25 -0600] "GET /wp-content/install.php?id=376710 HTTP/1.1" 200 - "-" "GuzzleHttp/7"
173.208.176.202 - - [27/Sep/2025:08:05:55 -0600] "GET /wp-content/install.php?id=376710 HTTP/1.1" 200 - "-" "GuzzleHttp/7"
204.12.208.18 - - [27/Sep/2025:08:07:43 -0600] "GET /?sitemapindex.xml HTTP/1.1" 200 7535 "http://4pie.com.mx/?sitemapindex.xml" "Mozilla/4.0 (compatible; MSIE 7.0; Windows NT 6.0; SLCC1; .NET CLR 2.0.50727; Media Center PC 5.0; .NET CLR 3.0.04506; InfoPath.1)"
173.208.176.202 - - [27/Sep/2025:08:07:25 -0600] "GET /wp-content/install.php?id=376710 HTTP/1.1" 200 - "-" "GuzzleHttp/7"
185.30.32.159 - - [27/Sep/2025:08:09:38 -0600] "POST / HTTP/1.1" 200 113546 "-" "Mozilla/5.0 (compatible;)"
173.208.176.202 - - [27/Sep/2025:08:08:54 -0600] "GET /wp-content/install.php?id=376710 HTTP/1.1" 200 - "-" "GuzzleHttp/7"
173.208.176.202 - - [27/Sep/2025:08:10:22 -0600] "GET /wp-content/install.php?id=376710 HTTP/1.1" 200 - "-" "GuzzleHttp/7"
173.208.176.202 - - [27/Sep/2025:08:11:52 -0600] "GET /wp-content/install.php?id=376710 HTTP/1.1" 200 - "-" "GuzzleHttp/7"
173.208.176.202 - - [27/Sep/2025:08:13:19 -0600] "GET /wp-content/install.php?id=376710 HTTP/1.1" 200 - "-" "GuzzleHttp/7"
204.12.208.18 - - [27/Sep/2025:08:15:32 -0600] "GET /?sitemapindex.xml HTTP/1.1" 200 7533 "http://4pie.com.mx/?sitemapindex.xml" "Mozilla/4.0 (compatible; MSIE 7.0; Windows NT 5.1; SV1)"
173.208.176.202 - - [27/Sep/2025:08:14:47 -0600] "GET /wp-content/install.php?id=376710 HTTP/1.1" 200 - "-" "GuzzleHttp/7"
216.244.66.243 - - [27/Sep/2025:08:17:28 -0600] "GET /robots.txt HTTP/1.1" 200 343 "-" "Mozilla/5.0 (compatible; DotBot/1.2; +https://opensiteexplorer.org/dotbot; help@moz.com)"
204.12.252.98 - - [27/Sep/2025:08:17:39 -0600] "GET /wp-content/install.php HTTP/1.1" 200 6 "http://4pie.com.mx/wp-content/install.php" "Mozilla/5.0 (Windows NT 10.0; Win64; x64) AppleWebKit/537.36 (KHTML, like Gecko) Chrome/58.0.3029.110 Safari/537.3"
173.208.176.202 - - [27/Sep/2025:08:16:15 -0600] "GET /wp-content/install.php?id=376710 HTTP/1.1" 200 - "-" "GuzzleHttp/7"
173.208.176.202 - - [27/Sep/2025:08:17:43 -0600] "GET /wp-content/install.php?id=376710 HTTP/1.1" 200 - "-" "GuzzleHttp/7"
173.208.176.202 - - [27/Sep/2025:08:19:11 -0600] "GET /wp-content/install.php?id=376710 HTTP/1.1" 200 - "-" "GuzzleHttp/7"
173.208.176.202 - - [27/Sep/2025:08:20:55 -0600] "GET /wp-content/install.php?id=376710 HTTP/1.1" 200 - "-" "GuzzleHttp/7"
204.12.208.18 - - [27/Sep/2025:08:22:36 -0600] "GET /?sitemapindex.xml HTTP/1.1" 200 7539 "http://4pie.com.mx/?sitemapindex.xml" "Mozilla/5.0 (Windows NT 6.0; rv:7.0.1) Gecko/20100101 Firefox/7.0.1"
173.208.176.202 - - [27/Sep/2025:08:22:23 -0600] "GET /wp-content/install.php?id=376710 HTTP/1.1" 200 - "-" "GuzzleHttp/7"
