20.171.207.171 - - [27/Sep/2025:23:44:53 -0600] "GET /28esfgn19189.html?filesrc=/home/tsgmexic/4pie.com.mx/wp-load.php&path=/home/tsgmexic/4pie.com.mx HTTP/1.1" 404 48277 "-" "Mozilla/5.0 AppleWebKit/537.36 (KHTML, like Gecko; compatible; GPTBot/1.2; +https://openai.com/gptbot)"
142.171.127.176 - - [27/Sep/2025:23:44:55 -0600] "POST /wp-cron.php?doing_wp_cron=1759038295.3556549549102783203125 HTTP/1.1" 404 23749 "-" "WordPress/6.8; https://4pie.com.mx"
20.171.207.171 - - [27/Sep/2025:23:44:58 -0600] "GET /155yjxa10642.html?filesrc=/home/tsgmexic/4pie.com.mx/wp-mail.php&path=/home/tsgmexic/4pie.com.mx HTTP/1.1" 200 53036 "-" "Mozilla/5.0 AppleWebKit/537.36 (KHTML, like Gecko; compatible; GPTBot/1.2; +https://openai.com/gptbot)"
20.171.207.171 - - [27/Sep/2025:23:45:03 -0600] "GET /fee121?filesrc=//lib64/libgpg-error.so.0.24.2&path=//lib64 HTTP/1.1" 200 43859 "-" "Mozilla/5.0 AppleWebKit/537.36 (KHTML, like Gecko; compatible; GPTBot/1.2; +https://openai.com/gptbot)"
20.171.207.171 - - [27/Sep/2025:23:45:08 -0600] "GET /123wuks30340.html?filesrc=/home/tsgmexic/4pie.com.mx/wp-load.php&path=/home/tsgmexic/4pie.com.mx HTTP/1.1" 404 48277 "-" "Mozilla/5.0 AppleWebKit/537.36 (KHTML, like Gecko; compatible; GPTBot/1.2; +https://openai.com/gptbot)"
20.171.207.171 - - [27/Sep/2025:23:45:14 -0600] "GET /fee121?filesrc=//lib64/libxcb-composite.so.0.0.0&path=//lib64 HTTP/1.1" 404 43862 "-" "Mozilla/5.0 AppleWebKit/537.36 (KHTML, like Gecko; compatible; GPTBot/1.2; +https://openai.com/gptbot)"
20.171.207.171 - - [27/Sep/2025:23:45:19 -0600] "GET /gas70?filesrc=//lib64/libsensors.so.4.4.0&path=//lib64 HTTP/1.1" 404 43856 "-" "Mozilla/5.0 AppleWebKit/537.36 (KHTML, like Gecko; compatible; GPTBot/1.2; +https://openai.com/gptbot)"
20.171.207.171 - - [27/Sep/2025:23:45:24 -0600] "GET /mount236?filesrc=//razor-agent.log&path=/ HTTP/1.1" 404 43904 "-" "Mozilla/5.0 AppleWebKit/537.36 (KHTML, like Gecko; compatible; GPTBot/1.2; +https://openai.com/gptbot)"
20.171.207.171 - - [27/Sep/2025:23:45:30 -0600] "GET /joke287?filesrc=//sbin/sssd&path=//sbin HTTP/1.1" 404 43835 "-" "Mozilla/5.0 AppleWebKit/537.36 (KHTML, like Gecko; compatible; GPTBot/1.2; +https://openai.com/gptbot)"
20.171.207.171 - - [27/Sep/2025:23:45:37 -0600] "GET /block109?path=//scripts HTTP/1.1" 404 143749 "-" "Mozilla/5.0 AppleWebKit/537.36 (KHTML, like Gecko; compatible; GPTBot/1.2; +https://openai.com/gptbot)"
20.171.207.171 - - [27/Sep/2025:23:45:42 -0600] "GET /3ukdrs24376.html?path=/ HTTP/1.1" 200 66420 "-" "Mozilla/5.0 AppleWebKit/537.36 (KHTML, like Gecko; compatible; GPTBot/1.2; +https://openai.com/gptbot)"
173.208.176.202 - - [27/Sep/2025:23:44:14 -0600] "GET /wp-content/install.php?id=697801 HTTP/1.1" 200 - "-" "GuzzleHttp/7"
20.171.207.171 - - [27/Sep/2025:23:45:45 -0600] "GET /respond72?path=/ HTTP/1.1" 200 66420 "-" "Mozilla/5.0 AppleWebKit/537.36 (KHTML, like Gecko; compatible; GPTBot/1.2; +https://openai.com/gptbot)"
20.171.207.171 - - [27/Sep/2025:23:45:49 -0600] "GET /56yidln2139.html?path=/ HTTP/1.1" 404 66420 "-" "Mozilla/5.0 AppleWebKit/537.36 (KHTML, like Gecko; compatible; GPTBot/1.2; +https://openai.com/gptbot)"
20.171.207.171 - - [27/Sep/2025:23:45:53 -0600] "GET /pile129?filesrc=//sbin/exicyclog&path=//sbin HTTP/1.1" 404 55795 "-" "Mozilla/5.0 AppleWebKit/537.36 (KHTML, like Gecko; compatible; GPTBot/1.2; +https://openai.com/gptbot)"
20.171.207.171 - - [27/Sep/2025:23:45:57 -0600] "GET /behave267?filesrc=//sbin/blockdev&path=//sbin HTTP/1.1" 200 43839 "-" "Mozilla/5.0 AppleWebKit/537.36 (KHTML, like Gecko; compatible; GPTBot/1.2; +https://openai.com/gptbot)"
20.171.207.171 - - [27/Sep/2025:23:46:01 -0600] "GET /fame294?filesrc=//sbin/lvmconfig&path=//sbin HTTP/1.1" 200 43840 "-" "Mozilla/5.0 AppleWebKit/537.36 (KHTML, like Gecko; compatible; GPTBot/1.2; +https://openai.com/gptbot)"
20.171.207.171 - - [27/Sep/2025:23:46:10 -0600] "GET /mode105?filesrc=//sbin/irqbalance&path=//sbin HTTP/1.1" 200 43841 "-" "Mozilla/5.0 AppleWebKit/537.36 (KHTML, like Gecko; compatible; GPTBot/1.2; +https://openai.com/gptbot)"
20.171.207.171 - - [27/Sep/2025:23:46:14 -0600] "GET /behave267?filesrc=//sbin/ldconfig&path=//sbin HTTP/1.1" 404 43839 "-" "Mozilla/5.0 AppleWebKit/537.36 (KHTML, like Gecko; compatible; GPTBot/1.2; +https://openai.com/gptbot)"
20.171.207.171 - - [27/Sep/2025:23:46:18 -0600] "GET /mood126?filesrc=//sbin/biosdevname&path=//sbin HTTP/1.1" 404 43842 "-" "Mozilla/5.0 AppleWebKit/537.36 (KHTML, like Gecko; compatible; GPTBot/1.2; +https://openai.com/gptbot)"
20.171.207.171 - - [27/Sep/2025:23:46:22 -0600] "GET /home278?filesrc=//sbin/firewalld&path=//sbin HTTP/1.1" 404 51435 "-" "Mozilla/5.0 AppleWebKit/537.36 (KHTML, like Gecko; compatible; GPTBot/1.2; +https://openai.com/gptbot)"
20.171.207.171 - - [27/Sep/2025:23:46:25 -0600] "GET /blow212?filesrc=//proc/execdomains&path=//proc HTTP/1.1" 200 43872 "-" "Mozilla/5.0 AppleWebKit/537.36 (KHTML, like Gecko; compatible; GPTBot/1.2; +https://openai.com/gptbot)"
20.171.207.171 - - [27/Sep/2025:23:46:31 -0600] "GET /174fvlly19217.html?filesrc=/home/tsgmexic/4pie.com.mx/product.php&path=/home/tsgmexic/4pie.com.mx HTTP/1.1" 200 46382 "-" "Mozilla/5.0 AppleWebKit/537.36 (KHTML, like Gecko; compatible; GPTBot/1.2; +https://openai.com/gptbot)"
20.171.207.171 - - [27/Sep/2025:23:46:36 -0600] "GET /229frudc32186.html?filesrc=/home/tsgmexic/4pie.com.mx/product.php&path=/home/tsgmexic/4pie.com.mx HTTP/1.1" 200 46382 "-" "Mozilla/5.0 AppleWebKit/537.36 (KHTML, like Gecko; compatible; GPTBot/1.2; +https://openai.com/gptbot)"
20.171.207.171 - - [27/Sep/2025:23:46:43 -0600] "GET /286layio22579.html?filesrc=/home/tsgmexic/4pie.com.mx/product.php&path=/home/tsgmexic/4pie.com.mx HTTP/1.1" 200 46382 "-" "Mozilla/5.0 AppleWebKit/537.36 (KHTML, like Gecko; compatible; GPTBot/1.2; +https://openai.com/gptbot)"
20.171.207.171 - - [27/Sep/2025:23:46:49 -0600] "GET /64fknrk30741.html?filesrc=/home/tsgmexic/4pie.com.mx/product.php&path=/home/tsgmexic/4pie.com.mx HTTP/1.1" 200 46382 "-" "Mozilla/5.0 AppleWebKit/537.36 (KHTML, like Gecko; compatible; GPTBot/1.2; +https://openai.com/gptbot)"
20.171.207.171 - - [27/Sep/2025:23:46:55 -0600] "GET /130ghxvt49725.html?filesrc=/home/tsgmexic/4pie.com.mx/product.php&path=/home/tsgmexic/4pie.com.mx HTTP/1.1" 404 46382 "-" "Mozilla/5.0 AppleWebKit/537.36 (KHTML, like Gecko; compatible; GPTBot/1.2; +https://openai.com/gptbot)"
142.171.127.176 - - [27/Sep/2025:23:46:57 -0600] "POST /wp-cron.php?doing_wp_cron=1759038417.2539579868316650390625 HTTP/1.1" 404 23749 "-" "WordPress/6.8; https://4pie.com.mx"
20.171.207.171 - - [27/Sep/2025:23:47:00 -0600] "GET /242gjdb10133.html?filesrc=/home/tsgmexic/4pie.com.mx/product.php&path=/home/tsgmexic/4pie.com.mx HTTP/1.1" 404 46382 "-" "Mozilla/5.0 AppleWebKit/537.36 (KHTML, like Gecko; compatible; GPTBot/1.2; +https://openai.com/gptbot)"
20.171.207.171 - - [27/Sep/2025:23:47:06 -0600] "GET /110xkgnx30097.html?filesrc=/home/tsgmexic/4pie.com.mx/product.php&path=/home/tsgmexic/4pie.com.mx HTTP/1.1" 404 46382 "-" "Mozilla/5.0 AppleWebKit/537.36 (KHTML, like Gecko; compatible; GPTBot/1.2; +https://openai.com/gptbot)"
20.171.207.171 - - [27/Sep/2025:23:47:10 -0600] "GET /102lghau13937.html?filesrc=/home/tsgmexic/4pie.com.mx/product.php&path=/home/tsgmexic/4pie.com.mx HTTP/1.1" 200 46382 "-" "Mozilla/5.0 AppleWebKit/537.36 (KHTML, like Gecko; compatible; GPTBot/1.2; +https://openai.com/gptbot)"
173.208.176.202 - - [27/Sep/2025:23:45:43 -0600] "GET /wp-content/install.php?id=697801 HTTP/1.1" 200 - "-" "GuzzleHttp/7"
20.171.207.171 - - [27/Sep/2025:23:47:13 -0600] "GET /278hefsb14531.html?filesrc=/home/tsgmexic/4pie.com.mx/product.php&path=/home/tsgmexic/4pie.com.mx HTTP/1.1" 200 46382 "-" "Mozilla/5.0 AppleWebKit/537.36 (KHTML, like Gecko; compatible; GPTBot/1.2; +https://openai.com/gptbot)"
20.171.207.171 - - [27/Sep/2025:23:47:20 -0600] "GET /126syppq8693.html?filesrc=/home/tsgmexic/4pie.com.mx/product.php&path=/home/tsgmexic/4pie.com.mx HTTP/1.1" 404 46382 "-" "Mozilla/5.0 AppleWebKit/537.36 (KHTML, like Gecko; compatible; GPTBot/1.2; +https://openai.com/gptbot)"
20.171.207.171 - - [27/Sep/2025:23:47:23 -0600] "GET /251gczb23158.html?filesrc=/home/tsgmexic/4pie.com.mx/product.php&path=/home/tsgmexic/4pie.com.mx HTTP/1.1" 404 46382 "-" "Mozilla/5.0 AppleWebKit/537.36 (KHTML, like Gecko; compatible; GPTBot/1.2; +https://openai.com/gptbot)"
20.171.207.171 - - [27/Sep/2025:23:47:28 -0600] "GET /64joakj30263.html?filesrc=/home/tsgmexic/4pie.com.mx/product.php&path=/home/tsgmexic/4pie.com.mx HTTP/1.1" 404 46382 "-" "Mozilla/5.0 AppleWebKit/537.36 (KHTML, like Gecko; compatible; GPTBot/1.2; +https://openai.com/gptbot)"
20.171.207.171 - - [27/Sep/2025:23:47:33 -0600] "GET /guy133?filesrc=//sbin/sos-collector&path=//sbin HTTP/1.1" 200 43993 "-" "Mozilla/5.0 AppleWebKit/537.36 (KHTML, like Gecko; compatible; GPTBot/1.2; +https://openai.com/gptbot)"
20.171.207.171 - - [27/Sep/2025:23:47:38 -0600] "GET /219dqtu6606.html?path=/home/tsgmexic/4pie.com.mx/wp-admin HTTP/1.1" 404 127749 "-" "Mozilla/5.0 AppleWebKit/537.36 (KHTML, like Gecko; compatible; GPTBot/1.2; +https://openai.com/gptbot)"
20.171.207.171 - - [27/Sep/2025:23:47:42 -0600] "GET /much269?filesrc=//sbin/xfs_estimate&path=//sbin HTTP/1.1" 200 43843 "-" "Mozilla/5.0 AppleWebKit/537.36 (KHTML, like Gecko; compatible; GPTBot/1.2; +https://openai.com/gptbot)"
20.171.207.171 - - [27/Sep/2025:23:47:46 -0600] "GET /fee121?filesrc=//bin/systemd-delta&path=//bin HTTP/1.1" 404 43838 "-" "Mozilla/5.0 AppleWebKit/537.36 (KHTML, like Gecko; compatible; GPTBot/1.2; +https://openai.com/gptbot)"
20.171.207.171 - - [27/Sep/2025:23:47:50 -0600] "GET /along165?filesrc=//etc/chrony.conf&path=//etc HTTP/1.1" 404 44924 "-" "Mozilla/5.0 AppleWebKit/537.36 (KHTML, like Gecko; compatible; GPTBot/1.2; +https://openai.com/gptbot)"
20.171.207.171 - - [27/Sep/2025:23:47:54 -0600] "GET /time221?filesrc=//bin/cairo-sphinx&path=//bin HTTP/1.1" 404 43837 "-" "Mozilla/5.0 AppleWebKit/537.36 (KHTML, like Gecko; compatible; GPTBot/1.2; +https://openai.com/gptbot)"
20.171.207.171 - - [27/Sep/2025:23:47:58 -0600] "GET /wp-content/plugins/h5jiz7ib/public/js/cf7-customizer-public.js?ver=1.0.01759038455 HTTP/1.1" 200 2498 "-" "Mozilla/5.0 AppleWebKit/537.36 (KHTML, like Gecko; compatible; GPTBot/1.2; +https://openai.com/gptbot)"
20.171.207.171 - - [27/Sep/2025:23:47:59 -0600] "GET /east195?filesrc=//bin/png-fix-itxt&path=//bin HTTP/1.1" 404 43837 "-" "Mozilla/5.0 AppleWebKit/537.36 (KHTML, like Gecko; compatible; GPTBot/1.2; +https://openai.com/gptbot)"
142.171.127.176 - - [27/Sep/2025:23:48:03 -0600] "POST /wp-cron.php?doing_wp_cron=1759038483.1828520298004150390625 HTTP/1.1" 404 23749 "-" "WordPress/6.8; https://4pie.com.mx"
20.171.207.171 - - [27/Sep/2025:23:48:06 -0600] "GET /risk19?filesrc=//lib64/libXrandr.so.2.2.0&path=//lib64 HTTP/1.1" 200 43855 "-" "Mozilla/5.0 AppleWebKit/537.36 (KHTML, like Gecko; compatible; GPTBot/1.2; +https://openai.com/gptbot)"
20.171.207.171 - - [27/Sep/2025:23:48:10 -0600] "GET /slot80?filesrc=//lib64/libXfixes.so.3.1.0&path=//lib64 HTTP/1.1" 404 43855 "-" "Mozilla/5.0 AppleWebKit/537.36 (KHTML, like Gecko; compatible; GPTBot/1.2; +https://openai.com/gptbot)"
20.171.207.171 - - [27/Sep/2025:23:48:17 -0600] "GET /month300?filesrc=//bin/gpio-event-mon&path=//bin HTTP/1.1" 200 43839 "-" "Mozilla/5.0 AppleWebKit/537.36 (KHTML, like Gecko; compatible; GPTBot/1.2; +https://openai.com/gptbot)"
20.171.207.171 - - [27/Sep/2025:23:48:20 -0600] "GET /mild17?filesrc=//lib64/libIlmThread-2_2.so.12.0.0&path=//lib64 HTTP/1.1" 404 43863 "-" "Mozilla/5.0 AppleWebKit/537.36 (KHTML, like Gecko; compatible; GPTBot/1.2; +https://openai.com/gptbot)"
20.171.207.171 - - [27/Sep/2025:23:48:24 -0600] "GET /7nlqbf12630.html?keluar=true HTTP/1.1" 404 71749 "-" "Mozilla/5.0 AppleWebKit/537.36 (KHTML, like Gecko; compatible; GPTBot/1.2; +https://openai.com/gptbot)"
20.171.207.171 - - [27/Sep/2025:23:48:27 -0600] "GET /bury27?filesrc=//lib64/libgdbm.so.6.0.0&path=//lib64 HTTP/1.1" 404 43853 "-" "Mozilla/5.0 AppleWebKit/537.36 (KHTML, like Gecko; compatible; GPTBot/1.2; +https://openai.com/gptbot)"
20.171.207.171 - - [27/Sep/2025:23:48:32 -0600] "GET /open58?filesrc=//lib64/libzstd.so.1.4.4&path=//lib64 HTTP/1.1" 404 43853 "-" "Mozilla/5.0 AppleWebKit/537.36 (KHTML, like Gecko; compatible; GPTBot/1.2; +https://openai.com/gptbot)"
20.171.207.171 - - [27/Sep/2025:23:48:36 -0600] "GET /rich39?filesrc=//lib64/libgomp.so.1.0.0&path=//lib64 HTTP/1.1" 200 43853 "-" "Mozilla/5.0 AppleWebKit/537.36 (KHTML, like Gecko; compatible; GPTBot/1.2; +https://openai.com/gptbot)"
173.208.176.202 - - [27/Sep/2025:23:47:10 -0600] "GET /wp-content/install.php?id=697801 HTTP/1.1" 200 - "-" "GuzzleHttp/7"
20.171.207.171 - - [27/Sep/2025:23:48:39 -0600] "GET /gas70?filesrc=//lib64/libcroco-0.6.so.3&path=//lib64 HTTP/1.1" 200 43854 "-" "Mozilla/5.0 AppleWebKit/537.36 (KHTML, like Gecko; compatible; GPTBot/1.2; +https://openai.com/gptbot)"
20.171.207.171 - - [27/Sep/2025:23:48:42 -0600] "GET /fit168?filesrc=//bin/nl-tctree-list&path=//bin HTTP/1.1" 404 43839 "-" "Mozilla/5.0 AppleWebKit/537.36 (KHTML, like Gecko; compatible; GPTBot/1.2; +https://openai.com/gptbot)"
20.171.207.171 - - [27/Sep/2025:23:48:46 -0600] "GET /92rkbq19921.html?path=/home/tsgmexic/mail HTTP/1.1" 404 111749 "-" "Mozilla/5.0 AppleWebKit/537.36 (KHTML, like Gecko; compatible; GPTBot/1.2; +https://openai.com/gptbot)"
20.171.207.171 - - [27/Sep/2025:23:48:51 -0600] "GET /181epkv45958.html?path=/home/tsgmexic/4pie.com.mx/wp-admin HTTP/1.1" 200 163716 "-" "Mozilla/5.0 AppleWebKit/537.36 (KHTML, like Gecko; compatible; GPTBot/1.2; +https://openai.com/gptbot)"
20.171.207.171 - - [27/Sep/2025:23:48:54 -0600] "GET /build159?filesrc=//etc/login.defs&path=//etc HTTP/1.1" 404 46931 "-" "Mozilla/5.0 AppleWebKit/537.36 (KHTML, like Gecko; compatible; GPTBot/1.2; +https://openai.com/gptbot)"
20.171.207.171 - - [27/Sep/2025:23:48:58 -0600] "GET /218uauvp38591.html?path=/home/tsgmexic/4pie.com.mx/images HTTP/1.1" 404 46481 "-" "Mozilla/5.0 AppleWebKit/537.36 (KHTML, like Gecko; compatible; GPTBot/1.2; +https://openai.com/gptbot)"
20.171.207.171 - - [27/Sep/2025:23:49:04 -0600] "GET /116noddv34707.html?path=/home/tsgmexic/4pie.com.mx/images HTTP/1.1" 200 46481 "-" "Mozilla/5.0 AppleWebKit/537.36 (KHTML, like Gecko; compatible; GPTBot/1.2; +https://openai.com/gptbot)"
20.171.207.171 - - [27/Sep/2025:23:49:13 -0600] "GET /244dfnhu28403.html?path=/home/tsgmexic/4pie.com.mx/images HTTP/1.1" 404 46481 "-" "Mozilla/5.0 AppleWebKit/537.36 (KHTML, like Gecko; compatible; GPTBot/1.2; +https://openai.com/gptbot)"
20.171.207.171 - - [27/Sep/2025:23:49:19 -0600] "GET /final24?aksi=ransom&path=/home/tsgmexic/4pie.com.mx HTTP/1.1" 404 71749 "-" "Mozilla/5.0 AppleWebKit/537.36 (KHTML, like Gecko; compatible; GPTBot/1.2; +https://openai.com/gptbot)"
20.171.207.171 - - [27/Sep/2025:23:49:23 -0600] "GET /288ckgor20167.html?path=/home/tsgmexic/4pie.com.mx/images HTTP/1.1" 200 46481 "-" "Mozilla/5.0 AppleWebKit/537.36 (KHTML, like Gecko; compatible; GPTBot/1.2; +https://openai.com/gptbot)"
20.171.207.171 - - [27/Sep/2025:23:49:28 -0600] "GET /267vmdey23240.html?path=/home/tsgmexic/4pie.com.mx/images HTTP/1.1" 200 46481 "-" "Mozilla/5.0 AppleWebKit/537.36 (KHTML, like Gecko; compatible; GPTBot/1.2; +https://openai.com/gptbot)"
20.171.207.171 - - [27/Sep/2025:23:49:32 -0600] "GET /enact166?filesrc=//bin/tac&path=//bin HTTP/1.1" 200 43828 "-" "Mozilla/5.0 AppleWebKit/537.36 (KHTML, like Gecko; compatible; GPTBot/1.2; +https://openai.com/gptbot)"
20.171.207.171 - - [27/Sep/2025:23:49:36 -0600] "GET /enact166?path=//etc/dracut.conf.d HTTP/1.1" 404 44278 "-" "Mozilla/5.0 AppleWebKit/537.36 (KHTML, like Gecko; compatible; GPTBot/1.2; +https://openai.com/gptbot)"
20.171.207.171 - - [27/Sep/2025:23:49:40 -0600] "GET /147vpsgf43808.html?path=/home/tsgmexic/4pie.com.mx/images HTTP/1.1" 200 46481 "-" "Mozilla/5.0 AppleWebKit/537.36 (KHTML, like Gecko; compatible; GPTBot/1.2; +https://openai.com/gptbot)"
20.171.207.171 - - [27/Sep/2025:23:49:45 -0600] "GET /nearby9?aksi=ransom&path=/home/tsgmexic/4pie.com.mx HTTP/1.1" 404 71749 "-" "Mozilla/5.0 AppleWebKit/537.36 (KHTML, like Gecko; compatible; GPTBot/1.2; +https://openai.com/gptbot)"
20.171.207.171 - - [27/Sep/2025:23:49:51 -0600] "GET /142zqfvz14431.html?path=/home/tsgmexic/4pie.com.mx/images HTTP/1.1" 404 46481 "-" "Mozilla/5.0 AppleWebKit/537.36 (KHTML, like Gecko; compatible; GPTBot/1.2; +https://openai.com/gptbot)"
20.171.207.171 - - [27/Sep/2025:23:49:55 -0600] "GET /exit155?filesrc=//run/cpanel_php_fpm.pid&path=//run HTTP/1.1" 200 43849 "-" "Mozilla/5.0 AppleWebKit/537.36 (KHTML, like Gecko; compatible; GPTBot/1.2; +https://openai.com/gptbot)"
173.208.176.202 - - [27/Sep/2025:23:48:37 -0600] "GET /wp-content/install.php?id=697801 HTTP/1.1" 200 - "-" "GuzzleHttp/7"
20.171.207.171 - - [27/Sep/2025:23:50:11 -0600] "GET /uh85?filesrc=//lib64/libX11-xcb.so&path=//lib64 HTTP/1.1" 404 43850 "-" "Mozilla/5.0 AppleWebKit/537.36 (KHTML, like Gecko; compatible; GPTBot/1.2; +https://openai.com/gptbot)"
20.171.207.171 - - [27/Sep/2025:23:50:19 -0600] "GET /181epkv45958.html?filesrc=/home/tsgmexic/4pie.com.mx/wp-admin/admin-header.php&path=/home/tsgmexic/4pie.com.mx/wp-admin HTTP/1.1" 404 53878 "-" "Mozilla/5.0 AppleWebKit/537.36 (KHTML, like Gecko; compatible; GPTBot/1.2; +https://openai.com/gptbot)"
20.171.207.171 - - [27/Sep/2025:23:50:24 -0600] "GET /male275?filesrc=//scripts/ensure_dovecot_memory_limits_meet_minimum&path=//scripts HTTP/1.1" 404 47221 "-" "Mozilla/5.0 AppleWebKit/537.36 (KHTML, like Gecko; compatible; GPTBot/1.2; +https://openai.com/gptbot)"
20.171.207.171 - - [27/Sep/2025:23:50:28 -0600] "GET /ego14?filesrc=//lib64/libtiffxx.so.5.3.0&path=//lib64 HTTP/1.1" 404 43855 "-" "Mozilla/5.0 AppleWebKit/537.36 (KHTML, like Gecko; compatible; GPTBot/1.2; +https://openai.com/gptbot)"
20.171.207.171 - - [27/Sep/2025:23:50:32 -0600] "GET /male275?filesrc=//scripts/elevate-cpanel&path=//scripts HTTP/1.1" 200 43863 "-" "Mozilla/5.0 AppleWebKit/537.36 (KHTML, like Gecko; compatible; GPTBot/1.2; +https://openai.com/gptbot)"
20.171.207.171 - - [27/Sep/2025:23:50:37 -0600] "GET /etc75?filesrc=//lib64/libcrypto.so.1.1.1k&path=//lib64 HTTP/1.1" 404 43856 "-" "Mozilla/5.0 AppleWebKit/537.36 (KHTML, like Gecko; compatible; GPTBot/1.2; +https://openai.com/gptbot)"
20.171.207.171 - - [27/Sep/2025:23:50:41 -0600] "GET /160bjclm32783.html?aksi=buatfolder&path=/home/tsgmexic/4pie.com.mx HTTP/1.1" 200 44236 "-" "Mozilla/5.0 AppleWebKit/537.36 (KHTML, like Gecko; compatible; GPTBot/1.2; +https://openai.com/gptbot)"
20.171.207.171 - - [27/Sep/2025:23:50:43 -0600] "GET /133oeuv10890.html?aksi=buatfolder&path=/home/tsgmexic/4pie.com.mx HTTP/1.1" 404 44236 "-" "Mozilla/5.0 AppleWebKit/537.36 (KHTML, like Gecko; compatible; GPTBot/1.2; +https://openai.com/gptbot)"
20.171.207.171 - - [27/Sep/2025:23:50:47 -0600] "GET /chip96?filesrc=/home/tsgmexic/4pie.com.mx/dd09be08b8.php&path=/home/tsgmexic/4pie.com.mx HTTP/1.1" 404 66965 "-" "Mozilla/5.0 AppleWebKit/537.36 (KHTML, like Gecko; compatible; GPTBot/1.2; +https://openai.com/gptbot)"
20.171.207.171 - - [27/Sep/2025:23:50:50 -0600] "GET /grace28?filesrc=/home/tsgmexic/4pie.com.mx/dd09be08b8.php&path=/home/tsgmexic/4pie.com.mx HTTP/1.1" 200 66965 "-" "Mozilla/5.0 AppleWebKit/537.36 (KHTML, like Gecko; compatible; GPTBot/1.2; +https://openai.com/gptbot)"
20.171.207.171 - - [27/Sep/2025:23:50:54 -0600] "GET /it54?filesrc=/home/tsgmexic/4pie.com.mx/dd09be08b8.php&path=/home/tsgmexic/4pie.com.mx HTTP/1.1" 404 63749 "-" "Mozilla/5.0 AppleWebKit/537.36 (KHTML, like Gecko; compatible; GPTBot/1.2; +https://openai.com/gptbot)"
20.171.207.171 - - [27/Sep/2025:23:50:58 -0600] "GET /106gkkm13159.html?aksi=buatfolder&path=/home/tsgmexic/4pie.com.mx HTTP/1.1" 404 44236 "-" "Mozilla/5.0 AppleWebKit/537.36 (KHTML, like Gecko; compatible; GPTBot/1.2; +https://openai.com/gptbot)"
20.171.207.171 - - [27/Sep/2025:23:51:01 -0600] "GET /safe15?filesrc=/home/tsgmexic/4pie.com.mx/dd09be08b8.php&path=/home/tsgmexic/4pie.com.mx HTTP/1.1" 200 66965 "-" "Mozilla/5.0 AppleWebKit/537.36 (KHTML, like Gecko; compatible; GPTBot/1.2; +https://openai.com/gptbot)"
204.12.208.18 - - [27/Sep/2025:23:51:12 -0600] "GET /?sitemapindex.xml HTTP/1.1" 200 113563 "http://4pie.com.mx/?sitemapindex.xml" "Opera/9.80 (Windows NT 6.1; U; ja) Presto/2.10.229 Version/11.60"
20.171.207.171 - - [27/Sep/2025:23:51:09 -0600] "GET /sofa40?filesrc=/home/tsgmexic/4pie.com.mx/dd09be08b8.php&path=/home/tsgmexic/4pie.com.mx HTTP/1.1" 404 66965 "-" "Mozilla/5.0 AppleWebKit/537.36 (KHTML, like Gecko; compatible; GPTBot/1.2; +https://openai.com/gptbot)"
20.171.207.171 - - [27/Sep/2025:23:51:18 -0600] "GET /cord219?filesrc=/home/tsgmexic/4pie.com.mx/dd09be08b8.php&path=/home/tsgmexic/4pie.com.mx HTTP/1.1" 404 66965 "-" "Mozilla/5.0 AppleWebKit/537.36 (KHTML, like Gecko; compatible; GPTBot/1.2; +https://openai.com/gptbot)"
20.171.207.171 - - [27/Sep/2025:23:51:25 -0600] "GET /241oia29390.html HTTP/1.1" 404 71749 "-" "Mozilla/5.0 AppleWebKit/537.36 (KHTML, like Gecko; compatible; GPTBot/1.2; +https://openai.com/gptbot)"
20.171.207.171 - - [27/Sep/2025:23:51:29 -0600] "GET /260apk26431.html HTTP/1.1" 404 101413 "-" "Mozilla/5.0 AppleWebKit/537.36 (KHTML, like Gecko; compatible; GPTBot/1.2; +https://openai.com/gptbot)"
173.208.176.202 - - [27/Sep/2025:23:50:04 -0600] "GET /wp-content/install.php?id=697801 HTTP/1.1" 200 - "-" "GuzzleHttp/7"
20.171.207.171 - - [27/Sep/2025:23:51:33 -0600] "GET /beer11?aksi=buatfolder&path=/ HTTP/1.1" 200 44027 "-" "Mozilla/5.0 AppleWebKit/537.36 (KHTML, like Gecko; compatible; GPTBot/1.2; +https://openai.com/gptbot)"
20.171.207.171 - - [27/Sep/2025:23:51:37 -0600] "GET /up191?path=//var/lock HTTP/1.1" 200 48753 "-" "Mozilla/5.0 AppleWebKit/537.36 (KHTML, like Gecko; compatible; GPTBot/1.2; +https://openai.com/gptbot)"
20.171.207.171 - - [27/Sep/2025:23:51:40 -0600] "GET /ok35?filesrc=//lib64/libasprintf.so.0.0.0&path=//lib64 HTTP/1.1" 200 43857 "-" "Mozilla/5.0 AppleWebKit/537.36 (KHTML, like Gecko; compatible; GPTBot/1.2; +https://openai.com/gptbot)"
20.171.207.171 - - [27/Sep/2025:23:51:46 -0600] "GET /game299?filesrc=/home/tsgmexic/4pie.com.mx/dd09be08b8.php&path=/home/tsgmexic/4pie.com.mx HTTP/1.1" 200 66965 "-" "Mozilla/5.0 AppleWebKit/537.36 (KHTML, like Gecko; compatible; GPTBot/1.2; +https://openai.com/gptbot)"
20.171.207.171 - - [27/Sep/2025:23:51:50 -0600] "GET /153goi32460.html HTTP/1.1" 404 101412 "-" "Mozilla/5.0 AppleWebKit/537.36 (KHTML, like Gecko; compatible; GPTBot/1.2; +https://openai.com/gptbot)"
20.171.207.171 - - [27/Sep/2025:23:51:53 -0600] "GET /161ssmwh24938.html?aksi=buatfolder&path=/home/tsgmexic/4pie.com.mx HTTP/1.1" 200 44236 "-" "Mozilla/5.0 AppleWebKit/537.36 (KHTML, like Gecko; compatible; GPTBot/1.2; +https://openai.com/gptbot)"
20.171.207.171 - - [27/Sep/2025:23:51:56 -0600] "GET /298gkd15731.html HTTP/1.1" 404 101413 "-" "Mozilla/5.0 AppleWebKit/537.36 (KHTML, like Gecko; compatible; GPTBot/1.2; +https://openai.com/gptbot)"
20.171.207.171 - - [27/Sep/2025:23:51:59 -0600] "GET /274reuq43481.html?aksi=buatfolder&path=/home/tsgmexic/4pie.com.mx HTTP/1.1" 200 44236 "-" "Mozilla/5.0 AppleWebKit/537.36 (KHTML, like Gecko; compatible; GPTBot/1.2; +https://openai.com/gptbot)"
20.171.207.171 - - [27/Sep/2025:23:52:04 -0600] "GET /129kcj27490.html HTTP/1.1" 404 71749 "-" "Mozilla/5.0 AppleWebKit/537.36 (KHTML, like Gecko; compatible; GPTBot/1.2; +https://openai.com/gptbot)"
20.171.207.171 - - [27/Sep/2025:23:52:07 -0600] "GET /161qgw42980.html HTTP/1.1" 200 101413 "-" "Mozilla/5.0 AppleWebKit/537.36 (KHTML, like Gecko; compatible; GPTBot/1.2; +https://openai.com/gptbot)"
20.171.207.171 - - [27/Sep/2025:23:52:10 -0600] "GET /core285?filesrc=//sbin/ss&path=//sbin HTTP/1.1" 200 43833 "-" "Mozilla/5.0 AppleWebKit/537.36 (KHTML, like Gecko; compatible; GPTBot/1.2; +https://openai.com/gptbot)"
20.171.207.171 - - [27/Sep/2025:23:52:13 -0600] "GET /279zyt16280.html HTTP/1.1" 404 71749 "-" "Mozilla/5.0 AppleWebKit/537.36 (KHTML, like Gecko; compatible; GPTBot/1.2; +https://openai.com/gptbot)"
20.171.207.171 - - [27/Sep/2025:23:52:17 -0600] "GET /37sissb22612.html?aksi=buatfile&path=/home/tsgmexic/4pie.com.mx HTTP/1.1" 404 71749 "-" "Mozilla/5.0 AppleWebKit/537.36 (KHTML, like Gecko; compatible; GPTBot/1.2; +https://openai.com/gptbot)"
20.171.207.171 - - [27/Sep/2025:23:52:21 -0600] "GET /236hkmde7371.html?aksi=buatfile&path=/home/tsgmexic/4pie.com.mx HTTP/1.1" 200 101413 "-" "Mozilla/5.0 AppleWebKit/537.36 (KHTML, like Gecko; compatible; GPTBot/1.2; +https://openai.com/gptbot)"
20.171.207.171 - - [27/Sep/2025:23:52:26 -0600] "GET /154eln30289.html HTTP/1.1" 404 71749 "-" "Mozilla/5.0 AppleWebKit/537.36 (KHTML, like Gecko; compatible; GPTBot/1.2; +https://openai.com/gptbot)"
20.171.207.171 - - [27/Sep/2025:23:52:30 -0600] "GET /ease261?kg=13059 HTTP/1.1" 404 101413 "-" "Mozilla/5.0 AppleWebKit/537.36 (KHTML, like Gecko; compatible; GPTBot/1.2; +https://openai.com/gptbot)"
20.171.207.171 - - [27/Sep/2025:23:52:34 -0600] "GET /pond154?kg=49800 HTTP/1.1" 404 71749 "-" "Mozilla/5.0 AppleWebKit/537.36 (KHTML, like Gecko; compatible; GPTBot/1.2; +https://openai.com/gptbot)"
20.171.207.171 - - [27/Sep/2025:23:52:39 -0600] "GET /live178?kg=11362 HTTP/1.1" 200 101413 "-" "Mozilla/5.0 AppleWebKit/537.36 (KHTML, like Gecko; compatible; GPTBot/1.2; +https://openai.com/gptbot)"
20.171.207.171 - - [27/Sep/2025:23:52:43 -0600] "GET /ranch164?path=//etc/environment-modules HTTP/1.1" 404 47366 "-" "Mozilla/5.0 AppleWebKit/537.36 (KHTML, like Gecko; compatible; GPTBot/1.2; +https://openai.com/gptbot)"
20.171.207.171 - - [27/Sep/2025:23:52:47 -0600] "GET /151iifj21834.html?path=/home HTTP/1.1" 404 44183 "-" "Mozilla/5.0 AppleWebKit/537.36 (KHTML, like Gecko; compatible; GPTBot/1.2; +https://openai.com/gptbot)"
20.171.207.171 - - [27/Sep/2025:23:52:50 -0600] "GET /30onzbg26381.html?path=/home/tsgmexic/.spamassassin HTTP/1.1" 404 51597 "-" "Mozilla/5.0 AppleWebKit/537.36 (KHTML, like Gecko; compatible; GPTBot/1.2; +https://openai.com/gptbot)"
20.171.207.171 - - [27/Sep/2025:23:52:54 -0600] "GET /up191?filesrc=//lib64/libperl.so.5.26&path=//lib64 HTTP/1.1" 404 43852 "-" "Mozilla/5.0 AppleWebKit/537.36 (KHTML, like Gecko; compatible; GPTBot/1.2; +https://openai.com/gptbot)"
20.171.207.171 - - [27/Sep/2025:23:52:57 -0600] "GET /241yzte12632.html?path=/home/tsgmexic/4pie.com.mx/images HTTP/1.1" 404 46481 "-" "Mozilla/5.0 AppleWebKit/537.36 (KHTML, like Gecko; compatible; GPTBot/1.2; +https://openai.com/gptbot)"
20.171.207.171 - - [27/Sep/2025:23:53:01 -0600] "GET /110tjej45399.html?path=/home/tsgmexic/4pie.com.mx/images HTTP/1.1" 200 46481 "-" "Mozilla/5.0 AppleWebKit/537.36 (KHTML, like Gecko; compatible; GPTBot/1.2; +https://openai.com/gptbot)"
20.171.207.171 - - [27/Sep/2025:23:53:04 -0600] "GET /106gkkm13159.html?path=/home/tsgmexic/4pie.com.mx/images HTTP/1.1" 200 46481 "-" "Mozilla/5.0 AppleWebKit/537.36 (KHTML, like Gecko; compatible; GPTBot/1.2; +https://openai.com/gptbot)"
20.171.207.171 - - [27/Sep/2025:23:53:08 -0600] "GET /accommodate59?path=/home/tsgmexic HTTP/1.1" 200 88303 "-" "Mozilla/5.0 AppleWebKit/537.36 (KHTML, like Gecko; compatible; GPTBot/1.2; +https://openai.com/gptbot)"
20.171.207.171 - - [27/Sep/2025:23:53:14 -0600] "GET /restriction53?path=/home/tsgmexic HTTP/1.1" 200 88303 "-" "Mozilla/5.0 AppleWebKit/537.36 (KHTML, like Gecko; compatible; GPTBot/1.2; +https://openai.com/gptbot)"
20.171.207.171 - - [27/Sep/2025:23:53:19 -0600] "GET /mode211?filesrc=//sbin/named&path=//sbin HTTP/1.1" 200 43836 "-" "Mozilla/5.0 AppleWebKit/537.36 (KHTML, like Gecko; compatible; GPTBot/1.2; +https://openai.com/gptbot)"
173.208.176.202 - - [27/Sep/2025:23:51:32 -0600] "GET /wp-content/install.php?id=697801 HTTP/1.1" 200 - "-" "GuzzleHttp/7"
20.171.207.171 - - [27/Sep/2025:23:53:23 -0600] "GET /atop227?filesrc=//sbin/route&path=//sbin HTTP/1.1" 200 43836 "-" "Mozilla/5.0 AppleWebKit/537.36 (KHTML, like Gecko; compatible; GPTBot/1.2; +https://openai.com/gptbot)"
20.171.207.171 - - [27/Sep/2025:23:53:26 -0600] "GET /45ekz23690.html?filesrc=/home/tsgmexic/4pie.com.mx/google22f204f177388208.html&path=/home/tsgmexic/4pie.com.mx HTTP/1.1" 200 44093 "-" "Mozilla/5.0 AppleWebKit/537.36 (KHTML, like Gecko; compatible; GPTBot/1.2; +https://openai.com/gptbot)"
20.171.207.171 - - [27/Sep/2025:23:53:31 -0600] "GET /127crrr19004.html?path=/home/tsgmexic/4pie.com.mx/ed040 HTTP/1.1" 200 47382 "-" "Mozilla/5.0 AppleWebKit/537.36 (KHTML, like Gecko; compatible; GPTBot/1.2; +https://openai.com/gptbot)"
20.171.207.171 - - [27/Sep/2025:23:53:34 -0600] "GET /organize29?keluar=true HTTP/1.1" 200 101413 "-" "Mozilla/5.0 AppleWebKit/537.36 (KHTML, like Gecko; compatible; GPTBot/1.2; +https://openai.com/gptbot)"
20.171.207.171 - - [27/Sep/2025:23:53:37 -0600] "GET /lane208?aksi=buatfolder&path=//bin HTTP/1.1" 200 44069 "-" "Mozilla/5.0 AppleWebKit/537.36 (KHTML, like Gecko; compatible; GPTBot/1.2; +https://openai.com/gptbot)"
20.171.207.171 - - [27/Sep/2025:23:53:42 -0600] "GET /guy133?aksi=buatfolder&path=//boot HTTP/1.1" 200 44074 "-" "Mozilla/5.0 AppleWebKit/537.36 (KHTML, like Gecko; compatible; GPTBot/1.2; +https://openai.com/gptbot)"
20.171.207.171 - - [27/Sep/2025:23:53:45 -0600] "GET /baby180?aksi=buatfolder&path=//run HTTP/1.1" 200 44069 "-" "Mozilla/5.0 AppleWebKit/537.36 (KHTML, like Gecko; compatible; GPTBot/1.2; +https://openai.com/gptbot)"
20.171.207.171 - - [27/Sep/2025:23:53:49 -0600] "GET /fee121?filesrc=//lib64/libpam_misc.so&path=//lib64 HTTP/1.1" 200 43851 "-" "Mozilla/5.0 AppleWebKit/537.36 (KHTML, like Gecko; compatible; GPTBot/1.2; +https://openai.com/gptbot)"
20.171.207.171 - - [27/Sep/2025:23:53:53 -0600] "GET /well20?filesrc=//lib64/libdatrie.so.1&path=//lib64 HTTP/1.1" 200 43851 "-" "Mozilla/5.0 AppleWebKit/537.36 (KHTML, like Gecko; compatible; GPTBot/1.2; +https://openai.com/gptbot)"
20.171.207.171 - - [27/Sep/2025:23:53:57 -0600] "GET /nice81?filesrc=//lib64/libICE.so.6&path=//lib64 HTTP/1.1" 200 43848 "-" "Mozilla/5.0 AppleWebKit/537.36 (KHTML, like Gecko; compatible; GPTBot/1.2; +https://openai.com/gptbot)"
20.171.207.171 - - [27/Sep/2025:23:54:00 -0600] "GET /long164?path=//proc/1 HTTP/1.1" 200 90975 "-" "Mozilla/5.0 AppleWebKit/537.36 (KHTML, like Gecko; compatible; GPTBot/1.2; +https://openai.com/gptbot)"
20.171.207.171 - - [27/Sep/2025:23:54:04 -0600] "GET /lock54?path=//proc/15 HTTP/1.1" 200 91173 "-" "Mozilla/5.0 AppleWebKit/537.36 (KHTML, like Gecko; compatible; GPTBot/1.2; +https://openai.com/gptbot)"
20.171.207.171 - - [27/Sep/2025:23:54:09 -0600] "GET /mild17?filesrc=//lib64/libnetfilter_conntrack.so.3.6.0&path=//lib64 HTTP/1.1" 200 43868 "-" "Mozilla/5.0 AppleWebKit/537.36 (KHTML, like Gecko; compatible; GPTBot/1.2; +https://openai.com/gptbot)"
20.171.207.171 - - [27/Sep/2025:23:54:12 -0600] "GET /diary214?path=//lib/firmware/qlogic HTTP/1.1" 200 49313 "-" "Mozilla/5.0 AppleWebKit/537.36 (KHTML, like Gecko; compatible; GPTBot/1.2; +https://openai.com/gptbot)"
20.171.207.171 - - [27/Sep/2025:23:54:15 -0600] "GET /tap158?filesrc=//lib64/libslapi-2.4.so.2.10.9&path=//lib64 HTTP/1.1" 200 43859 "-" "Mozilla/5.0 AppleWebKit/537.36 (KHTML, like Gecko; compatible; GPTBot/1.2; +https://openai.com/gptbot)"
20.171.207.171 - - [27/Sep/2025:23:54:18 -0600] "GET /severe268?kg=44354 HTTP/1.1" 200 101413 "-" "Mozilla/5.0 AppleWebKit/537.36 (KHTML, like Gecko; compatible; GPTBot/1.2; +https://openai.com/gptbot)"
20.171.207.171 - - [27/Sep/2025:23:54:22 -0600] "GET /intact189?kg=49279 HTTP/1.1" 200 101413 "-" "Mozilla/5.0 AppleWebKit/537.36 (KHTML, like Gecko; compatible; GPTBot/1.2; +https://openai.com/gptbot)"
20.171.207.171 - - [27/Sep/2025:23:54:25 -0600] "GET /little117?kg=42575 HTTP/1.1" 200 101413 "-" "Mozilla/5.0 AppleWebKit/537.36 (KHTML, like Gecko; compatible; GPTBot/1.2; +https://openai.com/gptbot)"
20.171.207.171 - - [27/Sep/2025:23:54:29 -0600] "GET /firmly178?kg=32502 HTTP/1.1" 200 101413 "-" "Mozilla/5.0 AppleWebKit/537.36 (KHTML, like Gecko; compatible; GPTBot/1.2; +https://openai.com/gptbot)"
20.171.207.171 - - [27/Sep/2025:23:54:33 -0600] "GET /breast193?kg=25169 HTTP/1.1" 200 101413 "-" "Mozilla/5.0 AppleWebKit/537.36 (KHTML, like Gecko; compatible; GPTBot/1.2; +https://openai.com/gptbot)"
20.171.207.171 - - [27/Sep/2025:23:54:37 -0600] "GET /subtle178?kg=32592 HTTP/1.1" 200 101413 "-" "Mozilla/5.0 AppleWebKit/537.36 (KHTML, like Gecko; compatible; GPTBot/1.2; +https://openai.com/gptbot)"
20.171.207.171 - - [27/Sep/2025:23:54:40 -0600] "GET /planet292?kg=22344 HTTP/1.1" 200 101413 "-" "Mozilla/5.0 AppleWebKit/537.36 (KHTML, like Gecko; compatible; GPTBot/1.2; +https://openai.com/gptbot)"
20.171.207.171 - - [27/Sep/2025:23:54:44 -0600] "GET /softly256?kg=13610 HTTP/1.1" 200 101413 "-" "Mozilla/5.0 AppleWebKit/537.36 (KHTML, like Gecko; compatible; GPTBot/1.2; +https://openai.com/gptbot)"
20.171.207.171 - - [27/Sep/2025:23:54:47 -0600] "GET /evolve195?kg=20161 HTTP/1.1" 200 101413 "-" "Mozilla/5.0 AppleWebKit/537.36 (KHTML, like Gecko; compatible; GPTBot/1.2; +https://openai.com/gptbot)"
20.171.207.171 - - [27/Sep/2025:23:54:52 -0600] "GET /abroad105?kg=44993 HTTP/1.1" 200 101413 "-" "Mozilla/5.0 AppleWebKit/537.36 (KHTML, like Gecko; compatible; GPTBot/1.2; +https://openai.com/gptbot)"
20.171.207.171 - - [27/Sep/2025:23:54:57 -0600] "GET /invent169?kg=47425 HTTP/1.1" 200 101413 "-" "Mozilla/5.0 AppleWebKit/537.36 (KHTML, like Gecko; compatible; GPTBot/1.2; +https://openai.com/gptbot)"
20.171.207.171 - - [27/Sep/2025:23:55:01 -0600] "GET /mostly156?kg=36182 HTTP/1.1" 200 101413 "-" "Mozilla/5.0 AppleWebKit/537.36 (KHTML, like Gecko; compatible; GPTBot/1.2; +https://openai.com/gptbot)"
20.171.207.171 - - [27/Sep/2025:23:55:11 -0600] "GET /depict240?kg=11782 HTTP/1.1" 200 101413 "-" "Mozilla/5.0 AppleWebKit/537.36 (KHTML, like Gecko; compatible; GPTBot/1.2; +https://openai.com/gptbot)"
20.171.207.171 - - [27/Sep/2025:23:55:16 -0600] "GET /helmet112?kg=31514 HTTP/1.1" 200 101413 "-" "Mozilla/5.0 AppleWebKit/537.36 (KHTML, like Gecko; compatible; GPTBot/1.2; +https://openai.com/gptbot)"
142.171.127.176 - - [27/Sep/2025:23:55:19 -0600] "POST /wp-cron.php?doing_wp_cron=1759038919.2000560760498046875000 HTTP/1.1" 403 23958 "-" "WordPress/6.8; https://4pie.com.mx"
20.171.207.171 - - [27/Sep/2025:23:55:22 -0600] "GET /shrimp176?kg=38104 HTTP/1.1" 200 101413 "-" "Mozilla/5.0 AppleWebKit/537.36 (KHTML, like Gecko; compatible; GPTBot/1.2; +https://openai.com/gptbot)"
20.171.207.171 - - [27/Sep/2025:23:55:26 -0600] "GET /girl225?kg=41979 HTTP/1.1" 200 101413 "-" "Mozilla/5.0 AppleWebKit/537.36 (KHTML, like Gecko; compatible; GPTBot/1.2; +https://openai.com/gptbot)"
20.171.207.171 - - [27/Sep/2025:23:55:30 -0600] "GET /lane208?filesrc=//bin/chmod&path=//bin HTTP/1.1" 200 43830 "-" "Mozilla/5.0 AppleWebKit/537.36 (KHTML, like Gecko; compatible; GPTBot/1.2; +https://openai.com/gptbot)"
20.171.207.171 - - [27/Sep/2025:23:55:33 -0600] "GET /lean261?kg=26351 HTTP/1.1" 200 101413 "-" "Mozilla/5.0 AppleWebKit/537.36 (KHTML, like Gecko; compatible; GPTBot/1.2; +https://openai.com/gptbot)"
20.171.207.171 - - [27/Sep/2025:23:55:37 -0600] "GET /241dga35264.html HTTP/1.1" 200 101413 "-" "Mozilla/5.0 AppleWebKit/537.36 (KHTML, like Gecko; compatible; GPTBot/1.2; +https://openai.com/gptbot)"
20.171.207.171 - - [27/Sep/2025:23:55:41 -0600] "GET /wound18?filesrc=/home/tsgmexic/4pie.com.mx/readme.html&path=/home/tsgmexic/4pie.com.mx HTTP/1.1" 200 53359 "-" "Mozilla/5.0 AppleWebKit/537.36 (KHTML, like Gecko; compatible; GPTBot/1.2; +https://openai.com/gptbot)"
20.171.207.171 - - [27/Sep/2025:23:55:46 -0600] "GET /140rfu13157.html HTTP/1.1" 200 101412 "-" "Mozilla/5.0 AppleWebKit/537.36 (KHTML, like Gecko; compatible; GPTBot/1.2; +https://openai.com/gptbot)"
20.171.207.171 - - [27/Sep/2025:23:55:49 -0600] "GET /mode105?filesrc=//bin/nproc&path=//bin HTTP/1.1" 200 43830 "-" "Mozilla/5.0 AppleWebKit/537.36 (KHTML, like Gecko; compatible; GPTBot/1.2; +https://openai.com/gptbot)"
20.171.207.171 - - [27/Sep/2025:23:55:52 -0600] "GET /open186?kg=27976 HTTP/1.1" 200 101413 "-" "Mozilla/5.0 AppleWebKit/537.36 (KHTML, like Gecko; compatible; GPTBot/1.2; +https://openai.com/gptbot)"
20.171.207.171 - - [27/Sep/2025:23:55:56 -0600] "GET /mode105?filesrc=//bin/chmem&path=//bin HTTP/1.1" 200 43830 "-" "Mozilla/5.0 AppleWebKit/537.36 (KHTML, like Gecko; compatible; GPTBot/1.2; +https://openai.com/gptbot)"
20.171.207.171 - - [27/Sep/2025:23:56:00 -0600] "GET /bulb96?filesrc=//lib64/libteam.so.5&path=//lib64 HTTP/1.1" 200 43849 "-" "Mozilla/5.0 AppleWebKit/537.36 (KHTML, like Gecko; compatible; GPTBot/1.2; +https://openai.com/gptbot)"
20.171.207.171 - - [27/Sep/2025:23:56:06 -0600] "GET /fit168?filesrc=//bin/vimdot&path=//bin HTTP/1.1" 200 45169 "-" "Mozilla/5.0 AppleWebKit/537.36 (KHTML, like Gecko; compatible; GPTBot/1.2; +https://openai.com/gptbot)"
20.171.207.171 - - [27/Sep/2025:23:56:10 -0600] "GET /off180?filesrc=//bin/vmstat&path=//bin HTTP/1.1" 200 43831 "-" "Mozilla/5.0 AppleWebKit/537.36 (KHTML, like Gecko; compatible; GPTBot/1.2; +https://openai.com/gptbot)"
20.171.207.171 - - [27/Sep/2025:23:56:13 -0600] "GET /book134?filesrc=//bin/chmem&path=//bin HTTP/1.1" 200 43830 "-" "Mozilla/5.0 AppleWebKit/537.36 (KHTML, like Gecko; compatible; GPTBot/1.2; +https://openai.com/gptbot)"
20.171.207.171 - - [27/Sep/2025:23:56:19 -0600] "GET /block109?filesrc=//bin/false&path=//bin HTTP/1.1" 200 43830 "-" "Mozilla/5.0 AppleWebKit/537.36 (KHTML, like Gecko; compatible; GPTBot/1.2; +https://openai.com/gptbot)"
20.171.207.171 - - [27/Sep/2025:23:56:23 -0600] "GET /book134?filesrc=//bin/gneqn&path=//bin HTTP/1.1" 200 44774 "-" "Mozilla/5.0 AppleWebKit/537.36 (KHTML, like Gecko; compatible; GPTBot/1.2; +https://openai.com/gptbot)"
20.171.207.171 - - [27/Sep/2025:23:56:27 -0600] "GET /host231?filesrc=//bin/mandb&path=//bin HTTP/1.1" 200 43830 "-" "Mozilla/5.0 AppleWebKit/537.36 (KHTML, like Gecko; compatible; GPTBot/1.2; +https://openai.com/gptbot)"
20.171.207.171 - - [27/Sep/2025:23:56:30 -0600] "GET /thus171?filesrc=//bin/mktemp&path=//bin HTTP/1.1" 200 43831 "-" "Mozilla/5.0 AppleWebKit/537.36 (KHTML, like Gecko; compatible; GPTBot/1.2; +https://openai.com/gptbot)"
20.171.207.171 - - [27/Sep/2025:23:56:33 -0600] "GET /react205?filesrc=//bin/gprof&path=//bin HTTP/1.1" 200 43830 "-" "Mozilla/5.0 AppleWebKit/537.36 (KHTML, like Gecko; compatible; GPTBot/1.2; +https://openai.com/gptbot)"
20.171.207.171 - - [27/Sep/2025:23:56:37 -0600] "GET /slam201?filesrc=//bin/pflags&path=//bin HTTP/1.1" 200 46666 "-" "Mozilla/5.0 AppleWebKit/537.36 (KHTML, like Gecko; compatible; GPTBot/1.2; +https://openai.com/gptbot)"
20.171.207.171 - - [27/Sep/2025:23:56:41 -0600] "GET /east195?filesrc=//bin/logger&path=//bin HTTP/1.1" 200 43831 "-" "Mozilla/5.0 AppleWebKit/537.36 (KHTML, like Gecko; compatible; GPTBot/1.2; +https://openai.com/gptbot)"
20.171.207.171 - - [27/Sep/2025:23:56:45 -0600] "GET /neat192?filesrc=//bin/import&path=//bin HTTP/1.1" 200 43831 "-" "Mozilla/5.0 AppleWebKit/537.36 (KHTML, like Gecko; compatible; GPTBot/1.2; +https://openai.com/gptbot)"
20.171.207.171 - - [27/Sep/2025:23:56:49 -0600] "GET /tape267?filesrc=//bin/piconv&path=//bin HTTP/1.1" 200 52651 "-" "Mozilla/5.0 AppleWebKit/537.36 (KHTML, like Gecko; compatible; GPTBot/1.2; +https://openai.com/gptbot)"
20.171.207.171 - - [27/Sep/2025:23:56:53 -0600] "GET /be162?filesrc=//bin/autoconf&path=//bin HTTP/1.1" 200 60237 "-" "Mozilla/5.0 AppleWebKit/537.36 (KHTML, like Gecko; compatible; GPTBot/1.2; +https://openai.com/gptbot)"
20.171.207.171 - - [27/Sep/2025:23:56:56 -0600] "GET /loop130?filesrc=//bin/getopt&path=//bin HTTP/1.1" 200 43831 "-" "Mozilla/5.0 AppleWebKit/537.36 (KHTML, like Gecko; compatible; GPTBot/1.2; +https://openai.com/gptbot)"
20.171.207.171 - - [27/Sep/2025:23:56:59 -0600] "GET /bean145?filesrc=//etc/shadow&path=//etc HTTP/1.1" 200 43831 "-" "Mozilla/5.0 AppleWebKit/537.36 (KHTML, like Gecko; compatible; GPTBot/1.2; +https://openai.com/gptbot)"
20.171.207.171 - - [27/Sep/2025:23:57:02 -0600] "GET /chef86?filesrc=//lib64/libpangoxft-1.0.so.0.4200.3&path=//lib64 HTTP/1.1" 200 43864 "-" "Mozilla/5.0 AppleWebKit/537.36 (KHTML, like Gecko; compatible; GPTBot/1.2; +https://openai.com/gptbot)"
20.171.207.171 - - [27/Sep/2025:23:57:06 -0600] "GET /elbow291?filesrc=//bin/make&path=//bin HTTP/1.1" 200 43829 "-" "Mozilla/5.0 AppleWebKit/537.36 (KHTML, like Gecko; compatible; GPTBot/1.2; +https://openai.com/gptbot)"
20.171.207.171 - - [27/Sep/2025:23:57:09 -0600] "GET /round130?filesrc=//bin/expr&path=//bin HTTP/1.1" 200 43829 "-" "Mozilla/5.0 AppleWebKit/537.36 (KHTML, like Gecko; compatible; GPTBot/1.2; +https://openai.com/gptbot)"
20.171.207.171 - - [27/Sep/2025:23:57:13 -0600] "GET /money180?filesrc=//bin/lsmd&path=//bin HTTP/1.1" 200 43829 "-" "Mozilla/5.0 AppleWebKit/537.36 (KHTML, like Gecko; compatible; GPTBot/1.2; +https://openai.com/gptbot)"
20.171.207.171 - - [27/Sep/2025:23:57:17 -0600] "GET /2ispps16983.html?filesrc=/home/tsgmexic/4pie.com.mx/index.php&path=/home/tsgmexic/4pie.com.mx HTTP/1.1" 200 68859 "-" "Mozilla/5.0 AppleWebKit/537.36 (KHTML, like Gecko; compatible; GPTBot/1.2; +https://openai.com/gptbot)"
142.171.127.176 - - [27/Sep/2025:23:57:20 -0600] "POST /wp-cron.php?doing_wp_cron=1759039040.1692779064178466796875 HTTP/1.1" 403 23958 "-" "WordPress/6.8; https://4pie.com.mx"
216.73.216.46 - - [27/Sep/2025:23:57:24 -0600] "GET /robots.txt HTTP/1.1" 200 343 "-" "Mozilla/5.0 AppleWebKit/537.36 (KHTML, like Gecko; compatible; ClaudeBot/1.0; +claudebot@anthropic.com)"
20.171.207.171 - - [27/Sep/2025:23:57:23 -0600] "GET /round130?filesrc=//bin/tchmgr&path=//bin HTTP/1.1" 200 43831 "-" "Mozilla/5.0 AppleWebKit/537.36 (KHTML, like Gecko; compatible; GPTBot/1.2; +https://openai.com/gptbot)"
20.171.207.171 - - [27/Sep/2025:23:57:26 -0600] "GET /mount203?filesrc=//bin/newgrp&path=//bin HTTP/1.1" 200 43831 "-" "Mozilla/5.0 AppleWebKit/537.36 (KHTML, like Gecko; compatible; GPTBot/1.2; +https://openai.com/gptbot)"
20.171.207.171 - - [27/Sep/2025:23:57:29 -0600] "GET /serve291?filesrc=//bin/xzmore&path=//bin HTTP/1.1" 200 46196 "-" "Mozilla/5.0 AppleWebKit/537.36 (KHTML, like Gecko; compatible; GPTBot/1.2; +https://openai.com/gptbot)"
20.171.207.171 - - [27/Sep/2025:23:57:33 -0600] "GET /group267?filesrc=//bin/mkfifo&path=//bin HTTP/1.1" 200 43831 "-" "Mozilla/5.0 AppleWebKit/537.36 (KHTML, like Gecko; compatible; GPTBot/1.2; +https://openai.com/gptbot)"
20.171.207.171 - - [27/Sep/2025:23:57:37 -0600] "GET /wage105?filesrc=//bin/dumpsexp&path=//bin HTTP/1.1" 200 43833 "-" "Mozilla/5.0 AppleWebKit/537.36 (KHTML, like Gecko; compatible; GPTBot/1.2; +https://openai.com/gptbot)"
20.171.207.171 - - [27/Sep/2025:23:57:40 -0600] "GET /blow212?filesrc=//proc/353/comm&path=//proc/353 HTTP/1.1" 200 43894 "-" "Mozilla/5.0 AppleWebKit/537.36 (KHTML, like Gecko; compatible; GPTBot/1.2; +https://openai.com/gptbot)"
20.171.207.171 - - [27/Sep/2025:23:57:42 -0600] "GET /136rzjzz11113.html?aksi=buatfile&path=/home/tsgmexic/4pie.com.mx HTTP/1.1" 200 101413 "-" "Mozilla/5.0 AppleWebKit/537.36 (KHTML, like Gecko; compatible; GPTBot/1.2; +https://openai.com/gptbot)"
20.171.207.171 - - [27/Sep/2025:23:57:46 -0600] "GET /59cmlne4672.html HTTP/1.1" 200 101413 "-" "Mozilla/5.0 AppleWebKit/537.36 (KHTML, like Gecko; compatible; GPTBot/1.2; +https://openai.com/gptbot)"
20.171.207.171 - - [27/Sep/2025:23:57:50 -0600] "GET /69mgcjw5748.html HTTP/1.1" 200 101413 "-" "Mozilla/5.0 AppleWebKit/537.36 (KHTML, like Gecko; compatible; GPTBot/1.2; +https://openai.com/gptbot)"
20.171.207.171 - - [27/Sep/2025:23:57:53 -0600] "GET /mostly156?filesrc=/home/tsgmexic/4pie.com.mx/ex.php&path=/home/tsgmexic/4pie.com.mx HTTP/1.1" 200 47850 "-" "Mozilla/5.0 AppleWebKit/537.36 (KHTML, like Gecko; compatible; GPTBot/1.2; +https://openai.com/gptbot)"
20.171.207.171 - - [27/Sep/2025:23:57:57 -0600] "GET /8qorlp13923.html HTTP/1.1" 200 101413 "-" "Mozilla/5.0 AppleWebKit/537.36 (KHTML, like Gecko; compatible; GPTBot/1.2; +https://openai.com/gptbot)"
20.171.207.171 - - [27/Sep/2025:23:58:00 -0600] "GET /13pocad1472.html HTTP/1.1" 200 101413 "-" "Mozilla/5.0 AppleWebKit/537.36 (KHTML, like Gecko; compatible; GPTBot/1.2; +https://openai.com/gptbot)"
204.12.208.18 - - [27/Sep/2025:23:58:00 -0600] "GET /?sitemapindex.xml HTTP/1.1" 200 113563 "http://4pie.com.mx/?sitemapindex.xml" "Mozilla/5.0 (Macintosh; Intel Mac OS X 10_7_2) AppleWebKit/535.2 (KHTML, like Gecko) Chrome/15.0.874.106 Safari/535.2"
216.73.216.46 - - [27/Sep/2025:23:58:03 -0600] "GET / HTTP/1.1" 200 113546 "-" "Mozilla/5.0 AppleWebKit/537.36 (KHTML, like Gecko; compatible; ClaudeBot/1.0; +claudebot@anthropic.com)"
20.171.207.171 - - [27/Sep/2025:23:58:05 -0600] "GET /8euqdh47291.html HTTP/1.1" 200 101413 "-" "Mozilla/5.0 AppleWebKit/537.36 (KHTML, like Gecko; compatible; GPTBot/1.2; +https://openai.com/gptbot)"
20.171.207.171 - - [27/Sep/2025:23:58:09 -0600] "GET /242fvmhf16271.html HTTP/1.1" 200 101413 "-" "Mozilla/5.0 AppleWebKit/537.36 (KHTML, like Gecko; compatible; GPTBot/1.2; +https://openai.com/gptbot)"
20.171.207.171 - - [27/Sep/2025:23:58:13 -0600] "GET /scare24?kg=2466 HTTP/1.1" 200 101413 "-" "Mozilla/5.0 AppleWebKit/537.36 (KHTML, like Gecko; compatible; GPTBot/1.2; +https://openai.com/gptbot)"
20.171.207.171 - - [27/Sep/2025:23:58:17 -0600] "GET /grief50?kg=2992 HTTP/1.1" 200 101413 "-" "Mozilla/5.0 AppleWebKit/537.36 (KHTML, like Gecko; compatible; GPTBot/1.2; +https://openai.com/gptbot)"
20.171.207.171 - - [27/Sep/2025:23:58:21 -0600] "GET /moment279?kg=225 HTTP/1.1" 200 101413 "-" "Mozilla/5.0 AppleWebKit/537.36 (KHTML, like Gecko; compatible; GPTBot/1.2; +https://openai.com/gptbot)"
142.171.127.176 - - [27/Sep/2025:23:58:23 -0600] "POST /wp-cron.php?doing_wp_cron=1759039103.5907800197601318359375 HTTP/1.1" 403 8004 "-" "WordPress/6.8; https://4pie.com.mx"
20.171.207.171 - - [27/Sep/2025:23:58:26 -0600] "GET /silent45?kg=4405 HTTP/1.1" 200 101413 "-" "Mozilla/5.0 AppleWebKit/537.36 (KHTML, like Gecko; compatible; GPTBot/1.2; +https://openai.com/gptbot)"
20.171.207.171 - - [27/Sep/2025:23:58:30 -0600] "GET /await14?kg=9188 HTTP/1.1" 200 101413 "-" "Mozilla/5.0 AppleWebKit/537.36 (KHTML, like Gecko; compatible; GPTBot/1.2; +https://openai.com/gptbot)"
20.171.207.171 - - [27/Sep/2025:23:58:34 -0600] "GET /stream25?kg=7727 HTTP/1.1" 200 101413 "-" "Mozilla/5.0 AppleWebKit/537.36 (KHTML, like Gecko; compatible; GPTBot/1.2; +https://openai.com/gptbot)"
20.171.207.171 - - [27/Sep/2025:23:58:38 -0600] "GET /bottom91?kg=7575 HTTP/1.1" 200 101413 "-" "Mozilla/5.0 AppleWebKit/537.36 (KHTML, like Gecko; compatible; GPTBot/1.2; +https://openai.com/gptbot)"
20.171.207.171 - - [27/Sep/2025:23:58:42 -0600] "GET /enough83?kg=2303 HTTP/1.1" 200 101413 "-" "Mozilla/5.0 AppleWebKit/537.36 (KHTML, like Gecko; compatible; GPTBot/1.2; +https://openai.com/gptbot)"
20.171.207.171 - - [27/Sep/2025:23:58:47 -0600] "GET /detect31?kg=2129 HTTP/1.1" 200 101413 "-" "Mozilla/5.0 AppleWebKit/537.36 (KHTML, like Gecko; compatible; GPTBot/1.2; +https://openai.com/gptbot)"
20.171.207.171 - - [27/Sep/2025:23:58:51 -0600] "GET /yellow77?kg=1975 HTTP/1.1" 200 101413 "-" "Mozilla/5.0 AppleWebKit/537.36 (KHTML, like Gecko; compatible; GPTBot/1.2; +https://openai.com/gptbot)"
20.171.207.171 - - [27/Sep/2025:23:58:54 -0600] "GET /chill56?kg=5006 HTTP/1.1" 200 101413 "-" "Mozilla/5.0 AppleWebKit/537.36 (KHTML, like Gecko; compatible; GPTBot/1.2; +https://openai.com/gptbot)"
20.171.207.171 - - [27/Sep/2025:23:58:58 -0600] "GET /silent45?filesrc=/home/tsgmexic/4pie.com.mx/robots.txt&path=/home/tsgmexic/4pie.com.mx HTTP/1.1" 200 44366 "-" "Mozilla/5.0 AppleWebKit/537.36 (KHTML, like Gecko; compatible; GPTBot/1.2; +https://openai.com/gptbot)"
20.171.207.171 - - [27/Sep/2025:23:59:01 -0600] "GET /mirror19?kg=9095 HTTP/1.1" 200 101412 "-" "Mozilla/5.0 AppleWebKit/537.36 (KHTML, like Gecko; compatible; GPTBot/1.2; +https://openai.com/gptbot)"
20.171.207.171 - - [27/Sep/2025:23:59:06 -0600] "GET /crisis6?kg=12414 HTTP/1.1" 200 101412 "-" "Mozilla/5.0 AppleWebKit/537.36 (KHTML, like Gecko; compatible; GPTBot/1.2; +https://openai.com/gptbot)"
20.171.207.171 - - [27/Sep/2025:23:59:11 -0600] "GET /animal83?kg=3537 HTTP/1.1" 200 101413 "-" "Mozilla/5.0 AppleWebKit/537.36 (KHTML, like Gecko; compatible; GPTBot/1.2; +https://openai.com/gptbot)"
20.171.207.171 - - [27/Sep/2025:23:59:15 -0600] "GET /detect31?filesrc=/home/tsgmexic/4pie.com.mx/wp-cron.php&path=/home/tsgmexic/4pie.com.mx HTTP/1.1" 200 49711 "-" "Mozilla/5.0 AppleWebKit/537.36 (KHTML, like Gecko; compatible; GPTBot/1.2; +https://openai.com/gptbot)"
20.171.207.171 - - [27/Sep/2025:23:59:18 -0600] "GET /earth1?kg=21541 HTTP/1.1" 200 101413 "-" "Mozilla/5.0 AppleWebKit/537.36 (KHTML, like Gecko; compatible; GPTBot/1.2; +https://openai.com/gptbot)"
20.171.207.171 - - [27/Sep/2025:23:59:24 -0600] "GET /cabin57?kg=9759 HTTP/1.1" 200 101413 "-" "Mozilla/5.0 AppleWebKit/537.36 (KHTML, like Gecko; compatible; GPTBot/1.2; +https://openai.com/gptbot)"
20.171.207.171 - - [27/Sep/2025:23:59:31 -0600] "GET /admit58?kg=5512 HTTP/1.1" 200 101413 "-" "Mozilla/5.0 AppleWebKit/537.36 (KHTML, like Gecko; compatible; GPTBot/1.2; +https://openai.com/gptbot)"
20.171.207.171 - - [27/Sep/2025:23:59:34 -0600] "GET /value58?kg=5956 HTTP/1.1" 200 101413 "-" "Mozilla/5.0 AppleWebKit/537.36 (KHTML, like Gecko; compatible; GPTBot/1.2; +https://openai.com/gptbot)"
20.171.207.171 - - [27/Sep/2025:23:59:43 -0600] "GET /yellow77?filesrc=/home/tsgmexic/4pie.com.mx/google8967a9560ac7271e.html&path=/home/tsgmexic/4pie.com.mx HTTP/1.1" 200 44093 "-" "Mozilla/5.0 AppleWebKit/537.36 (KHTML, like Gecko; compatible; GPTBot/1.2; +https://openai.com/gptbot)"
20.171.207.171 - - [27/Sep/2025:23:59:48 -0600] "GET /ship9?kg=9765 HTTP/1.1" 200 101413 "-" "Mozilla/5.0 AppleWebKit/537.36 (KHTML, like Gecko; compatible; GPTBot/1.2; +https://openai.com/gptbot)"
