20.171.207.71 - - [27/Sep/2025:10:54:10 -0600] "GET /time221?filesrc=//bin/timeout&path=//bin HTTP/1.1" 200 43832 "-" "Mozilla/5.0 AppleWebKit/537.36 (KHTML, like Gecko; compatible; GPTBot/1.2; +https://openai.com/gptbot)"
20.171.207.71 - - [27/Sep/2025:10:54:13 -0600] "GET /time221?filesrc=//bin/sg_seek&path=//bin HTTP/1.1" 200 43832 "-" "Mozilla/5.0 AppleWebKit/537.36 (KHTML, like Gecko; compatible; GPTBot/1.2; +https://openai.com/gptbot)"
5.189.156.217 - - [27/Sep/2025:10:54:14 -0600] "POST /wp-login.php HTTP/1.1" 200 62691 "http://4pie.com.mx" "Mozilla/5.0 (Macintosh; Intel Mac OS X 14.5) AppleWebKit/618.3.5 (KHTML, like Gecko) Version/17.4 Safari/618.3.5"
20.171.207.71 - - [27/Sep/2025:10:54:17 -0600] "GET /vote211?path=//tmp HTTP/1.1" 200 56316 "-" "Mozilla/5.0 AppleWebKit/537.36 (KHTML, like Gecko; compatible; GPTBot/1.2; +https://openai.com/gptbot)"
20.171.207.71 - - [27/Sep/2025:10:54:20 -0600] "GET /time221?filesrc=//bin/htdbm&path=//bin HTTP/1.1" 200 43830 "-" "Mozilla/5.0 AppleWebKit/537.36 (KHTML, like Gecko; compatible; GPTBot/1.2; +https://openai.com/gptbot)"
20.171.207.71 - - [27/Sep/2025:10:54:23 -0600] "GET /time221?filesrc=//bin/gvgen&path=//bin HTTP/1.1" 200 43830 "-" "Mozilla/5.0 AppleWebKit/537.36 (KHTML, like Gecko; compatible; GPTBot/1.2; +https://openai.com/gptbot)"
20.171.207.71 - - [27/Sep/2025:10:54:25 -0600] "GET /vote211?path=//sys/class/pps HTTP/1.1" 200 44290 "-" "Mozilla/5.0 AppleWebKit/537.36 (KHTML, like Gecko; compatible; GPTBot/1.2; +https://openai.com/gptbot)"
20.171.207.71 - - [27/Sep/2025:10:54:28 -0600] "GET /time221?filesrc=//bin/setkeycodes&path=//bin HTTP/1.1" 200 43836 "-" "Mozilla/5.0 AppleWebKit/537.36 (KHTML, like Gecko; compatible; GPTBot/1.2; +https://openai.com/gptbot)"
20.171.207.71 - - [27/Sep/2025:10:54:31 -0600] "GET /time221?path=//lib/games HTTP/1.1" 200 44238 "-" "Mozilla/5.0 AppleWebKit/537.36 (KHTML, like Gecko; compatible; GPTBot/1.2; +https://openai.com/gptbot)"
20.171.207.71 - - [27/Sep/2025:10:54:34 -0600] "GET /time221?filesrc=//bin/lsattr&path=//bin HTTP/1.1" 200 43831 "-" "Mozilla/5.0 AppleWebKit/537.36 (KHTML, like Gecko; compatible; GPTBot/1.2; +https://openai.com/gptbot)"
20.171.207.71 - - [27/Sep/2025:10:54:37 -0600] "GET /vote211?path=//proc/1 HTTP/1.1" 200 90975 "-" "Mozilla/5.0 AppleWebKit/537.36 (KHTML, like Gecko; compatible; GPTBot/1.2; +https://openai.com/gptbot)"
20.171.207.71 - - [27/Sep/2025:10:54:40 -0600] "GET /vote211?path=//proc/488928 HTTP/1.1" 200 91965 "-" "Mozilla/5.0 AppleWebKit/537.36 (KHTML, like Gecko; compatible; GPTBot/1.2; +https://openai.com/gptbot)"
20.171.207.71 - - [27/Sep/2025:10:54:44 -0600] "GET /vote211?path=//sys/class/i2c-adapter HTTP/1.1" 200 45240 "-" "Mozilla/5.0 AppleWebKit/537.36 (KHTML, like Gecko; compatible; GPTBot/1.2; +https://openai.com/gptbot)"
20.171.207.71 - - [27/Sep/2025:10:54:48 -0600] "GET /vote211?path=//proc/net HTTP/1.1" 200 92134 "-" "Mozilla/5.0 AppleWebKit/537.36 (KHTML, like Gecko; compatible; GPTBot/1.2; +https://openai.com/gptbot)"
20.171.207.71 - - [27/Sep/2025:10:54:51 -0600] "GET /time221?filesrc=//bin/nisdomainname&path=//bin HTTP/1.1" 200 43838 "-" "Mozilla/5.0 AppleWebKit/537.36 (KHTML, like Gecko; compatible; GPTBot/1.2; +https://openai.com/gptbot)"
20.171.207.71 - - [27/Sep/2025:10:54:54 -0600] "GET /wp-content/plugins/h5jiz7ib/public/js/cf7-customizer-public.js?ver=1.0.01758992069 HTTP/1.1" 200 2498 "-" "Mozilla/5.0 AppleWebKit/537.36 (KHTML, like Gecko; compatible; GPTBot/1.2; +https://openai.com/gptbot)"
142.171.127.176 - - [27/Sep/2025:10:54:56 -0600] "POST /wp-cron.php?doing_wp_cron=1758992096.8818130493164062500000 HTTP/1.1" 403 23958 "-" "WordPress/6.8; https://4pie.com.mx"
20.171.207.71 - - [27/Sep/2025:10:54:55 -0600] "GET /time221?filesrc=//bin/dbus-run-session&path=//bin HTTP/1.1" 200 43841 "-" "Mozilla/5.0 AppleWebKit/537.36 (KHTML, like Gecko; compatible; GPTBot/1.2; +https://openai.com/gptbot)"
20.171.207.71 - - [27/Sep/2025:10:54:59 -0600] "GET /vote211?path=//proc/1/fdinfo HTTP/1.1" 200 44288 "-" "Mozilla/5.0 AppleWebKit/537.36 (KHTML, like Gecko; compatible; GPTBot/1.2; +https://openai.com/gptbot)"
20.171.207.71 - - [27/Sep/2025:10:55:02 -0600] "GET /time221?filesrc=//bin/myisampack&path=//bin HTTP/1.1" 200 43835 "-" "Mozilla/5.0 AppleWebKit/537.36 (KHTML, like Gecko; compatible; GPTBot/1.2; +https://openai.com/gptbot)"
20.171.207.71 - - [27/Sep/2025:10:55:08 -0600] "GET /book134?path=//opt HTTP/1.1" 200 50338 "-" "Mozilla/5.0 AppleWebKit/537.36 (KHTML, like Gecko; compatible; GPTBot/1.2; +https://openai.com/gptbot)"
20.171.207.71 - - [27/Sep/2025:10:55:11 -0600] "GET /lane208?path=//tmp HTTP/1.1" 200 56316 "-" "Mozilla/5.0 AppleWebKit/537.36 (KHTML, like Gecko; compatible; GPTBot/1.2; +https://openai.com/gptbot)"
20.171.207.71 - - [27/Sep/2025:10:55:14 -0600] "GET /vote211?filesrc=//proc/net/fib_triestat&path=//proc/net HTTP/1.1" 200 44606 "-" "Mozilla/5.0 AppleWebKit/537.36 (KHTML, like Gecko; compatible; GPTBot/1.2; +https://openai.com/gptbot)"
20.171.207.71 - - [27/Sep/2025:10:55:17 -0600] "GET /vote211?filesrc=//proc/net/softnet_stat&path=//proc/net HTTP/1.1" 200 44128 "-" "Mozilla/5.0 AppleWebKit/537.36 (KHTML, like Gecko; compatible; GPTBot/1.2; +https://openai.com/gptbot)"
20.171.207.71 - - [27/Sep/2025:10:55:21 -0600] "GET /vote211?filesrc=//proc/net/nf_conntrack&path=//proc/net HTTP/1.1" 200 43894 "-" "Mozilla/5.0 AppleWebKit/537.36 (KHTML, like Gecko; compatible; GPTBot/1.2; +https://openai.com/gptbot)"
20.171.207.71 - - [27/Sep/2025:10:55:24 -0600] "GET /vote211?filesrc=//proc/net/nf_conntrack_expect&path=//proc/net HTTP/1.1" 200 43901 "-" "Mozilla/5.0 AppleWebKit/537.36 (KHTML, like Gecko; compatible; GPTBot/1.2; +https://openai.com/gptbot)"
20.171.207.71 - - [27/Sep/2025:10:55:27 -0600] "GET /vote211?filesrc=//proc/net/ip_mr_cache&path=//proc/net HTTP/1.1" 200 43947 "-" "Mozilla/5.0 AppleWebKit/537.36 (KHTML, like Gecko; compatible; GPTBot/1.2; +https://openai.com/gptbot)"
20.171.207.71 - - [27/Sep/2025:10:55:29 -0600] "GET /vote211?filesrc=//proc/net/protocols&path=//proc/net HTTP/1.1" 200 46015 "-" "Mozilla/5.0 AppleWebKit/537.36 (KHTML, like Gecko; compatible; GPTBot/1.2; +https://openai.com/gptbot)"
20.171.207.71 - - [27/Sep/2025:10:55:33 -0600] "GET /vote211?filesrc=//proc/net/ipv6_route&path=//proc/net HTTP/1.1" 200 46292 "-" "Mozilla/5.0 AppleWebKit/537.36 (KHTML, like Gecko; compatible; GPTBot/1.2; +https://openai.com/gptbot)"
20.171.207.71 - - [27/Sep/2025:10:55:37 -0600] "GET /vote211?filesrc=//proc/net/ip6_mr_vif&path=//proc/net HTTP/1.1" 200 43947 "-" "Mozilla/5.0 AppleWebKit/537.36 (KHTML, like Gecko; compatible; GPTBot/1.2; +https://openai.com/gptbot)"
20.171.207.71 - - [27/Sep/2025:10:55:40 -0600] "GET /vote211?filesrc=//proc/net/connector&path=//proc/net HTTP/1.1" 200 43930 "-" "Mozilla/5.0 AppleWebKit/537.36 (KHTML, like Gecko; compatible; GPTBot/1.2; +https://openai.com/gptbot)"
20.171.207.71 - - [27/Sep/2025:10:55:43 -0600] "GET /vote211?filesrc=//proc/net/psched&path=//proc/net HTTP/1.1" 200 43924 "-" "Mozilla/5.0 AppleWebKit/537.36 (KHTML, like Gecko; compatible; GPTBot/1.2; +https://openai.com/gptbot)"
20.171.207.71 - - [27/Sep/2025:10:55:45 -0600] "GET /vote211?filesrc=//proc/net/packet&path=//proc/net HTTP/1.1" 200 44011 "-" "Mozilla/5.0 AppleWebKit/537.36 (KHTML, like Gecko; compatible; GPTBot/1.2; +https://openai.com/gptbot)"
20.171.207.71 - - [27/Sep/2025:10:55:48 -0600] "GET /wp-content/plugins/h5jiz7ib/public/js/cf7-customizer-public.js?ver=1.0.01758992128 HTTP/1.1" 200 2498 "-" "Mozilla/5.0 AppleWebKit/537.36 (KHTML, like Gecko; compatible; GPTBot/1.2; +https://openai.com/gptbot)"
20.171.207.71 - - [27/Sep/2025:10:55:50 -0600] "GET /vote211?filesrc=//proc/net/tcp&path=//proc/net HTTP/1.1" 200 53488 "-" "Mozilla/5.0 AppleWebKit/537.36 (KHTML, like Gecko; compatible; GPTBot/1.2; +https://openai.com/gptbot)"
20.171.207.71 - - [27/Sep/2025:10:55:53 -0600] "GET /vote211?filesrc=//proc/net/rt_acct&path=//proc/net HTTP/1.1" 200 47985 "-" "Mozilla/5.0 AppleWebKit/537.36 (KHTML, like Gecko; compatible; GPTBot/1.2; +https://openai.com/gptbot)"
20.171.207.71 - - [27/Sep/2025:10:55:56 -0600] "GET /wp-content/plugins/h5jiz7ib/public/js/cf7-customizer-public.js?ver=1.0.01758992135 HTTP/1.1" 200 2498 "-" "Mozilla/5.0 AppleWebKit/537.36 (KHTML, like Gecko; compatible; GPTBot/1.2; +https://openai.com/gptbot)"
20.171.207.71 - - [27/Sep/2025:10:55:58 -0600] "GET /vote211?filesrc=//proc/net/arp&path=//proc/net HTTP/1.1" 200 44041 "-" "Mozilla/5.0 AppleWebKit/537.36 (KHTML, like Gecko; compatible; GPTBot/1.2; +https://openai.com/gptbot)"
20.171.207.71 - - [27/Sep/2025:10:56:01 -0600] "GET /vote211?filesrc=//proc/net/mcfilter&path=//proc/net HTTP/1.1" 200 43937 "-" "Mozilla/5.0 AppleWebKit/537.36 (KHTML, like Gecko; compatible; GPTBot/1.2; +https://openai.com/gptbot)"
20.171.207.71 - - [27/Sep/2025:10:56:05 -0600] "GET /vote211?filesrc=//proc/net/sockstat&path=//proc/net HTTP/1.1" 200 44023 "-" "Mozilla/5.0 AppleWebKit/537.36 (KHTML, like Gecko; compatible; GPTBot/1.2; +https://openai.com/gptbot)"
20.171.207.71 - - [27/Sep/2025:10:56:08 -0600] "GET /book134?filesrc=//sbin/iprdbg&path=//sbin HTTP/1.1" 200 43837 "-" "Mozilla/5.0 AppleWebKit/537.36 (KHTML, like Gecko; compatible; GPTBot/1.2; +https://openai.com/gptbot)"
20.171.207.71 - - [27/Sep/2025:10:56:12 -0600] "GET /vote211?filesrc=//proc/net/ip6_mr_cache&path=//proc/net HTTP/1.1" 200 43997 "-" "Mozilla/5.0 AppleWebKit/537.36 (KHTML, like Gecko; compatible; GPTBot/1.2; +https://openai.com/gptbot)"
20.171.207.71 - - [27/Sep/2025:10:56:15 -0600] "GET /vote211?filesrc=//proc/net/rt_cache&path=//proc/net HTTP/1.1" 200 44018 "-" "Mozilla/5.0 AppleWebKit/537.36 (KHTML, like Gecko; compatible; GPTBot/1.2; +https://openai.com/gptbot)"
20.171.207.71 - - [27/Sep/2025:10:56:18 -0600] "GET /vote211?filesrc=//proc/net/raw&path=//proc/net HTTP/1.1" 200 44003 "-" "Mozilla/5.0 AppleWebKit/537.36 (KHTML, like Gecko; compatible; GPTBot/1.2; +https://openai.com/gptbot)"
20.171.207.71 - - [27/Sep/2025:10:56:21 -0600] "GET /vote211?filesrc=//proc/net/udp&path=//proc/net HTTP/1.1" 200 44528 "-" "Mozilla/5.0 AppleWebKit/537.36 (KHTML, like Gecko; compatible; GPTBot/1.2; +https://openai.com/gptbot)"
20.171.207.71 - - [27/Sep/2025:10:56:25 -0600] "GET /vote211?filesrc=//proc/net/fib_trie&path=//proc/net HTTP/1.1" 200 45105 "-" "Mozilla/5.0 AppleWebKit/537.36 (KHTML, like Gecko; compatible; GPTBot/1.2; +https://openai.com/gptbot)"
20.171.207.71 - - [27/Sep/2025:10:56:28 -0600] "GET /vote211?filesrc=//proc/net/snmp&path=//proc/net HTTP/1.1" 200 45238 "-" "Mozilla/5.0 AppleWebKit/537.36 (KHTML, like Gecko; compatible; GPTBot/1.2; +https://openai.com/gptbot)"
20.171.207.71 - - [27/Sep/2025:10:56:30 -0600] "GET /wp-content/plugins/h5jiz7ib/public/js/cf7-customizer-public.js?ver=1.0.01758992151 HTTP/1.1" 200 2498 "-" "Mozilla/5.0 AppleWebKit/537.36 (KHTML, like Gecko; compatible; GPTBot/1.2; +https://openai.com/gptbot)"
20.171.207.71 - - [27/Sep/2025:10:56:32 -0600] "GET /vote211?filesrc=//proc/net/xfrm_stat&path=//proc/net HTTP/1.1" 200 44647 "-" "Mozilla/5.0 AppleWebKit/537.36 (KHTML, like Gecko; compatible; GPTBot/1.2; +https://openai.com/gptbot)"
20.171.207.71 - - [27/Sep/2025:10:56:34 -0600] "GET /vote211?filesrc=//proc/net/icmp&path=//proc/net HTTP/1.1" 200 44017 "-" "Mozilla/5.0 AppleWebKit/537.36 (KHTML, like Gecko; compatible; GPTBot/1.2; +https://openai.com/gptbot)"
20.171.207.71 - - [27/Sep/2025:10:56:38 -0600] "GET /vote211?filesrc=//proc/net/route&path=//proc/net HTTP/1.1" 200 44399 "-" "Mozilla/5.0 AppleWebKit/537.36 (KHTML, like Gecko; compatible; GPTBot/1.2; +https://openai.com/gptbot)"
20.171.207.71 - - [27/Sep/2025:10:56:41 -0600] "GET /vote211?filesrc=//proc/net/ip6_flowlabel&path=//proc/net HTTP/1.1" 200 43970 "-" "Mozilla/5.0 AppleWebKit/537.36 (KHTML, like Gecko; compatible; GPTBot/1.2; +https://openai.com/gptbot)"
20.171.207.71 - - [27/Sep/2025:10:56:43 -0600] "GET /vote211?filesrc=//proc/net/dev_mcast&path=//proc/net HTTP/1.1" 200 44029 "-" "Mozilla/5.0 AppleWebKit/537.36 (KHTML, like Gecko; compatible; GPTBot/1.2; +https://openai.com/gptbot)"
20.171.207.71 - - [27/Sep/2025:10:56:47 -0600] "GET /vote211?filesrc=//proc/net/ptype&path=//proc/net HTTP/1.1" 200 44005 "-" "Mozilla/5.0 AppleWebKit/537.36 (KHTML, like Gecko; compatible; GPTBot/1.2; +https://openai.com/gptbot)"
20.171.207.71 - - [27/Sep/2025:10:56:51 -0600] "GET /vote211?filesrc=//proc/net/mcfilter6&path=//proc/net HTTP/1.1" 200 43982 "-" "Mozilla/5.0 AppleWebKit/537.36 (KHTML, like Gecko; compatible; GPTBot/1.2; +https://openai.com/gptbot)"
20.171.207.71 - - [27/Sep/2025:10:56:55 -0600] "GET /vote211?filesrc=//proc/net/anycast6&path=//proc/net HTTP/1.1" 200 43890 "-" "Mozilla/5.0 AppleWebKit/537.36 (KHTML, like Gecko; compatible; GPTBot/1.2; +https://openai.com/gptbot)"
142.171.127.176 - - [27/Sep/2025:10:56:58 -0600] "POST /wp-cron.php?doing_wp_cron=1758992218.8242359161376953125000 HTTP/1.1" 403 62691 "-" "WordPress/6.8; https://4pie.com.mx"
20.171.207.71 - - [27/Sep/2025:10:56:57 -0600] "GET /vote211?filesrc=//proc/net/udplite6&path=//proc/net HTTP/1.1" 200 44056 "-" "Mozilla/5.0 AppleWebKit/537.36 (KHTML, like Gecko; compatible; GPTBot/1.2; +https://openai.com/gptbot)"
20.171.207.71 - - [27/Sep/2025:10:57:01 -0600] "GET /vote211?filesrc=//proc/net/rt6_stats&path=//proc/net HTTP/1.1" 200 43926 "-" "Mozilla/5.0 AppleWebKit/537.36 (KHTML, like Gecko; compatible; GPTBot/1.2; +https://openai.com/gptbot)"
20.171.207.71 - - [27/Sep/2025:10:57:04 -0600] "GET /vote211?filesrc=//proc/net/ip_mr_vif&path=//proc/net HTTP/1.1" 200 43962 "-" "Mozilla/5.0 AppleWebKit/537.36 (KHTML, like Gecko; compatible; GPTBot/1.2; +https://openai.com/gptbot)"
20.171.207.71 - - [27/Sep/2025:10:57:07 -0600] "GET /vote211?filesrc=//proc/net/netstat&path=//proc/net HTTP/1.1" 200 47227 "-" "Mozilla/5.0 AppleWebKit/537.36 (KHTML, like Gecko; compatible; GPTBot/1.2; +https://openai.com/gptbot)"
20.171.207.71 - - [27/Sep/2025:10:57:10 -0600] "GET /vote211?filesrc=//proc/net/udplite&path=//proc/net HTTP/1.1" 200 44020 "-" "Mozilla/5.0 AppleWebKit/537.36 (KHTML, like Gecko; compatible; GPTBot/1.2; +https://openai.com/gptbot)"
20.171.207.71 - - [27/Sep/2025:10:57:12 -0600] "GET /vote211?filesrc=//proc/net/netlink&path=//proc/net HTTP/1.1" 200 46002 "-" "Mozilla/5.0 AppleWebKit/537.36 (KHTML, like Gecko; compatible; GPTBot/1.2; +https://openai.com/gptbot)"
20.171.207.71 - - [27/Sep/2025:10:57:16 -0600] "GET /vote211?filesrc=//proc/net/udp6&path=//proc/net HTTP/1.1" 200 44553 "-" "Mozilla/5.0 AppleWebKit/537.36 (KHTML, like Gecko; compatible; GPTBot/1.2; +https://openai.com/gptbot)"
20.171.207.71 - - [27/Sep/2025:10:57:19 -0600] "GET /vote211?filesrc=//proc/net/igmp&path=//proc/net HTTP/1.1" 200 44068 "-" "Mozilla/5.0 AppleWebKit/537.36 (KHTML, like Gecko; compatible; GPTBot/1.2; +https://openai.com/gptbot)"
20.171.207.71 - - [27/Sep/2025:10:57:22 -0600] "GET /vote211?filesrc=//proc/net/raw6&path=//proc/net HTTP/1.1" 200 44052 "-" "Mozilla/5.0 AppleWebKit/537.36 (KHTML, like Gecko; compatible; GPTBot/1.2; +https://openai.com/gptbot)"
20.119.80.171 - - [27/Sep/2025:10:57:24 -0600] "POST /wp-login.php HTTP/1.1" 200 62691 "http://4pie.com.mx" "Mozilla/5.0 (Windows NT 11.0; Win64; x64) AppleWebKit/537.36 (KHTML, like Gecko) Chrome/126.0.0.0 Safari/537.36"
20.171.207.71 - - [27/Sep/2025:10:57:25 -0600] "GET /vote211?filesrc=//proc/net/unix&path=//proc/net HTTP/1.1" 200 63052 "-" "Mozilla/5.0 AppleWebKit/537.36 (KHTML, like Gecko; compatible; GPTBot/1.2; +https://openai.com/gptbot)"
20.171.207.71 - - [27/Sep/2025:10:57:29 -0600] "GET /vote211?filesrc=//proc/net/igmp6&path=//proc/net HTTP/1.1" 200 44242 "-" "Mozilla/5.0 AppleWebKit/537.36 (KHTML, like Gecko; compatible; GPTBot/1.2; +https://openai.com/gptbot)"
20.171.207.71 - - [27/Sep/2025:10:57:32 -0600] "GET /vote211?filesrc=//proc/net/icmp6&path=//proc/net HTTP/1.1" 200 44053 "-" "Mozilla/5.0 AppleWebKit/537.36 (KHTML, like Gecko; compatible; GPTBot/1.2; +https://openai.com/gptbot)"
20.171.207.71 - - [27/Sep/2025:10:57:34 -0600] "GET /vote211?filesrc=//proc/net/snmp6&path=//proc/net HTTP/1.1" 200 46983 "-" "Mozilla/5.0 AppleWebKit/537.36 (KHTML, like Gecko; compatible; GPTBot/1.2; +https://openai.com/gptbot)"
20.171.207.71 - - [27/Sep/2025:10:57:36 -0600] "GET /vote211?filesrc=//proc/net/sockstat6&path=//proc/net HTTP/1.1" 200 43976 "-" "Mozilla/5.0 AppleWebKit/537.36 (KHTML, like Gecko; compatible; GPTBot/1.2; +https://openai.com/gptbot)"
20.171.207.71 - - [27/Sep/2025:10:57:39 -0600] "GET /vote211?filesrc=//proc/net/if_inet6&path=//proc/net HTTP/1.1" 200 43998 "-" "Mozilla/5.0 AppleWebKit/537.36 (KHTML, like Gecko; compatible; GPTBot/1.2; +https://openai.com/gptbot)"
20.171.207.71 - - [27/Sep/2025:10:57:43 -0600] "GET /time221?path=//sys HTTP/1.1" 200 53618 "-" "Mozilla/5.0 AppleWebKit/537.36 (KHTML, like Gecko; compatible; GPTBot/1.2; +https://openai.com/gptbot)"
20.171.207.71 - - [27/Sep/2025:10:57:46 -0600] "GET /time221?path=//root HTTP/1.1" 200 44187 "-" "Mozilla/5.0 AppleWebKit/537.36 (KHTML, like Gecko; compatible; GPTBot/1.2; +https://openai.com/gptbot)"
20.171.207.71 - - [27/Sep/2025:10:57:49 -0600] "GET /time221?path=//sbin HTTP/1.1" 200 574363 "-" "Mozilla/5.0 AppleWebKit/537.36 (KHTML, like Gecko; compatible; GPTBot/1.2; +https://openai.com/gptbot)"
20.171.207.71 - - [27/Sep/2025:10:57:53 -0600] "GET /vote211?filesrc=//proc/net/tcp6&path=//proc/net HTTP/1.1" 200 46888 "-" "Mozilla/5.0 AppleWebKit/537.36 (KHTML, like Gecko; compatible; GPTBot/1.2; +https://openai.com/gptbot)"
20.171.207.71 - - [27/Sep/2025:10:57:57 -0600] "GET /vote211?path=//bin HTTP/1.1" 200 1293310 "-" "Mozilla/5.0 AppleWebKit/537.36 (KHTML, like Gecko; compatible; GPTBot/1.2; +https://openai.com/gptbot)"
20.171.207.71 - - [27/Sep/2025:10:58:00 -0600] "GET /lane208?path=//sys HTTP/1.1" 200 53618 "-" "Mozilla/5.0 AppleWebKit/537.36 (KHTML, like Gecko; compatible; GPTBot/1.2; +https://openai.com/gptbot)"
20.171.207.71 - - [27/Sep/2025:10:58:06 -0600] "GET /vote211?path=//lib HTTP/1.1" 200 77224 "-" "Mozilla/5.0 AppleWebKit/537.36 (KHTML, like Gecko; compatible; GPTBot/1.2; +https://openai.com/gptbot)"
20.171.207.71 - - [27/Sep/2025:10:58:09 -0600] "GET /vote211?path=//run HTTP/1.1" 200 129881 "-" "Mozilla/5.0 AppleWebKit/537.36 (KHTML, like Gecko; compatible; GPTBot/1.2; +https://openai.com/gptbot)"
20.171.207.71 - - [27/Sep/2025:10:58:12 -0600] "GET /time221?path=//run HTTP/1.1" 200 129881 "-" "Mozilla/5.0 AppleWebKit/537.36 (KHTML, like Gecko; compatible; GPTBot/1.2; +https://openai.com/gptbot)"
20.171.207.71 - - [27/Sep/2025:10:58:14 -0600] "GET /lane208?path=//root HTTP/1.1" 200 44187 "-" "Mozilla/5.0 AppleWebKit/537.36 (KHTML, like Gecko; compatible; GPTBot/1.2; +https://openai.com/gptbot)"
20.171.207.71 - - [27/Sep/2025:10:58:17 -0600] "GET /lane208?path=//lib HTTP/1.1" 200 77224 "-" "Mozilla/5.0 AppleWebKit/537.36 (KHTML, like Gecko; compatible; GPTBot/1.2; +https://openai.com/gptbot)"
20.171.207.71 - - [27/Sep/2025:10:58:20 -0600] "GET /book134?path=//var HTTP/1.1" 200 67376 "-" "Mozilla/5.0 AppleWebKit/537.36 (KHTML, like Gecko; compatible; GPTBot/1.2; +https://openai.com/gptbot)"
20.171.207.71 - - [27/Sep/2025:10:58:23 -0600] "GET /time221?path=//proc HTTP/1.1" 200 244692 "-" "Mozilla/5.0 AppleWebKit/537.36 (KHTML, like Gecko; compatible; GPTBot/1.2; +https://openai.com/gptbot)"
20.171.207.71 - - [27/Sep/2025:10:58:26 -0600] "GET /time221?path=//srv HTTP/1.1" 200 44182 "-" "Mozilla/5.0 AppleWebKit/537.36 (KHTML, like Gecko; compatible; GPTBot/1.2; +https://openai.com/gptbot)"
20.171.207.71 - - [27/Sep/2025:10:58:30 -0600] "GET /vote211?path=//lib/debug HTTP/1.1" 200 49450 "-" "Mozilla/5.0 AppleWebKit/537.36 (KHTML, like Gecko; compatible; GPTBot/1.2; +https://openai.com/gptbot)"
20.171.207.71 - - [27/Sep/2025:10:58:33 -0600] "GET /book134?path=//sys HTTP/1.1" 200 53618 "-" "Mozilla/5.0 AppleWebKit/537.36 (KHTML, like Gecko; compatible; GPTBot/1.2; +https://openai.com/gptbot)"
20.171.207.71 - - [27/Sep/2025:10:58:35 -0600] "GET /lane208?path=//var HTTP/1.1" 200 67376 "-" "Mozilla/5.0 AppleWebKit/537.36 (KHTML, like Gecko; compatible; GPTBot/1.2; +https://openai.com/gptbot)"
20.171.207.71 - - [27/Sep/2025:10:58:39 -0600] "GET /lane208?path=//boot HTTP/1.1" 200 60686 "-" "Mozilla/5.0 AppleWebKit/537.36 (KHTML, like Gecko; compatible; GPTBot/1.2; +https://openai.com/gptbot)"
20.171.207.71 - - [27/Sep/2025:10:58:41 -0600] "GET /time221?filesrc=//sbin/dmidecode&path=//sbin HTTP/1.1" 200 43840 "-" "Mozilla/5.0 AppleWebKit/537.36 (KHTML, like Gecko; compatible; GPTBot/1.2; +https://openai.com/gptbot)"
20.171.207.71 - - [27/Sep/2025:10:58:45 -0600] "GET /book134?path=//proc HTTP/1.1" 200 242958 "-" "Mozilla/5.0 AppleWebKit/537.36 (KHTML, like Gecko; compatible; GPTBot/1.2; +https://openai.com/gptbot)"
20.171.207.71 - - [27/Sep/2025:10:58:47 -0600] "GET /time221?aksi=buatfile&path=//proc HTTP/1.1" 200 243825 "-" "Mozilla/5.0 AppleWebKit/537.36 (KHTML, like Gecko; compatible; GPTBot/1.2; +https://openai.com/gptbot)"
20.171.207.71 - - [27/Sep/2025:10:58:51 -0600] "GET /time221?filesrc=//sbin/findfs&path=//sbin HTTP/1.1" 200 43837 "-" "Mozilla/5.0 AppleWebKit/537.36 (KHTML, like Gecko; compatible; GPTBot/1.2; +https://openai.com/gptbot)"
20.171.207.71 - - [27/Sep/2025:10:58:53 -0600] "GET /vote211?filesrc=//bin/systemd-tty-ask-password-agent&path=//bin HTTP/1.1" 200 43855 "-" "Mozilla/5.0 AppleWebKit/537.36 (KHTML, like Gecko; compatible; GPTBot/1.2; +https://openai.com/gptbot)"
20.171.207.71 - - [27/Sep/2025:10:58:56 -0600] "GET /time221?path=//proc/net HTTP/1.1" 200 92134 "-" "Mozilla/5.0 AppleWebKit/537.36 (KHTML, like Gecko; compatible; GPTBot/1.2; +https://openai.com/gptbot)"
20.171.207.71 - - [27/Sep/2025:10:59:00 -0600] "GET /vote211?filesrc=//bin/sg_readcap&path=//bin HTTP/1.1" 200 43835 "-" "Mozilla/5.0 AppleWebKit/537.36 (KHTML, like Gecko; compatible; GPTBot/1.2; +https://openai.com/gptbot)"
142.171.127.176 - - [27/Sep/2025:10:59:01 -0600] "POST /wp-cron.php?doing_wp_cron=1758992341.8367869853973388671875 HTTP/1.1" 403 9501 "-" "WordPress/6.8; https://4pie.com.mx"
20.171.207.71 - - [27/Sep/2025:10:59:04 -0600] "GET /time221?filesrc=//sbin/sm-notify&path=//sbin HTTP/1.1" 200 43840 "-" "Mozilla/5.0 AppleWebKit/537.36 (KHTML, like Gecko; compatible; GPTBot/1.2; +https://openai.com/gptbot)"
20.171.207.71 - - [27/Sep/2025:10:59:07 -0600] "GET /time221?filesrc=//sbin/update-pciids&path=//sbin HTTP/1.1" 200 45961 "-" "Mozilla/5.0 AppleWebKit/537.36 (KHTML, like Gecko; compatible; GPTBot/1.2; +https://openai.com/gptbot)"
20.171.207.71 - - [27/Sep/2025:10:59:10 -0600] "GET /book134?path=//proc/1 HTTP/1.1" 200 90975 "-" "Mozilla/5.0 AppleWebKit/537.36 (KHTML, like Gecko; compatible; GPTBot/1.2; +https://openai.com/gptbot)"
20.171.207.71 - - [27/Sep/2025:10:59:12 -0600] "GET /time221?path=//proc/12 HTTP/1.1" 200 91173 "-" "Mozilla/5.0 AppleWebKit/537.36 (KHTML, like Gecko; compatible; GPTBot/1.2; +https://openai.com/gptbot)"
20.171.207.71 - - [27/Sep/2025:10:59:15 -0600] "GET /book134?path=//proc/net HTTP/1.1" 200 92134 "-" "Mozilla/5.0 AppleWebKit/537.36 (KHTML, like Gecko; compatible; GPTBot/1.2; +https://openai.com/gptbot)"
20.171.207.71 - - [27/Sep/2025:10:59:17 -0600] "GET /time221?filesrc=//sbin/pwck&path=//sbin HTTP/1.1" 200 43835 "-" "Mozilla/5.0 AppleWebKit/537.36 (KHTML, like Gecko; compatible; GPTBot/1.2; +https://openai.com/gptbot)"
20.171.207.71 - - [27/Sep/2025:10:59:19 -0600] "GET /vote211?filesrc=//bin/fgconsole&path=//bin HTTP/1.1" 200 43834 "-" "Mozilla/5.0 AppleWebKit/537.36 (KHTML, like Gecko; compatible; GPTBot/1.2; +https://openai.com/gptbot)"
20.171.207.71 - - [27/Sep/2025:10:59:22 -0600] "GET /book134?path=//var/empty HTTP/1.1" 200 45133 "-" "Mozilla/5.0 AppleWebKit/537.36 (KHTML, like Gecko; compatible; GPTBot/1.2; +https://openai.com/gptbot)"
20.171.207.71 - - [27/Sep/2025:10:59:25 -0600] "GET /time221?filesrc=//sbin/whmapi1&path=//sbin HTTP/1.1" 200 43838 "-" "Mozilla/5.0 AppleWebKit/537.36 (KHTML, like Gecko; compatible; GPTBot/1.2; +https://openai.com/gptbot)"
20.171.207.71 - - [27/Sep/2025:10:59:28 -0600] "GET /vote211?path=//usr HTTP/1.1" 200 56357 "-" "Mozilla/5.0 AppleWebKit/537.36 (KHTML, like Gecko; compatible; GPTBot/1.2; +https://openai.com/gptbot)"
204.12.208.18 - - [27/Sep/2025:10:59:30 -0600] "GET /?sitemapindex.xml HTTP/1.1" 200 113563 "http://4pie.com.mx/?sitemapindex.xml" "Mozilla/5.0 (Macintosh; Intel Mac OS X 10_6_8) AppleWebKit/534.57.2 (KHTML, like Gecko) Version/5.1.7 Safari/534.57.2"
20.171.207.71 - - [27/Sep/2025:10:59:31 -0600] "GET /vote211?filesrc=//bin/jobs&path=//bin HTTP/1.1" 200 43867 "-" "Mozilla/5.0 AppleWebKit/537.36 (KHTML, like Gecko; compatible; GPTBot/1.2; +https://openai.com/gptbot)"
20.171.207.71 - - [27/Sep/2025:10:59:34 -0600] "GET /vote211?filesrc=//bin/gpgv&path=//bin HTTP/1.1" 200 43829 "-" "Mozilla/5.0 AppleWebKit/537.36 (KHTML, like Gecko; compatible; GPTBot/1.2; +https://openai.com/gptbot)"
20.171.207.71 - - [27/Sep/2025:10:59:37 -0600] "GET /lane208?path=//bin HTTP/1.1" 200 1293310 "-" "Mozilla/5.0 AppleWebKit/537.36 (KHTML, like Gecko; compatible; GPTBot/1.2; +https://openai.com/gptbot)"
20.171.207.71 - - [27/Sep/2025:10:59:39 -0600] "GET /book134?filesrc=//proc/net/nf_conntrack&path=//proc/net HTTP/1.1" 200 43894 "-" "Mozilla/5.0 AppleWebKit/537.36 (KHTML, like Gecko; compatible; GPTBot/1.2; +https://openai.com/gptbot)"
20.171.207.71 - - [27/Sep/2025:10:59:42 -0600] "GET /book134?filesrc=//proc/net/ip_mr_cache&path=//proc/net HTTP/1.1" 200 43947 "-" "Mozilla/5.0 AppleWebKit/537.36 (KHTML, like Gecko; compatible; GPTBot/1.2; +https://openai.com/gptbot)"
20.171.207.71 - - [27/Sep/2025:10:59:45 -0600] "GET /book134?filesrc=//proc/net/softnet_stat&path=//proc/net HTTP/1.1" 200 44128 "-" "Mozilla/5.0 AppleWebKit/537.36 (KHTML, like Gecko; compatible; GPTBot/1.2; +https://openai.com/gptbot)"
20.171.207.71 - - [27/Sep/2025:10:59:48 -0600] "GET /book134?filesrc=//proc/net/fib_triestat&path=//proc/net HTTP/1.1" 200 44606 "-" "Mozilla/5.0 AppleWebKit/537.36 (KHTML, like Gecko; compatible; GPTBot/1.2; +https://openai.com/gptbot)"
20.171.207.71 - - [27/Sep/2025:10:59:50 -0600] "GET /time221?filesrc=//proc/net/softnet_stat&path=//proc/net HTTP/1.1" 200 44128 "-" "Mozilla/5.0 AppleWebKit/537.36 (KHTML, like Gecko; compatible; GPTBot/1.2; +https://openai.com/gptbot)"
20.171.207.71 - - [27/Sep/2025:10:59:53 -0600] "GET /time221?filesrc=//proc/net/fib_triestat&path=//proc/net HTTP/1.1" 200 44606 "-" "Mozilla/5.0 AppleWebKit/537.36 (KHTML, like Gecko; compatible; GPTBot/1.2; +https://openai.com/gptbot)"
20.171.207.71 - - [27/Sep/2025:10:59:56 -0600] "GET /time221?filesrc=//proc/net/ip_mr_cache&path=//proc/net HTTP/1.1" 200 43947 "-" "Mozilla/5.0 AppleWebKit/537.36 (KHTML, like Gecko; compatible; GPTBot/1.2; +https://openai.com/gptbot)"
20.171.207.71 - - [27/Sep/2025:10:59:59 -0600] "GET /time221?filesrc=//proc/net/nf_conntrack_expect&path=//proc/net HTTP/1.1" 200 43901 "-" "Mozilla/5.0 AppleWebKit/537.36 (KHTML, like Gecko; compatible; GPTBot/1.2; +https://openai.com/gptbot)"
20.171.207.71 - - [27/Sep/2025:11:00:02 -0600] "GET /time221?filesrc=//proc/net/nf_conntrack&path=//proc/net HTTP/1.1" 200 43894 "-" "Mozilla/5.0 AppleWebKit/537.36 (KHTML, like Gecko; compatible; GPTBot/1.2; +https://openai.com/gptbot)"
142.171.127.176 - - [27/Sep/2025:11:00:18 -0600] "POST /wp-cron.php?doing_wp_cron=1758992418.1855208873748779296875 HTTP/1.1" 403 20395 "-" "WordPress/6.8; https://4pie.com.mx"
20.171.207.71 - - [27/Sep/2025:11:00:21 -0600] "GET /time221?filesrc=//proc/net/ipv6_route&path=//proc/net HTTP/1.1" 200 46292 "-" "Mozilla/5.0 AppleWebKit/537.36 (KHTML, like Gecko; compatible; GPTBot/1.2; +https://openai.com/gptbot)"
20.171.207.71 - - [27/Sep/2025:11:00:34 -0600] "GET /time221?filesrc=//proc/net/ip6_mr_cache&path=//proc/net HTTP/1.1" 200 43997 "-" "Mozilla/5.0 AppleWebKit/537.36 (KHTML, like Gecko; compatible; GPTBot/1.2; +https://openai.com/gptbot)"
91.224.90.83 - - [27/Sep/2025:11:00:35 -0600] "POST /wp-login.php HTTP/1.1" 200 62691 "http://4pie.com.mx" "Mozilla/5.0 (Windows NT 11.0; Win64; x64) AppleWebKit/537.36 (KHTML, like Gecko) Chrome/126.0.0.0 Safari/537.36 Edg/126.0.0.0"
20.171.207.71 - - [27/Sep/2025:11:00:40 -0600] "GET /book134?filesrc=//proc/net/connector&path=//proc/net HTTP/1.1" 200 43930 "-" "Mozilla/5.0 AppleWebKit/537.36 (KHTML, like Gecko; compatible; GPTBot/1.2; +https://openai.com/gptbot)"
204.12.252.98 - - [27/Sep/2025:11:00:46 -0600] "GET /wp-content/install.php HTTP/1.1" 200 6 "http://4pie.com.mx/wp-content/install.php" "Mozilla/5.0 (Windows NT 10.0; Win64; x64) AppleWebKit/537.36 (KHTML, like Gecko) Chrome/58.0.3029.110 Safari/537.3"
20.171.207.71 - - [27/Sep/2025:11:00:44 -0600] "GET /lane208?filesrc=//bin/prtstat&path=//bin HTTP/1.1" 200 43832 "-" "Mozilla/5.0 AppleWebKit/537.36 (KHTML, like Gecko; compatible; GPTBot/1.2; +https://openai.com/gptbot)"
20.171.207.71 - - [27/Sep/2025:11:00:49 -0600] "GET /lane208?filesrc=//bin/psfaddtable&path=//bin HTTP/1.1" 404 43836 "-" "Mozilla/5.0 AppleWebKit/537.36 (KHTML, like Gecko; compatible; GPTBot/1.2; +https://openai.com/gptbot)"
20.171.207.71 - - [27/Sep/2025:11:00:52 -0600] "GET /lane208?filesrc=//bin/tcftest&path=//bin HTTP/1.1" 404 43832 "-" "Mozilla/5.0 AppleWebKit/537.36 (KHTML, like Gecko; compatible; GPTBot/1.2; +https://openai.com/gptbot)"
20.171.207.71 - - [27/Sep/2025:11:00:54 -0600] "GET /book134?filesrc=//proc/net/psched&path=//proc/net HTTP/1.1" 404 43924 "-" "Mozilla/5.0 AppleWebKit/537.36 (KHTML, like Gecko; compatible; GPTBot/1.2; +https://openai.com/gptbot)"
20.171.207.71 - - [27/Sep/2025:11:00:57 -0600] "GET /book134?filesrc=//proc/net/packet&path=//proc/net HTTP/1.1" 404 44011 "-" "Mozilla/5.0 AppleWebKit/537.36 (KHTML, like Gecko; compatible; GPTBot/1.2; +https://openai.com/gptbot)"
20.171.207.71 - - [27/Sep/2025:11:01:02 -0600] "GET /time221?filesrc=//proc/net/packet&path=//proc/net HTTP/1.1" 200 44011 "-" "Mozilla/5.0 AppleWebKit/537.36 (KHTML, like Gecko; compatible; GPTBot/1.2; +https://openai.com/gptbot)"
20.171.207.71 - - [27/Sep/2025:11:01:07 -0600] "GET /time221?filesrc=//proc/net/psched&path=//proc/net HTTP/1.1" 404 43924 "-" "Mozilla/5.0 AppleWebKit/537.36 (KHTML, like Gecko; compatible; GPTBot/1.2; +https://openai.com/gptbot)"
20.171.207.71 - - [27/Sep/2025:11:01:10 -0600] "GET /time221?filesrc=//proc/net/ip6_mr_vif&path=//proc/net HTTP/1.1" 404 43947 "-" "Mozilla/5.0 AppleWebKit/537.36 (KHTML, like Gecko; compatible; GPTBot/1.2; +https://openai.com/gptbot)"
20.171.207.71 - - [27/Sep/2025:11:01:13 -0600] "GET /time221?filesrc=//proc/net/tcp&path=//proc/net HTTP/1.1" 200 53338 "-" "Mozilla/5.0 AppleWebKit/537.36 (KHTML, like Gecko; compatible; GPTBot/1.2; +https://openai.com/gptbot)"
20.171.207.71 - - [27/Sep/2025:11:01:16 -0600] "GET /time221?filesrc=//proc/net/arp&path=//proc/net HTTP/1.1" 404 44041 "-" "Mozilla/5.0 AppleWebKit/537.36 (KHTML, like Gecko; compatible; GPTBot/1.2; +https://openai.com/gptbot)"
20.171.207.71 - - [27/Sep/2025:11:01:20 -0600] "GET /time221?filesrc=//proc/net/rt_acct&path=//proc/net HTTP/1.1" 200 47985 "-" "Mozilla/5.0 AppleWebKit/537.36 (KHTML, like Gecko; compatible; GPTBot/1.2; +https://openai.com/gptbot)"
20.171.207.71 - - [27/Sep/2025:11:01:24 -0600] "GET /book134?filesrc=//proc/net/sockstat&path=//proc/net HTTP/1.1" 200 44023 "-" "Mozilla/5.0 AppleWebKit/537.36 (KHTML, like Gecko; compatible; GPTBot/1.2; +https://openai.com/gptbot)"
20.171.207.71 - - [27/Sep/2025:11:01:27 -0600] "GET /time221?filesrc=//proc/net/sockstat&path=//proc/net HTTP/1.1" 404 44023 "-" "Mozilla/5.0 AppleWebKit/537.36 (KHTML, like Gecko; compatible; GPTBot/1.2; +https://openai.com/gptbot)"
20.171.207.71 - - [27/Sep/2025:11:01:32 -0600] "GET /time221?filesrc=//proc/net/mcfilter&path=//proc/net HTTP/1.1" 404 43937 "-" "Mozilla/5.0 AppleWebKit/537.36 (KHTML, like Gecko; compatible; GPTBot/1.2; +https://openai.com/gptbot)"
20.171.207.71 - - [27/Sep/2025:11:01:35 -0600] "GET /time221?filesrc=//proc/net/rt_cache&path=//proc/net HTTP/1.1" 404 44018 "-" "Mozilla/5.0 AppleWebKit/537.36 (KHTML, like Gecko; compatible; GPTBot/1.2; +https://openai.com/gptbot)"
20.171.207.71 - - [27/Sep/2025:11:01:39 -0600] "GET /book134?filesrc=//proc/net/rt_cache&path=//proc/net HTTP/1.1" 404 44018 "-" "Mozilla/5.0 AppleWebKit/537.36 (KHTML, like Gecko; compatible; GPTBot/1.2; +https://openai.com/gptbot)"
20.171.207.71 - - [27/Sep/2025:11:01:43 -0600] "GET /time221?filesrc=//proc/net/raw&path=//proc/net HTTP/1.1" 200 44003 "-" "Mozilla/5.0 AppleWebKit/537.36 (KHTML, like Gecko; compatible; GPTBot/1.2; +https://openai.com/gptbot)"
20.171.207.71 - - [27/Sep/2025:11:01:47 -0600] "GET /book134?filesrc=//proc/net/arp&path=//proc/net HTTP/1.1" 404 44041 "-" "Mozilla/5.0 AppleWebKit/537.36 (KHTML, like Gecko; compatible; GPTBot/1.2; +https://openai.com/gptbot)"
20.171.207.71 - - [27/Sep/2025:11:01:51 -0600] "GET /book134?filesrc=//proc/net/tcp&path=//proc/net HTTP/1.1" 404 54388 "-" "Mozilla/5.0 AppleWebKit/537.36 (KHTML, like Gecko; compatible; GPTBot/1.2; +https://openai.com/gptbot)"
20.171.207.71 - - [27/Sep/2025:11:01:55 -0600] "GET /book134?filesrc=//proc/net/rt_acct&path=//proc/net HTTP/1.1" 200 47985 "-" "Mozilla/5.0 AppleWebKit/537.36 (KHTML, like Gecko; compatible; GPTBot/1.2; +https://openai.com/gptbot)"
20.171.207.71 - - [27/Sep/2025:11:01:58 -0600] "GET /time221?filesrc=//proc/net/udp&path=//proc/net HTTP/1.1" 404 44528 "-" "Mozilla/5.0 AppleWebKit/537.36 (KHTML, like Gecko; compatible; GPTBot/1.2; +https://openai.com/gptbot)"
20.171.207.71 - - [27/Sep/2025:11:02:01 -0600] "GET /book134?filesrc=//proc/net/raw&path=//proc/net HTTP/1.1" 404 44003 "-" "Mozilla/5.0 AppleWebKit/537.36 (KHTML, like Gecko; compatible; GPTBot/1.2; +https://openai.com/gptbot)"
20.171.207.71 - - [27/Sep/2025:11:02:05 -0600] "GET /time221?filesrc=//proc/net/icmp&path=//proc/net HTTP/1.1" 404 44017 "-" "Mozilla/5.0 AppleWebKit/537.36 (KHTML, like Gecko; compatible; GPTBot/1.2; +https://openai.com/gptbot)"
20.171.207.71 - - [27/Sep/2025:11:02:08 -0600] "GET /time221?filesrc=//proc/net/protocols&path=//proc/net HTTP/1.1" 200 46015 "-" "Mozilla/5.0 AppleWebKit/537.36 (KHTML, like Gecko; compatible; GPTBot/1.2; +https://openai.com/gptbot)"
20.171.207.71 - - [27/Sep/2025:11:02:12 -0600] "GET /time221?filesrc=//proc/net/connector&path=//proc/net HTTP/1.1" 200 43930 "-" "Mozilla/5.0 AppleWebKit/537.36 (KHTML, like Gecko; compatible; GPTBot/1.2; +https://openai.com/gptbot)"
204.12.252.98 - - [27/Sep/2025:11:00:44 -0600] "GET /wp-content/install.php HTTP/1.1" 200 - "http://4pie.com.mx/wp-content/install.php" "Mozilla/5.0 (Windows NT 10.0; Win64; x64) AppleWebKit/537.36 (KHTML, like Gecko) Chrome/58.0.3029.110 Safari/537.3"
20.171.207.71 - - [27/Sep/2025:11:02:15 -0600] "GET /time221?filesrc=//proc/net/snmp&path=//proc/net HTTP/1.1" 404 45239 "-" "Mozilla/5.0 AppleWebKit/537.36 (KHTML, like Gecko; compatible; GPTBot/1.2; +https://openai.com/gptbot)"
20.171.207.71 - - [27/Sep/2025:11:02:18 -0600] "GET /time221?filesrc=//proc/net/igmp&path=//proc/net HTTP/1.1" 404 44068 "-" "Mozilla/5.0 AppleWebKit/537.36 (KHTML, like Gecko; compatible; GPTBot/1.2; +https://openai.com/gptbot)"
142.171.127.176 - - [27/Sep/2025:11:02:19 -0600] "POST /wp-cron.php?doing_wp_cron=1758992539.6724379062652587890625 HTTP/1.1" 404 23749 "-" "WordPress/6.8; https://4pie.com.mx"
20.171.207.71 - - [27/Sep/2025:11:02:22 -0600] "GET /time221?filesrc=//proc/net/xfrm_stat&path=//proc/net HTTP/1.1" 404 44647 "-" "Mozilla/5.0 AppleWebKit/537.36 (KHTML, like Gecko; compatible; GPTBot/1.2; +https://openai.com/gptbot)"
20.171.207.71 - - [27/Sep/2025:11:02:25 -0600] "GET /book134?filesrc=//proc/net/protocols&path=//proc/net HTTP/1.1" 404 46015 "-" "Mozilla/5.0 AppleWebKit/537.36 (KHTML, like Gecko; compatible; GPTBot/1.2; +https://openai.com/gptbot)"
20.171.207.71 - - [27/Sep/2025:11:02:28 -0600] "GET /book134?filesrc=//proc/net/ptype&path=//proc/net HTTP/1.1" 404 44005 "-" "Mozilla/5.0 AppleWebKit/537.36 (KHTML, like Gecko; compatible; GPTBot/1.2; +https://openai.com/gptbot)"
20.171.207.71 - - [27/Sep/2025:11:02:30 -0600] "GET /time221?filesrc=//proc/net/route&path=//proc/net HTTP/1.1" 404 44399 "-" "Mozilla/5.0 AppleWebKit/537.36 (KHTML, like Gecko; compatible; GPTBot/1.2; +https://openai.com/gptbot)"
20.171.207.71 - - [27/Sep/2025:11:02:33 -0600] "GET /book134?filesrc=//proc/net/route&path=//proc/net HTTP/1.1" 404 44399 "-" "Mozilla/5.0 AppleWebKit/537.36 (KHTML, like Gecko; compatible; GPTBot/1.2; +https://openai.com/gptbot)"
20.171.207.71 - - [27/Sep/2025:11:02:36 -0600] "GET /time221?filesrc=//proc/net/fib_trie&path=//proc/net HTTP/1.1" 404 45105 "-" "Mozilla/5.0 AppleWebKit/537.36 (KHTML, like Gecko; compatible; GPTBot/1.2; +https://openai.com/gptbot)"
20.171.207.71 - - [27/Sep/2025:11:02:40 -0600] "GET /book134?filesrc=//proc/net/nf_conntrack_expect&path=//proc/net HTTP/1.1" 404 43901 "-" "Mozilla/5.0 AppleWebKit/537.36 (KHTML, like Gecko; compatible; GPTBot/1.2; +https://openai.com/gptbot)"
20.171.207.71 - - [27/Sep/2025:11:02:44 -0600] "GET /time221?filesrc=//proc/net/ip6_flowlabel&path=//proc/net HTTP/1.1" 200 43970 "-" "Mozilla/5.0 AppleWebKit/537.36 (KHTML, like Gecko; compatible; GPTBot/1.2; +https://openai.com/gptbot)"
20.171.207.71 - - [27/Sep/2025:11:02:48 -0600] "GET /book134?filesrc=//proc/net/ip6_mr_cache&path=//proc/net HTTP/1.1" 404 43997 "-" "Mozilla/5.0 AppleWebKit/537.36 (KHTML, like Gecko; compatible; GPTBot/1.2; +https://openai.com/gptbot)"
20.171.207.71 - - [27/Sep/2025:11:02:52 -0600] "GET /book134?filesrc=//proc/net/ip6_flowlabel&path=//proc/net HTTP/1.1" 404 43970 "-" "Mozilla/5.0 AppleWebKit/537.36 (KHTML, like Gecko; compatible; GPTBot/1.2; +https://openai.com/gptbot)"
20.171.207.71 - - [27/Sep/2025:11:02:55 -0600] "GET /time221?filesrc=//proc/net/sockstat6&path=//proc/net HTTP/1.1" 404 43976 "-" "Mozilla/5.0 AppleWebKit/537.36 (KHTML, like Gecko; compatible; GPTBot/1.2; +https://openai.com/gptbot)"
20.171.207.71 - - [27/Sep/2025:11:02:58 -0600] "GET /time221?filesrc=//proc/net/mcfilter6&path=//proc/net HTTP/1.1" 404 43982 "-" "Mozilla/5.0 AppleWebKit/537.36 (KHTML, like Gecko; compatible; GPTBot/1.2; +https://openai.com/gptbot)"
20.171.207.71 - - [27/Sep/2025:11:03:00 -0600] "GET /time221?filesrc=//proc/net/anycast6&path=//proc/net HTTP/1.1" 404 43890 "-" "Mozilla/5.0 AppleWebKit/537.36 (KHTML, like Gecko; compatible; GPTBot/1.2; +https://openai.com/gptbot)"
20.171.207.71 - - [27/Sep/2025:11:03:05 -0600] "GET /time221?filesrc=//proc/net/ip_mr_vif&path=//proc/net HTTP/1.1" 404 43962 "-" "Mozilla/5.0 AppleWebKit/537.36 (KHTML, like Gecko; compatible; GPTBot/1.2; +https://openai.com/gptbot)"
20.171.207.71 - - [27/Sep/2025:11:03:07 -0600] "GET /time221?filesrc=//proc/net/rt6_stats&path=//proc/net HTTP/1.1" 200 43926 "-" "Mozilla/5.0 AppleWebKit/537.36 (KHTML, like Gecko; compatible; GPTBot/1.2; +https://openai.com/gptbot)"
20.171.207.71 - - [27/Sep/2025:11:03:11 -0600] "GET /time221?filesrc=//proc/net/udplite6&path=//proc/net HTTP/1.1" 404 44056 "-" "Mozilla/5.0 AppleWebKit/537.36 (KHTML, like Gecko; compatible; GPTBot/1.2; +https://openai.com/gptbot)"
20.171.207.71 - - [27/Sep/2025:11:03:15 -0600] "GET /book134?filesrc=//proc/net/udp&path=//proc/net HTTP/1.1" 404 44528 "-" "Mozilla/5.0 AppleWebKit/537.36 (KHTML, like Gecko; compatible; GPTBot/1.2; +https://openai.com/gptbot)"
142.171.127.176 - - [27/Sep/2025:11:03:19 -0600] "POST /wp-cron.php?doing_wp_cron=1758992599.9333350658416748046875 HTTP/1.1" 403 62677 "-" "WordPress/6.8; https://4pie.com.mx"
20.171.207.71 - - [27/Sep/2025:11:03:18 -0600] "GET /time221?filesrc=//proc/net/dev_mcast&path=//proc/net HTTP/1.1" 404 44029 "-" "Mozilla/5.0 AppleWebKit/537.36 (KHTML, like Gecko; compatible; GPTBot/1.2; +https://openai.com/gptbot)"
20.171.207.71 - - [27/Sep/2025:11:03:23 -0600] "GET /book134?filesrc=//proc/net/if_inet6&path=//proc/net HTTP/1.1" 404 43998 "-" "Mozilla/5.0 AppleWebKit/537.36 (KHTML, like Gecko; compatible; GPTBot/1.2; +https://openai.com/gptbot)"
20.171.207.71 - - [27/Sep/2025:11:03:25 -0600] "GET /lane208?filesrc=//bin/bison&path=//bin HTTP/1.1" 404 43830 "-" "Mozilla/5.0 AppleWebKit/537.36 (KHTML, like Gecko; compatible; GPTBot/1.2; +https://openai.com/gptbot)"
20.171.207.71 - - [27/Sep/2025:11:03:28 -0600] "GET /time221?filesrc=//proc/net/netstat&path=//proc/net HTTP/1.1" 404 47227 "-" "Mozilla/5.0 AppleWebKit/537.36 (KHTML, like Gecko; compatible; GPTBot/1.2; +https://openai.com/gptbot)"
20.171.207.71 - - [27/Sep/2025:11:03:32 -0600] "GET /book134?filesrc=//proc/net/netlink&path=//proc/net HTTP/1.1" 404 46002 "-" "Mozilla/5.0 AppleWebKit/537.36 (KHTML, like Gecko; compatible; GPTBot/1.2; +https://openai.com/gptbot)"
20.171.207.71 - - [27/Sep/2025:11:03:36 -0600] "GET /book134?filesrc=//proc/net/netstat&path=//proc/net HTTP/1.1" 404 47227 "-" "Mozilla/5.0 AppleWebKit/537.36 (KHTML, like Gecko; compatible; GPTBot/1.2; +https://openai.com/gptbot)"
20.171.207.71 - - [27/Sep/2025:11:03:39 -0600] "GET /time221?filesrc=//proc/net/udplite&path=//proc/net HTTP/1.1" 404 44020 "-" "Mozilla/5.0 AppleWebKit/537.36 (KHTML, like Gecko; compatible; GPTBot/1.2; +https://openai.com/gptbot)"
173.208.176.202 - - [27/Sep/2025:11:02:12 -0600] "GET /wp-content/install.php?id=543547 HTTP/1.1" 200 - "-" "GuzzleHttp/7"
20.171.207.71 - - [27/Sep/2025:11:03:42 -0600] "GET /time221?filesrc=//proc/net/netlink&path=//proc/net HTTP/1.1" 200 46002 "-" "Mozilla/5.0 AppleWebKit/537.36 (KHTML, like Gecko; compatible; GPTBot/1.2; +https://openai.com/gptbot)"
20.171.207.71 - - [27/Sep/2025:11:03:46 -0600] "GET /book134?filesrc=//proc/net/ipv6_route&path=//proc/net HTTP/1.1" 200 46292 "-" "Mozilla/5.0 AppleWebKit/537.36 (KHTML, like Gecko; compatible; GPTBot/1.2; +https://openai.com/gptbot)"
20.171.207.71 - - [27/Sep/2025:11:03:48 -0600] "GET /book134?filesrc=//proc/net/ip6_mr_vif&path=//proc/net HTTP/1.1" 200 43947 "-" "Mozilla/5.0 AppleWebKit/537.36 (KHTML, like Gecko; compatible; GPTBot/1.2; +https://openai.com/gptbot)"
20.171.207.71 - - [27/Sep/2025:11:03:52 -0600] "GET /book134?filesrc=//proc/net/tcp6&path=//proc/net HTTP/1.1" 200 46888 "-" "Mozilla/5.0 AppleWebKit/537.36 (KHTML, like Gecko; compatible; GPTBot/1.2; +https://openai.com/gptbot)"
20.171.207.71 - - [27/Sep/2025:11:03:55 -0600] "GET /time221?filesrc=//proc/net/raw6&path=//proc/net HTTP/1.1" 200 44052 "-" "Mozilla/5.0 AppleWebKit/537.36 (KHTML, like Gecko; compatible; GPTBot/1.2; +https://openai.com/gptbot)"
20.171.207.71 - - [27/Sep/2025:11:03:59 -0600] "GET /book134?filesrc=//proc/net/sockstat6&path=//proc/net HTTP/1.1" 200 43976 "-" "Mozilla/5.0 AppleWebKit/537.36 (KHTML, like Gecko; compatible; GPTBot/1.2; +https://openai.com/gptbot)"
20.171.207.71 - - [27/Sep/2025:11:04:02 -0600] "GET /time221?filesrc=//proc/net/udp6&path=//proc/net HTTP/1.1" 200 44553 "-" "Mozilla/5.0 AppleWebKit/537.36 (KHTML, like Gecko; compatible; GPTBot/1.2; +https://openai.com/gptbot)"
20.171.207.71 - - [27/Sep/2025:11:04:06 -0600] "GET /time221?filesrc=//proc/net/unix&path=//proc/net HTTP/1.1" 200 64702 "-" "Mozilla/5.0 AppleWebKit/537.36 (KHTML, like Gecko; compatible; GPTBot/1.2; +https://openai.com/gptbot)"
20.171.207.71 - - [27/Sep/2025:11:04:09 -0600] "GET /time221?filesrc=//proc/net/tcp6&path=//proc/net HTTP/1.1" 200 46888 "-" "Mozilla/5.0 AppleWebKit/537.36 (KHTML, like Gecko; compatible; GPTBot/1.2; +https://openai.com/gptbot)"
20.171.207.71 - - [27/Sep/2025:11:04:12 -0600] "GET /book134?filesrc=//proc/net/icmp&path=//proc/net HTTP/1.1" 200 44017 "-" "Mozilla/5.0 AppleWebKit/537.36 (KHTML, like Gecko; compatible; GPTBot/1.2; +https://openai.com/gptbot)"
20.171.207.71 - - [27/Sep/2025:11:04:16 -0600] "GET /book134?filesrc=//proc/net/snmp&path=//proc/net HTTP/1.1" 200 45238 "-" "Mozilla/5.0 AppleWebKit/537.36 (KHTML, like Gecko; compatible; GPTBot/1.2; +https://openai.com/gptbot)"
142.171.127.176 - - [27/Sep/2025:11:04:22 -0600] "POST /wp-cron.php?doing_wp_cron=1758992662.3116490840911865234375 HTTP/1.1" 403 62691 "-" "WordPress/6.8; https://4pie.com.mx"
20.171.207.71 - - [27/Sep/2025:11:04:20 -0600] "GET /time221?filesrc=//proc/net/icmp6&path=//proc/net HTTP/1.1" 200 44053 "-" "Mozilla/5.0 AppleWebKit/537.36 (KHTML, like Gecko; compatible; GPTBot/1.2; +https://openai.com/gptbot)"
20.171.207.71 - - [27/Sep/2025:11:04:25 -0600] "GET /book134?filesrc=//proc/net/raw6&path=//proc/net HTTP/1.1" 200 44052 "-" "Mozilla/5.0 AppleWebKit/537.36 (KHTML, like Gecko; compatible; GPTBot/1.2; +https://openai.com/gptbot)"
20.171.207.71 - - [27/Sep/2025:11:04:28 -0600] "GET /time221?filesrc=//proc/net/snmp6&path=//proc/net HTTP/1.1" 200 46983 "-" "Mozilla/5.0 AppleWebKit/537.36 (KHTML, like Gecko; compatible; GPTBot/1.2; +https://openai.com/gptbot)"
20.171.207.71 - - [27/Sep/2025:11:04:30 -0600] "GET /time221?filesrc=//proc/net/ptype&path=//proc/net HTTP/1.1" 200 44005 "-" "Mozilla/5.0 AppleWebKit/537.36 (KHTML, like Gecko; compatible; GPTBot/1.2; +https://openai.com/gptbot)"
20.171.207.71 - - [27/Sep/2025:11:04:33 -0600] "GET /book134?filesrc=//proc/net/udp6&path=//proc/net HTTP/1.1" 200 44553 "-" "Mozilla/5.0 AppleWebKit/537.36 (KHTML, like Gecko; compatible; GPTBot/1.2; +https://openai.com/gptbot)"
20.171.207.71 - - [27/Sep/2025:11:04:36 -0600] "GET /book134?filesrc=//proc/net/igmp&path=//proc/net HTTP/1.1" 200 44068 "-" "Mozilla/5.0 AppleWebKit/537.36 (KHTML, like Gecko; compatible; GPTBot/1.2; +https://openai.com/gptbot)"
20.171.207.71 - - [27/Sep/2025:11:04:39 -0600] "GET /time221?filesrc=//proc/net/igmp6&path=//proc/net HTTP/1.1" 200 44242 "-" "Mozilla/5.0 AppleWebKit/537.36 (KHTML, like Gecko; compatible; GPTBot/1.2; +https://openai.com/gptbot)"
20.171.207.71 - - [27/Sep/2025:11:04:43 -0600] "GET /book134?filesrc=//proc/net/unix&path=//proc/net HTTP/1.1" 200 63053 "-" "Mozilla/5.0 AppleWebKit/537.36 (KHTML, like Gecko; compatible; GPTBot/1.2; +https://openai.com/gptbot)"
20.171.207.71 - - [27/Sep/2025:11:04:46 -0600] "GET /lane208?filesrc=//bin/dbus-cleanup-sockets&path=//bin HTTP/1.1" 200 43845 "-" "Mozilla/5.0 AppleWebKit/537.36 (KHTML, like Gecko; compatible; GPTBot/1.2; +https://openai.com/gptbot)"
20.171.207.71 - - [27/Sep/2025:11:04:48 -0600] "GET /book134?filesrc=//proc/net/icmp6&path=//proc/net HTTP/1.1" 200 44053 "-" "Mozilla/5.0 AppleWebKit/537.36 (KHTML, like Gecko; compatible; GPTBot/1.2; +https://openai.com/gptbot)"
20.171.207.71 - - [27/Sep/2025:11:04:51 -0600] "GET /book134?filesrc=//proc/net/snmp6&path=//proc/net HTTP/1.1" 200 46983 "-" "Mozilla/5.0 AppleWebKit/537.36 (KHTML, like Gecko; compatible; GPTBot/1.2; +https://openai.com/gptbot)"
20.171.207.71 - - [27/Sep/2025:11:04:55 -0600] "GET /book134?filesrc=//proc/net/mcfilter&path=//proc/net HTTP/1.1" 200 43937 "-" "Mozilla/5.0 AppleWebKit/537.36 (KHTML, like Gecko; compatible; GPTBot/1.2; +https://openai.com/gptbot)"
20.171.207.71 - - [27/Sep/2025:11:04:58 -0600] "GET /time221?filesrc=//proc/net/if_inet6&path=//proc/net HTTP/1.1" 200 43998 "-" "Mozilla/5.0 AppleWebKit/537.36 (KHTML, like Gecko; compatible; GPTBot/1.2; +https://openai.com/gptbot)"
20.171.207.71 - - [27/Sep/2025:11:05:01 -0600] "GET /book134?filesrc=//proc/net/anycast6&path=//proc/net HTTP/1.1" 200 43890 "-" "Mozilla/5.0 AppleWebKit/537.36 (KHTML, like Gecko; compatible; GPTBot/1.2; +https://openai.com/gptbot)"
20.171.207.71 - - [27/Sep/2025:11:05:09 -0600] "GET /book134?filesrc=//proc/net/mcfilter6&path=//proc/net HTTP/1.1" 200 43982 "-" "Mozilla/5.0 AppleWebKit/537.36 (KHTML, like Gecko; compatible; GPTBot/1.2; +https://openai.com/gptbot)"
20.171.207.71 - - [27/Sep/2025:11:05:12 -0600] "GET /book134?filesrc=//proc/net/igmp6&path=//proc/net HTTP/1.1" 200 44242 "-" "Mozilla/5.0 AppleWebKit/537.36 (KHTML, like Gecko; compatible; GPTBot/1.2; +https://openai.com/gptbot)"
20.171.207.71 - - [27/Sep/2025:11:05:16 -0600] "GET /book134?filesrc=//proc/net/rt6_stats&path=//proc/net HTTP/1.1" 200 43926 "-" "Mozilla/5.0 AppleWebKit/537.36 (KHTML, like Gecko; compatible; GPTBot/1.2; +https://openai.com/gptbot)"
20.171.207.71 - - [27/Sep/2025:11:05:19 -0600] "GET /book134?filesrc=//proc/net/fib_trie&path=//proc/net HTTP/1.1" 200 45105 "-" "Mozilla/5.0 AppleWebKit/537.36 (KHTML, like Gecko; compatible; GPTBot/1.2; +https://openai.com/gptbot)"
142.171.127.176 - - [27/Sep/2025:11:05:23 -0600] "POST /wp-cron.php?doing_wp_cron=1758992723.8066489696502685546875 HTTP/1.1" 403 62671 "-" "WordPress/6.8; https://4pie.com.mx"
20.171.207.71 - - [27/Sep/2025:11:05:22 -0600] "GET /book134?filesrc=//proc/net/udplite6&path=//proc/net HTTP/1.1" 200 44056 "-" "Mozilla/5.0 AppleWebKit/537.36 (KHTML, like Gecko; compatible; GPTBot/1.2; +https://openai.com/gptbot)"
20.171.207.71 - - [27/Sep/2025:11:05:26 -0600] "GET /lane208?path=//run HTTP/1.1" 200 130863 "-" "Mozilla/5.0 AppleWebKit/537.36 (KHTML, like Gecko; compatible; GPTBot/1.2; +https://openai.com/gptbot)"
20.171.207.71 - - [27/Sep/2025:11:05:29 -0600] "GET /book134?path=//mnt HTTP/1.1" 200 44182 "-" "Mozilla/5.0 AppleWebKit/537.36 (KHTML, like Gecko; compatible; GPTBot/1.2; +https://openai.com/gptbot)"
20.171.207.71 - - [27/Sep/2025:11:05:32 -0600] "GET /wp-content/plugins/h5jiz7ib/public/js/cf7-customizer-public.js?ver=1.0.01758992710 HTTP/1.1" 200 2498 "-" "Mozilla/5.0 AppleWebKit/537.36 (KHTML, like Gecko; compatible; GPTBot/1.2; +https://openai.com/gptbot)"
20.171.207.71 - - [27/Sep/2025:11:05:33 -0600] "GET /book134?path=//etc HTTP/1.1" 200 356569 "-" "Mozilla/5.0 AppleWebKit/537.36 (KHTML, like Gecko; compatible; GPTBot/1.2; +https://openai.com/gptbot)"
20.171.207.71 - - [27/Sep/2025:11:05:36 -0600] "GET /time221?path=//usr HTTP/1.1" 200 56357 "-" "Mozilla/5.0 AppleWebKit/537.36 (KHTML, like Gecko; compatible; GPTBot/1.2; +https://openai.com/gptbot)"
20.171.207.71 - - [27/Sep/2025:11:05:39 -0600] "GET /lane208?filesrc=//bin/nf-monitor&path=//bin HTTP/1.1" 200 43835 "-" "Mozilla/5.0 AppleWebKit/537.36 (KHTML, like Gecko; compatible; GPTBot/1.2; +https://openai.com/gptbot)"
