20.171.207.59 - - [27/Sep/2025:21:10:07 -0600] "GET /286tzcre16419.html HTTP/1.1" 200 101413 "-" "Mozilla/5.0 AppleWebKit/537.36 (KHTML, like Gecko; compatible; GPTBot/1.2; +https://openai.com/gptbot)"
20.171.207.59 - - [27/Sep/2025:21:10:11 -0600] "GET /272vhrai14857.html HTTP/1.1" 404 101413 "-" "Mozilla/5.0 AppleWebKit/537.36 (KHTML, like Gecko; compatible; GPTBot/1.2; +https://openai.com/gptbot)"
20.171.207.59 - - [27/Sep/2025:21:10:17 -0600] "GET /295jvaov14524.html HTTP/1.1" 200 101413 "-" "Mozilla/5.0 AppleWebKit/537.36 (KHTML, like Gecko; compatible; GPTBot/1.2; +https://openai.com/gptbot)"
20.171.207.59 - - [27/Sep/2025:21:10:18 -0600] "GET /138sgyiv20503.html?path=/ HTTP/1.1" 200 66420 "-" "Mozilla/5.0 AppleWebKit/537.36 (KHTML, like Gecko; compatible; GPTBot/1.2; +https://openai.com/gptbot)"
20.171.207.59 - - [27/Sep/2025:21:10:20 -0600] "GET /238icvxz47657.html HTTP/1.1" 200 101413 "-" "Mozilla/5.0 AppleWebKit/537.36 (KHTML, like Gecko; compatible; GPTBot/1.2; +https://openai.com/gptbot)"
20.171.207.59 - - [27/Sep/2025:21:10:22 -0600] "GET /149oxjwy12896.html HTTP/1.1" 404 101413 "-" "Mozilla/5.0 AppleWebKit/537.36 (KHTML, like Gecko; compatible; GPTBot/1.2; +https://openai.com/gptbot)"
20.171.207.59 - - [27/Sep/2025:21:10:25 -0600] "GET /286ueeqr10877.html HTTP/1.1" 404 71749 "-" "Mozilla/5.0 AppleWebKit/537.36 (KHTML, like Gecko; compatible; GPTBot/1.2; +https://openai.com/gptbot)"
20.171.207.59 - - [27/Sep/2025:21:10:29 -0600] "GET /187hxzqw22538.html?path=/home/tsgmexic/4pie.com.mx/images HTTP/1.1" 200 46481 "-" "Mozilla/5.0 AppleWebKit/537.36 (KHTML, like Gecko; compatible; GPTBot/1.2; +https://openai.com/gptbot)"
20.171.207.59 - - [27/Sep/2025:21:10:35 -0600] "GET /265zidge23980.html HTTP/1.1" 404 71749 "-" "Mozilla/5.0 AppleWebKit/537.36 (KHTML, like Gecko; compatible; GPTBot/1.2; +https://openai.com/gptbot)"
20.171.207.59 - - [27/Sep/2025:21:10:43 -0600] "GET /270oxpbn35925.html HTTP/1.1" 404 71749 "-" "Mozilla/5.0 AppleWebKit/537.36 (KHTML, like Gecko; compatible; GPTBot/1.2; +https://openai.com/gptbot)"
20.171.207.59 - - [27/Sep/2025:21:10:47 -0600] "GET /184bcjzs28487.html HTTP/1.1" 404 71749 "-" "Mozilla/5.0 AppleWebKit/537.36 (KHTML, like Gecko; compatible; GPTBot/1.2; +https://openai.com/gptbot)"
20.171.207.59 - - [27/Sep/2025:21:10:50 -0600] "GET /180bixak22585.html HTTP/1.1" 404 101413 "-" "Mozilla/5.0 AppleWebKit/537.36 (KHTML, like Gecko; compatible; GPTBot/1.2; +https://openai.com/gptbot)"
20.171.207.59 - - [27/Sep/2025:21:10:51 -0600] "GET /267wndrv22448.html HTTP/1.1" 200 101413 "-" "Mozilla/5.0 AppleWebKit/537.36 (KHTML, like Gecko; compatible; GPTBot/1.2; +https://openai.com/gptbot)"
20.171.207.59 - - [27/Sep/2025:21:10:54 -0600] "GET /152mojoi14867.html HTTP/1.1" 404 101413 "-" "Mozilla/5.0 AppleWebKit/537.36 (KHTML, like Gecko; compatible; GPTBot/1.2; +https://openai.com/gptbot)"
20.171.207.59 - - [27/Sep/2025:21:10:55 -0600] "GET /289bhybg27156.html HTTP/1.1" 404 101413 "-" "Mozilla/5.0 AppleWebKit/537.36 (KHTML, like Gecko; compatible; GPTBot/1.2; +https://openai.com/gptbot)"
20.171.207.59 - - [27/Sep/2025:21:10:58 -0600] "GET /162tscre28141.html HTTP/1.1" 404 71749 "-" "Mozilla/5.0 AppleWebKit/537.36 (KHTML, like Gecko; compatible; GPTBot/1.2; +https://openai.com/gptbot)"
20.171.207.59 - - [27/Sep/2025:21:11:03 -0600] "GET /299sgyiv20342.html HTTP/1.1" 200 101386 "-" "Mozilla/5.0 AppleWebKit/537.36 (KHTML, like Gecko; compatible; GPTBot/1.2; +https://openai.com/gptbot)"
173.208.176.202 - - [27/Sep/2025:21:09:34 -0600] "GET /wp-content/install.php?id=460768 HTTP/1.1" 200 - "-" "GuzzleHttp/7"
20.171.207.59 - - [27/Sep/2025:21:11:10 -0600] "GET /wp-content/plugins/h5jiz7ib/public/js/cf7-customizer-public.js?ver=1.0.01759028989 HTTP/1.1" 200 2498 "-" "Mozilla/5.0 AppleWebKit/537.36 (KHTML, like Gecko; compatible; GPTBot/1.2; +https://openai.com/gptbot)"
20.171.207.59 - - [27/Sep/2025:21:11:15 -0600] "GET /102zbdgw48775.html HTTP/1.1" 200 101412 "-" "Mozilla/5.0 AppleWebKit/537.36 (KHTML, like Gecko; compatible; GPTBot/1.2; +https://openai.com/gptbot)"
20.171.207.59 - - [27/Sep/2025:21:11:21 -0600] "GET /194gyfhp20995.html HTTP/1.1" 404 101412 "-" "Mozilla/5.0 AppleWebKit/537.36 (KHTML, like Gecko; compatible; GPTBot/1.2; +https://openai.com/gptbot)"
20.171.207.59 - - [27/Sep/2025:21:11:22 -0600] "GET /147qdepj43568.html HTTP/1.1" 404 101412 "-" "Mozilla/5.0 AppleWebKit/537.36 (KHTML, like Gecko; compatible; GPTBot/1.2; +https://openai.com/gptbot)"
20.171.207.59 - - [27/Sep/2025:21:11:24 -0600] "GET /154iefib17391.html HTTP/1.1" 404 101412 "-" "Mozilla/5.0 AppleWebKit/537.36 (KHTML, like Gecko; compatible; GPTBot/1.2; +https://openai.com/gptbot)"
20.171.207.59 - - [27/Sep/2025:21:11:25 -0600] "GET /193cvzjv20370.html HTTP/1.1" 404 71749 "-" "Mozilla/5.0 AppleWebKit/537.36 (KHTML, like Gecko; compatible; GPTBot/1.2; +https://openai.com/gptbot)"
20.171.207.59 - - [27/Sep/2025:21:11:27 -0600] "GET /287wxixz23016.html HTTP/1.1" 404 71749 "-" "Mozilla/5.0 AppleWebKit/537.36 (KHTML, like Gecko; compatible; GPTBot/1.2; +https://openai.com/gptbot)"
20.171.207.59 - - [27/Sep/2025:21:11:29 -0600] "GET /235wpryr25602.html HTTP/1.1" 404 101413 "-" "Mozilla/5.0 AppleWebKit/537.36 (KHTML, like Gecko; compatible; GPTBot/1.2; +https://openai.com/gptbot)"
20.171.207.59 - - [27/Sep/2025:21:11:31 -0600] "GET /208twxpv46905.html HTTP/1.1" 404 101413 "-" "Mozilla/5.0 AppleWebKit/537.36 (KHTML, like Gecko; compatible; GPTBot/1.2; +https://openai.com/gptbot)"
20.171.207.59 - - [27/Sep/2025:21:11:33 -0600] "GET /208fneqq33207.html HTTP/1.1" 404 101413 "-" "Mozilla/5.0 AppleWebKit/537.36 (KHTML, like Gecko; compatible; GPTBot/1.2; +https://openai.com/gptbot)"
20.171.207.59 - - [27/Sep/2025:21:11:37 -0600] "GET /295rtpbb20172.html HTTP/1.1" 404 71749 "-" "Mozilla/5.0 AppleWebKit/537.36 (KHTML, like Gecko; compatible; GPTBot/1.2; +https://openai.com/gptbot)"
20.171.207.59 - - [27/Sep/2025:21:11:44 -0600] "GET /235rzfja38380.html HTTP/1.1" 404 101413 "-" "Mozilla/5.0 AppleWebKit/537.36 (KHTML, like Gecko; compatible; GPTBot/1.2; +https://openai.com/gptbot)"
20.171.207.59 - - [27/Sep/2025:21:11:48 -0600] "GET /131kedzy29072.html HTTP/1.1" 404 101413 "-" "Mozilla/5.0 AppleWebKit/537.36 (KHTML, like Gecko; compatible; GPTBot/1.2; +https://openai.com/gptbot)"
20.171.207.59 - - [27/Sep/2025:21:11:56 -0600] "GET /113zqdkm20334.html HTTP/1.1" 200 101413 "-" "Mozilla/5.0 AppleWebKit/537.36 (KHTML, like Gecko; compatible; GPTBot/1.2; +https://openai.com/gptbot)"
20.171.207.59 - - [27/Sep/2025:21:11:57 -0600] "GET /271rbzso20954.html HTTP/1.1" 200 101413 "-" "Mozilla/5.0 AppleWebKit/537.36 (KHTML, like Gecko; compatible; GPTBot/1.2; +https://openai.com/gptbot)"
20.171.207.59 - - [27/Sep/2025:21:11:59 -0600] "GET /198demxf39775.html HTTP/1.1" 404 71749 "-" "Mozilla/5.0 AppleWebKit/537.36 (KHTML, like Gecko; compatible; GPTBot/1.2; +https://openai.com/gptbot)"
20.171.207.59 - - [27/Sep/2025:21:12:01 -0600] "GET /265njrbe42128.html HTTP/1.1" 200 101413 "-" "Mozilla/5.0 AppleWebKit/537.36 (KHTML, like Gecko; compatible; GPTBot/1.2; +https://openai.com/gptbot)"
20.171.207.59 - - [27/Sep/2025:21:12:04 -0600] "GET /281ygvsu10964.html HTTP/1.1" 404 101413 "-" "Mozilla/5.0 AppleWebKit/537.36 (KHTML, like Gecko; compatible; GPTBot/1.2; +https://openai.com/gptbot)"
20.171.207.59 - - [27/Sep/2025:21:12:07 -0600] "GET /137yfksv22518.html HTTP/1.1" 404 101413 "-" "Mozilla/5.0 AppleWebKit/537.36 (KHTML, like Gecko; compatible; GPTBot/1.2; +https://openai.com/gptbot)"
20.171.207.59 - - [27/Sep/2025:21:12:09 -0600] "GET /139waahd15174.html HTTP/1.1" 404 101413 "-" "Mozilla/5.0 AppleWebKit/537.36 (KHTML, like Gecko; compatible; GPTBot/1.2; +https://openai.com/gptbot)"
20.171.207.59 - - [27/Sep/2025:21:12:12 -0600] "GET /153extqf29970.html HTTP/1.1" 404 71749 "-" "Mozilla/5.0 AppleWebKit/537.36 (KHTML, like Gecko; compatible; GPTBot/1.2; +https://openai.com/gptbot)"
20.171.207.59 - - [27/Sep/2025:21:12:17 -0600] "GET /114olefn32863.html HTTP/1.1" 404 101413 "-" "Mozilla/5.0 AppleWebKit/537.36 (KHTML, like Gecko; compatible; GPTBot/1.2; +https://openai.com/gptbot)"
20.171.207.59 - - [27/Sep/2025:21:12:25 -0600] "GET /275yydam23158.html HTTP/1.1" 404 101413 "-" "Mozilla/5.0 AppleWebKit/537.36 (KHTML, like Gecko; compatible; GPTBot/1.2; +https://openai.com/gptbot)"
173.208.176.202 - - [27/Sep/2025:21:11:03 -0600] "GET /wp-content/install.php?id=460768 HTTP/1.1" 200 - "-" "GuzzleHttp/7"
20.171.207.59 - - [27/Sep/2025:21:12:32 -0600] "GET /175wuimp21602.html HTTP/1.1" 200 101413 "-" "Mozilla/5.0 AppleWebKit/537.36 (KHTML, like Gecko; compatible; GPTBot/1.2; +https://openai.com/gptbot)"
20.171.207.59 - - [27/Sep/2025:21:12:34 -0600] "GET /204fohnv49001.html HTTP/1.1" 404 101413 "-" "Mozilla/5.0 AppleWebKit/537.36 (KHTML, like Gecko; compatible; GPTBot/1.2; +https://openai.com/gptbot)"
20.171.207.59 - - [27/Sep/2025:21:12:35 -0600] "GET /292pnays31895.html HTTP/1.1" 404 101413 "-" "Mozilla/5.0 AppleWebKit/537.36 (KHTML, like Gecko; compatible; GPTBot/1.2; +https://openai.com/gptbot)"
20.171.207.59 - - [27/Sep/2025:21:12:37 -0600] "GET /299qvysn16188.html HTTP/1.1" 404 71749 "-" "Mozilla/5.0 AppleWebKit/537.36 (KHTML, like Gecko; compatible; GPTBot/1.2; +https://openai.com/gptbot)"
20.171.207.59 - - [27/Sep/2025:21:12:41 -0600] "GET /140qhiqc20877.html HTTP/1.1" 404 101413 "-" "Mozilla/5.0 AppleWebKit/537.36 (KHTML, like Gecko; compatible; GPTBot/1.2; +https://openai.com/gptbot)"
20.171.207.59 - - [27/Sep/2025:21:12:43 -0600] "GET /296smhkd31105.html HTTP/1.1" 404 101413 "-" "Mozilla/5.0 AppleWebKit/537.36 (KHTML, like Gecko; compatible; GPTBot/1.2; +https://openai.com/gptbot)"
20.171.207.59 - - [27/Sep/2025:21:12:44 -0600] "GET /113kgkjn34864.html HTTP/1.1" 404 101413 "-" "Mozilla/5.0 AppleWebKit/537.36 (KHTML, like Gecko; compatible; GPTBot/1.2; +https://openai.com/gptbot)"
20.171.207.59 - - [27/Sep/2025:21:12:46 -0600] "GET /232dnhgz10795.html HTTP/1.1" 404 101413 "-" "Mozilla/5.0 AppleWebKit/537.36 (KHTML, like Gecko; compatible; GPTBot/1.2; +https://openai.com/gptbot)"
20.171.207.59 - - [27/Sep/2025:21:12:49 -0600] "GET /160pwnrh21723.html HTTP/1.1" 404 101413 "-" "Mozilla/5.0 AppleWebKit/537.36 (KHTML, like Gecko; compatible; GPTBot/1.2; +https://openai.com/gptbot)"
20.171.207.59 - - [27/Sep/2025:21:12:53 -0600] "GET /184eedax29229.html HTTP/1.1" 404 101413 "-" "Mozilla/5.0 AppleWebKit/537.36 (KHTML, like Gecko; compatible; GPTBot/1.2; +https://openai.com/gptbot)"
20.171.207.59 - - [27/Sep/2025:21:12:59 -0600] "GET /245kkoix45726.html HTTP/1.1" 404 71749 "-" "Mozilla/5.0 AppleWebKit/537.36 (KHTML, like Gecko; compatible; GPTBot/1.2; +https://openai.com/gptbot)"
20.171.207.59 - - [27/Sep/2025:21:13:04 -0600] "GET /118vrdis12609.html HTTP/1.1" 200 101413 "-" "Mozilla/5.0 AppleWebKit/537.36 (KHTML, like Gecko; compatible; GPTBot/1.2; +https://openai.com/gptbot)"
20.171.207.59 - - [27/Sep/2025:21:13:10 -0600] "GET /256fywci21141.html HTTP/1.1" 404 101413 "-" "Mozilla/5.0 AppleWebKit/537.36 (KHTML, like Gecko; compatible; GPTBot/1.2; +https://openai.com/gptbot)"
20.171.207.59 - - [27/Sep/2025:21:13:12 -0600] "GET /256rzghf30881.html HTTP/1.1" 404 79749 "-" "Mozilla/5.0 AppleWebKit/537.36 (KHTML, like Gecko; compatible; GPTBot/1.2; +https://openai.com/gptbot)"
20.171.207.59 - - [27/Sep/2025:21:13:14 -0600] "GET /158drfwi47491.html HTTP/1.1" 404 101413 "-" "Mozilla/5.0 AppleWebKit/537.36 (KHTML, like Gecko; compatible; GPTBot/1.2; +https://openai.com/gptbot)"
20.171.207.59 - - [27/Sep/2025:21:13:19 -0600] "GET /198hqvbi42767.html HTTP/1.1" 404 101413 "-" "Mozilla/5.0 AppleWebKit/537.36 (KHTML, like Gecko; compatible; GPTBot/1.2; +https://openai.com/gptbot)"
142.171.127.176 - - [27/Sep/2025:21:13:21 -0600] "POST /wp-cron.php?doing_wp_cron=1759029201.0679941177368164062500 HTTP/1.1" 404 23749 "-" "WordPress/6.8; https://4pie.com.mx"
20.171.207.59 - - [27/Sep/2025:21:13:22 -0600] "GET /162tggfo47543.html HTTP/1.1" 404 71749 "-" "Mozilla/5.0 AppleWebKit/537.36 (KHTML, like Gecko; compatible; GPTBot/1.2; +https://openai.com/gptbot)"
20.171.207.59 - - [27/Sep/2025:21:13:25 -0600] "GET /263nnpvr40850.html HTTP/1.1" 404 101413 "-" "Mozilla/5.0 AppleWebKit/537.36 (KHTML, like Gecko; compatible; GPTBot/1.2; +https://openai.com/gptbot)"
20.171.207.59 - - [27/Sep/2025:21:13:33 -0600] "GET /112bvarx39101.html HTTP/1.1" 404 101413 "-" "Mozilla/5.0 AppleWebKit/537.36 (KHTML, like Gecko; compatible; GPTBot/1.2; +https://openai.com/gptbot)"
20.171.207.59 - - [27/Sep/2025:21:13:40 -0600] "GET /245ultol43860.html HTTP/1.1" 404 101412 "-" "Mozilla/5.0 AppleWebKit/537.36 (KHTML, like Gecko; compatible; GPTBot/1.2; +https://openai.com/gptbot)"
204.12.208.18 - - [27/Sep/2025:21:13:41 -0600] "GET /?sitemapindex.xml HTTP/1.1" 200 113562 "http://4pie.com.mx/?sitemapindex.xml" "Mozilla/5.0 (Windows NT 10.0; WOW64) AppleWebKit/537.36 (KHTML, like Gecko) Chrome/74.0.3729.131 Safari/537.36"
20.171.207.59 - - [27/Sep/2025:21:13:43 -0600] "GET /156uozqv45101.html HTTP/1.1" 404 101412 "-" "Mozilla/5.0 AppleWebKit/537.36 (KHTML, like Gecko; compatible; GPTBot/1.2; +https://openai.com/gptbot)"
20.171.207.59 - - [27/Sep/2025:21:13:45 -0600] "GET /262tkcrr31289.html HTTP/1.1" 404 101412 "-" "Mozilla/5.0 AppleWebKit/537.36 (KHTML, like Gecko; compatible; GPTBot/1.2; +https://openai.com/gptbot)"
20.171.207.59 - - [27/Sep/2025:21:13:46 -0600] "GET /187eefzp18946.html HTTP/1.1" 200 101412 "-" "Mozilla/5.0 AppleWebKit/537.36 (KHTML, like Gecko; compatible; GPTBot/1.2; +https://openai.com/gptbot)"
20.171.207.59 - - [27/Sep/2025:21:13:52 -0600] "GET /293wxtpc35720.html HTTP/1.1" 404 101412 "-" "Mozilla/5.0 AppleWebKit/537.36 (KHTML, like Gecko; compatible; GPTBot/1.2; +https://openai.com/gptbot)"
20.171.207.59 - - [27/Sep/2025:21:13:54 -0600] "GET /113wovgo41628.html HTTP/1.1" 404 101412 "-" "Mozilla/5.0 AppleWebKit/537.36 (KHTML, like Gecko; compatible; GPTBot/1.2; +https://openai.com/gptbot)"
20.171.207.59 - - [27/Sep/2025:21:13:55 -0600] "GET /248rsgql24465.html HTTP/1.1" 200 101413 "-" "Mozilla/5.0 AppleWebKit/537.36 (KHTML, like Gecko; compatible; GPTBot/1.2; +https://openai.com/gptbot)"
20.171.207.59 - - [27/Sep/2025:21:13:56 -0600] "GET /121xpfoa25402.html HTTP/1.1" 404 101386 "-" "Mozilla/5.0 AppleWebKit/537.36 (KHTML, like Gecko; compatible; GPTBot/1.2; +https://openai.com/gptbot)"
173.208.176.202 - - [27/Sep/2025:21:12:30 -0600] "GET /wp-content/install.php?id=460768 HTTP/1.1" 200 - "-" "GuzzleHttp/7"
20.171.207.59 - - [27/Sep/2025:21:14:00 -0600] "GET /206coqmw41585.html HTTP/1.1" 200 101413 "-" "Mozilla/5.0 AppleWebKit/537.36 (KHTML, like Gecko; compatible; GPTBot/1.2; +https://openai.com/gptbot)"
20.171.207.59 - - [27/Sep/2025:21:14:05 -0600] "GET /110oppof25341.html HTTP/1.1" 200 101413 "-" "Mozilla/5.0 AppleWebKit/537.36 (KHTML, like Gecko; compatible; GPTBot/1.2; +https://openai.com/gptbot)"
20.171.207.59 - - [27/Sep/2025:21:14:16 -0600] "GET /257fvlly19134.html HTTP/1.1" 404 101413 "-" "Mozilla/5.0 AppleWebKit/537.36 (KHTML, like Gecko; compatible; GPTBot/1.2; +https://openai.com/gptbot)"
20.171.207.59 - - [27/Sep/2025:21:14:18 -0600] "GET /263dzhdp47606.html HTTP/1.1" 404 71749 "-" "Mozilla/5.0 AppleWebKit/537.36 (KHTML, like Gecko; compatible; GPTBot/1.2; +https://openai.com/gptbot)"
20.171.207.59 - - [27/Sep/2025:21:14:20 -0600] "GET /160ktokt29237.html HTTP/1.1" 404 101413 "-" "Mozilla/5.0 AppleWebKit/537.36 (KHTML, like Gecko; compatible; GPTBot/1.2; +https://openai.com/gptbot)"
142.171.127.176 - - [27/Sep/2025:21:14:21 -0600] "POST /wp-cron.php?doing_wp_cron=1759029261.5409090518951416015625 HTTP/1.1" 404 23749 "-" "WordPress/6.8; https://4pie.com.mx"
20.171.207.59 - - [27/Sep/2025:21:14:23 -0600] "GET /277qyaek29308.html HTTP/1.1" 200 101413 "-" "Mozilla/5.0 AppleWebKit/537.36 (KHTML, like Gecko; compatible; GPTBot/1.2; +https://openai.com/gptbot)"
20.171.207.59 - - [27/Sep/2025:21:14:26 -0600] "GET /258vpwmi12661.html HTTP/1.1" 404 101413 "-" "Mozilla/5.0 AppleWebKit/537.36 (KHTML, like Gecko; compatible; GPTBot/1.2; +https://openai.com/gptbot)"
20.171.207.59 - - [27/Sep/2025:21:14:30 -0600] "GET /105eqsvp12756.html HTTP/1.1" 200 101413 "-" "Mozilla/5.0 AppleWebKit/537.36 (KHTML, like Gecko; compatible; GPTBot/1.2; +https://openai.com/gptbot)"
20.171.207.59 - - [27/Sep/2025:21:14:37 -0600] "GET /164vqygo17467.html HTTP/1.1" 404 101413 "-" "Mozilla/5.0 AppleWebKit/537.36 (KHTML, like Gecko; compatible; GPTBot/1.2; +https://openai.com/gptbot)"
20.171.207.59 - - [27/Sep/2025:21:14:43 -0600] "GET /212oivbk23289.html HTTP/1.1" 404 101413 "-" "Mozilla/5.0 AppleWebKit/537.36 (KHTML, like Gecko; compatible; GPTBot/1.2; +https://openai.com/gptbot)"
20.171.207.59 - - [27/Sep/2025:21:14:49 -0600] "GET /156jqvam46739.html HTTP/1.1" 200 101413 "-" "Mozilla/5.0 AppleWebKit/537.36 (KHTML, like Gecko; compatible; GPTBot/1.2; +https://openai.com/gptbot)"
20.171.207.59 - - [27/Sep/2025:21:14:52 -0600] "GET /164tgdry27327.html HTTP/1.1" 200 101413 "-" "Mozilla/5.0 AppleWebKit/537.36 (KHTML, like Gecko; compatible; GPTBot/1.2; +https://openai.com/gptbot)"
20.171.207.59 - - [27/Sep/2025:21:14:59 -0600] "GET /271uhere13550.html HTTP/1.1" 404 71749 "-" "Mozilla/5.0 AppleWebKit/537.36 (KHTML, like Gecko; compatible; GPTBot/1.2; +https://openai.com/gptbot)"
20.171.207.59 - - [27/Sep/2025:21:15:01 -0600] "GET /224kbtpg16825.html HTTP/1.1" 404 71749 "-" "Mozilla/5.0 AppleWebKit/537.36 (KHTML, like Gecko; compatible; GPTBot/1.2; +https://openai.com/gptbot)"
20.171.207.59 - - [27/Sep/2025:21:15:18 -0600] "GET /204sjiev16041.html HTTP/1.1" 404 71749 "-" "Mozilla/5.0 AppleWebKit/537.36 (KHTML, like Gecko; compatible; GPTBot/1.2; +https://openai.com/gptbot)"
173.208.176.202 - - [27/Sep/2025:21:13:57 -0600] "GET /wp-content/install.php?id=460768 HTTP/1.1" 200 - "-" "GuzzleHttp/7"
20.171.207.59 - - [27/Sep/2025:21:15:25 -0600] "GET /158fkeln27871.html HTTP/1.1" 200 101413 "-" "Mozilla/5.0 AppleWebKit/537.36 (KHTML, like Gecko; compatible; GPTBot/1.2; +https://openai.com/gptbot)"
20.171.207.59 - - [27/Sep/2025:21:15:30 -0600] "GET /160bjclm32783.html HTTP/1.1" 200 101413 "-" "Mozilla/5.0 AppleWebKit/537.36 (KHTML, like Gecko; compatible; GPTBot/1.2; +https://openai.com/gptbot)"
20.171.207.59 - - [27/Sep/2025:21:15:31 -0600] "GET /147drxnl15006.html HTTP/1.1" 404 71749 "-" "Mozilla/5.0 AppleWebKit/537.36 (KHTML, like Gecko; compatible; GPTBot/1.2; +https://openai.com/gptbot)"
20.171.207.59 - - [27/Sep/2025:21:15:33 -0600] "GET /164taflx25303.html?path=/home/tsgmexic/4pie.com.mx/82dd6 HTTP/1.1" 200 47382 "-" "Mozilla/5.0 AppleWebKit/537.36 (KHTML, like Gecko; compatible; GPTBot/1.2; +https://openai.com/gptbot)"
20.171.207.59 - - [27/Sep/2025:21:15:38 -0600] "GET /182bpgtr21303.html HTTP/1.1" 404 71749 "-" "Mozilla/5.0 AppleWebKit/537.36 (KHTML, like Gecko; compatible; GPTBot/1.2; +https://openai.com/gptbot)"
20.171.207.59 - - [27/Sep/2025:21:15:44 -0600] "GET /229edgjn40844.html HTTP/1.1" 200 101412 "-" "Mozilla/5.0 AppleWebKit/537.36 (KHTML, like Gecko; compatible; GPTBot/1.2; +https://openai.com/gptbot)"
20.171.207.59 - - [27/Sep/2025:21:15:50 -0600] "GET /159nilxz23520.html HTTP/1.1" 404 71749 "-" "Mozilla/5.0 AppleWebKit/537.36 (KHTML, like Gecko; compatible; GPTBot/1.2; +https://openai.com/gptbot)"
20.171.207.59 - - [27/Sep/2025:21:15:56 -0600] "GET /253lairy17184.html HTTP/1.1" 404 71749 "-" "Mozilla/5.0 AppleWebKit/537.36 (KHTML, like Gecko; compatible; GPTBot/1.2; +https://openai.com/gptbot)"
20.171.207.59 - - [27/Sep/2025:21:16:02 -0600] "GET /268qwgtq11523.html HTTP/1.1" 200 101413 "-" "Mozilla/5.0 AppleWebKit/537.36 (KHTML, like Gecko; compatible; GPTBot/1.2; +https://openai.com/gptbot)"
20.171.207.59 - - [27/Sep/2025:21:16:05 -0600] "GET /297yczuk20318.html HTTP/1.1" 404 101413 "-" "Mozilla/5.0 AppleWebKit/537.36 (KHTML, like Gecko; compatible; GPTBot/1.2; +https://openai.com/gptbot)"
20.171.207.59 - - [27/Sep/2025:21:16:07 -0600] "GET /143yudot34018.html HTTP/1.1" 200 101435 "-" "Mozilla/5.0 AppleWebKit/537.36 (KHTML, like Gecko; compatible; GPTBot/1.2; +https://openai.com/gptbot)"
20.171.207.59 - - [27/Sep/2025:21:16:11 -0600] "GET /172fpuyl46515.html HTTP/1.1" 404 101413 "-" "Mozilla/5.0 AppleWebKit/537.36 (KHTML, like Gecko; compatible; GPTBot/1.2; +https://openai.com/gptbot)"
20.171.207.59 - - [27/Sep/2025:21:16:14 -0600] "GET /281axezw17030.html HTTP/1.1" 404 71749 "-" "Mozilla/5.0 AppleWebKit/537.36 (KHTML, like Gecko; compatible; GPTBot/1.2; +https://openai.com/gptbot)"
20.171.207.59 - - [27/Sep/2025:21:16:20 -0600] "GET /166imano44887.html HTTP/1.1" 200 101413 "-" "Mozilla/5.0 AppleWebKit/537.36 (KHTML, like Gecko; compatible; GPTBot/1.2; +https://openai.com/gptbot)"
20.171.207.59 - - [27/Sep/2025:21:16:25 -0600] "GET /170yxutx37879.html HTTP/1.1" 200 101413 "-" "Mozilla/5.0 AppleWebKit/537.36 (KHTML, like Gecko; compatible; GPTBot/1.2; +https://openai.com/gptbot)"
20.171.207.59 - - [27/Sep/2025:21:16:32 -0600] "GET /249hblxq32950.html HTTP/1.1" 200 101413 "-" "Mozilla/5.0 AppleWebKit/537.36 (KHTML, like Gecko; compatible; GPTBot/1.2; +https://openai.com/gptbot)"
20.171.207.59 - - [27/Sep/2025:21:16:38 -0600] "GET /205cvbef25314.html HTTP/1.1" 404 71749 "-" "Mozilla/5.0 AppleWebKit/537.36 (KHTML, like Gecko; compatible; GPTBot/1.2; +https://openai.com/gptbot)"
20.171.207.59 - - [27/Sep/2025:21:16:42 -0600] "GET /165yjcco48532.html HTTP/1.1" 200 101413 "-" "Mozilla/5.0 AppleWebKit/537.36 (KHTML, like Gecko; compatible; GPTBot/1.2; +https://openai.com/gptbot)"
20.171.207.59 - - [27/Sep/2025:21:16:47 -0600] "GET /226unzae27553.html HTTP/1.1" 200 101413 "-" "Mozilla/5.0 AppleWebKit/537.36 (KHTML, like Gecko; compatible; GPTBot/1.2; +https://openai.com/gptbot)"
173.208.176.202 - - [27/Sep/2025:21:15:24 -0600] "GET /wp-content/install.php?id=460768 HTTP/1.1" 200 - "-" "GuzzleHttp/7"
20.171.207.59 - - [27/Sep/2025:21:16:57 -0600] "GET /218jwmco30249.html HTTP/1.1" 404 71749 "-" "Mozilla/5.0 AppleWebKit/537.36 (KHTML, like Gecko; compatible; GPTBot/1.2; +https://openai.com/gptbot)"
20.171.207.59 - - [27/Sep/2025:21:17:02 -0600] "GET /268qwgtq11523.html?aksi=ransom&path=/home/tsgmexic/4pie.com.mx HTTP/1.1" 404 101413 "-" "Mozilla/5.0 AppleWebKit/537.36 (KHTML, like Gecko; compatible; GPTBot/1.2; +https://openai.com/gptbot)"
20.171.207.59 - - [27/Sep/2025:21:17:06 -0600] "GET /238wlquh41647.html HTTP/1.1" 404 101413 "-" "Mozilla/5.0 AppleWebKit/537.36 (KHTML, like Gecko; compatible; GPTBot/1.2; +https://openai.com/gptbot)"
20.171.207.59 - - [27/Sep/2025:21:17:11 -0600] "GET /208yquug38129.html HTTP/1.1" 200 101413 "-" "Mozilla/5.0 AppleWebKit/537.36 (KHTML, like Gecko; compatible; GPTBot/1.2; +https://openai.com/gptbot)"
20.171.207.59 - - [27/Sep/2025:21:17:13 -0600] "GET /166qpcsb22929.html HTTP/1.1" 404 101413 "-" "Mozilla/5.0 AppleWebKit/537.36 (KHTML, like Gecko; compatible; GPTBot/1.2; +https://openai.com/gptbot)"
20.171.207.59 - - [27/Sep/2025:21:17:15 -0600] "GET /155mwcke14326.html HTTP/1.1" 404 71749 "-" "Mozilla/5.0 AppleWebKit/537.36 (KHTML, like Gecko; compatible; GPTBot/1.2; +https://openai.com/gptbot)"
20.171.207.59 - - [27/Sep/2025:21:17:18 -0600] "GET /162wjnyy17819.html HTTP/1.1" 404 71749 "-" "Mozilla/5.0 AppleWebKit/537.36 (KHTML, like Gecko; compatible; GPTBot/1.2; +https://openai.com/gptbot)"
20.171.207.59 - - [27/Sep/2025:21:17:20 -0600] "GET /267qvukf19120.html HTTP/1.1" 404 101413 "-" "Mozilla/5.0 AppleWebKit/537.36 (KHTML, like Gecko; compatible; GPTBot/1.2; +https://openai.com/gptbot)"
20.171.207.59 - - [27/Sep/2025:21:17:26 -0600] "GET /146svdpb30921.html HTTP/1.1" 200 101413 "-" "Mozilla/5.0 AppleWebKit/537.36 (KHTML, like Gecko; compatible; GPTBot/1.2; +https://openai.com/gptbot)"
20.171.207.59 - - [27/Sep/2025:21:17:31 -0600] "GET /179cbkze14538.html HTTP/1.1" 404 101413 "-" "Mozilla/5.0 AppleWebKit/537.36 (KHTML, like Gecko; compatible; GPTBot/1.2; +https://openai.com/gptbot)"
20.171.207.59 - - [27/Sep/2025:21:17:36 -0600] "GET /138khszt22469.html HTTP/1.1" 404 71749 "-" "Mozilla/5.0 AppleWebKit/537.36 (KHTML, like Gecko; compatible; GPTBot/1.2; +https://openai.com/gptbot)"
20.171.207.59 - - [27/Sep/2025:21:17:42 -0600] "GET /221czngk42750.html HTTP/1.1" 404 71749 "-" "Mozilla/5.0 AppleWebKit/537.36 (KHTML, like Gecko; compatible; GPTBot/1.2; +https://openai.com/gptbot)"
20.171.207.59 - - [27/Sep/2025:21:17:47 -0600] "GET /215gieim49886.html HTTP/1.1" 200 101413 "-" "Mozilla/5.0 AppleWebKit/537.36 (KHTML, like Gecko; compatible; GPTBot/1.2; +https://openai.com/gptbot)"
20.171.207.59 - - [27/Sep/2025:21:17:50 -0600] "GET /214xzjgq21673.html HTTP/1.1" 404 101413 "-" "Mozilla/5.0 AppleWebKit/537.36 (KHTML, like Gecko; compatible; GPTBot/1.2; +https://openai.com/gptbot)"
20.171.207.59 - - [27/Sep/2025:21:17:52 -0600] "GET /218hwphw33507.html HTTP/1.1" 404 101413 "-" "Mozilla/5.0 AppleWebKit/537.36 (KHTML, like Gecko; compatible; GPTBot/1.2; +https://openai.com/gptbot)"
20.171.207.59 - - [27/Sep/2025:21:17:54 -0600] "GET /255anfsp43070.html HTTP/1.1" 200 101410 "-" "Mozilla/5.0 AppleWebKit/537.36 (KHTML, like Gecko; compatible; GPTBot/1.2; +https://openai.com/gptbot)"
20.171.207.59 - - [27/Sep/2025:21:17:57 -0600] "GET /223bbjkx17972.html HTTP/1.1" 200 101410 "-" "Mozilla/5.0 AppleWebKit/537.36 (KHTML, like Gecko; compatible; GPTBot/1.2; +https://openai.com/gptbot)"
20.171.207.59 - - [27/Sep/2025:21:18:01 -0600] "GET /170jwanv49029.html HTTP/1.1" 200 101410 "-" "Mozilla/5.0 AppleWebKit/537.36 (KHTML, like Gecko; compatible; GPTBot/1.2; +https://openai.com/gptbot)"
216.244.66.243 - - [27/Sep/2025:21:18:07 -0600] "GET /robots.txt HTTP/1.1" 200 343 "-" "Mozilla/5.0 (compatible; DotBot/1.2; +https://opensiteexplorer.org/dotbot; help@moz.com)"
20.171.207.59 - - [27/Sep/2025:21:18:12 -0600] "GET /235cwvzm28934.html HTTP/1.1" 200 101413 "-" "Mozilla/5.0 AppleWebKit/537.36 (KHTML, like Gecko; compatible; GPTBot/1.2; +https://openai.com/gptbot)"
20.171.207.59 - - [27/Sep/2025:21:18:18 -0600] "GET /252zcegy17189.html HTTP/1.1" 404 101413 "-" "Mozilla/5.0 AppleWebKit/537.36 (KHTML, like Gecko; compatible; GPTBot/1.2; +https://openai.com/gptbot)"
173.208.176.202 - - [27/Sep/2025:21:16:52 -0600] "GET /wp-content/install.php?id=460768 HTTP/1.1" 200 - "-" "GuzzleHttp/7"
20.171.207.59 - - [27/Sep/2025:21:18:25 -0600] "GET /164udipl26789.html HTTP/1.1" 404 101413 "-" "Mozilla/5.0 AppleWebKit/537.36 (KHTML, like Gecko; compatible; GPTBot/1.2; +https://openai.com/gptbot)"
20.171.207.59 - - [27/Sep/2025:21:18:26 -0600] "GET /230mlvep45193.html HTTP/1.1" 404 101413 "-" "Mozilla/5.0 AppleWebKit/537.36 (KHTML, like Gecko; compatible; GPTBot/1.2; +https://openai.com/gptbot)"
142.171.127.176 - - [27/Sep/2025:21:18:27 -0600] "POST /wp-cron.php?doing_wp_cron=1759029507.9335739612579345703125 HTTP/1.1" 404 23749 "-" "WordPress/6.8; https://4pie.com.mx"
20.171.207.59 - - [27/Sep/2025:21:18:29 -0600] "GET /150gwely26033.html HTTP/1.1" 200 101413 "-" "Mozilla/5.0 AppleWebKit/537.36 (KHTML, like Gecko; compatible; GPTBot/1.2; +https://openai.com/gptbot)"
20.171.207.59 - - [27/Sep/2025:21:18:31 -0600] "GET /149yftzt45688.html HTTP/1.1" 404 101413 "-" "Mozilla/5.0 AppleWebKit/537.36 (KHTML, like Gecko; compatible; GPTBot/1.2; +https://openai.com/gptbot)"
20.171.207.59 - - [27/Sep/2025:21:18:32 -0600] "GET /170jwanv49029.html?filesrc=/home/tsgmexic/4pie.com.mx/style2.php&path=/home/tsgmexic/4pie.com.mx HTTP/1.1" 200 54036 "-" "Mozilla/5.0 AppleWebKit/537.36 (KHTML, like Gecko; compatible; GPTBot/1.2; +https://openai.com/gptbot)"
20.171.207.59 - - [27/Sep/2025:21:18:37 -0600] "GET /269dbuac28276.html HTTP/1.1" 200 101413 "-" "Mozilla/5.0 AppleWebKit/537.36 (KHTML, like Gecko; compatible; GPTBot/1.2; +https://openai.com/gptbot)"
20.171.207.59 - - [27/Sep/2025:21:18:41 -0600] "GET /220qpfsd17715.html HTTP/1.1" 404 101413 "-" "Mozilla/5.0 AppleWebKit/537.36 (KHTML, like Gecko; compatible; GPTBot/1.2; +https://openai.com/gptbot)"
20.171.207.59 - - [27/Sep/2025:21:18:45 -0600] "GET /143bngyz34090.html HTTP/1.1" 404 71749 "-" "Mozilla/5.0 AppleWebKit/537.36 (KHTML, like Gecko; compatible; GPTBot/1.2; +https://openai.com/gptbot)"
20.171.207.59 - - [27/Sep/2025:21:18:50 -0600] "GET /149cxkhy41546.html HTTP/1.1" 404 71749 "-" "Mozilla/5.0 AppleWebKit/537.36 (KHTML, like Gecko; compatible; GPTBot/1.2; +https://openai.com/gptbot)"
20.171.207.59 - - [27/Sep/2025:21:18:55 -0600] "GET /278guhos14955.html HTTP/1.1" 404 71749 "-" "Mozilla/5.0 AppleWebKit/537.36 (KHTML, like Gecko; compatible; GPTBot/1.2; +https://openai.com/gptbot)"
20.171.207.59 - - [27/Sep/2025:21:19:01 -0600] "GET /158vlqzq39009.html HTTP/1.1" 404 71749 "-" "Mozilla/5.0 AppleWebKit/537.36 (KHTML, like Gecko; compatible; GPTBot/1.2; +https://openai.com/gptbot)"
20.171.207.59 - - [27/Sep/2025:21:19:04 -0600] "GET /243omqas19644.html HTTP/1.1" 404 71749 "-" "Mozilla/5.0 AppleWebKit/537.36 (KHTML, like Gecko; compatible; GPTBot/1.2; +https://openai.com/gptbot)"
20.171.207.59 - - [27/Sep/2025:21:19:06 -0600] "GET /127wihug28066.html HTTP/1.1" 404 71749 "-" "Mozilla/5.0 AppleWebKit/537.36 (KHTML, like Gecko; compatible; GPTBot/1.2; +https://openai.com/gptbot)"
20.171.207.59 - - [27/Sep/2025:21:19:11 -0600] "GET /269dbuac28276.html?filesrc=/home/tsgmexic/4pie.com.mx/wp-mail.php&path=/home/tsgmexic/4pie.com.mx HTTP/1.1" 404 53036 "-" "Mozilla/5.0 AppleWebKit/537.36 (KHTML, like Gecko; compatible; GPTBot/1.2; +https://openai.com/gptbot)"
20.171.207.59 - - [27/Sep/2025:21:19:14 -0600] "GET /200wszyj21701.html HTTP/1.1" 404 101413 "-" "Mozilla/5.0 AppleWebKit/537.36 (KHTML, like Gecko; compatible; GPTBot/1.2; +https://openai.com/gptbot)"
20.171.207.59 - - [27/Sep/2025:21:19:16 -0600] "GET /250nwrue38245.html HTTP/1.1" 404 71749 "-" "Mozilla/5.0 AppleWebKit/537.36 (KHTML, like Gecko; compatible; GPTBot/1.2; +https://openai.com/gptbot)"
20.171.207.59 - - [27/Sep/2025:21:19:20 -0600] "GET /235hirmd17956.html HTTP/1.1" 404 71749 "-" "Mozilla/5.0 AppleWebKit/537.36 (KHTML, like Gecko; compatible; GPTBot/1.2; +https://openai.com/gptbot)"
20.171.207.59 - - [27/Sep/2025:21:19:25 -0600] "GET /192zazev20723.html HTTP/1.1" 404 71749 "-" "Mozilla/5.0 AppleWebKit/537.36 (KHTML, like Gecko; compatible; GPTBot/1.2; +https://openai.com/gptbot)"
20.171.207.59 - - [27/Sep/2025:21:19:32 -0600] "GET /252sfyzx34539.html HTTP/1.1" 404 101413 "-" "Mozilla/5.0 AppleWebKit/537.36 (KHTML, like Gecko; compatible; GPTBot/1.2; +https://openai.com/gptbot)"
20.171.207.59 - - [27/Sep/2025:21:19:34 -0600] "GET /106glekb10203.html HTTP/1.1" 404 101413 "-" "Mozilla/5.0 AppleWebKit/537.36 (KHTML, like Gecko; compatible; GPTBot/1.2; +https://openai.com/gptbot)"
20.171.207.59 - - [27/Sep/2025:21:19:37 -0600] "GET /243lwqvt11916.html HTTP/1.1" 404 71749 "-" "Mozilla/5.0 AppleWebKit/537.36 (KHTML, like Gecko; compatible; GPTBot/1.2; +https://openai.com/gptbot)"
20.171.207.59 - - [27/Sep/2025:21:19:42 -0600] "GET /280sblhw47275.html HTTP/1.1" 404 101413 "-" "Mozilla/5.0 AppleWebKit/537.36 (KHTML, like Gecko; compatible; GPTBot/1.2; +https://openai.com/gptbot)"
20.171.207.59 - - [27/Sep/2025:21:19:44 -0600] "GET /189zlyoz48312.html HTTP/1.1" 404 71749 "-" "Mozilla/5.0 AppleWebKit/537.36 (KHTML, like Gecko; compatible; GPTBot/1.2; +https://openai.com/gptbot)"
173.208.176.202 - - [27/Sep/2025:21:18:21 -0600] "GET /wp-content/install.php?id=460768 HTTP/1.1" 200 - "-" "GuzzleHttp/7"
20.171.207.59 - - [27/Sep/2025:21:19:51 -0600] "GET /180cemir15063.html HTTP/1.1" 200 101413 "-" "Mozilla/5.0 AppleWebKit/537.36 (KHTML, like Gecko; compatible; GPTBot/1.2; +https://openai.com/gptbot)"
20.171.207.59 - - [27/Sep/2025:21:19:54 -0600] "GET /140exnhx27377.html HTTP/1.1" 404 101413 "-" "Mozilla/5.0 AppleWebKit/537.36 (KHTML, like Gecko; compatible; GPTBot/1.2; +https://openai.com/gptbot)"
20.171.207.59 - - [27/Sep/2025:21:19:57 -0600] "GET /294xpyle47099.html HTTP/1.1" 200 101413 "-" "Mozilla/5.0 AppleWebKit/537.36 (KHTML, like Gecko; compatible; GPTBot/1.2; +https://openai.com/gptbot)"
20.171.207.59 - - [27/Sep/2025:21:20:03 -0600] "GET /151ufdfx28546.html HTTP/1.1" 404 101413 "-" "Mozilla/5.0 AppleWebKit/537.36 (KHTML, like Gecko; compatible; GPTBot/1.2; +https://openai.com/gptbot)"
20.171.207.59 - - [27/Sep/2025:21:20:11 -0600] "GET /273eqfbn34950.html HTTP/1.1" 200 101413 "-" "Mozilla/5.0 AppleWebKit/537.36 (KHTML, like Gecko; compatible; GPTBot/1.2; +https://openai.com/gptbot)"
20.171.207.59 - - [27/Sep/2025:21:20:13 -0600] "GET /274uwczq38113.html HTTP/1.1" 404 71749 "-" "Mozilla/5.0 AppleWebKit/537.36 (KHTML, like Gecko; compatible; GPTBot/1.2; +https://openai.com/gptbot)"
20.171.207.59 - - [27/Sep/2025:21:20:17 -0600] "GET /103ccllu15278.html HTTP/1.1" 200 101413 "-" "Mozilla/5.0 AppleWebKit/537.36 (KHTML, like Gecko; compatible; GPTBot/1.2; +https://openai.com/gptbot)"
20.171.207.59 - - [27/Sep/2025:21:20:22 -0600] "GET /104rhmpf25827.html HTTP/1.1" 404 101413 "-" "Mozilla/5.0 AppleWebKit/537.36 (KHTML, like Gecko; compatible; GPTBot/1.2; +https://openai.com/gptbot)"
142.171.127.176 - - [27/Sep/2025:21:20:31 -0600] "POST /wp-cron.php?doing_wp_cron=1759029631.3280329704284667968750 HTTP/1.1" 403 62681 "-" "WordPress/6.8; https://4pie.com.mx"
20.171.207.59 - - [27/Sep/2025:21:20:28 -0600] "GET /202naaey18569.html HTTP/1.1" 404 87749 "-" "Mozilla/5.0 AppleWebKit/537.36 (KHTML, like Gecko; compatible; GPTBot/1.2; +https://openai.com/gptbot)"
20.171.207.59 - - [27/Sep/2025:21:20:34 -0600] "GET /207eevio20592.html HTTP/1.1" 200 101412 "-" "Mozilla/5.0 AppleWebKit/537.36 (KHTML, like Gecko; compatible; GPTBot/1.2; +https://openai.com/gptbot)"
20.171.207.59 - - [27/Sep/2025:21:20:38 -0600] "GET /266sfmci24527.html HTTP/1.1" 200 101412 "-" "Mozilla/5.0 AppleWebKit/537.36 (KHTML, like Gecko; compatible; GPTBot/1.2; +https://openai.com/gptbot)"
204.12.208.18 - - [27/Sep/2025:21:20:40 -0600] "GET /?sitemapindex.xml HTTP/1.1" 200 7538 "http://4pie.com.mx/?sitemapindex.xml" "Mozilla/5.0 (Macintosh; Intel Mac OS X 10_7_2) AppleWebKit/535.2 (KHTML, like Gecko) Chrome/15.0.874.106 Safari/535.2"
20.171.207.59 - - [27/Sep/2025:21:20:44 -0600] "GET /197fakty43036.html HTTP/1.1" 404 101412 "-" "Mozilla/5.0 AppleWebKit/537.36 (KHTML, like Gecko; compatible; GPTBot/1.2; +https://openai.com/gptbot)"
20.171.207.59 - - [27/Sep/2025:21:20:47 -0600] "GET /270cjive31737.html HTTP/1.1" 404 71749 "-" "Mozilla/5.0 AppleWebKit/537.36 (KHTML, like Gecko; compatible; GPTBot/1.2; +https://openai.com/gptbot)"
20.171.207.59 - - [27/Sep/2025:21:20:49 -0600] "GET /231vsxul18438.html HTTP/1.1" 200 101412 "-" "Mozilla/5.0 AppleWebKit/537.36 (KHTML, like Gecko; compatible; GPTBot/1.2; +https://openai.com/gptbot)"
20.171.207.59 - - [27/Sep/2025:21:20:53 -0600] "GET /173fksjs40260.html HTTP/1.1" 404 71749 "-" "Mozilla/5.0 AppleWebKit/537.36 (KHTML, like Gecko; compatible; GPTBot/1.2; +https://openai.com/gptbot)"
20.171.207.59 - - [27/Sep/2025:21:20:59 -0600] "GET /186vctcs45463.html HTTP/1.1" 200 101413 "-" "Mozilla/5.0 AppleWebKit/537.36 (KHTML, like Gecko; compatible; GPTBot/1.2; +https://openai.com/gptbot)"
20.171.207.59 - - [27/Sep/2025:21:21:07 -0600] "GET /125hwulu35980.html HTTP/1.1" 404 101413 "-" "Mozilla/5.0 AppleWebKit/537.36 (KHTML, like Gecko; compatible; GPTBot/1.2; +https://openai.com/gptbot)"
20.171.207.59 - - [27/Sep/2025:21:21:09 -0600] "GET /278rpunb17903.html HTTP/1.1" 200 101413 "-" "Mozilla/5.0 AppleWebKit/537.36 (KHTML, like Gecko; compatible; GPTBot/1.2; +https://openai.com/gptbot)"
20.171.207.59 - - [27/Sep/2025:21:21:15 -0600] "GET /117maxze47728.html HTTP/1.1" 404 101413 "-" "Mozilla/5.0 AppleWebKit/537.36 (KHTML, like Gecko; compatible; GPTBot/1.2; +https://openai.com/gptbot)"
173.208.176.202 - - [27/Sep/2025:21:19:50 -0600] "GET /wp-content/install.php?id=460768 HTTP/1.1" 200 - "-" "GuzzleHttp/7"
20.171.207.59 - - [27/Sep/2025:21:21:20 -0600] "GET /158dsyca11839.html HTTP/1.1" 200 101413 "-" "Mozilla/5.0 AppleWebKit/537.36 (KHTML, like Gecko; compatible; GPTBot/1.2; +https://openai.com/gptbot)"
20.171.207.59 - - [27/Sep/2025:21:21:22 -0600] "GET /236peviw45665.html HTTP/1.1" 200 101413 "-" "Mozilla/5.0 AppleWebKit/537.36 (KHTML, like Gecko; compatible; GPTBot/1.2; +https://openai.com/gptbot)"
20.171.207.59 - - [27/Sep/2025:21:21:24 -0600] "GET /203owxfo30776.html HTTP/1.1" 404 101413 "-" "Mozilla/5.0 AppleWebKit/537.36 (KHTML, like Gecko; compatible; GPTBot/1.2; +https://openai.com/gptbot)"
20.171.207.59 - - [27/Sep/2025:21:21:25 -0600] "GET /204swnps44689.html HTTP/1.1" 404 101413 "-" "Mozilla/5.0 AppleWebKit/537.36 (KHTML, like Gecko; compatible; GPTBot/1.2; +https://openai.com/gptbot)"
20.171.207.59 - - [27/Sep/2025:21:21:27 -0600] "GET /155jlgnq16046.html HTTP/1.1" 404 101413 "-" "Mozilla/5.0 AppleWebKit/537.36 (KHTML, like Gecko; compatible; GPTBot/1.2; +https://openai.com/gptbot)"
20.171.207.59 - - [27/Sep/2025:21:21:29 -0600] "GET /208kwrvy44619.html HTTP/1.1" 200 101413 "-" "Mozilla/5.0 AppleWebKit/537.36 (KHTML, like Gecko; compatible; GPTBot/1.2; +https://openai.com/gptbot)"
142.171.127.176 - - [27/Sep/2025:21:21:31 -0600] "POST /wp-cron.php?doing_wp_cron=1759029691.4224390983581542968750 HTTP/1.1" 404 23749 "-" "WordPress/6.8; https://4pie.com.mx"
20.171.207.59 - - [27/Sep/2025:21:21:38 -0600] "GET /277xwcoo31890.html HTTP/1.1" 404 101413 "-" "Mozilla/5.0 AppleWebKit/537.36 (KHTML, like Gecko; compatible; GPTBot/1.2; +https://openai.com/gptbot)"
20.171.207.59 - - [27/Sep/2025:21:21:44 -0600] "GET /297mrsvd22646.html HTTP/1.1" 404 71749 "-" "Mozilla/5.0 AppleWebKit/537.36 (KHTML, like Gecko; compatible; GPTBot/1.2; +https://openai.com/gptbot)"
20.171.207.59 - - [27/Sep/2025:21:21:47 -0600] "GET /154kdfjx23099.html HTTP/1.1" 404 101413 "-" "Mozilla/5.0 AppleWebKit/537.36 (KHTML, like Gecko; compatible; GPTBot/1.2; +https://openai.com/gptbot)"
20.171.207.59 - - [27/Sep/2025:21:21:51 -0600] "GET /267cuowy13934.html HTTP/1.1" 404 101413 "-" "Mozilla/5.0 AppleWebKit/537.36 (KHTML, like Gecko; compatible; GPTBot/1.2; +https://openai.com/gptbot)"
20.171.207.59 - - [27/Sep/2025:21:21:53 -0600] "GET /153sbmjr14612.html HTTP/1.1" 404 101413 "-" "Mozilla/5.0 AppleWebKit/537.36 (KHTML, like Gecko; compatible; GPTBot/1.2; +https://openai.com/gptbot)"
20.171.207.59 - - [27/Sep/2025:21:21:56 -0600] "GET /101kbzib43060.html HTTP/1.1" 404 101413 "-" "Mozilla/5.0 AppleWebKit/537.36 (KHTML, like Gecko; compatible; GPTBot/1.2; +https://openai.com/gptbot)"
216.244.66.243 - - [27/Sep/2025:21:21:57 -0600] "GET /shopdetail/1240044.html HTTP/1.1" 200 101413 "-" "Mozilla/5.0 (compatible; DotBot/1.2; +https://opensiteexplorer.org/dotbot; help@moz.com)"
20.171.207.59 - - [27/Sep/2025:21:22:03 -0600] "GET /208fedru35639.html HTTP/1.1" 404 71749 "-" "Mozilla/5.0 AppleWebKit/537.36 (KHTML, like Gecko; compatible; GPTBot/1.2; +https://openai.com/gptbot)"
20.171.207.59 - - [27/Sep/2025:21:22:09 -0600] "GET /178vpwxj11283.html HTTP/1.1" 404 101413 "-" "Mozilla/5.0 AppleWebKit/537.36 (KHTML, like Gecko; compatible; GPTBot/1.2; +https://openai.com/gptbot)"
20.171.207.59 - - [27/Sep/2025:21:22:15 -0600] "GET /152ugube10643.html HTTP/1.1" 200 101413 "-" "Mozilla/5.0 AppleWebKit/537.36 (KHTML, like Gecko; compatible; GPTBot/1.2; +https://openai.com/gptbot)"
216.244.66.243 - - [27/Sep/2025:21:22:17 -0600] "GET /shopdetail/13396266.html HTTP/1.1" 404 101413 "-" "Mozilla/5.0 (compatible; DotBot/1.2; +https://opensiteexplorer.org/dotbot; help@moz.com)"
20.171.207.59 - - [27/Sep/2025:21:22:18 -0600] "GET /270jhkry35597.html HTTP/1.1" 200 101413 "-" "Mozilla/5.0 AppleWebKit/537.36 (KHTML, like Gecko; compatible; GPTBot/1.2; +https://openai.com/gptbot)"
20.171.207.59 - - [27/Sep/2025:21:22:21 -0600] "GET /250aeaen35489.html HTTP/1.1" 404 71749 "-" "Mozilla/5.0 AppleWebKit/537.36 (KHTML, like Gecko; compatible; GPTBot/1.2; +https://openai.com/gptbot)"
20.171.207.59 - - [27/Sep/2025:21:22:28 -0600] "GET /186giygt23763.html HTTP/1.1" 200 101413 "-" "Mozilla/5.0 AppleWebKit/537.36 (KHTML, like Gecko; compatible; GPTBot/1.2; +https://openai.com/gptbot)"
20.171.207.59 - - [27/Sep/2025:21:22:31 -0600] "GET /171yenii45792.html HTTP/1.1" 200 101413 "-" "Mozilla/5.0 AppleWebKit/537.36 (KHTML, like Gecko; compatible; GPTBot/1.2; +https://openai.com/gptbot)"
216.244.66.243 - - [27/Sep/2025:21:22:33 -0600] "GET /shopdetail/823722.html HTTP/1.1" 200 101413 "-" "Mozilla/5.0 (compatible; DotBot/1.2; +https://opensiteexplorer.org/dotbot; help@moz.com)"
142.171.127.176 - - [27/Sep/2025:21:22:37 -0600] "POST /wp-cron.php?doing_wp_cron=1759029757.0076689720153808593750 HTTP/1.1" 403 19758 "-" "WordPress/6.8; https://4pie.com.mx"
20.171.207.59 - - [27/Sep/2025:21:22:41 -0600] "GET /163geyzq20670.html HTTP/1.1" 404 101413 "-" "Mozilla/5.0 AppleWebKit/537.36 (KHTML, like Gecko; compatible; GPTBot/1.2; +https://openai.com/gptbot)"
20.171.207.59 - - [27/Sep/2025:21:22:51 -0600] "GET /166qevxb24751.html HTTP/1.1" 200 101413 "-" "Mozilla/5.0 AppleWebKit/537.36 (KHTML, like Gecko; compatible; GPTBot/1.2; +https://openai.com/gptbot)"
173.208.176.202 - - [27/Sep/2025:21:21:19 -0600] "GET /wp-content/install.php?id=460768 HTTP/1.1" 200 - "-" "GuzzleHttp/7"
20.171.207.59 - - [27/Sep/2025:21:22:53 -0600] "GET /177bwqrt14608.html HTTP/1.1" 200 101412 "-" "Mozilla/5.0 AppleWebKit/537.36 (KHTML, like Gecko; compatible; GPTBot/1.2; +https://openai.com/gptbot)"
20.171.207.59 - - [27/Sep/2025:21:22:56 -0600] "GET /125wdico31762.html HTTP/1.1" 404 101412 "-" "Mozilla/5.0 AppleWebKit/537.36 (KHTML, like Gecko; compatible; GPTBot/1.2; +https://openai.com/gptbot)"
20.171.207.59 - - [27/Sep/2025:21:23:00 -0600] "GET /174fmqwn43075.html HTTP/1.1" 200 101412 "-" "Mozilla/5.0 AppleWebKit/537.36 (KHTML, like Gecko; compatible; GPTBot/1.2; +https://openai.com/gptbot)"
20.171.207.59 - - [27/Sep/2025:21:23:02 -0600] "GET /110qjved36719.html HTTP/1.1" 404 101412 "-" "Mozilla/5.0 AppleWebKit/537.36 (KHTML, like Gecko; compatible; GPTBot/1.2; +https://openai.com/gptbot)"
20.171.207.59 - - [27/Sep/2025:21:23:06 -0600] "GET /149essdf39798.html HTTP/1.1" 404 95749 "-" "Mozilla/5.0 AppleWebKit/537.36 (KHTML, like Gecko; compatible; GPTBot/1.2; +https://openai.com/gptbot)"
20.171.207.59 - - [27/Sep/2025:21:23:09 -0600] "GET /172xelqo30337.html HTTP/1.1" 404 71749 "-" "Mozilla/5.0 AppleWebKit/537.36 (KHTML, like Gecko; compatible; GPTBot/1.2; +https://openai.com/gptbot)"
20.171.207.59 - - [27/Sep/2025:21:23:17 -0600] "GET /200elezf19053.html HTTP/1.1" 200 101413 "-" "Mozilla/5.0 AppleWebKit/537.36 (KHTML, like Gecko; compatible; GPTBot/1.2; +https://openai.com/gptbot)"
20.171.207.59 - - [27/Sep/2025:21:23:23 -0600] "GET /208egksg28569.html HTTP/1.1" 404 71749 "-" "Mozilla/5.0 AppleWebKit/537.36 (KHTML, like Gecko; compatible; GPTBot/1.2; +https://openai.com/gptbot)"
20.171.207.59 - - [27/Sep/2025:21:23:25 -0600] "GET /216rsgdg34987.html HTTP/1.1" 404 101413 "-" "Mozilla/5.0 AppleWebKit/537.36 (KHTML, like Gecko; compatible; GPTBot/1.2; +https://openai.com/gptbot)"
20.171.207.59 - - [27/Sep/2025:21:23:28 -0600] "GET /173oqzuw47528.html HTTP/1.1" 200 101413 "-" "Mozilla/5.0 AppleWebKit/537.36 (KHTML, like Gecko; compatible; GPTBot/1.2; +https://openai.com/gptbot)"
20.171.207.59 - - [27/Sep/2025:21:23:34 -0600] "GET /230ghknc35709.html HTTP/1.1" 404 101413 "-" "Mozilla/5.0 AppleWebKit/537.36 (KHTML, like Gecko; compatible; GPTBot/1.2; +https://openai.com/gptbot)"
20.171.207.59 - - [27/Sep/2025:21:23:36 -0600] "GET /257uopwd12844.html HTTP/1.1" 200 101413 "-" "Mozilla/5.0 AppleWebKit/537.36 (KHTML, like Gecko; compatible; GPTBot/1.2; +https://openai.com/gptbot)"
142.171.127.176 - - [27/Sep/2025:21:23:38 -0600] "POST /wp-cron.php?doing_wp_cron=1759029818.4643850326538085937500 HTTP/1.1" 404 23749 "-" "WordPress/6.8; https://4pie.com.mx"
20.171.207.59 - - [27/Sep/2025:21:23:40 -0600] "GET /134hipwz17207.html HTTP/1.1" 200 101413 "-" "Mozilla/5.0 AppleWebKit/537.36 (KHTML, like Gecko; compatible; GPTBot/1.2; +https://openai.com/gptbot)"
20.171.207.59 - - [27/Sep/2025:21:23:48 -0600] "GET /175jfncb29362.html HTTP/1.1" 404 71749 "-" "Mozilla/5.0 AppleWebKit/537.36 (KHTML, like Gecko; compatible; GPTBot/1.2; +https://openai.com/gptbot)"
20.171.207.59 - - [27/Sep/2025:21:23:53 -0600] "GET /175xmksb45572.html HTTP/1.1" 404 71749 "-" "Mozilla/5.0 AppleWebKit/537.36 (KHTML, like Gecko; compatible; GPTBot/1.2; +https://openai.com/gptbot)"
20.171.207.59 - - [27/Sep/2025:21:23:57 -0600] "GET /211pyzoh25466.html HTTP/1.1" 200 101413 "-" "Mozilla/5.0 AppleWebKit/537.36 (KHTML, like Gecko; compatible; GPTBot/1.2; +https://openai.com/gptbot)"
20.171.207.59 - - [27/Sep/2025:21:24:01 -0600] "GET /150skdrm21693.html HTTP/1.1" 404 101413 "-" "Mozilla/5.0 AppleWebKit/537.36 (KHTML, like Gecko; compatible; GPTBot/1.2; +https://openai.com/gptbot)"
20.171.207.59 - - [27/Sep/2025:21:24:09 -0600] "GET /257uopwd12844.html?filesrc=/home/tsgmexic/4pie.com.mx/wp-load.php&path=/home/tsgmexic/4pie.com.mx HTTP/1.1" 404 48277 "-" "Mozilla/5.0 AppleWebKit/537.36 (KHTML, like Gecko; compatible; GPTBot/1.2; +https://openai.com/gptbot)"
20.171.207.59 - - [27/Sep/2025:21:24:11 -0600] "GET /200fdcpr25053.html HTTP/1.1" 200 101413 "-" "Mozilla/5.0 AppleWebKit/537.36 (KHTML, like Gecko; compatible; GPTBot/1.2; +https://openai.com/gptbot)"
20.171.207.59 - - [27/Sep/2025:21:24:13 -0600] "GET /134hipwz17207.html?filesrc=/home/tsgmexic/4pie.com.mx/wp-activate.php&path=/home/tsgmexic/4pie.com.mx HTTP/1.1" 404 52402 "-" "Mozilla/5.0 AppleWebKit/537.36 (KHTML, like Gecko; compatible; GPTBot/1.2; +https://openai.com/gptbot)"
20.171.207.59 - - [27/Sep/2025:21:24:15 -0600] "GET /204uhcge17899.html HTTP/1.1" 200 101413 "-" "Mozilla/5.0 AppleWebKit/537.36 (KHTML, like Gecko; compatible; GPTBot/1.2; +https://openai.com/gptbot)"
20.171.207.59 - - [27/Sep/2025:21:24:19 -0600] "GET /109zfdum29868.html HTTP/1.1" 200 101413 "-" "Mozilla/5.0 AppleWebKit/537.36 (KHTML, like Gecko; compatible; GPTBot/1.2; +https://openai.com/gptbot)"
173.208.176.202 - - [27/Sep/2025:21:22:53 -0600] "GET /wp-content/install.php?id=460768 HTTP/1.1" 200 - "-" "GuzzleHttp/7"
20.171.207.59 - - [27/Sep/2025:21:24:22 -0600] "GET /260vxkjw37955.html HTTP/1.1" 200 101413 "-" "Mozilla/5.0 AppleWebKit/537.36 (KHTML, like Gecko; compatible; GPTBot/1.2; +https://openai.com/gptbot)"
20.171.207.59 - - [27/Sep/2025:21:24:28 -0600] "GET /207myxmr23548.html HTTP/1.1" 200 101413 "-" "Mozilla/5.0 AppleWebKit/537.36 (KHTML, like Gecko; compatible; GPTBot/1.2; +https://openai.com/gptbot)"
20.171.207.59 - - [27/Sep/2025:21:24:31 -0600] "GET /279ueeqr10884.html HTTP/1.1" 404 101413 "-" "Mozilla/5.0 AppleWebKit/537.36 (KHTML, like Gecko; compatible; GPTBot/1.2; +https://openai.com/gptbot)"
20.171.207.59 - - [27/Sep/2025:21:24:36 -0600] "GET /123gqfpe33546.html HTTP/1.1" 404 101413 "-" "Mozilla/5.0 AppleWebKit/537.36 (KHTML, like Gecko; compatible; GPTBot/1.2; +https://openai.com/gptbot)"
20.171.207.59 - - [27/Sep/2025:21:24:41 -0600] "GET /189qydul11446.html HTTP/1.1" 200 101412 "-" "Mozilla/5.0 AppleWebKit/537.36 (KHTML, like Gecko; compatible; GPTBot/1.2; +https://openai.com/gptbot)"
20.171.207.59 - - [27/Sep/2025:21:24:48 -0600] "GET /245hadoz14324.html HTTP/1.1" 200 101412 "-" "Mozilla/5.0 AppleWebKit/537.36 (KHTML, like Gecko; compatible; GPTBot/1.2; +https://openai.com/gptbot)"
20.171.207.59 - - [27/Sep/2025:21:24:54 -0600] "GET /155sbvrs13872.html HTTP/1.1" 404 101413 "-" "Mozilla/5.0 AppleWebKit/537.36 (KHTML, like Gecko; compatible; GPTBot/1.2; +https://openai.com/gptbot)"
20.171.207.59 - - [27/Sep/2025:21:24:58 -0600] "GET /273owlif49458.html HTTP/1.1" 404 95749 "-" "Mozilla/5.0 AppleWebKit/537.36 (KHTML, like Gecko; compatible; GPTBot/1.2; +https://openai.com/gptbot)"
20.171.207.59 - - [27/Sep/2025:21:25:02 -0600] "GET /149rrczd16370.html HTTP/1.1" 200 101413 "-" "Mozilla/5.0 AppleWebKit/537.36 (KHTML, like Gecko; compatible; GPTBot/1.2; +https://openai.com/gptbot)"
20.171.207.59 - - [27/Sep/2025:21:25:13 -0600] "GET /109wnvjd37870.html HTTP/1.1" 200 101413 "-" "Mozilla/5.0 AppleWebKit/537.36 (KHTML, like Gecko; compatible; GPTBot/1.2; +https://openai.com/gptbot)"
20.171.207.59 - - [27/Sep/2025:21:25:16 -0600] "GET /206qikjf17449.html HTTP/1.1" 404 101413 "-" "Mozilla/5.0 AppleWebKit/537.36 (KHTML, like Gecko; compatible; GPTBot/1.2; +https://openai.com/gptbot)"
20.171.207.59 - - [27/Sep/2025:21:25:19 -0600] "GET /201xbcan44664.html HTTP/1.1" 404 71749 "-" "Mozilla/5.0 AppleWebKit/537.36 (KHTML, like Gecko; compatible; GPTBot/1.2; +https://openai.com/gptbot)"
20.171.207.59 - - [27/Sep/2025:21:25:25 -0600] "GET /288tucle30215.html HTTP/1.1" 404 79749 "-" "Mozilla/5.0 AppleWebKit/537.36 (KHTML, like Gecko; compatible; GPTBot/1.2; +https://openai.com/gptbot)"
20.171.207.59 - - [27/Sep/2025:21:25:28 -0600] "GET /174ucuga48721.html HTTP/1.1" 404 71749 "-" "Mozilla/5.0 AppleWebKit/537.36 (KHTML, like Gecko; compatible; GPTBot/1.2; +https://openai.com/gptbot)"
20.171.207.59 - - [27/Sep/2025:21:25:30 -0600] "GET /186wdvsf47185.html HTTP/1.1" 404 71749 "-" "Mozilla/5.0 AppleWebKit/537.36 (KHTML, like Gecko; compatible; GPTBot/1.2; +https://openai.com/gptbot)"
20.171.207.59 - - [27/Sep/2025:21:25:33 -0600] "GET /172qdhkw26187.html HTTP/1.1" 404 71749 "-" "Mozilla/5.0 AppleWebKit/537.36 (KHTML, like Gecko; compatible; GPTBot/1.2; +https://openai.com/gptbot)"
20.171.207.59 - - [27/Sep/2025:21:25:37 -0600] "GET /103sjkum20670.html HTTP/1.1" 404 71749 "-" "Mozilla/5.0 AppleWebKit/537.36 (KHTML, like Gecko; compatible; GPTBot/1.2; +https://openai.com/gptbot)"
20.171.207.59 - - [27/Sep/2025:21:25:47 -0600] "GET /173rceid12768.html HTTP/1.1" 200 101413 "-" "Mozilla/5.0 AppleWebKit/537.36 (KHTML, like Gecko; compatible; GPTBot/1.2; +https://openai.com/gptbot)"
173.208.176.202 - - [27/Sep/2025:21:24:22 -0600] "GET /wp-content/install.php?id=460768 HTTP/1.1" 200 - "-" "GuzzleHttp/7"
20.171.207.59 - - [27/Sep/2025:21:25:51 -0600] "GET /253abubb21956.html HTTP/1.1" 200 101413 "-" "Mozilla/5.0 AppleWebKit/537.36 (KHTML, like Gecko; compatible; GPTBot/1.2; +https://openai.com/gptbot)"
20.171.207.59 - - [27/Sep/2025:21:25:53 -0600] "GET /161zwbox41080.html HTTP/1.1" 404 101413 "-" "Mozilla/5.0 AppleWebKit/537.36 (KHTML, like Gecko; compatible; GPTBot/1.2; +https://openai.com/gptbot)"
