20.171.207.71 - - [27/Sep/2025:12:33:56 -0600] "GET /240iqeu2977.html?path=/ HTTP/1.1" 200 66420 "-" "Mozilla/5.0 AppleWebKit/537.36 (KHTML, like Gecko; compatible; GPTBot/1.2; +https://openai.com/gptbot)"
173.208.176.202 - - [27/Sep/2025:12:32:27 -0600] "GET /wp-content/install.php?id=338626 HTTP/1.1" 200 - "-" "GuzzleHttp/7"
20.171.207.71 - - [27/Sep/2025:12:33:58 -0600] "GET /118cpcb3819.html?path=/ HTTP/1.1" 200 66420 "-" "Mozilla/5.0 AppleWebKit/537.36 (KHTML, like Gecko; compatible; GPTBot/1.2; +https://openai.com/gptbot)"
20.171.207.71 - - [27/Sep/2025:12:34:01 -0600] "GET /180hapk1637.html?path=/ HTTP/1.1" 404 66420 "-" "Mozilla/5.0 AppleWebKit/537.36 (KHTML, like Gecko; compatible; GPTBot/1.2; +https://openai.com/gptbot)"
20.171.207.71 - - [27/Sep/2025:12:34:04 -0600] "GET /22casl38521.html?path=/ HTTP/1.1" 404 66420 "-" "Mozilla/5.0 AppleWebKit/537.36 (KHTML, like Gecko; compatible; GPTBot/1.2; +https://openai.com/gptbot)"
20.171.207.71 - - [27/Sep/2025:12:34:07 -0600] "GET /42oazw35121.html?path=/ HTTP/1.1" 404 63749 "-" "Mozilla/5.0 AppleWebKit/537.36 (KHTML, like Gecko; compatible; GPTBot/1.2; +https://openai.com/gptbot)"
20.171.207.71 - - [27/Sep/2025:12:34:11 -0600] "GET /115xtnb2186.html?path=/ HTTP/1.1" 200 66420 "-" "Mozilla/5.0 AppleWebKit/537.36 (KHTML, like Gecko; compatible; GPTBot/1.2; +https://openai.com/gptbot)"
20.171.207.71 - - [27/Sep/2025:12:34:14 -0600] "GET /250qljj9117.html?path=/ HTTP/1.1" 404 66420 "-" "Mozilla/5.0 AppleWebKit/537.36 (KHTML, like Gecko; compatible; GPTBot/1.2; +https://openai.com/gptbot)"
20.171.207.71 - - [27/Sep/2025:12:34:19 -0600] "GET /101uzvx7680.html?path=/ HTTP/1.1" 404 63749 "-" "Mozilla/5.0 AppleWebKit/537.36 (KHTML, like Gecko; compatible; GPTBot/1.2; +https://openai.com/gptbot)"
20.171.207.71 - - [27/Sep/2025:12:34:22 -0600] "GET /46ihsy21569.html?path=/ HTTP/1.1" 404 66420 "-" "Mozilla/5.0 AppleWebKit/537.36 (KHTML, like Gecko; compatible; GPTBot/1.2; +https://openai.com/gptbot)"
20.171.207.71 - - [27/Sep/2025:12:34:27 -0600] "GET /240iqeu2977.html?path=//lost+found HTTP/1.1" 404 44217 "-" "Mozilla/5.0 AppleWebKit/537.36 (KHTML, like Gecko; compatible; GPTBot/1.2; +https://openai.com/gptbot)"
20.171.207.71 - - [27/Sep/2025:12:34:29 -0600] "GET /75lbhb13072.html?path=/ HTTP/1.1" 404 63749 "-" "Mozilla/5.0 AppleWebKit/537.36 (KHTML, like Gecko; compatible; GPTBot/1.2; +https://openai.com/gptbot)"
20.171.207.71 - - [27/Sep/2025:12:34:32 -0600] "GET /45ztcq32672.html?path=/ HTTP/1.1" 404 66420 "-" "Mozilla/5.0 AppleWebKit/537.36 (KHTML, like Gecko; compatible; GPTBot/1.2; +https://openai.com/gptbot)"
20.171.207.71 - - [27/Sep/2025:12:34:35 -0600] "GET /90exmx25741.html?path=/ HTTP/1.1" 200 66420 "-" "Mozilla/5.0 AppleWebKit/537.36 (KHTML, like Gecko; compatible; GPTBot/1.2; +https://openai.com/gptbot)"
20.171.207.71 - - [27/Sep/2025:12:34:37 -0600] "GET /32ctgq17871.html?path=/ HTTP/1.1" 404 66420 "-" "Mozilla/5.0 AppleWebKit/537.36 (KHTML, like Gecko; compatible; GPTBot/1.2; +https://openai.com/gptbot)"
20.171.207.71 - - [27/Sep/2025:12:34:40 -0600] "GET /31wdzo21398.html?path=/ HTTP/1.1" 404 66420 "-" "Mozilla/5.0 AppleWebKit/537.36 (KHTML, like Gecko; compatible; GPTBot/1.2; +https://openai.com/gptbot)"
20.171.207.71 - - [27/Sep/2025:12:34:43 -0600] "GET /65uhvz20754.html?path=/ HTTP/1.1" 404 63749 "-" "Mozilla/5.0 AppleWebKit/537.36 (KHTML, like Gecko; compatible; GPTBot/1.2; +https://openai.com/gptbot)"
20.171.207.71 - - [27/Sep/2025:12:34:47 -0600] "GET /66puwh49007.html?path=/ HTTP/1.1" 404 66420 "-" "Mozilla/5.0 AppleWebKit/537.36 (KHTML, like Gecko; compatible; GPTBot/1.2; +https://openai.com/gptbot)"
20.171.207.71 - - [27/Sep/2025:12:34:51 -0600] "GET /219dqtu6606.html?path=/ HTTP/1.1" 404 66420 "-" "Mozilla/5.0 AppleWebKit/537.36 (KHTML, like Gecko; compatible; GPTBot/1.2; +https://openai.com/gptbot)"
20.171.207.71 - - [27/Sep/2025:12:34:54 -0600] "GET /25julg36526.html?path=/ HTTP/1.1" 200 66420 "-" "Mozilla/5.0 AppleWebKit/537.36 (KHTML, like Gecko; compatible; GPTBot/1.2; +https://openai.com/gptbot)"
20.171.207.71 - - [27/Sep/2025:12:34:58 -0600] "GET /37jkvh15200.html?path=/ HTTP/1.1" 404 66420 "-" "Mozilla/5.0 AppleWebKit/537.36 (KHTML, like Gecko; compatible; GPTBot/1.2; +https://openai.com/gptbot)"
20.171.207.71 - - [27/Sep/2025:12:35:03 -0600] "GET /43kkjm26376.html?path=/ HTTP/1.1" 200 66420 "-" "Mozilla/5.0 AppleWebKit/537.36 (KHTML, like Gecko; compatible; GPTBot/1.2; +https://openai.com/gptbot)"
173.208.176.202 - - [27/Sep/2025:12:33:56 -0600] "GET /wp-content/install.php?id=338626 HTTP/1.1" 200 - "-" "GuzzleHttp/7"
216.244.66.243 - - [27/Sep/2025:12:36:32 -0600] "GET /robots.txt HTTP/1.1" 200 343 "-" "Mozilla/5.0 (compatible; DotBot/1.2; +https://opensiteexplorer.org/dotbot; help@moz.com)"
192.241.128.246 - - [27/Sep/2025:12:36:53 -0600] "POST /wp-login.php HTTP/1.1" 302 62691 "http://4pie.com.mx" "Mozilla/5.0 (Macintosh; Intel Mac OS X 13_3) AppleWebKit/537.36 (KHTML, like Gecko) Chrome/126.0.0.0 Safari/537.36"
173.208.176.202 - - [27/Sep/2025:12:35:31 -0600] "GET /wp-content/install.php?id=338626 HTTP/1.1" 200 - "-" "GuzzleHttp/7"
204.12.208.18 - - [27/Sep/2025:12:37:25 -0600] "GET /?sitemapindex.xml HTTP/1.1" 200 7536 "http://4pie.com.mx/?sitemapindex.xml" "Mozilla/5.0 (compatible; MSIE 10.0; Windows NT 6.2; Win64; x64; Trident/6.0)"
173.208.176.202 - - [27/Sep/2025:12:37:00 -0600] "GET /wp-content/install.php?id=338626 HTTP/1.1" 200 - "-" "GuzzleHttp/7"
173.208.176.202 - - [27/Sep/2025:12:38:28 -0600] "GET /wp-content/install.php?id=338626 HTTP/1.1" 200 - "-" "GuzzleHttp/7"
103.82.22.166 - - [27/Sep/2025:12:39:56 -0600] "POST /wp-login.php HTTP/1.1" 200 62691 "http://4pie.com.mx" "Mozilla/5.0 (Macintosh; Intel Mac OS X 14_6) AppleWebKit/605.1.15 (KHTML, like Gecko) Version/17.5 Safari/605.1.15"
142.171.127.176 - - [27/Sep/2025:12:39:58 -0600] "POST /wp-cron.php?doing_wp_cron=1758998398.1774098873138427734375 HTTP/1.1" 403 23958 "-" "WordPress/6.8; https://4pie.com.mx"
173.208.176.202 - - [27/Sep/2025:12:39:56 -0600] "GET /wp-content/install.php?id=338626 HTTP/1.1" 200 - "-" "GuzzleHttp/7"
173.208.176.202 - - [27/Sep/2025:12:41:25 -0600] "GET /wp-content/install.php?id=338626 HTTP/1.1" 200 - "-" "GuzzleHttp/7"
43.159.149.56 - - [27/Sep/2025:12:44:14 -0600] "GET /?filesrc=/home/tsgmexic/4pie.com.mx/awf.txt&path=/home/tsgmexic/4pie.com.mx HTTP/1.1" 200 56248 "-" "Mozilla/5.0 (iPhone; CPU iPhone OS 13_2_3 like Mac OS X) AppleWebKit/605.1.15 (KHTML, like Gecko) Version/13.0.3 Mobile/15E148 Safari/604.1"
204.12.208.18 - - [27/Sep/2025:12:44:16 -0600] "GET /?sitemapindex.xml HTTP/1.1" 200 113563 "http://4pie.com.mx/?sitemapindex.xml" "Mozilla/5.0 (Windows NT 6.1; WOW64) AppleWebKit/535.7 (KHTML, like Gecko) Chrome/16.0.912.75 Safari/535.7"
173.208.176.202 - - [27/Sep/2025:12:42:53 -0600] "GET /wp-content/install.php?id=338626 HTTP/1.1" 200 - "-" "GuzzleHttp/7"
173.208.176.202 - - [27/Sep/2025:12:44:21 -0600] "GET /wp-content/install.php?id=338626 HTTP/1.1" 200 - "-" "GuzzleHttp/7"
4.224.244.18 - - [27/Sep/2025:12:46:15 -0600] "POST /wp-login.php HTTP/1.1" 302 62691 "http://4pie.com.mx" "Mozilla/5.0 (Windows NT 10.0; Win64; x64) AppleWebKit/537.36 (KHTML, like Gecko) Chrome/113.0.5672.93 Safari/537.36"
173.208.176.202 - - [27/Sep/2025:12:45:49 -0600] "GET /wp-content/install.php?id=338626 HTTP/1.1" 200 - "-" "GuzzleHttp/7"
216.244.66.243 - - [27/Sep/2025:12:48:44 -0600] "GET /index.php/2025/03/27/bukmekerskaya-administratsiya-i-igornyy-dom-pinko-vkhod-nate-ofitsialnyy-veb-zhurnal-pinco-casino-velikorossiya/ HTTP/1.1" 200 122675 "-" "Mozilla/5.0 (compatible; DotBot/1.2; +https://opensiteexplorer.org/dotbot; help@moz.com)"
173.208.176.202 - - [27/Sep/2025:12:47:25 -0600] "GET /wp-content/install.php?id=338626 HTTP/1.1" 200 - "-" "GuzzleHttp/7"
216.244.66.243 - - [27/Sep/2025:12:48:54 -0600] "GET /shopdetail/2384677.html HTTP/1.1" 200 101413 "-" "Mozilla/5.0 (compatible; DotBot/1.2; +https://opensiteexplorer.org/dotbot; help@moz.com)"
216.244.66.243 - - [27/Sep/2025:12:49:02 -0600] "GET /shopdetail/27230844.html HTTP/1.1" 404 101413 "-" "Mozilla/5.0 (compatible; DotBot/1.2; +https://opensiteexplorer.org/dotbot; help@moz.com)"
216.244.66.243 - - [27/Sep/2025:12:49:15 -0600] "GET /shopdetail/7697833.html HTTP/1.1" 404 101413 "-" "Mozilla/5.0 (compatible; DotBot/1.2; +https://opensiteexplorer.org/dotbot; help@moz.com)"
142.171.127.176 - - [27/Sep/2025:12:49:16 -0600] "POST /wp-cron.php?doing_wp_cron=1758998956.6075689792633056640625 HTTP/1.1" 404 23749 "-" "WordPress/6.8; https://4pie.com.mx"
200.27.101.245 - - [27/Sep/2025:12:49:24 -0600] "POST /wp-login.php HTTP/1.1" 302 62691 "http://4pie.com.mx" "Mozilla/5.0 (Macintosh; Intel Mac OS X 10_15_7; rv:127.0) Gecko/20100101 Firefox/127.0"
173.208.176.202 - - [27/Sep/2025:12:48:52 -0600] "GET /wp-content/install.php?id=338626 HTTP/1.1" 200 - "-" "GuzzleHttp/7"
162.62.213.187 - - [27/Sep/2025:12:51:09 -0600] "GET /?filesrc=/home/tsgmexic/4pie.com.mx/header.php&path=/home/tsgmexic/4pie.com.mx HTTP/1.1" 200 66783 "-" "Mozilla/5.0 (iPhone; CPU iPhone OS 13_2_3 like Mac OS X) AppleWebKit/605.1.15 (KHTML, like Gecko) Version/13.0.3 Mobile/15E148 Safari/604.1"
204.12.208.18 - - [27/Sep/2025:12:51:13 -0600] "GET /?sitemapindex.xml HTTP/1.1" 200 7533 "http://4pie.com.mx/?sitemapindex.xml" "Mozilla/5.0 (Windows NT 6.1; WOW64; rv:9.0.1) Gecko/20100101 Firefox/9.0.1"
173.208.176.202 - - [27/Sep/2025:12:50:23 -0600] "GET /wp-content/install.php?id=338626 HTTP/1.1" 200 - "-" "GuzzleHttp/7"
20.171.207.71 - - [27/Sep/2025:12:51:55 -0600] "GET /285cdyd3696.html?path=/ HTTP/1.1" 404 66420 "-" "Mozilla/5.0 AppleWebKit/537.36 (KHTML, like Gecko; compatible; GPTBot/1.2; +https://openai.com/gptbot)"
20.171.207.71 - - [27/Sep/2025:12:52:03 -0600] "GET /282mbxt5879.html?path=/ HTTP/1.1" 404 63749 "-" "Mozilla/5.0 AppleWebKit/537.36 (KHTML, like Gecko; compatible; GPTBot/1.2; +https://openai.com/gptbot)"
20.171.207.71 - - [27/Sep/2025:12:52:08 -0600] "GET /36tfbo12231.html?path=/ HTTP/1.1" 404 63749 "-" "Mozilla/5.0 AppleWebKit/537.36 (KHTML, like Gecko; compatible; GPTBot/1.2; +https://openai.com/gptbot)"
20.171.207.71 - - [27/Sep/2025:12:52:13 -0600] "GET /long164?filesrc=//sbin/unbound-anchor&path=//sbin HTTP/1.1" 404 43845 "-" "Mozilla/5.0 AppleWebKit/537.36 (KHTML, like Gecko; compatible; GPTBot/1.2; +https://openai.com/gptbot)"
20.171.207.71 - - [27/Sep/2025:12:52:18 -0600] "GET /90exmx25741.html?path=//bin HTTP/1.1" 404 111749 "-" "Mozilla/5.0 AppleWebKit/537.36 (KHTML, like Gecko; compatible; GPTBot/1.2; +https://openai.com/gptbot)"
20.171.207.71 - - [27/Sep/2025:12:52:20 -0600] "GET /157cknt9136.html?path=/ HTTP/1.1" 404 63749 "-" "Mozilla/5.0 AppleWebKit/537.36 (KHTML, like Gecko; compatible; GPTBot/1.2; +https://openai.com/gptbot)"
142.171.127.176 - - [27/Sep/2025:12:52:22 -0600] "POST /wp-cron.php?doing_wp_cron=1758999142.1872119903564453125000 HTTP/1.1" 404 101413 "-" "WordPress/6.8; https://4pie.com.mx"
34.253.120.95 - - [27/Sep/2025:12:52:38 -0600] "POST /wp-login.php HTTP/1.1" 302 62691 "http://4pie.com.mx" "Mozilla/5.0 (Windows NT 10.0; Win64; x64; rv:128.0) Gecko/20100101 Firefox/128.0"
173.208.176.202 - - [27/Sep/2025:12:51:52 -0600] "GET /wp-content/install.php?id=338626 HTTP/1.1" 200 - "-" "GuzzleHttp/7"
20.171.207.71 - - [27/Sep/2025:12:53:41 -0600] "GET /long164?filesrc=//sbin/rdma&path=//sbin HTTP/1.1" 200 43835 "-" "Mozilla/5.0 AppleWebKit/537.36 (KHTML, like Gecko; compatible; GPTBot/1.2; +https://openai.com/gptbot)"
20.171.207.71 - - [27/Sep/2025:12:54:16 -0600] "GET /108cdxo2071.html?path=/ HTTP/1.1" 404 66420 "-" "Mozilla/5.0 AppleWebKit/537.36 (KHTML, like Gecko; compatible; GPTBot/1.2; +https://openai.com/gptbot)"
20.171.207.71 - - [27/Sep/2025:12:54:22 -0600] "GET /11owhj6296.html?info HTTP/1.1" 404 44513 "-" "Mozilla/5.0 AppleWebKit/537.36 (KHTML, like Gecko; compatible; GPTBot/1.2; +https://openai.com/gptbot)"
20.171.207.71 - - [27/Sep/2025:12:54:44 -0600] "GET /76fuwg22079.html?path=/ HTTP/1.1" 404 66420 "-" "Mozilla/5.0 AppleWebKit/537.36 (KHTML, like Gecko; compatible; GPTBot/1.2; +https://openai.com/gptbot)"
173.208.176.202 - - [27/Sep/2025:12:53:23 -0600] "GET /wp-content/install.php?id=338626 HTTP/1.1" 200 - "-" "GuzzleHttp/7"
198.244.233.124 - - [27/Sep/2025:12:55:45 -0600] "POST /wp-login.php HTTP/1.1" 200 62691 "http://4pie.com.mx" "Mozilla/5.0 (Macintosh; Intel Mac OS X 10_15_7) AppleWebKit/537.36 (KHTML, like Gecko) Chrome/116.0.5845.96 Safari/537.36"
208.110.64.178 - - [27/Sep/2025:12:56:16 -0600] "GET /wp-content/install.php HTTP/1.1" 200 6 "http://4pie.com.mx/wp-content/install.php" "Mozilla/5.0 (Windows NT 10.0; Win64; x64) AppleWebKit/537.36 (KHTML, like Gecko) Chrome/58.0.3029.110 Safari/537.3"
173.208.176.202 - - [27/Sep/2025:12:54:53 -0600] "GET /wp-content/install.php?id=338626 HTTP/1.1" 200 - "-" "GuzzleHttp/7"
173.208.176.202 - - [27/Sep/2025:12:56:22 -0600] "GET /wp-content/install.php?id=338626 HTTP/1.1" 200 - "-" "GuzzleHttp/7"
204.12.208.18 - - [27/Sep/2025:12:58:11 -0600] "GET /?sitemapindex.xml HTTP/1.1" 200 113560 "http://4pie.com.mx/?sitemapindex.xml" "Mozilla/5.0 (Windows NT 6.1; WOW64) AppleWebKit/535.1 (KHTML, like Gecko) Chrome/14.0.835.202 Safari/535.1"
162.240.97.19 - - [27/Sep/2025:12:58:55 -0600] "POST /wp-login.php HTTP/1.1" 200 62691 "http://4pie.com.mx" "Mozilla/5.0 (Windows NT 10.0; Win64; x64) AppleWebKit/537.36 (KHTML, like Gecko) Chrome/126.0.0.0 Safari/537.36"
173.208.176.202 - - [27/Sep/2025:12:57:53 -0600] "GET /wp-content/install.php?id=338626 HTTP/1.1" 200 - "-" "GuzzleHttp/7"
43.156.228.27 - - [27/Sep/2025:12:59:33 -0600] "GET /?path=/home/tsgmexic/4pie.com.mx/wp-includes&aksi=buatfolder HTTP/1.1" 200 56549 "-" "Mozilla/5.0 (iPhone; CPU iPhone OS 13_2_3 like Mac OS X) AppleWebKit/605.1.15 (KHTML, like Gecko) Version/13.0.3 Mobile/15E148 Safari/604.1"
173.208.176.202 - - [27/Sep/2025:12:59:21 -0600] "GET /wp-content/install.php?id=338626 HTTP/1.1" 200 - "-" "GuzzleHttp/7"
198.203.28.196 - - [27/Sep/2025:13:01:00 -0600] "GET /wp-login.php HTTP/1.1" 302 62691 "-" "Mozilla/5.0 (Windows NT 10.0; Win64; x64) AppleWebKit/537.36 (KHTML, like Gecko) Chrome/114.0.0.0 Safari/537.36"
198.203.28.196 - - [27/Sep/2025:13:01:13 -0600] "POST /wp-login.php HTTP/1.1" 200 62691 "-" "Mozilla/5.0 (Windows NT 10.0; Win64; x64) AppleWebKit/537.36 (KHTML, like Gecko) Chrome/114.0.0.0 Safari/537.36"
163.47.203.81 - - [27/Sep/2025:13:02:12 -0600] "POST /wp-login.php HTTP/1.1" 302 62691 "http://4pie.com.mx" "Mozilla/5.0 (Macintosh; Intel Mac OS X 13_3) AppleWebKit/537.36 (KHTML, like Gecko) Chrome/126.0.0.0 Safari/537.36 Edg/126.0.0.0"
173.208.176.202 - - [27/Sep/2025:13:00:52 -0600] "GET /wp-content/install.php?id=338626 HTTP/1.1" 200 - "-" "GuzzleHttp/7"
173.208.176.202 - - [27/Sep/2025:13:02:23 -0600] "GET /wp-content/install.php?id=338626 HTTP/1.1" 200 - "-" "GuzzleHttp/7"
204.12.208.18 - - [27/Sep/2025:13:05:20 -0600] "GET /?sitemapindex.xml HTTP/1.1" 200 7537 "http://4pie.com.mx/?sitemapindex.xml" "Mozilla/5.0 (Macintosh; U; Intel Mac OS X 10_6_3; ja-jp) AppleWebKit/533.16 (KHTML, like Gecko) Version/5.0 Safari/533.16"
195.191.164.10 - - [27/Sep/2025:13:05:24 -0600] "POST /wp-login.php HTTP/1.1" 200 62691 "http://4pie.com.mx" "Mozilla/5.0 (Windows NT 11.0; Win64; x64) AppleWebKit/537.36 (KHTML, like Gecko) Chrome/126.0.0.0 Safari/537.36"
173.208.176.202 - - [27/Sep/2025:13:03:56 -0600] "GET /wp-content/install.php?id=338626 HTTP/1.1" 200 - "-" "GuzzleHttp/7"
173.208.176.202 - - [27/Sep/2025:13:05:24 -0600] "GET /wp-content/install.php?id=338626 HTTP/1.1" 200 - "-" "GuzzleHttp/7"
162.14.197.180 - - [27/Sep/2025:13:07:08 -0600] "GET / HTTP/1.1" 301 62691 "-" "Mozilla/5.0 (iPhone; CPU iPhone OS 13_2_3 like Mac OS X) AppleWebKit/605.1.15 (KHTML, like Gecko) Version/13.0.3 Mobile/15E148 Safari/604.1"
162.14.197.180 - - [27/Sep/2025:13:07:15 -0600] "GET / HTTP/1.1" 200 113546 "http://www.4pie.com.mx" "Mozilla/5.0 (iPhone; CPU iPhone OS 13_2_3 like Mac OS X) AppleWebKit/605.1.15 (KHTML, like Gecko) Version/13.0.3 Mobile/15E148 Safari/604.1"
173.208.176.202 - - [27/Sep/2025:13:06:56 -0600] "GET /wp-content/install.php?id=338626 HTTP/1.1" 200 - "-" "GuzzleHttp/7"
107.172.243.11 - - [27/Sep/2025:13:08:33 -0600] "POST /wp-login.php HTTP/1.1" 302 62691 "http://4pie.com.mx" "Mozilla/5.0 (Windows NT 10.0; Win64; x64) AppleWebKit/537.36 (KHTML, like Gecko) Chrome/114.0.5735.134 Safari/537.36"
170.106.152.218 - - [27/Sep/2025:13:09:49 -0600] "GET /wp-content/themes/twentytwentythree/assets/fonts/source-serif-pro/SourceSerif4Variable-Roman.ttf.woff2 HTTP/1.1" 200 428448 "-" "Mozilla/5.0 (iPhone; CPU iPhone OS 13_2_3 like Mac OS X) AppleWebKit/605.1.15 (KHTML, like Gecko) Version/13.0.3 Mobile/15E148 Safari/604.1"
173.208.176.202 - - [27/Sep/2025:13:08:27 -0600] "GET /wp-content/install.php?id=338626 HTTP/1.1" 200 - "-" "GuzzleHttp/7"
173.208.176.202 - - [27/Sep/2025:13:09:57 -0600] "GET /wp-content/install.php?id=338626 HTTP/1.1" 200 - "-" "GuzzleHttp/7"
185.246.210.155 - - [27/Sep/2025:13:11:41 -0600] "GET /wp-login.php HTTP/1.1" 200 62691 "-" "Mozilla/5.0 (Windows NT 10.0; Win64; x64) AppleWebKit/537.36 (KHTML, like Gecko) Chrome/114.0.0.0 Safari/537.36"
185.246.210.155 - - [27/Sep/2025:13:11:43 -0600] "POST /wp-login.php HTTP/1.1" 302 62691 "-" "Mozilla/5.0 (Windows NT 10.0; Win64; x64) AppleWebKit/537.36 (KHTML, like Gecko) Chrome/114.0.0.0 Safari/537.36"
84.247.133.93 - - [27/Sep/2025:13:11:45 -0600] "POST /wp-login.php HTTP/1.1" 302 62691 "http://4pie.com.mx" "Mozilla/5.0 (Macintosh; Intel Mac OS X 10_15_7) AppleWebKit/537.36 (KHTML, like Gecko) Chrome/114.0.5735.134 Safari/537.36"
204.12.208.18 - - [27/Sep/2025:13:12:41 -0600] "GET /?sitemapindex.xml HTTP/1.1" 200 113563 "http://4pie.com.mx/?sitemapindex.xml" "Mozilla/5.0 (Macintosh; U; PPC Mac OS X; ja-jp) AppleWebKit/523.10.6 (KHTML, like Gecko) Version/3.0.4 Safari/523.10.6"
173.208.176.202 - - [27/Sep/2025:13:11:31 -0600] "GET /wp-content/install.php?id=338626 HTTP/1.1" 200 - "-" "GuzzleHttp/7"
173.208.176.202 - - [27/Sep/2025:13:13:00 -0600] "GET /wp-content/install.php?id=338626 HTTP/1.1" 200 - "-" "GuzzleHttp/7"
173.208.176.202 - - [27/Sep/2025:13:14:28 -0600] "GET /wp-content/install.php?id=338626 HTTP/1.1" 200 - "-" "GuzzleHttp/7"
173.208.176.202 - - [27/Sep/2025:13:15:57 -0600] "GET /wp-content/install.php?id=338626 HTTP/1.1" 200 - "-" "GuzzleHttp/7"
93.189.91.117 - - [27/Sep/2025:13:18:08 -0600] "POST /wp-login.php HTTP/1.1" 302 62691 "http://4pie.com.mx" "Mozilla/5.0 (Macintosh; Intel Mac OS X 14_4_1) AppleWebKit/605.1.15 (KHTML, like Gecko) Version/17.3.1 Safari/605.1.15"
173.208.176.202 - - [27/Sep/2025:13:17:26 -0600] "GET /wp-content/install.php?id=338626 HTTP/1.1" 200 - "-" "GuzzleHttp/7"
204.12.208.18 - - [27/Sep/2025:13:19:46 -0600] "GET /?sitemapindex.xml HTTP/1.1" 200 7531 "http://4pie.com.mx/?sitemapindex.xml" "Mozilla/5.0 (Macintosh; U; Intel Mac OS X 10_5_6; ja-jp) AppleWebKit/528.16 (KHTML, like Gecko) Version/4.0 Safari/528.16"
173.208.176.202 - - [27/Sep/2025:13:18:53 -0600] "GET /wp-content/install.php?id=338626 HTTP/1.1" 200 - "-" "GuzzleHttp/7"
49.51.203.164 - - [27/Sep/2025:13:21:14 -0600] "GET /?path=/home/tsgmexic/.cpanel HTTP/1.1" 200 86513 "-" "Mozilla/5.0 (iPhone; CPU iPhone OS 13_2_3 like Mac OS X) AppleWebKit/605.1.15 (KHTML, like Gecko) Version/13.0.3 Mobile/15E148 Safari/604.1"
173.208.176.202 - - [27/Sep/2025:13:20:28 -0600] "GET /wp-content/install.php?id=338626 HTTP/1.1" 200 - "-" "GuzzleHttp/7"
173.208.176.202 - - [27/Sep/2025:13:21:55 -0600] "GET /wp-content/install.php?id=338626 HTTP/1.1" 200 - "-" "GuzzleHttp/7"
195.154.194.72 - - [27/Sep/2025:13:24:30 -0600] "POST /wp-login.php HTTP/1.1" 302 62691 "http://4pie.com.mx" "Mozilla/5.0 (Macintosh; Intel Mac OS X 10_15_7) AppleWebKit/537.36 (KHTML, like Gecko) Chrome/112.0.5615.138 Safari/537.36"
173.208.176.202 - - [27/Sep/2025:13:23:25 -0600] "GET /wp-content/install.php?id=338626 HTTP/1.1" 200 - "-" "GuzzleHttp/7"
173.208.176.202 - - [27/Sep/2025:13:24:54 -0600] "GET /wp-content/install.php?id=338626 HTTP/1.1" 200 - "-" "GuzzleHttp/7"
204.12.208.18 - - [27/Sep/2025:13:26:36 -0600] "GET /?sitemapindex.xml HTTP/1.1" 200 7529 "http://4pie.com.mx/?sitemapindex.xml" "Mozilla/5.0 (Windows NT 6.1; WOW64; rv:9.0.1) Gecko/20100101 Firefox/9.0.1"
192.250.228.62 - - [27/Sep/2025:13:27:43 -0600] "POST /wp-login.php HTTP/1.1" 200 62691 "http://4pie.com.mx" "Mozilla/5.0 (Windows NT 10.0; Win64; x64) AppleWebKit/537.36 (KHTML, like Gecko) Chrome/113.0.5672.126 Safari/537.36 Edg/113.0.1774.50"
173.208.176.202 - - [27/Sep/2025:13:26:23 -0600] "GET /wp-content/install.php?id=338626 HTTP/1.1" 200 - "-" "GuzzleHttp/7"
173.208.176.202 - - [27/Sep/2025:13:27:50 -0600] "GET /wp-content/install.php?id=338626 HTTP/1.1" 200 - "-" "GuzzleHttp/7"
204.12.252.98 - - [27/Sep/2025:13:29:29 -0600] "GET /wp-content/install.php HTTP/1.1" 200 6 "http://4pie.com.mx/wp-content/install.php" "Mozilla/5.0 (Windows NT 10.0; Win64; x64) AppleWebKit/537.36 (KHTML, like Gecko) Chrome/58.0.3029.110 Safari/537.3"
43.157.168.43 - - [27/Sep/2025:13:29:30 -0600] "GET /?path=/home HTTP/1.1" 200 56329 "-" "Mozilla/5.0 (iPhone; CPU iPhone OS 13_2_3 like Mac OS X) AppleWebKit/605.1.15 (KHTML, like Gecko) Version/13.0.3 Mobile/15E148 Safari/604.1"
173.208.176.202 - - [27/Sep/2025:13:29:19 -0600] "GET /wp-content/install.php?id=338626 HTTP/1.1" 200 - "-" "GuzzleHttp/7"
125.166.1.57 - - [27/Sep/2025:13:32:00 -0600] "GET /wp-includes/SimplePie/about.php HTTP/1.1" 200 101413 "-" "-"
125.166.1.57 - - [27/Sep/2025:13:32:03 -0600] "POST /wp-includes/SimplePie/about.php HTTP/1.1" 200 43994 "-" "-"
173.208.176.202 - - [27/Sep/2025:13:30:47 -0600] "GET /wp-content/install.php?id=338626 HTTP/1.1" 200 - "-" "GuzzleHttp/7"
125.166.1.57 - - [27/Sep/2025:13:32:30 -0600] "GET /atomlib.php HTTP/1.1" 403 101413 "-" "-"
125.166.1.57 - - [27/Sep/2025:13:32:48 -0600] "GET /wp-content/plugins/WordPressCore/ HTTP/1.1" 200 101413 "-" "-"
125.166.1.57 - - [27/Sep/2025:13:32:50 -0600] "POST /wp-content/plugins/WordPressCore/ HTTP/1.1" 404 43994 "-" "-"
204.12.208.18 - - [27/Sep/2025:13:33:18 -0600] "GET /?sitemapindex.xml HTTP/1.1" 200 7534 "http://4pie.com.mx/?sitemapindex.xml" "Mozilla/4.0 (compatible; MSIE 8.0; Windows NT 5.1; Trident/4.0; EasyBits GO v1.0; InfoPath.1; .NET CLR 2.0.50727; .NET CLR 3.0.4506.2152; .NET CLR 3.5.30729)"
173.208.176.202 - - [27/Sep/2025:13:32:16 -0600] "GET /wp-content/install.php?id=338626 HTTP/1.1" 200 - "-" "GuzzleHttp/7"
213.156.43.111 - - [27/Sep/2025:13:34:04 -0600] "POST /wp-login.php HTTP/1.1" 302 62688 "http://4pie.com.mx" "Mozilla/5.0 (Windows NT 10.0; Win64; x64) AppleWebKit/537.36 (KHTML, like Gecko) Chrome/115.0.5790.102 Safari/537.36"
173.208.176.202 - - [27/Sep/2025:13:33:43 -0600] "GET /wp-content/install.php?id=338626 HTTP/1.1" 200 - "-" "GuzzleHttp/7"
216.244.66.243 - - [27/Sep/2025:13:36:45 -0600] "GET /robots.txt HTTP/1.1" 200 343 "-" "Mozilla/5.0 (compatible; DotBot/1.2; +https://opensiteexplorer.org/dotbot; help@moz.com)"
173.208.176.202 - - [27/Sep/2025:13:35:18 -0600] "GET /wp-content/install.php?id=338626 HTTP/1.1" 200 - "-" "GuzzleHttp/7"
132.148.72.207 - - [27/Sep/2025:13:37:13 -0600] "POST /wp-login.php HTTP/1.1" 302 62691 "http://4pie.com.mx" "Mozilla/5.0 (Windows NT 11.0; Win64; x64; rv:126.0) Gecko/20100101 Firefox/126.0"
143.198.205.174 - - [27/Sep/2025:13:37:18 -0600] "GET /wp-login.php HTTP/1.1" 302 62691 "-" "Mozilla/5.0 (Windows NT 10.0; Win64; x64) AppleWebKit/537.36 (KHTML, like Gecko) Chrome/81.0.4044.129 Safari/537.36"
173.208.176.202 - - [27/Sep/2025:13:36:46 -0600] "GET /wp-content/install.php?id=338626 HTTP/1.1" 200 - "-" "GuzzleHttp/7"
173.208.176.202 - - [27/Sep/2025:13:38:13 -0600] "GET /wp-content/install.php?id=338626 HTTP/1.1" 200 - "-" "GuzzleHttp/7"
204.12.208.18 - - [27/Sep/2025:13:40:09 -0600] "GET /?sitemapindex.xml HTTP/1.1" 200 7537 "http://4pie.com.mx/?sitemapindex.xml" "Mozilla/5.0 (Macintosh; U; Intel Mac OS X 10_5_3; ja-jp) AppleWebKit/525.18 (KHTML, like Gecko) Version/3.1.1 Safari/525.20"
103.77.207.75 - - [27/Sep/2025:13:40:24 -0600] "POST /wp-login.php HTTP/1.1" 302 62691 "http://4pie.com.mx" "Mozilla/5.0 (Macintosh; Intel Mac OS X 10_15_7; rv:126.0) Gecko/20100101 Firefox/126.0"
173.208.176.202 - - [27/Sep/2025:13:39:41 -0600] "GET /wp-content/install.php?id=338626 HTTP/1.1" 200 - "-" "GuzzleHttp/7"
173.208.176.202 - - [27/Sep/2025:13:41:09 -0600] "GET /wp-content/install.php?id=338626 HTTP/1.1" 200 - "-" "GuzzleHttp/7"
202.174.110.119 - - [27/Sep/2025:13:43:32 -0600] "POST /wp-login.php HTTP/1.1" 302 62691 "http://4pie.com.mx" "Mozilla/5.0 (Windows NT 10.0; Win64; x64) AppleWebKit/537.36 (KHTML, like Gecko) Chrome/115.0.5790.171 Safari/537.36 Edg/115.0.1901.203"
173.208.176.202 - - [27/Sep/2025:13:42:37 -0600] "GET /wp-content/install.php?id=338626 HTTP/1.1" 200 - "-" "GuzzleHttp/7"
173.208.176.202 - - [27/Sep/2025:13:44:06 -0600] "GET /wp-content/install.php?id=338626 HTTP/1.1" 200 - "-" "GuzzleHttp/7"
81.88.53.143 - - [27/Sep/2025:13:46:40 -0600] "POST /wp-login.php HTTP/1.1" 302 62691 "http://4pie.com.mx" "Mozilla/5.0 (Windows NT 10.0; Win64; x64) AppleWebKit/537.36 (KHTML, like Gecko) Chrome/116.0.5845.96 Safari/537.36"
204.12.208.18 - - [27/Sep/2025:13:46:52 -0600] "GET /?sitemapindex.xml HTTP/1.1" 200 7537 "http://4pie.com.mx/?sitemapindex.xml" "Mozilla/5.0 (Macintosh; U; PPC Mac OS X; ja-jp) AppleWebKit/523.12 (KHTML, like Gecko) Version/3.0.4 Safari/523.12"
173.208.176.202 - - [27/Sep/2025:13:45:35 -0600] "GET /wp-content/install.php?id=338626 HTTP/1.1" 200 - "-" "GuzzleHttp/7"
173.208.176.202 - - [27/Sep/2025:13:47:02 -0600] "GET /wp-content/install.php?id=338626 HTTP/1.1" 200 - "-" "GuzzleHttp/7"
103.149.169.120 - - [27/Sep/2025:13:49:49 -0600] "POST /wp-login.php HTTP/1.1" 302 62691 "http://4pie.com.mx" "Mozilla/5.0 (Windows NT 10.0; Win64; x64) AppleWebKit/537.36 (KHTML, like Gecko) Chrome/113.0.5672.126 Safari/537.36 Edg/113.0.1774.50"
125.166.1.57 - - [27/Sep/2025:13:49:54 -0600] "GET /simple.php HTTP/1.1" 404 101413 "-" "-"
173.208.176.202 - - [27/Sep/2025:13:48:29 -0600] "GET /wp-content/install.php?id=338626 HTTP/1.1" 200 - "-" "GuzzleHttp/7"
173.208.176.202 - - [27/Sep/2025:13:49:56 -0600] "GET /wp-content/install.php?id=338626 HTTP/1.1" 200 - "-" "GuzzleHttp/7"
216.244.66.243 - - [27/Sep/2025:13:51:46 -0600] "GET /shopdetail/19366911.html HTTP/1.1" 404 101413 "-" "Mozilla/5.0 (compatible; DotBot/1.2; +https://opensiteexplorer.org/dotbot; help@moz.com)"
173.208.176.202 - - [27/Sep/2025:13:51:24 -0600] "GET /wp-content/install.php?id=338626 HTTP/1.1" 200 - "-" "GuzzleHttp/7"
178.32.119.4 - - [27/Sep/2025:13:53:00 -0600] "POST /wp-login.php HTTP/1.1" 302 62691 "http://4pie.com.mx" "Mozilla/5.0 (Windows NT 10.0; Win64; x64; rv:129.0) Gecko/20100101 Firefox/129.0"
204.12.208.18 - - [27/Sep/2025:13:53:43 -0600] "GET /?sitemapindex.xml HTTP/1.1" 200 113562 "http://4pie.com.mx/?sitemapindex.xml" "Mozilla/5.0 (Macintosh; U; PPC Mac OS X 10_4_11; ja-jp) AppleWebKit/525.18 (KHTML, like Gecko) Version/3.1.2 Safari/525.22"
173.208.176.202 - - [27/Sep/2025:13:52:53 -0600] "GET /wp-content/install.php?id=338626 HTTP/1.1" 200 - "-" "GuzzleHttp/7"
125.166.1.57 - - [27/Sep/2025:13:55:43 -0600] "GET /wp-content/plugins/wp-help/admin/wp-fclass.php HTTP/1.1" 404 101413 "-" "-"
173.208.176.202 - - [27/Sep/2025:13:54:24 -0600] "GET /wp-content/install.php?id=338626 HTTP/1.1" 200 - "-" "GuzzleHttp/7"
43.166.7.113 - - [27/Sep/2025:13:55:59 -0600] "GET /wp-content/themes/twentytwentythree/assets/fonts/dm-sans/DMSans-Regular.woff2 HTTP/1.1" 200 18096 "-" "Mozilla/5.0 (iPhone; CPU iPhone OS 13_2_3 like Mac OS X) AppleWebKit/605.1.15 (KHTML, like Gecko) Version/13.0.3 Mobile/15E148 Safari/604.1"
108.128.131.98 - - [27/Sep/2025:13:56:08 -0600] "POST /wp-login.php HTTP/1.1" 302 62691 "http://4pie.com.mx" "Mozilla/5.0 (Windows NT 10.0; Win64; x64; rv:128.0) Gecko/20100101 Firefox/128.0"
173.208.176.202 - - [27/Sep/2025:13:55:53 -0600] "GET /wp-content/install.php?id=338626 HTTP/1.1" 200 - "-" "GuzzleHttp/7"
173.208.176.202 - - [27/Sep/2025:13:57:21 -0600] "GET /wp-content/install.php?id=338626 HTTP/1.1" 200 - "-" "GuzzleHttp/7"
173.208.176.202 - - [27/Sep/2025:13:58:49 -0600] "GET /wp-content/install.php?id=338626 HTTP/1.1" 200 - "-" "GuzzleHttp/7"
204.12.208.18 - - [27/Sep/2025:14:00:30 -0600] "GET /?sitemapindex.xml HTTP/1.1" 200 113563 "http://4pie.com.mx/?sitemapindex.xml" "Mozilla/5.0 (compatible; MSIE 9.0; Windows NT 6.1; WOW64; Trident/5.0; SLCC2; .NET CLR 2.0.50727; .NET CLR 3.5.30729; .NET CLR 3.0.30729; Media Center PC 6.0; MAGW; .NET4.0C; Lunascape 6.5.8.24780)"
208.110.64.178 - - [27/Sep/2025:14:01:45 -0600] "GET /wp-content/install.php HTTP/1.1" 200 6 "http://4pie.com.mx/wp-content/install.php" "Mozilla/5.0 (Windows NT 10.0; Win64; x64) AppleWebKit/537.36 (KHTML, like Gecko) Chrome/58.0.3029.110 Safari/537.3"
173.208.176.202 - - [27/Sep/2025:14:00:16 -0600] "GET /wp-content/install.php?id=338626 HTTP/1.1" 200 - "-" "GuzzleHttp/7"
13.233.59.3 - - [27/Sep/2025:14:02:17 -0600] "GET / HTTP/1.1" 200 113545 "-" "Mozilla/5.0 (Windows NT 10.0; Win64; x64) AppleWebKit/537.36 (KHTML, like Gecko) Chrome/120.0.0.0 Safari/537.36"
13.233.59.3 - - [27/Sep/2025:14:02:20 -0600] "GET /app.js HTTP/1.1" 200 8551 "-" "Mozilla/5.0 (Windows NT 10.0; Win64; x64) AppleWebKit/537.36 (KHTML, like Gecko) Chrome/120.0.0.0 Safari/537.36"
13.233.59.3 - - [27/Sep/2025:14:02:20 -0600] "GET /env.php HTTP/1.1" 403 8551 "-" "Mozilla/5.0 (Windows NT 10.0; Win64; x64) AppleWebKit/537.36 (KHTML, like Gecko) Chrome/120.0.0.0 Safari/537.36"
13.233.59.3 - - [27/Sep/2025:14:02:32 -0600] "GET /js/admin.js HTTP/1.1" 200 62663 "-" "Mozilla/5.0 (Windows NT 10.0; Win64; x64) AppleWebKit/537.36 (KHTML, like Gecko) Chrome/120.0.0.0 Safari/537.36"
13.233.59.3 - - [27/Sep/2025:14:02:20 -0600] "GET /core.js HTTP/1.1" 200 62675 "-" "Mozilla/5.0 (Windows NT 10.0; Win64; x64) AppleWebKit/537.36 (KHTML, like Gecko) Chrome/120.0.0.0 Safari/537.36"
13.233.59.3 - - [27/Sep/2025:14:02:21 -0600] "GET /globals.js HTTP/1.1" 200 62675 "-" "Mozilla/5.0 (Windows NT 10.0; Win64; x64) AppleWebKit/537.36 (KHTML, like Gecko) Chrome/120.0.0.0 Safari/537.36"
13.233.59.3 - - [27/Sep/2025:14:02:25 -0600] "GET /.env.local HTTP/1.1" 200 62675 "-" "Mozilla/5.0 (Windows NT 10.0; Win64; x64) AppleWebKit/537.36 (KHTML, like Gecko) Chrome/120.0.0.0 Safari/537.36"
13.233.59.3 - - [27/Sep/2025:14:02:25 -0600] "GET /configuration.php HTTP/1.1" 403 62675 "-" "Mozilla/5.0 (Windows NT 10.0; Win64; x64) AppleWebKit/537.36 (KHTML, like Gecko) Chrome/120.0.0.0 Safari/537.36"
13.233.59.3 - - [27/Sep/2025:14:02:25 -0600] "GET /wp-config.php HTTP/1.1" 403 62665 "-" "Mozilla/5.0 (Windows NT 10.0; Win64; x64) AppleWebKit/537.36 (KHTML, like Gecko) Chrome/120.0.0.0 Safari/537.36"
13.233.59.3 - - [27/Sep/2025:14:02:20 -0600] "GET /config.js HTTP/1.1" 200 62675 "-" "Mozilla/5.0 (Windows NT 10.0; Win64; x64) AppleWebKit/537.36 (KHTML, like Gecko) Chrome/120.0.0.0 Safari/537.36"
13.233.59.3 - - [27/Sep/2025:14:02:20 -0600] "GET /env.staging.js HTTP/1.1" 200 62673 "-" "Mozilla/5.0 (Windows NT 10.0; Win64; x64) AppleWebKit/537.36 (KHTML, like Gecko) Chrome/120.0.0.0 Safari/537.36"
13.233.59.3 - - [27/Sep/2025:14:02:20 -0600] "GET /index.js HTTP/1.1" 200 12368 "-" "Mozilla/5.0 (Windows NT 10.0; Win64; x64) AppleWebKit/537.36 (KHTML, like Gecko) Chrome/120.0.0.0 Safari/537.36"
13.233.59.3 - - [27/Sep/2025:14:02:20 -0600] "GET /core.php HTTP/1.1" 403 12368 "-" "Mozilla/5.0 (Windows NT 10.0; Win64; x64) AppleWebKit/537.36 (KHTML, like Gecko) Chrome/120.0.0.0 Safari/537.36"
13.233.59.3 - - [27/Sep/2025:14:02:20 -0600] "GET /settings.js HTTP/1.1" 200 4398 "-" "Mozilla/5.0 (Windows NT 10.0; Win64; x64) AppleWebKit/537.36 (KHTML, like Gecko) Chrome/120.0.0.0 Safari/537.36"
13.233.59.3 - - [27/Sep/2025:14:02:25 -0600] "GET /setup.php HTTP/1.1" 403 12368 "-" "Mozilla/5.0 (Windows NT 10.0; Win64; x64) AppleWebKit/537.36 (KHTML, like Gecko) Chrome/120.0.0.0 Safari/537.36"
13.233.59.3 - - [27/Sep/2025:14:02:20 -0600] "GET /bundle.js HTTP/1.1" 200 5716 "-" "Mozilla/5.0 (Windows NT 10.0; Win64; x64) AppleWebKit/537.36 (KHTML, like Gecko) Chrome/120.0.0.0 Safari/537.36"
13.233.59.3 - - [27/Sep/2025:14:02:32 -0600] "GET /docker-compose.yml HTTP/1.1" 500 2456 "-" "Mozilla/5.0 (Windows NT 10.0; Win64; x64) AppleWebKit/537.36 (KHTML, like Gecko) Chrome/120.0.0.0 Safari/537.36"
13.233.59.3 - - [27/Sep/2025:14:02:54 -0600] "GET /webpack.config.js HTTP/1.1" 200 - "-" "Mozilla/5.0 (Windows NT 10.0; Win64; x64) AppleWebKit/537.36 (KHTML, like Gecko) Chrome/120.0.0.0 Safari/537.36"
13.233.59.3 - - [27/Sep/2025:14:02:33 -0600] "GET /package.json HTTP/1.1" 500 2456 "-" "Mozilla/5.0 (Windows NT 10.0; Win64; x64) AppleWebKit/537.36 (KHTML, like Gecko) Chrome/120.0.0.0 Safari/537.36"
13.233.59.3 - - [27/Sep/2025:14:02:32 -0600] "GET /js/config.js HTTP/1.1" 500 2456 "-" "Mozilla/5.0 (Windows NT 10.0; Win64; x64) AppleWebKit/537.36 (KHTML, like Gecko) Chrome/120.0.0.0 Safari/537.36"
13.233.59.3 - - [27/Sep/2025:14:02:41 -0600] "GET /dist/bundle.js HTTP/1.1" 200 - "-" "Mozilla/5.0 (Windows NT 10.0; Win64; x64) AppleWebKit/537.36 (KHTML, like Gecko) Chrome/120.0.0.0 Safari/537.36"
13.233.59.3 - - [27/Sep/2025:14:02:54 -0600] "GET /app/database.php HTTP/1.1" 200 - "-" "Mozilla/5.0 (Windows NT 10.0; Win64; x64) AppleWebKit/537.36 (KHTML, like Gecko) Chrome/120.0.0.0 Safari/537.36"
13.233.59.3 - - [27/Sep/2025:14:02:54 -0600] "GET /application/config.php HTTP/1.1" 200 - "-" "Mozilla/5.0 (Windows NT 10.0; Win64; x64) AppleWebKit/537.36 (KHTML, like Gecko) Chrome/120.0.0.0 Safari/537.36"
13.233.59.3 - - [27/Sep/2025:14:02:20 -0600] "GET /env.test.js HTTP/1.1" 200 4368 "-" "Mozilla/5.0 (Windows NT 10.0; Win64; x64) AppleWebKit/537.36 (KHTML, like Gecko) Chrome/120.0.0.0 Safari/537.36"
13.233.59.3 - - [27/Sep/2025:14:02:32 -0600] "GET /js/app.js HTTP/1.1" 500 2456 "-" "Mozilla/5.0 (Windows NT 10.0; Win64; x64) AppleWebKit/537.36 (KHTML, like Gecko) Chrome/120.0.0.0 Safari/537.36"
13.233.59.3 - - [27/Sep/2025:14:02:54 -0600] "GET /includes/config.php HTTP/1.1" 200 - "-" "Mozilla/5.0 (Windows NT 10.0; Win64; x64) AppleWebKit/537.36 (KHTML, like Gecko) Chrome/120.0.0.0 Safari/537.36"
13.233.59.3 - - [27/Sep/2025:14:02:54 -0600] "GET /includes/auth.php HTTP/1.1" 200 - "-" "Mozilla/5.0 (Windows NT 10.0; Win64; x64) AppleWebKit/537.36 (KHTML, like Gecko) Chrome/120.0.0.0 Safari/537.36"
13.233.59.3 - - [27/Sep/2025:14:02:37 -0600] "GET /static/js/app.js HTTP/1.1" 200 - "-" "Mozilla/5.0 (Windows NT 10.0; Win64; x64) AppleWebKit/537.36 (KHTML, like Gecko) Chrome/120.0.0.0 Safari/537.36"
13.233.59.3 - - [27/Sep/2025:14:02:54 -0600] "GET /admin/config.php HTTP/1.1" 500 2456 "-" "Mozilla/5.0 (Windows NT 10.0; Win64; x64) AppleWebKit/537.36 (KHTML, like Gecko) Chrome/120.0.0.0 Safari/537.36"
13.233.59.3 - - [27/Sep/2025:14:02:37 -0600] "GET /assets/js/admin.js HTTP/1.1" 500 2456 "-" "Mozilla/5.0 (Windows NT 10.0; Win64; x64) AppleWebKit/537.36 (KHTML, like Gecko) Chrome/120.0.0.0 Safari/537.36"
13.233.59.3 - - [27/Sep/2025:14:02:54 -0600] "GET /config/mail.php HTTP/1.1" 200 - "-" "Mozilla/5.0 (Windows NT 10.0; Win64; x64) AppleWebKit/537.36 (KHTML, like Gecko) Chrome/120.0.0.0 Safari/537.36"
13.233.59.3 - - [27/Sep/2025:14:02:54 -0600] "GET /config/services.php HTTP/1.1" 200 - "-" "Mozilla/5.0 (Windows NT 10.0; Win64; x64) AppleWebKit/537.36 (KHTML, like Gecko) Chrome/120.0.0.0 Safari/537.36"
13.233.59.3 - - [27/Sep/2025:14:02:54 -0600] "GET /src/config.php HTTP/1.1" 200 - "-" "Mozilla/5.0 (Windows NT 10.0; Win64; x64) AppleWebKit/537.36 (KHTML, like Gecko) Chrome/120.0.0.0 Safari/537.36"
13.233.59.3 - - [27/Sep/2025:14:02:37 -0600] "GET /src/main.js HTTP/1.1" 200 - "-" "Mozilla/5.0 (Windows NT 10.0; Win64; x64) AppleWebKit/537.36 (KHTML, like Gecko) Chrome/120.0.0.0 Safari/537.36"
13.233.59.3 - - [27/Sep/2025:14:02:54 -0600] "GET /dashboard/env.js HTTP/1.1" 500 2456 "-" "Mozilla/5.0 (Windows NT 10.0; Win64; x64) AppleWebKit/537.36 (KHTML, like Gecko) Chrome/120.0.0.0 Safari/537.36"
13.233.59.3 - - [27/Sep/2025:14:02:54 -0600] "GET /app/config.php HTTP/1.1" 200 - "-" "Mozilla/5.0 (Windows NT 10.0; Win64; x64) AppleWebKit/537.36 (KHTML, like Gecko) Chrome/120.0.0.0 Safari/537.36"
13.233.59.3 - - [27/Sep/2025:14:02:54 -0600] "GET /admin/config.js HTTP/1.1" 200 - "-" "Mozilla/5.0 (Windows NT 10.0; Win64; x64) AppleWebKit/537.36 (KHTML, like Gecko) Chrome/120.0.0.0 Safari/537.36"
13.233.59.3 - - [27/Sep/2025:14:02:32 -0600] "GET /js/constants.js HTTP/1.1" 500 2456 "-" "Mozilla/5.0 (Windows NT 10.0; Win64; x64) AppleWebKit/537.36 (KHTML, like Gecko) Chrome/120.0.0.0 Safari/537.36"
13.233.59.3 - - [27/Sep/2025:14:02:32 -0600] "GET /app.json HTTP/1.1" 500 2456 "-" "Mozilla/5.0 (Windows NT 10.0; Win64; x64) AppleWebKit/537.36 (KHTML, like Gecko) Chrome/120.0.0.0 Safari/537.36"
13.233.59.3 - - [27/Sep/2025:14:02:20 -0600] "GET /env.production.js HTTP/1.1" 200 65189 "-" "Mozilla/5.0 (Windows NT 10.0; Win64; x64) AppleWebKit/537.36 (KHTML, like Gecko) Chrome/120.0.0.0 Safari/537.36"
13.233.59.3 - - [27/Sep/2025:14:02:32 -0600] "GET /assets/config.js HTTP/1.1" 500 2456 "-" "Mozilla/5.0 (Windows NT 10.0; Win64; x64) AppleWebKit/537.36 (KHTML, like Gecko) Chrome/120.0.0.0 Safari/537.36"
13.233.59.3 - - [27/Sep/2025:14:02:25 -0600] "GET /constants.php HTTP/1.1" 500 2456 "-" "Mozilla/5.0 (Windows NT 10.0; Win64; x64) AppleWebKit/537.36 (KHTML, like Gecko) Chrome/120.0.0.0 Safari/537.36"
13.233.59.3 - - [27/Sep/2025:14:02:32 -0600] "GET /js/settings.js HTTP/1.1" 500 2456 "-" "Mozilla/5.0 (Windows NT 10.0; Win64; x64) AppleWebKit/537.36 (KHTML, like Gecko) Chrome/120.0.0.0 Safari/537.36"
13.233.59.3 - - [27/Sep/2025:14:02:28 -0600] "GET /database.php HTTP/1.1" 500 2456 "-" "Mozilla/5.0 (Windows NT 10.0; Win64; x64) AppleWebKit/537.36 (KHTML, like Gecko) Chrome/120.0.0.0 Safari/537.36"
13.233.59.3 - - [27/Sep/2025:14:02:32 -0600] "GET /assets/main.js HTTP/1.1" 500 2456 "-" "Mozilla/5.0 (Windows NT 10.0; Win64; x64) AppleWebKit/537.36 (KHTML, like Gecko) Chrome/120.0.0.0 Safari/537.36"
13.233.59.3 - - [27/Sep/2025:14:02:54 -0600] "GET /includes/settings.php HTTP/1.1" 500 2456 "-" "Mozilla/5.0 (Windows NT 10.0; Win64; x64) AppleWebKit/537.36 (KHTML, like Gecko) Chrome/120.0.0.0 Safari/537.36"
13.233.59.3 - - [27/Sep/2025:14:02:32 -0600] "GET /assets/env.js HTTP/1.1" 500 2456 "-" "Mozilla/5.0 (Windows NT 10.0; Win64; x64) AppleWebKit/537.36 (KHTML, like Gecko) Chrome/120.0.0.0 Safari/537.36"
13.233.59.3 - - [27/Sep/2025:14:02:54 -0600] "GET /config/app.js HTTP/1.1" 500 2456 "-" "Mozilla/5.0 (Windows NT 10.0; Win64; x64) AppleWebKit/537.36 (KHTML, like Gecko) Chrome/120.0.0.0 Safari/537.36"
13.233.59.3 - - [27/Sep/2025:14:02:32 -0600] "GET /auth.json HTTP/1.1" 500 2456 "-" "Mozilla/5.0 (Windows NT 10.0; Win64; x64) AppleWebKit/537.36 (KHTML, like Gecko) Chrome/120.0.0.0 Safari/537.36"
147.182.255.27 - - [27/Sep/2025:14:02:33 -0600] "POST /wp-login.php HTTP/1.1" 500 2456 "http://4pie.com.mx" "Mozilla/5.0 (Macintosh; Intel Mac OS X 10_15_7; rv:125.0.1) Gecko/20100101 Firefox/125.0.1"
13.233.59.3 - - [27/Sep/2025:14:02:32 -0600] "GET /database.json HTTP/1.1" 500 2456 "-" "Mozilla/5.0 (Windows NT 10.0; Win64; x64) AppleWebKit/537.36 (KHTML, like Gecko) Chrome/120.0.0.0 Safari/537.36"
13.233.59.3 - - [27/Sep/2025:14:02:32 -0600] "GET /assets/js/env.js HTTP/1.1" 500 2456 "-" "Mozilla/5.0 (Windows NT 10.0; Win64; x64) AppleWebKit/537.36 (KHTML, like Gecko) Chrome/120.0.0.0 Safari/537.36"
13.233.59.3 - - [27/Sep/2025:14:02:54 -0600] "GET /next.config.js HTTP/1.1" 500 2456 "-" "Mozilla/5.0 (Windows NT 10.0; Win64; x64) AppleWebKit/537.36 (KHTML, like Gecko) Chrome/120.0.0.0 Safari/537.36"
13.233.59.3 - - [27/Sep/2025:14:02:54 -0600] "GET /includes/core.php HTTP/1.1" 500 2456 "-" "Mozilla/5.0 (Windows NT 10.0; Win64; x64) AppleWebKit/537.36 (KHTML, like Gecko) Chrome/120.0.0.0 Safari/537.36"
13.233.59.3 - - [27/Sep/2025:14:02:54 -0600] "GET /inc/config.php HTTP/1.1" 500 2456 "-" "Mozilla/5.0 (Windows NT 10.0; Win64; x64) AppleWebKit/537.36 (KHTML, like Gecko) Chrome/120.0.0.0 Safari/537.36"
13.233.59.3 - - [27/Sep/2025:14:02:20 -0600] "GET /environment.js HTTP/1.1" 500 65221 "-" "Mozilla/5.0 (Windows NT 10.0; Win64; x64) AppleWebKit/537.36 (KHTML, like Gecko) Chrome/120.0.0.0 Safari/537.36"
13.233.59.3 - - [27/Sep/2025:14:02:54 -0600] "GET /config/settings.js HTTP/1.1" 500 2456 "-" "Mozilla/5.0 (Windows NT 10.0; Win64; x64) AppleWebKit/537.36 (KHTML, like Gecko) Chrome/120.0.0.0 Safari/537.36"
13.233.59.3 - - [27/Sep/2025:14:02:54 -0600] "GET /library/config.php HTTP/1.1" 500 2456 "-" "Mozilla/5.0 (Windows NT 10.0; Win64; x64) AppleWebKit/537.36 (KHTML, like Gecko) Chrome/120.0.0.0 Safari/537.36"
13.233.59.3 - - [27/Sep/2025:14:02:54 -0600] "GET /config/.env HTTP/1.1" 500 2456 "-" "Mozilla/5.0 (Windows NT 10.0; Win64; x64) AppleWebKit/537.36 (KHTML, like Gecko) Chrome/120.0.0.0 Safari/537.36"
13.233.59.3 - - [27/Sep/2025:14:02:37 -0600] "GET /static/env.js HTTP/1.1" 500 2456 "-" "Mozilla/5.0 (Windows NT 10.0; Win64; x64) AppleWebKit/537.36 (KHTML, like Gecko) Chrome/120.0.0.0 Safari/537.36"
13.233.59.3 - - [27/Sep/2025:14:02:37 -0600] "GET /src/config.js HTTP/1.1" 500 2456 "-" "Mozilla/5.0 (Windows NT 10.0; Win64; x64) AppleWebKit/537.36 (KHTML, like Gecko) Chrome/120.0.0.0 Safari/537.36"
13.233.59.3 - - [27/Sep/2025:14:02:41 -0600] "GET /dist/app.js HTTP/1.1" 500 2456 "-" "Mozilla/5.0 (Windows NT 10.0; Win64; x64) AppleWebKit/537.36 (KHTML, like Gecko) Chrome/120.0.0.0 Safari/537.36"
13.233.59.3 - - [27/Sep/2025:14:02:54 -0600] "GET /app/settings.php HTTP/1.1" 500 2456 "-" "Mozilla/5.0 (Windows NT 10.0; Win64; x64) AppleWebKit/537.36 (KHTML, like Gecko) Chrome/120.0.0.0 Safari/537.36"
13.233.59.3 - - [27/Sep/2025:14:02:54 -0600] "GET /inc/database.php HTTP/1.1" 500 2456 "-" "Mozilla/5.0 (Windows NT 10.0; Win64; x64) AppleWebKit/537.36 (KHTML, like Gecko) Chrome/120.0.0.0 Safari/537.36"
13.233.59.3 - - [27/Sep/2025:14:02:32 -0600] "GET /composer.json HTTP/1.1" 500 2456 "-" "Mozilla/5.0 (Windows NT 10.0; Win64; x64) AppleWebKit/537.36 (KHTML, like Gecko) Chrome/120.0.0.0 Safari/537.36"
13.233.59.3 - - [27/Sep/2025:14:02:54 -0600] "GET /config/env.js HTTP/1.1" 500 2456 "-" "Mozilla/5.0 (Windows NT 10.0; Win64; x64) AppleWebKit/537.36 (KHTML, like Gecko) Chrome/120.0.0.0 Safari/537.36"
13.233.59.3 - - [27/Sep/2025:14:02:35 -0600] "GET /js/main.js HTTP/1.1" 500 2456 "-" "Mozilla/5.0 (Windows NT 10.0; Win64; x64) AppleWebKit/537.36 (KHTML, like Gecko) Chrome/120.0.0.0 Safari/537.36"
13.233.59.3 - - [27/Sep/2025:14:02:54 -0600] "GET /gatsby-config.js HTTP/1.1" 500 2456 "-" "Mozilla/5.0 (Windows NT 10.0; Win64; x64) AppleWebKit/537.36 (KHTML, like Gecko) Chrome/120.0.0.0 Safari/537.36"
13.233.59.3 - - [27/Sep/2025:14:02:54 -0600] "GET /admin/database.php HTTP/1.1" 500 2456 "-" "Mozilla/5.0 (Windows NT 10.0; Win64; x64) AppleWebKit/537.36 (KHTML, like Gecko) Chrome/120.0.0.0 Safari/537.36"
13.233.59.3 - - [27/Sep/2025:14:02:54 -0600] "GET /lib/config.php HTTP/1.1" 500 2456 "-" "Mozilla/5.0 (Windows NT 10.0; Win64; x64) AppleWebKit/537.36 (KHTML, like Gecko) Chrome/120.0.0.0 Safari/537.36"
13.233.59.3 - - [27/Sep/2025:14:02:54 -0600] "GET /lib/database.php HTTP/1.1" 500 2456 "-" "Mozilla/5.0 (Windows NT 10.0; Win64; x64) AppleWebKit/537.36 (KHTML, like Gecko) Chrome/120.0.0.0 Safari/537.36"
13.233.59.3 - - [27/Sep/2025:14:02:37 -0600] "GET /src/app.js HTTP/1.1" 500 2456 "-" "Mozilla/5.0 (Windows NT 10.0; Win64; x64) AppleWebKit/537.36 (KHTML, like Gecko) Chrome/120.0.0.0 Safari/537.36"
13.233.59.3 - - [27/Sep/2025:14:02:37 -0600] "GET /assets/js/settings.js HTTP/1.1" 500 2456 "-" "Mozilla/5.0 (Windows NT 10.0; Win64; x64) AppleWebKit/537.36 (KHTML, like Gecko) Chrome/120.0.0.0 Safari/537.36"
13.233.59.3 - - [27/Sep/2025:14:02:37 -0600] "GET /assets/js/app.js HTTP/1.1" 200 - "-" "Mozilla/5.0 (Windows NT 10.0; Win64; x64) AppleWebKit/537.36 (KHTML, like Gecko) Chrome/120.0.0.0 Safari/537.36"
13.233.59.3 - - [27/Sep/2025:14:02:54 -0600] "GET /libraries/config.php HTTP/1.1" 500 2456 "-" "Mozilla/5.0 (Windows NT 10.0; Win64; x64) AppleWebKit/537.36 (KHTML, like Gecko) Chrome/120.0.0.0 Safari/537.36"
13.233.59.3 - - [27/Sep/2025:14:02:54 -0600] "GET /src/database.php HTTP/1.1" 500 2456 "-" "Mozilla/5.0 (Windows NT 10.0; Win64; x64) AppleWebKit/537.36 (KHTML, like Gecko) Chrome/120.0.0.0 Safari/537.36"
13.233.59.3 - - [27/Sep/2025:14:02:54 -0600] "GET /includes/functions.php HTTP/1.1" 500 2456 "-" "Mozilla/5.0 (Windows NT 10.0; Win64; x64) AppleWebKit/537.36 (KHTML, like Gecko) Chrome/120.0.0.0 Safari/537.36"
13.233.59.3 - - [27/Sep/2025:14:02:54 -0600] "GET /vite.config.js HTTP/1.1" 500 2456 "-" "Mozilla/5.0 (Windows NT 10.0; Win64; x64) AppleWebKit/537.36 (KHTML, like Gecko) Chrome/120.0.0.0 Safari/537.36"
13.233.59.3 - - [27/Sep/2025:14:02:54 -0600] "GET /inc/functions.php HTTP/1.1" 500 2456 "-" "Mozilla/5.0 (Windows NT 10.0; Win64; x64) AppleWebKit/537.36 (KHTML, like Gecko) Chrome/120.0.0.0 Safari/537.36"
13.233.59.3 - - [27/Sep/2025:14:02:57 -0600] "GET /api/config.php HTTP/1.1" 500 2456 "-" "Mozilla/5.0 (Windows NT 10.0; Win64; x64) AppleWebKit/537.36 (KHTML, like Gecko) Chrome/120.0.0.0 Safari/537.36"
13.233.59.3 - - [27/Sep/2025:14:02:35 -0600] "GET /js/env.js HTTP/1.1" 500 2456 "-" "Mozilla/5.0 (Windows NT 10.0; Win64; x64) AppleWebKit/537.36 (KHTML, like Gecko) Chrome/120.0.0.0 Safari/537.36"
13.233.59.3 - - [27/Sep/2025:14:02:57 -0600] "GET /rest/config.js HTTP/1.1" 500 2456 "-" "Mozilla/5.0 (Windows NT 10.0; Win64; x64) AppleWebKit/537.36 (KHTML, like Gecko) Chrome/120.0.0.0 Safari/537.36"
13.233.59.3 - - [27/Sep/2025:14:02:37 -0600] "GET /build/config.js HTTP/1.1" 500 2456 "-" "Mozilla/5.0 (Windows NT 10.0; Win64; x64) AppleWebKit/537.36 (KHTML, like Gecko) Chrome/120.0.0.0 Safari/537.36"
13.233.59.3 - - [27/Sep/2025:14:02:54 -0600] "GET /dashboard/config.php HTTP/1.1" 500 2456 "-" "Mozilla/5.0 (Windows NT 10.0; Win64; x64) AppleWebKit/537.36 (KHTML, like Gecko) Chrome/120.0.0.0 Safari/537.36"
13.233.59.3 - - [27/Sep/2025:14:02:54 -0600] "GET /dashboard/config.js HTTP/1.1" 500 2456 "-" "Mozilla/5.0 (Windows NT 10.0; Win64; x64) AppleWebKit/537.36 (KHTML, like Gecko) Chrome/120.0.0.0 Safari/537.36"
13.233.59.3 - - [27/Sep/2025:14:02:37 -0600] "GET /build/js/config.js HTTP/1.1" 500 2456 "-" "Mozilla/5.0 (Windows NT 10.0; Win64; x64) AppleWebKit/537.36 (KHTML, like Gecko) Chrome/120.0.0.0 Safari/537.36"
13.233.59.3 - - [27/Sep/2025:14:02:37 -0600] "GET /static/js/config.js HTTP/1.1" 500 2456 "-" "Mozilla/5.0 (Windows NT 10.0; Win64; x64) AppleWebKit/537.36 (KHTML, like Gecko) Chrome/120.0.0.0 Safari/537.36"
13.233.59.3 - - [27/Sep/2025:14:02:54 -0600] "GET /config/database.php HTTP/1.1" 500 2456 "-" "Mozilla/5.0 (Windows NT 10.0; Win64; x64) AppleWebKit/537.36 (KHTML, like Gecko) Chrome/120.0.0.0 Safari/537.36"
13.233.59.3 - - [27/Sep/2025:14:02:20 -0600] "GET /data.js HTTP/1.1" 500 2530 "-" "Mozilla/5.0 (Windows NT 10.0; Win64; x64) AppleWebKit/537.36 (KHTML, like Gecko) Chrome/120.0.0.0 Safari/537.36"
173.208.176.202 - - [27/Sep/2025:14:01:44 -0600] "GET /wp-content/install.php?id=338626 HTTP/1.1" 200 - "-" "GuzzleHttp/7"
13.233.59.3 - - [27/Sep/2025:14:02:54 -0600] "GET /rollup.config.js HTTP/1.1" 500 2456 "-" "Mozilla/5.0 (Windows NT 10.0; Win64; x64) AppleWebKit/537.36 (KHTML, like Gecko) Chrome/120.0.0.0 Safari/537.36"
13.233.59.3 - - [27/Sep/2025:14:02:54 -0600] "GET /admin/env.js HTTP/1.1" 500 2456 "-" "Mozilla/5.0 (Windows NT 10.0; Win64; x64) AppleWebKit/537.36 (KHTML, like Gecko) Chrome/120.0.0.0 Safari/537.36"
13.233.59.3 - - [27/Sep/2025:14:02:23 -0600] "GET /vendor.js HTTP/1.1" 500 2530 "-" "Mozilla/5.0 (Windows NT 10.0; Win64; x64) AppleWebKit/537.36 (KHTML, like Gecko) Chrome/120.0.0.0 Safari/537.36"
13.233.59.3 - - [27/Sep/2025:14:02:54 -0600] "GET /lib/settings.php HTTP/1.1" 500 2456 "-" "Mozilla/5.0 (Windows NT 10.0; Win64; x64) AppleWebKit/537.36 (KHTML, like Gecko) Chrome/120.0.0.0 Safari/537.36"
13.233.59.3 - - [27/Sep/2025:14:02:37 -0600] "GET /build/static/js/main.js HTTP/1.1" 500 2456 "-" "Mozilla/5.0 (Windows NT 10.0; Win64; x64) AppleWebKit/537.36 (KHTML, like Gecko) Chrome/120.0.0.0 Safari/537.36"
13.233.59.3 - - [27/Sep/2025:14:02:57 -0600] "GET /webhook/config.php HTTP/1.1" 500 2456 "-" "Mozilla/5.0 (Windows NT 10.0; Win64; x64) AppleWebKit/537.36 (KHTML, like Gecko) Chrome/120.0.0.0 Safari/537.36"
13.233.59.3 - - [27/Sep/2025:14:02:54 -0600] "GET /includes/database.php HTTP/1.1" 500 2456 "-" "Mozilla/5.0 (Windows NT 10.0; Win64; x64) AppleWebKit/537.36 (KHTML, like Gecko) Chrome/120.0.0.0 Safari/537.36"
13.233.59.3 - - [27/Sep/2025:14:02:54 -0600] "GET /admin/settings.php HTTP/1.1" 500 2456 "-" "Mozilla/5.0 (Windows NT 10.0; Win64; x64) AppleWebKit/537.36 (KHTML, like Gecko) Chrome/120.0.0.0 Safari/537.36"
13.233.59.3 - - [27/Sep/2025:14:02:54 -0600] "GET /app/config/services.php HTTP/1.1" 500 2456 "-" "Mozilla/5.0 (Windows NT 10.0; Win64; x64) AppleWebKit/537.36 (KHTML, like Gecko) Chrome/120.0.0.0 Safari/537.36"
13.233.59.3 - - [27/Sep/2025:14:02:32 -0600] "GET /config.yml HTTP/1.1" 500 2530 "-" "Mozilla/5.0 (Windows NT 10.0; Win64; x64) AppleWebKit/537.36 (KHTML, like Gecko) Chrome/120.0.0.0 Safari/537.36"
13.233.59.3 - - [27/Sep/2025:14:02:54 -0600] "GET /nuxt.config.js HTTP/1.1" 500 2456 "-" "Mozilla/5.0 (Windows NT 10.0; Win64; x64) AppleWebKit/537.36 (KHTML, like Gecko) Chrome/120.0.0.0 Safari/537.36"
13.233.59.3 - - [27/Sep/2025:14:03:28 -0600] "GET /production/.env HTTP/1.1" 500 2456 "-" "Mozilla/5.0 (Windows NT 10.0; Win64; x64) AppleWebKit/537.36 (KHTML, like Gecko) Chrome/120.0.0.0 Safari/537.36"
13.233.59.3 - - [27/Sep/2025:14:03:30 -0600] "GET /cp/config.php HTTP/1.1" 500 2456 "-" "Mozilla/5.0 (Windows NT 10.0; Win64; x64) AppleWebKit/537.36 (KHTML, like Gecko) Chrome/120.0.0.0 Safari/537.36"
13.233.59.3 - - [27/Sep/2025:14:02:37 -0600] "GET /dist/config.js HTTP/1.1" 200 - "-" "Mozilla/5.0 (Windows NT 10.0; Win64; x64) AppleWebKit/537.36 (KHTML, like Gecko) Chrome/120.0.0.0 Safari/537.36"
