188.163.5.175 - - [27/Sep/2025:15:06:06 -0600] "POST /xmlrpc.php/xmlrpc.php HTTP/1.1" 404 101413 "-" "Mozilla/5.0 (Macintosh; Intel Mac OS X 10_15_3) AppleWebKit/537.36 (KHTML, like Gecko) Chrome/80.0.3987.87 Safari/537.36"
188.163.5.175 - - [27/Sep/2025:15:06:07 -0600] "POST /xmlrpc.php/xmlrpc.php HTTP/1.1" 404 101413 "-" "Mozilla/5.0 (Macintosh; Intel Mac OS X 10_15_3) AppleWebKit/537.36 (KHTML, like Gecko) Chrome/80.0.3987.87 Safari/537.36"
173.208.176.202 - - [27/Sep/2025:15:05:45 -0600] "GET /wp-content/install.php?id=87567 HTTP/1.1" 200 - "-" "GuzzleHttp/7"
173.208.176.202 - - [27/Sep/2025:15:07:28 -0600] "GET /wp-content/install.php?id=87567 HTTP/1.1" 200 - "-" "GuzzleHttp/7"
204.12.208.18 - - [27/Sep/2025:15:09:22 -0600] "GET /?sitemapindex.xml HTTP/1.1" 200 113562 "http://4pie.com.mx/?sitemapindex.xml" "Mozilla/5.0 (Windows NT 6.1; WOW64; rv:9.0.1) Gecko/20100101 Firefox/9.0.1"
204.12.252.98 - - [27/Sep/2025:15:09:59 -0600] "GET /wp-content/install.php HTTP/1.1" 200 6 "http://4pie.com.mx/wp-content/install.php" "Mozilla/5.0 (Windows NT 10.0; Win64; x64) AppleWebKit/537.36 (KHTML, like Gecko) Chrome/58.0.3029.110 Safari/537.3"
173.208.176.202 - - [27/Sep/2025:15:08:56 -0600] "GET /wp-content/install.php?id=87567 HTTP/1.1" 200 - "-" "GuzzleHttp/7"
173.208.176.202 - - [27/Sep/2025:15:10:23 -0600] "GET /wp-content/install.php?id=87567 HTTP/1.1" 200 - "-" "GuzzleHttp/7"
173.208.176.202 - - [27/Sep/2025:15:11:51 -0600] "GET /wp-content/install.php?id=87567 HTTP/1.1" 200 - "-" "GuzzleHttp/7"
216.244.66.243 - - [27/Sep/2025:15:13:26 -0600] "GET /index.php/2025/03/27/onlayn-kazino-pin-ap-dolzhnostnoy-sayt-a-takzhe-mobilnoe-addendum-pin-up-casino/ HTTP/1.1" 200 123822 "-" "Mozilla/5.0 (compatible; DotBot/1.2; +https://opensiteexplorer.org/dotbot; help@moz.com)"
216.244.66.243 - - [27/Sep/2025:15:13:32 -0600] "GET /shopdetail/12920644.html HTTP/1.1" 404 101413 "-" "Mozilla/5.0 (compatible; DotBot/1.2; +https://opensiteexplorer.org/dotbot; help@moz.com)"
142.171.127.176 - - [27/Sep/2025:15:13:34 -0600] "POST /wp-cron.php?doing_wp_cron=1759007614.4450979232788085937500 HTTP/1.1" 403 23958 "-" "WordPress/6.8; https://4pie.com.mx"
173.208.176.202 - - [27/Sep/2025:15:13:20 -0600] "GET /wp-content/install.php?id=87567 HTTP/1.1" 200 - "-" "GuzzleHttp/7"
173.208.176.202 - - [27/Sep/2025:15:14:49 -0600] "GET /wp-content/install.php?id=87567 HTTP/1.1" 200 - "-" "GuzzleHttp/7"
204.12.208.18 - - [27/Sep/2025:15:16:33 -0600] "GET /?sitemapindex.xml HTTP/1.1" 200 7537 "http://4pie.com.mx/?sitemapindex.xml" "Mozilla/5.0 (Macintosh; U; PPC Mac OS X; ja-jp) AppleWebKit/522.11.1 (KHTML, like Gecko) Version/3.0.3 Safari/522.12.1"
173.208.176.202 - - [27/Sep/2025:15:16:17 -0600] "GET /wp-content/install.php?id=87567 HTTP/1.1" 200 - "-" "GuzzleHttp/7"
208.110.64.178 - - [27/Sep/2025:15:18:42 -0600] "GET /wp-content/install.php HTTP/1.1" 200 6 "http://4pie.com.mx/wp-content/install.php" "Mozilla/5.0 (Windows NT 10.0; Win64; x64) AppleWebKit/537.36 (KHTML, like Gecko) Chrome/58.0.3029.110 Safari/537.3"
173.208.176.202 - - [27/Sep/2025:15:17:46 -0600] "GET /wp-content/install.php?id=87567 HTTP/1.1" 200 - "-" "GuzzleHttp/7"
173.208.176.202 - - [27/Sep/2025:15:19:13 -0600] "GET /wp-content/install.php?id=87567 HTTP/1.1" 200 - "-" "GuzzleHttp/7"
173.208.176.202 - - [27/Sep/2025:15:20:40 -0600] "GET /wp-content/install.php?id=87567 HTTP/1.1" 200 - "-" "GuzzleHttp/7"
216.244.66.243 - - [27/Sep/2025:15:22:44 -0600] "GET /index.php/2025/04/11/gta-on-20bet-login-line-per-ween-podium-autut/ HTTP/1.1" 200 119888 "-" "Mozilla/5.0 (compatible; DotBot/1.2; +https://opensiteexplorer.org/dotbot; help@moz.com)"
204.12.208.18 - - [27/Sep/2025:15:23:22 -0600] "GET /?sitemapindex.xml HTTP/1.1" 200 7533 "http://4pie.com.mx/?sitemapindex.xml" "Mozilla/5.0 (Macintosh; U; PPC Mac OS X; ja-jp) AppleWebKit/522.11.1 (KHTML, like Gecko) Version/3.0.3 Safari/522.12.1"
173.208.176.202 - - [27/Sep/2025:15:22:07 -0600] "GET /wp-content/install.php?id=87567 HTTP/1.1" 200 - "-" "GuzzleHttp/7"
173.208.176.202 - - [27/Sep/2025:15:23:34 -0600] "GET /wp-content/install.php?id=87567 HTTP/1.1" 200 - "-" "GuzzleHttp/7"
173.208.176.202 - - [27/Sep/2025:15:25:08 -0600] "GET /wp-content/install.php?id=87567 HTTP/1.1" 200 - "-" "GuzzleHttp/7"
216.244.66.243 - - [27/Sep/2025:15:28:44 -0600] "GET /index.php/2025/03/30/online-casino-pinko-resmi-dergisi/ HTTP/1.1" 200 114826 "-" "Mozilla/5.0 (compatible; DotBot/1.2; +https://opensiteexplorer.org/dotbot; help@moz.com)"
204.12.208.18 - - [27/Sep/2025:15:30:12 -0600] "GET /?sitemapindex.xml HTTP/1.1" 200 113563 "http://4pie.com.mx/?sitemapindex.xml" "Mozilla/5.0 (Macintosh; U; Intel Mac OS X 10_5_6; ja-jp) AppleWebKit/528.16 (KHTML, like Gecko) Version/4.0 Safari/528.16"
208.110.64.178 - - [27/Sep/2025:15:33:15 -0600] "GET /wp-content/install.php HTTP/1.1" 200 6 "http://4pie.com.mx/wp-content/install.php" "Mozilla/5.0 (Windows NT 10.0; Win64; x64) AppleWebKit/537.36 (KHTML, like Gecko) Chrome/58.0.3029.110 Safari/537.3"
208.110.64.178 - - [27/Sep/2025:15:33:13 -0600] "GET /wp-content/install.php HTTP/1.1" 200 - "http://4pie.com.mx/wp-content/install.php" "Mozilla/5.0 (Windows NT 10.0; Win64; x64) AppleWebKit/537.36 (KHTML, like Gecko) Chrome/58.0.3029.110 Safari/537.3"
173.208.176.202 - - [27/Sep/2025:15:34:40 -0600] "GET /wp-content/install.php?id=729313 HTTP/1.1" 200 - "-" "GuzzleHttp/7"
204.12.208.18 - - [27/Sep/2025:15:37:05 -0600] "GET /?sitemapindex.xml HTTP/1.1" 200 7536 "http://4pie.com.mx/?sitemapindex.xml" "Mozilla/5.0 (compatible; MSIE 9.0; Windows NT 6.1; WOW64; Trident/5.0; SLCC2; .NET CLR 2.0.50727; .NET CLR 3.5.30729; .NET CLR 3.0.30729; Media Center PC 6.0; MAGW; .NET4.0C; Lunascape 6.5.8.24780)"
173.208.176.202 - - [27/Sep/2025:15:36:08 -0600] "GET /wp-content/install.php?id=729313 HTTP/1.1" 200 - "-" "GuzzleHttp/7"
208.110.64.178 - - [27/Sep/2025:15:38:05 -0600] "GET /wp-content/install.php HTTP/1.1" 200 6 "http://4pie.com.mx/wp-content/install.php" "Mozilla/5.0 (Windows NT 10.0; Win64; x64) AppleWebKit/537.36 (KHTML, like Gecko) Chrome/58.0.3029.110 Safari/537.3"
173.208.176.202 - - [27/Sep/2025:15:37:35 -0600] "GET /wp-content/install.php?id=729313 HTTP/1.1" 200 - "-" "GuzzleHttp/7"
173.208.176.202 - - [27/Sep/2025:15:39:06 -0600] "GET /wp-content/install.php?id=729313 HTTP/1.1" 200 - "-" "GuzzleHttp/7"
173.208.176.202 - - [27/Sep/2025:15:40:42 -0600] "GET /wp-content/install.php?id=729313 HTTP/1.1" 200 - "-" "GuzzleHttp/7"
173.208.176.202 - - [27/Sep/2025:15:42:19 -0600] "GET /wp-content/install.php?id=729313 HTTP/1.1" 200 - "-" "GuzzleHttp/7"
204.12.208.18 - - [27/Sep/2025:15:43:56 -0600] "GET /?sitemapindex.xml HTTP/1.1" 200 113563 "http://4pie.com.mx/?sitemapindex.xml" "Mozilla/5.0 (Macintosh; Intel Mac OS X 10.5; rv:8.0.1) Gecko/20100101 Firefox/8.0.1"
173.208.176.202 - - [27/Sep/2025:15:43:47 -0600] "GET /wp-content/install.php?id=729313 HTTP/1.1" 200 - "-" "GuzzleHttp/7"
173.208.176.202 - - [27/Sep/2025:15:45:15 -0600] "GET /wp-content/install.php?id=729313 HTTP/1.1" 200 - "-" "GuzzleHttp/7"
208.110.64.178 - - [27/Sep/2025:15:47:16 -0600] "GET /wp-content/install.php HTTP/1.1" 200 6 "http://4pie.com.mx/wp-content/install.php" "Mozilla/5.0 (Windows NT 10.0; Win64; x64) AppleWebKit/537.36 (KHTML, like Gecko) Chrome/58.0.3029.110 Safari/537.3"
173.208.176.202 - - [27/Sep/2025:15:46:42 -0600] "GET /wp-content/install.php?id=729313 HTTP/1.1" 200 - "-" "GuzzleHttp/7"
173.208.176.202 - - [27/Sep/2025:15:48:28 -0600] "GET /wp-content/install.php?id=729313 HTTP/1.1" 200 - "-" "GuzzleHttp/7"
204.12.208.18 - - [27/Sep/2025:15:50:35 -0600] "GET /?sitemapindex.xml HTTP/1.1" 200 7531 "http://4pie.com.mx/?sitemapindex.xml" "Mozilla/5.0 (Macintosh; Intel Mac OS X 10.6; rv:6.0.2) Gecko/20100101 Firefox/6.0.2"
173.208.176.202 - - [27/Sep/2025:15:49:55 -0600] "GET /wp-content/install.php?id=729313 HTTP/1.1" 200 - "-" "GuzzleHttp/7"
173.208.176.202 - - [27/Sep/2025:15:51:23 -0600] "GET /wp-content/install.php?id=729313 HTTP/1.1" 200 - "-" "GuzzleHttp/7"
173.208.176.202 - - [27/Sep/2025:15:52:57 -0600] "GET /wp-content/install.php?id=729313 HTTP/1.1" 200 - "-" "GuzzleHttp/7"
173.208.176.202 - - [27/Sep/2025:15:54:33 -0600] "GET /wp-content/install.php?id=729313 HTTP/1.1" 200 - "-" "GuzzleHttp/7"
204.12.208.18 - - [27/Sep/2025:15:57:20 -0600] "GET /?sitemapindex.xml HTTP/1.1" 200 7538 "http://4pie.com.mx/?sitemapindex.xml" "Mozilla/5.0 (Macintosh; U; Intel Mac OS X; ja-jp) AppleWebKit/523.10.3 (KHTML, like Gecko) Version/3.0.4 Safari/523.10"
173.208.176.202 - - [27/Sep/2025:15:56:16 -0600] "GET /wp-content/install.php?id=729313 HTTP/1.1" 200 - "-" "GuzzleHttp/7"
173.208.176.202 - - [27/Sep/2025:15:57:47 -0600] "GET /wp-content/install.php?id=729313 HTTP/1.1" 200 - "-" "GuzzleHttp/7"
216.244.66.243 - - [27/Sep/2025:15:59:45 -0600] "GET /robots.txt HTTP/1.1" 200 343 "-" "Mozilla/5.0 (compatible; DotBot/1.2; +https://opensiteexplorer.org/dotbot; help@moz.com)"
173.208.176.202 - - [27/Sep/2025:15:59:14 -0600] "GET /wp-content/install.php?id=729313 HTTP/1.1" 200 - "-" "GuzzleHttp/7"
208.110.64.178 - - [27/Sep/2025:16:01:19 -0600] "GET /wp-content/install.php HTTP/1.1" 200 6 "http://4pie.com.mx/wp-content/install.php" "Mozilla/5.0 (Windows NT 10.0; Win64; x64) AppleWebKit/537.36 (KHTML, like Gecko) Chrome/58.0.3029.110 Safari/537.3"
173.208.176.202 - - [27/Sep/2025:16:00:45 -0600] "GET /wp-content/install.php?id=729313 HTTP/1.1" 200 - "-" "GuzzleHttp/7"
204.12.208.18 - - [27/Sep/2025:16:04:11 -0600] "GET /?sitemapindex.xml HTTP/1.1" 200 113563 "http://4pie.com.mx/?sitemapindex.xml" "Mozilla/5.0 (Windows NT 5.1; rv:6.0) Gecko/20100101 Firefox/6.0"
216.244.66.243 - - [27/Sep/2025:16:10:56 -0600] "GET /shopdetail/12292022.html HTTP/1.1" 200 101413 "-" "Mozilla/5.0 (compatible; DotBot/1.2; +https://opensiteexplorer.org/dotbot; help@moz.com)"
216.244.66.243 - - [27/Sep/2025:16:11:06 -0600] "GET /shopdetail/16491299.html HTTP/1.1" 200 101413 "-" "Mozilla/5.0 (compatible; DotBot/1.2; +https://opensiteexplorer.org/dotbot; help@moz.com)"
216.244.66.243 - - [27/Sep/2025:16:11:15 -0600] "GET /shopdetail/3809244.html HTTP/1.1" 200 101413 "-" "Mozilla/5.0 (compatible; DotBot/1.2; +https://opensiteexplorer.org/dotbot; help@moz.com)"
204.12.208.18 - - [27/Sep/2025:16:11:38 -0600] "GET /?sitemapindex.xml HTTP/1.1" 200 113562 "http://4pie.com.mx/?sitemapindex.xml" "Mozilla/5.0 (Macintosh; U; Intel Mac OS X 10_5_6; ja-jp) AppleWebKit/528.16 (KHTML, like Gecko) Version/4.0 Safari/528.16"
52.167.144.208 - - [27/Sep/2025:16:17:19 -0600] "GET /shopdetail/24167555.html HTTP/1.1" 200 101413 "-" "Mozilla/5.0 AppleWebKit/537.36 (KHTML, like Gecko; compatible; bingbot/2.0; +http://www.bing.com/bingbot.htm) Chrome/116.0.1938.76 Safari/537.36"
204.12.208.18 - - [27/Sep/2025:16:18:28 -0600] "GET /?sitemapindex.xml HTTP/1.1" 200 113563 "http://4pie.com.mx/?sitemapindex.xml" "Mozilla/5.0 (Macintosh; Intel Mac OS X 10_6_8) AppleWebKit/535.1 (KHTML, like Gecko) Chrome/14.0.835.202 Safari/535.1"
208.110.64.178 - - [27/Sep/2025:16:23:58 -0600] "GET /wp-content/install.php HTTP/1.1" 200 6 "http://4pie.com.mx/wp-content/install.php" "Mozilla/5.0 (Windows NT 10.0; Win64; x64) AppleWebKit/537.36 (KHTML, like Gecko) Chrome/58.0.3029.110 Safari/537.3"
204.12.208.18 - - [27/Sep/2025:16:25:29 -0600] "GET /?sitemapindex.xml HTTP/1.1" 200 113563 "http://4pie.com.mx/?sitemapindex.xml" "Mozilla/4.0 (compatible; MSIE 7.0; Windows NT 5.1; SV1; .NET CLR 1.1.4322; .NET CLR 2.0.50727; InfoPath.1)"
208.110.64.178 - - [27/Sep/2025:16:23:56 -0600] "GET /wp-content/install.php HTTP/1.1" 200 - "http://4pie.com.mx/wp-content/install.php" "Mozilla/5.0 (Windows NT 10.0; Win64; x64) AppleWebKit/537.36 (KHTML, like Gecko) Chrome/58.0.3029.110 Safari/537.3"
51.222.95.136 - - [27/Sep/2025:16:26:09 -0600] "GET /?sitemap321.xml HTTP/1.1" 200 13 "-" "Mozilla/5.0 (compatible; AhrefsBot/7.0; +http://ahrefs.com/robot/)"
208.110.64.178 - - [27/Sep/2025:16:26:12 -0600] "GET /wp-content/install.php HTTP/1.1" 200 6 "http://4pie.com.mx/wp-content/install.php" "Mozilla/5.0 (Windows NT 10.0; Win64; x64) AppleWebKit/537.36 (KHTML, like Gecko) Chrome/58.0.3029.110 Safari/537.3"
173.208.176.202 - - [27/Sep/2025:16:25:32 -0600] "GET /wp-content/install.php?id=607037 HTTP/1.1" 200 - "-" "GuzzleHttp/7"
54.39.89.233 - - [27/Sep/2025:16:27:11 -0600] "GET /search.php?sitemap786.xml HTTP/1.1" 200 13 "-" "Mozilla/5.0 (compatible; AhrefsBot/7.0; +http://ahrefs.com/robot/)"
173.208.176.202 - - [27/Sep/2025:16:26:59 -0600] "GET /wp-content/install.php?id=607037 HTTP/1.1" 200 - "-" "GuzzleHttp/7"
173.208.176.202 - - [27/Sep/2025:16:28:29 -0600] "GET /wp-content/install.php?id=607037 HTTP/1.1" 200 - "-" "GuzzleHttp/7"
173.208.176.202 - - [27/Sep/2025:16:29:58 -0600] "GET /wp-content/install.php?id=607037 HTTP/1.1" 200 - "-" "GuzzleHttp/7"
204.12.208.18 - - [27/Sep/2025:16:32:09 -0600] "GET /?sitemapindex.xml HTTP/1.1" 200 7535 "http://4pie.com.mx/?sitemapindex.xml" "Mozilla/5.0 (Macintosh; Intel Mac OS X 10.5; rv:8.0.1) Gecko/20100101 Firefox/8.0.1"
173.208.176.202 - - [27/Sep/2025:16:31:26 -0600] "GET /wp-content/install.php?id=607037 HTTP/1.1" 200 - "-" "GuzzleHttp/7"
173.208.176.202 - - [27/Sep/2025:16:32:54 -0600] "GET /wp-content/install.php?id=607037 HTTP/1.1" 200 - "-" "GuzzleHttp/7"
173.208.176.202 - - [27/Sep/2025:16:34:29 -0600] "GET /wp-content/install.php?id=607037 HTTP/1.1" 200 - "-" "GuzzleHttp/7"
173.208.176.202 - - [27/Sep/2025:16:35:56 -0600] "GET /wp-content/install.php?id=607037 HTTP/1.1" 200 - "-" "GuzzleHttp/7"
173.208.176.202 - - [27/Sep/2025:16:37:24 -0600] "GET /wp-content/install.php?id=607037 HTTP/1.1" 200 - "-" "GuzzleHttp/7"
204.12.208.18 - - [27/Sep/2025:16:39:09 -0600] "GET /?sitemapindex.xml HTTP/1.1" 200 113563 "http://4pie.com.mx/?sitemapindex.xml" "Mozilla/4.0 (compatible; MSIE 7.0; Windows NT 5.1; SV1; .NET CLR 1.1.4322; .NET CLR 2.0.50727; InfoPath.1)"
173.208.176.202 - - [27/Sep/2025:16:38:52 -0600] "GET /wp-content/install.php?id=607037 HTTP/1.1" 200 - "-" "GuzzleHttp/7"
173.208.176.202 - - [27/Sep/2025:16:40:35 -0600] "GET /wp-content/install.php?id=607037 HTTP/1.1" 200 - "-" "GuzzleHttp/7"
173.208.176.202 - - [27/Sep/2025:16:42:03 -0600] "GET /wp-content/install.php?id=607037 HTTP/1.1" 200 - "-" "GuzzleHttp/7"
173.208.176.202 - - [27/Sep/2025:16:43:30 -0600] "GET /wp-content/install.php?id=607037 HTTP/1.1" 200 - "-" "GuzzleHttp/7"
204.12.208.18 - - [27/Sep/2025:16:45:59 -0600] "GET /?sitemapindex.xml HTTP/1.1" 200 113563 "http://4pie.com.mx/?sitemapindex.xml" "Mozilla/5.0 (Macintosh; U; Intel Mac OS X 10_5_3; ja-jp) AppleWebKit/525.18 (KHTML, like Gecko) Version/3.1.1 Safari/525.20"
140.143.98.18 - - [27/Sep/2025:16:50:17 -0600] "GET / HTTP/1.1" 200 113545 "-" "Mozilla/5.0 (iPhone; CPU iPhone OS 13_2_3 like Mac OS X) AppleWebKit/605.1.15 (KHTML, like Gecko) Version/13.0.3 Mobile/15E148 Safari/604.1"
204.12.208.18 - - [27/Sep/2025:16:52:37 -0600] "GET /?sitemapindex.xml HTTP/1.1" 200 113563 "http://4pie.com.mx/?sitemapindex.xml" "Mozilla/5.0 (compatible; MSIE 10.0; Windows NT 6.2; Win64; x64; Trident/6.0)"
208.110.64.178 - - [27/Sep/2025:16:53:07 -0600] "GET /wp-content/install.php HTTP/1.1" 200 6 "http://4pie.com.mx/wp-content/install.php" "Mozilla/5.0 (Windows NT 10.0; Win64; x64) AppleWebKit/537.36 (KHTML, like Gecko) Chrome/58.0.3029.110 Safari/537.3"
208.110.64.178 - - [27/Sep/2025:16:53:05 -0600] "GET /wp-content/install.php HTTP/1.1" 200 - "http://4pie.com.mx/wp-content/install.php" "Mozilla/5.0 (Windows NT 10.0; Win64; x64) AppleWebKit/537.36 (KHTML, like Gecko) Chrome/58.0.3029.110 Safari/537.3"
173.208.176.202 - - [27/Sep/2025:16:54:33 -0600] "GET /wp-content/install.php?id=574257 HTTP/1.1" 200 - "-" "GuzzleHttp/7"
173.208.176.202 - - [27/Sep/2025:16:56:02 -0600] "GET /wp-content/install.php?id=574257 HTTP/1.1" 200 - "-" "GuzzleHttp/7"
216.244.66.243 - - [27/Sep/2025:16:57:54 -0600] "GET /robots.txt HTTP/1.1" 200 343 "-" "Mozilla/5.0 (compatible; DotBot/1.2; +https://opensiteexplorer.org/dotbot; help@moz.com)"
173.208.176.202 - - [27/Sep/2025:16:57:29 -0600] "GET /wp-content/install.php?id=574257 HTTP/1.1" 200 - "-" "GuzzleHttp/7"
204.12.208.18 - - [27/Sep/2025:16:59:23 -0600] "GET /?sitemapindex.xml HTTP/1.1" 200 7538 "http://4pie.com.mx/?sitemapindex.xml" "Mozilla/5.0 (Macintosh; Intel Mac OS X 10.5; rv:8.0.1) Gecko/20100101 Firefox/8.0.1"
204.12.252.98 - - [27/Sep/2025:17:00:24 -0600] "GET /wp-content/install.php HTTP/1.1" 200 6 "http://4pie.com.mx/wp-content/install.php" "Mozilla/5.0 (Windows NT 10.0; Win64; x64) AppleWebKit/537.36 (KHTML, like Gecko) Chrome/58.0.3029.110 Safari/537.3"
173.208.176.202 - - [27/Sep/2025:16:58:57 -0600] "GET /wp-content/install.php?id=574257 HTTP/1.1" 200 - "-" "GuzzleHttp/7"
173.208.176.202 - - [27/Sep/2025:17:00:25 -0600] "GET /wp-content/install.php?id=574257 HTTP/1.1" 200 6 "-" "GuzzleHttp/7"
204.12.252.98 - - [27/Sep/2025:17:00:22 -0600] "GET /wp-content/install.php HTTP/1.1" 200 - "http://4pie.com.mx/wp-content/install.php" "Mozilla/5.0 (Windows NT 10.0; Win64; x64) AppleWebKit/537.36 (KHTML, like Gecko) Chrome/58.0.3029.110 Safari/537.3"
173.208.176.202 - - [27/Sep/2025:17:01:52 -0600] "GET /wp-content/install.php?id=236459 HTTP/1.1" 200 - "-" "GuzzleHttp/7"
204.12.208.18 - - [27/Sep/2025:17:06:14 -0600] "GET /?sitemapindex.xml HTTP/1.1" 200 113562 "http://4pie.com.mx/?sitemapindex.xml" "Mozilla/5.0 (Macintosh; Intel Mac OS X 10.5; rv:5.0.1) Gecko/20100101 Firefox/5.0.1"
216.244.66.243 - - [27/Sep/2025:17:09:18 -0600] "GET /index.php/2025/03/27/pinco-casino-dolzhnostnoy-sayt-onlaynovyy-kazino-pinko/ HTTP/1.1" 200 118708 "-" "Mozilla/5.0 (compatible; DotBot/1.2; +https://opensiteexplorer.org/dotbot; help@moz.com)"
216.244.66.243 - - [27/Sep/2025:17:09:57 -0600] "GET /shopdetail/14885022.html HTTP/1.1" 200 101412 "-" "Mozilla/5.0 (compatible; DotBot/1.2; +https://opensiteexplorer.org/dotbot; help@moz.com)"
216.244.66.243 - - [27/Sep/2025:17:10:32 -0600] "GET /shopdetail/2308822.html HTTP/1.1" 200 101413 "-" "Mozilla/5.0 (compatible; DotBot/1.2; +https://opensiteexplorer.org/dotbot; help@moz.com)"
216.244.66.243 - - [27/Sep/2025:17:11:06 -0600] "GET /shopdetail/4514377.html HTTP/1.1" 200 101413 "-" "Mozilla/5.0 (compatible; DotBot/1.2; +https://opensiteexplorer.org/dotbot; help@moz.com)"
216.244.66.243 - - [27/Sep/2025:17:11:36 -0600] "GET /shopdetail/6664355.html HTTP/1.1" 200 101413 "-" "Mozilla/5.0 (compatible; DotBot/1.2; +https://opensiteexplorer.org/dotbot; help@moz.com)"
204.12.208.18 - - [27/Sep/2025:17:13:00 -0600] "GET /?sitemapindex.xml HTTP/1.1" 200 113563 "http://4pie.com.mx/?sitemapindex.xml" "Mozilla/5.0 (compatible; MSIE 10.0; Windows NT 6.2; WOW64; Trident/6.0)"
204.12.208.18 - - [27/Sep/2025:17:19:48 -0600] "GET /?sitemapindex.xml HTTP/1.1" 200 113563 "http://4pie.com.mx/?sitemapindex.xml" "Mozilla/5.0 (Macintosh; U; Intel Mac OS X 10_5_3; ja-jp) AppleWebKit/525.18 (KHTML, like Gecko) Version/3.1.1 Safari/525.20"
204.12.208.18 - - [27/Sep/2025:17:26:40 -0600] "GET /?sitemapindex.xml HTTP/1.1" 200 113563 "http://4pie.com.mx/?sitemapindex.xml" "Mozilla/5.0 (Macintosh; U; PPC Mac OS X 10_4_11; ja-jp) AppleWebKit/525.13 (KHTML, like Gecko) Version/3.1 Safari/525.13"
208.110.64.178 - - [27/Sep/2025:17:30:12 -0600] "GET /wp-content/install.php HTTP/1.1" 200 6 "http://4pie.com.mx/wp-content/install.php" "Mozilla/5.0 (Windows NT 10.0; Win64; x64) AppleWebKit/537.36 (KHTML, like Gecko) Chrome/58.0.3029.110 Safari/537.3"
208.110.64.178 - - [27/Sep/2025:17:30:10 -0600] "GET /wp-content/install.php HTTP/1.1" 200 - "http://4pie.com.mx/wp-content/install.php" "Mozilla/5.0 (Windows NT 10.0; Win64; x64) AppleWebKit/537.36 (KHTML, like Gecko) Chrome/58.0.3029.110 Safari/537.3"
173.208.176.202 - - [27/Sep/2025:17:31:38 -0600] "GET /wp-content/install.php?id=751707 HTTP/1.1" 200 - "-" "GuzzleHttp/7"
204.12.208.18 - - [27/Sep/2025:17:33:44 -0600] "GET /?sitemapindex.xml HTTP/1.1" 200 7529 "http://4pie.com.mx/?sitemapindex.xml" "Mozilla/5.0 (Macintosh; U; Intel Mac OS X 10_6_3; ja-jp) AppleWebKit/531.21.11 (KHTML, like Gecko) Version/4.0.4 Safari/531.21.10"
173.208.176.202 - - [27/Sep/2025:17:33:08 -0600] "GET /wp-content/install.php?id=751707 HTTP/1.1" 200 - "-" "GuzzleHttp/7"
173.208.176.202 - - [27/Sep/2025:17:34:38 -0600] "GET /wp-content/install.php?id=751707 HTTP/1.1" 200 - "-" "GuzzleHttp/7"
204.12.252.98 - - [27/Sep/2025:17:37:10 -0600] "GET /wp-content/install.php HTTP/1.1" 200 6 "http://4pie.com.mx/wp-content/install.php" "Mozilla/5.0 (Windows NT 10.0; Win64; x64) AppleWebKit/537.36 (KHTML, like Gecko) Chrome/58.0.3029.110 Safari/537.3"
173.208.176.202 - - [27/Sep/2025:17:36:07 -0600] "GET /wp-content/install.php?id=751707 HTTP/1.1" 200 - "-" "GuzzleHttp/7"
173.208.176.202 - - [27/Sep/2025:17:37:42 -0600] "GET /wp-content/install.php?id=751707 HTTP/1.1" 200 - "-" "GuzzleHttp/7"
204.12.208.18 - - [27/Sep/2025:17:40:39 -0600] "GET /?sitemapindex.xml HTTP/1.1" 200 7529 "http://4pie.com.mx/?sitemapindex.xml" "Mozilla/5.0 (Macintosh; U; Intel Mac OS X 10_5_6; ja-jp) AppleWebKit/528.16 (KHTML, like Gecko) Version/4.0 Safari/528.16"
173.208.176.202 - - [27/Sep/2025:17:39:13 -0600] "GET /wp-content/install.php?id=751707 HTTP/1.1" 200 - "-" "GuzzleHttp/7"
8.211.26.61 - - [27/Sep/2025:17:40:58 -0600] "GET / HTTP/1.1" 200 113546 "-" "python-requests/2.32.3"
173.208.176.202 - - [27/Sep/2025:17:40:46 -0600] "GET /wp-content/install.php?id=751707 HTTP/1.1" 200 - "-" "GuzzleHttp/7"
173.208.176.202 - - [27/Sep/2025:17:42:16 -0600] "GET /wp-content/install.php?id=751707 HTTP/1.1" 200 - "-" "GuzzleHttp/7"
173.208.176.202 - - [27/Sep/2025:17:43:43 -0600] "GET /wp-content/install.php?id=751707 HTTP/1.1" 200 - "-" "GuzzleHttp/7"
173.208.176.202 - - [27/Sep/2025:17:45:12 -0600] "GET /wp-content/install.php?id=751707 HTTP/1.1" 200 - "-" "GuzzleHttp/7"
204.12.208.18 - - [27/Sep/2025:17:47:25 -0600] "GET /?sitemapindex.xml HTTP/1.1" 200 7542 "http://4pie.com.mx/?sitemapindex.xml" "Mozilla/5.0 (Macintosh; U; PPC Mac OS X; ja-jp) AppleWebKit/522.11.1 (KHTML, like Gecko) Version/3.0.3 Safari/522.12.1"
173.208.176.202 - - [27/Sep/2025:17:46:40 -0600] "GET /wp-content/install.php?id=751707 HTTP/1.1" 200 - "-" "GuzzleHttp/7"
173.208.176.202 - - [27/Sep/2025:17:48:16 -0600] "GET /wp-content/install.php?id=751707 HTTP/1.1" 200 - "-" "GuzzleHttp/7"
204.12.252.98 - - [27/Sep/2025:17:51:20 -0600] "GET /wp-content/install.php HTTP/1.1" 200 6 "http://4pie.com.mx/wp-content/install.php" "Mozilla/5.0 (Windows NT 10.0; Win64; x64) AppleWebKit/537.36 (KHTML, like Gecko) Chrome/58.0.3029.110 Safari/537.3"
204.12.252.98 - - [27/Sep/2025:17:51:18 -0600] "GET /wp-content/install.php HTTP/1.1" 200 - "http://4pie.com.mx/wp-content/install.php" "Mozilla/5.0 (Windows NT 10.0; Win64; x64) AppleWebKit/537.36 (KHTML, like Gecko) Chrome/58.0.3029.110 Safari/537.3"
204.12.208.18 - - [27/Sep/2025:17:54:15 -0600] "GET /?sitemapindex.xml HTTP/1.1" 200 113563 "http://4pie.com.mx/?sitemapindex.xml" "Mozilla/5.0 (Macintosh; Intel Mac OS X 10_6_8) AppleWebKit/534.24 (KHTML, like Gecko) Chrome/11.0.696.71 Safari/534.24"
216.244.66.243 - - [27/Sep/2025:17:56:56 -0600] "GET /robots.txt HTTP/1.1" 200 343 "-" "Mozilla/5.0 (compatible; DotBot/1.2; +https://opensiteexplorer.org/dotbot; help@moz.com)"
204.12.208.18 - - [27/Sep/2025:18:01:12 -0600] "GET /?sitemapindex.xml HTTP/1.1" 200 113563 "http://4pie.com.mx/?sitemapindex.xml" "Mozilla/5.0 (Macintosh; U; Intel Mac OS X 10_5_5; ja-jp) AppleWebKit/525.26.2 (KHTML, like Gecko) Version/3.2 Safari/525.26.12"
142.171.127.176 - - [27/Sep/2025:18:07:54 -0600] "POST /wp-cron.php?doing_wp_cron=1759018074.5063750743865966796875 HTTP/1.1" 403 62989 "-" "WordPress/6.8; https://4pie.com.mx"
204.12.208.18 - - [27/Sep/2025:18:07:53 -0600] "GET /?sitemapindex.xml HTTP/1.1" 200 113562 "http://4pie.com.mx/?sitemapindex.xml" "Mozilla/5.0 (Macintosh; Intel Mac OS X 10_6_8) AppleWebKit/534.30 (KHTML, like Gecko) Chrome/12.0.742.112 Safari/534.30"
216.244.66.243 - - [27/Sep/2025:18:09:20 -0600] "GET /shopdetail/10774800.html HTTP/1.1" 200 101413 "-" "Mozilla/5.0 (compatible; DotBot/1.2; +https://opensiteexplorer.org/dotbot; help@moz.com)"
216.244.66.243 - - [27/Sep/2025:18:09:46 -0600] "GET /shopdetail/2405299.html HTTP/1.1" 200 101413 "-" "Mozilla/5.0 (compatible; DotBot/1.2; +https://opensiteexplorer.org/dotbot; help@moz.com)"
204.12.208.18 - - [27/Sep/2025:18:14:47 -0600] "GET /?sitemapindex.xml HTTP/1.1" 200 113563 "http://4pie.com.mx/?sitemapindex.xml" "Mozilla/5.0 (compatible; MSIE 9.0; Windows NT 6.0; Trident/5.0)"
208.110.64.178 - - [27/Sep/2025:18:17:39 -0600] "GET /wp-content/install.php HTTP/1.1" 200 6 "http://4pie.com.mx/wp-content/install.php" "Mozilla/5.0 (Windows NT 10.0; Win64; x64) AppleWebKit/537.36 (KHTML, like Gecko) Chrome/58.0.3029.110 Safari/537.3"
5.39.1.255 - - [27/Sep/2025:18:17:54 -0600] "GET /robots.txt HTTP/1.1" 200 343 "-" "Mozilla/5.0 (compatible; AhrefsBot/7.0; +http://ahrefs.com/robot/)"
142.44.233.100 - - [27/Sep/2025:18:17:55 -0600] "GET /search.php?sitemap786.xml HTTP/1.1" 200 13 "-" "Mozilla/5.0 (compatible; AhrefsBot/7.0; +http://ahrefs.com/robot/)"
216.73.216.46 - - [27/Sep/2025:18:18:35 -0600] "GET /robots.txt HTTP/1.1" 200 343 "-" "Mozilla/5.0 AppleWebKit/537.36 (KHTML, like Gecko; compatible; ClaudeBot/1.0; +claudebot@anthropic.com)"
216.73.216.46 - - [27/Sep/2025:18:18:35 -0600] "GET / HTTP/1.1" 200 113546 "-" "Mozilla/5.0 AppleWebKit/537.36 (KHTML, like Gecko; compatible; ClaudeBot/1.0; +claudebot@anthropic.com)"
208.110.64.178 - - [27/Sep/2025:18:17:36 -0600] "GET /wp-content/install.php HTTP/1.1" 200 - "http://4pie.com.mx/wp-content/install.php" "Mozilla/5.0 (Windows NT 10.0; Win64; x64) AppleWebKit/537.36 (KHTML, like Gecko) Chrome/58.0.3029.110 Safari/537.3"
51.222.95.145 - - [27/Sep/2025:18:19:38 -0600] "GET /?sitemap234.xml HTTP/1.1" 200 13 "-" "Mozilla/5.0 (compatible; AhrefsBot/7.0; +http://ahrefs.com/robot/)"
173.208.176.202 - - [27/Sep/2025:18:19:06 -0600] "GET /wp-content/install.php?id=64331 HTTP/1.1" 200 - "-" "GuzzleHttp/7"
204.12.208.18 - - [27/Sep/2025:18:21:48 -0600] "GET /?sitemapindex.xml HTTP/1.1" 200 113563 "http://4pie.com.mx/?sitemapindex.xml" "Mozilla/5.0 (Macintosh; U; Intel Mac OS X 10_6_3; ja-jp) AppleWebKit/533.16 (KHTML, like Gecko) Version/5.0 Safari/533.16"
173.208.176.202 - - [27/Sep/2025:18:20:36 -0600] "GET /wp-content/install.php?id=64331 HTTP/1.1" 200 - "-" "GuzzleHttp/7"
173.208.176.202 - - [27/Sep/2025:18:22:05 -0600] "GET /wp-content/install.php?id=64331 HTTP/1.1" 200 - "-" "GuzzleHttp/7"
173.208.176.202 - - [27/Sep/2025:18:23:32 -0600] "GET /wp-content/install.php?id=64331 HTTP/1.1" 200 - "-" "GuzzleHttp/7"
173.208.176.202 - - [27/Sep/2025:18:25:07 -0600] "GET /wp-content/install.php?id=64331 HTTP/1.1" 200 - "-" "GuzzleHttp/7"
173.208.176.202 - - [27/Sep/2025:18:26:35 -0600] "GET /wp-content/install.php?id=64331 HTTP/1.1" 200 - "-" "GuzzleHttp/7"
204.12.208.18 - - [27/Sep/2025:18:28:30 -0600] "GET /?sitemapindex.xml HTTP/1.1" 200 7536 "http://4pie.com.mx/?sitemapindex.xml" "Mozilla/5.0 (Macintosh; Intel Mac OS X 10_6_8) AppleWebKit/534.24 (KHTML, like Gecko) Chrome/11.0.696.71 Safari/534.24"
173.208.176.202 - - [27/Sep/2025:18:28:03 -0600] "GET /wp-content/install.php?id=64331 HTTP/1.1" 200 - "-" "GuzzleHttp/7"
173.208.176.202 - - [27/Sep/2025:18:29:30 -0600] "GET /wp-content/install.php?id=64331 HTTP/1.1" 200 - "-" "GuzzleHttp/7"
173.208.176.202 - - [27/Sep/2025:18:30:57 -0600] "GET /wp-content/install.php?id=64331 HTTP/1.1" 200 - "-" "GuzzleHttp/7"
173.208.176.202 - - [27/Sep/2025:18:32:27 -0600] "GET /wp-content/install.php?id=64331 HTTP/1.1" 200 - "-" "GuzzleHttp/7"
204.12.208.18 - - [27/Sep/2025:18:35:22 -0600] "GET /?sitemapindex.xml HTTP/1.1" 200 7531 "http://4pie.com.mx/?sitemapindex.xml" "Mozilla/5.0 (Macintosh; U; PPC Mac OS X 10_4_11; ja-jp) AppleWebKit/525.13 (KHTML, like Gecko) Version/3.1 Safari/525.13"
173.208.176.202 - - [27/Sep/2025:18:34:01 -0600] "GET /wp-content/install.php?id=64331 HTTP/1.1" 200 - "-" "GuzzleHttp/7"
213.209.157.93 - - [27/Sep/2025:18:36:06 -0600] "GET /.git/config HTTP/1.1" 404 101462 "-" "Mozilla/5.0 (Macintosh; Intel Mac OS X 10_13_6) AppleWebKit/537.36 (KHTML, like Gecko) Chrome/78.0.3880.4 Safari/537.36"
208.110.64.178 - - [27/Sep/2025:18:36:48 -0600] "GET /wp-content/install.php HTTP/1.1" 200 6 "http://4pie.com.mx/wp-content/install.php" "Mozilla/5.0 (Windows NT 10.0; Win64; x64) AppleWebKit/537.36 (KHTML, like Gecko) Chrome/58.0.3029.110 Safari/537.3"
173.208.176.202 - - [27/Sep/2025:18:35:44 -0600] "GET /wp-content/install.php?id=64331 HTTP/1.1" 200 - "-" "GuzzleHttp/7"
173.208.176.202 - - [27/Sep/2025:18:37:12 -0600] "GET /wp-content/install.php?id=64331 HTTP/1.1" 200 - "-" "GuzzleHttp/7"
173.208.176.202 - - [27/Sep/2025:18:38:40 -0600] "GET /wp-content/install.php?id=64331 HTTP/1.1" 200 - "-" "GuzzleHttp/7"
173.208.176.202 - - [27/Sep/2025:18:40:08 -0600] "GET /wp-content/install.php?id=64331 HTTP/1.1" 200 - "-" "GuzzleHttp/7"
204.12.208.18 - - [27/Sep/2025:18:42:21 -0600] "GET /?sitemapindex.xml HTTP/1.1" 200 113560 "http://4pie.com.mx/?sitemapindex.xml" "Mozilla/5.0 (Macintosh; U; PPC Mac OS X; ja-jp) AppleWebKit/523.10.6 (KHTML, like Gecko) Version/3.0.4 Safari/523.10.6"
173.208.176.202 - - [27/Sep/2025:18:41:39 -0600] "GET /wp-content/install.php?id=64331 HTTP/1.1" 200 - "-" "GuzzleHttp/7"
173.208.176.202 - - [27/Sep/2025:18:43:07 -0600] "GET /wp-content/install.php?id=64331 HTTP/1.1" 200 - "-" "GuzzleHttp/7"
173.208.176.202 - - [27/Sep/2025:18:44:35 -0600] "GET /wp-content/install.php?id=64331 HTTP/1.1" 200 - "-" "GuzzleHttp/7"
173.208.176.202 - - [27/Sep/2025:18:46:04 -0600] "GET /wp-content/install.php?id=64331 HTTP/1.1" 200 - "-" "GuzzleHttp/7"
173.208.176.202 - - [27/Sep/2025:18:47:33 -0600] "GET /wp-content/install.php?id=64331 HTTP/1.1" 200 - "-" "GuzzleHttp/7"
204.12.208.18 - - [27/Sep/2025:18:49:12 -0600] "GET /?sitemapindex.xml HTTP/1.1" 200 113563 "http://4pie.com.mx/?sitemapindex.xml" "Mozilla/5.0 (Windows NT 6.1; WOW64; rv:9.0.1) Gecko/20100101 Firefox/9.0.1"
173.208.176.202 - - [27/Sep/2025:18:49:00 -0600] "GET /wp-content/install.php?id=64331 HTTP/1.1" 200 - "-" "GuzzleHttp/7"
173.208.176.202 - - [27/Sep/2025:18:50:31 -0600] "GET /wp-content/install.php?id=64331 HTTP/1.1" 200 - "-" "GuzzleHttp/7"
173.208.176.202 - - [27/Sep/2025:18:51:59 -0600] "GET /wp-content/install.php?id=64331 HTTP/1.1" 200 - "-" "GuzzleHttp/7"
173.208.176.202 - - [27/Sep/2025:18:53:26 -0600] "GET /wp-content/install.php?id=64331 HTTP/1.1" 200 - "-" "GuzzleHttp/7"
204.12.208.18 - - [27/Sep/2025:18:56:03 -0600] "GET /?sitemapindex.xml HTTP/1.1" 200 7530 "http://4pie.com.mx/?sitemapindex.xml" "Mozilla/5.0 (Macintosh; U; Intel Mac OS X 10_6_2; ja-jp) AppleWebKit/531.21.8 (KHTML, like Gecko) Version/4.0.4 Safari/531.21.10"
173.208.176.202 - - [27/Sep/2025:18:54:55 -0600] "GET /wp-content/install.php?id=64331 HTTP/1.1" 200 - "-" "GuzzleHttp/7"
216.244.66.243 - - [27/Sep/2025:18:56:55 -0600] "GET /robots.txt HTTP/1.1" 200 343 "-" "Mozilla/5.0 (compatible; DotBot/1.2; +https://opensiteexplorer.org/dotbot; help@moz.com)"
173.208.176.202 - - [27/Sep/2025:18:56:23 -0600] "GET /wp-content/install.php?id=64331 HTTP/1.1" 200 - "-" "GuzzleHttp/7"
173.208.176.202 - - [27/Sep/2025:18:57:50 -0600] "GET /wp-content/install.php?id=64331 HTTP/1.1" 200 - "-" "GuzzleHttp/7"
173.208.176.202 - - [27/Sep/2025:18:59:21 -0600] "GET /wp-content/install.php?id=64331 HTTP/1.1" 200 - "-" "GuzzleHttp/7"
173.208.176.202 - - [27/Sep/2025:19:00:49 -0600] "GET /wp-content/install.php?id=64331 HTTP/1.1" 200 - "-" "GuzzleHttp/7"
204.12.208.18 - - [27/Sep/2025:19:03:00 -0600] "GET /?sitemapindex.xml HTTP/1.1" 200 7537 "http://4pie.com.mx/?sitemapindex.xml" "Mozilla/4.0 (compatible; MSIE 6.0; X11; Linux i686; ja) Opera 10.10"
173.208.176.202 - - [27/Sep/2025:19:02:17 -0600] "GET /wp-content/install.php?id=64331 HTTP/1.1" 200 - "-" "GuzzleHttp/7"
173.208.176.202 - - [27/Sep/2025:19:03:44 -0600] "GET /wp-content/install.php?id=64331 HTTP/1.1" 200 - "-" "GuzzleHttp/7"
173.208.176.202 - - [27/Sep/2025:19:05:13 -0600] "GET /wp-content/install.php?id=64331 HTTP/1.1" 200 - "-" "GuzzleHttp/7"
173.208.176.202 - - [27/Sep/2025:19:06:40 -0600] "GET /wp-content/install.php?id=64331 HTTP/1.1" 200 - "-" "GuzzleHttp/7"
173.208.176.202 - - [27/Sep/2025:19:08:08 -0600] "GET /wp-content/install.php?id=64331 HTTP/1.1" 200 - "-" "GuzzleHttp/7"
216.244.66.243 - - [27/Sep/2025:19:09:50 -0600] "GET /shopdetail/11066866.html HTTP/1.1" 200 101412 "-" "Mozilla/5.0 (compatible; DotBot/1.2; +https://opensiteexplorer.org/dotbot; help@moz.com)"
204.12.208.18 - - [27/Sep/2025:19:09:54 -0600] "GET /?sitemapindex.xml HTTP/1.1" 200 7534 "http://4pie.com.mx/?sitemapindex.xml" "Mozilla/5.0 (Windows NT 6.1; WOW64; rv:5.0) Gecko/20100101 Firefox/5.0"
216.244.66.243 - - [27/Sep/2025:19:09:58 -0600] "GET /shopdetail/23939199.html HTTP/1.1" 200 101412 "-" "Mozilla/5.0 (compatible; DotBot/1.2; +https://opensiteexplorer.org/dotbot; help@moz.com)"
216.244.66.243 - - [27/Sep/2025:19:10:12 -0600] "GET /shopdetail/26219100.html HTTP/1.1" 200 101413 "-" "Mozilla/5.0 (compatible; DotBot/1.2; +https://opensiteexplorer.org/dotbot; help@moz.com)"
216.244.66.243 - - [27/Sep/2025:19:10:23 -0600] "GET /shopdetail/28869377.html HTTP/1.1" 200 101413 "-" "Mozilla/5.0 (compatible; DotBot/1.2; +https://opensiteexplorer.org/dotbot; help@moz.com)"
173.208.176.202 - - [27/Sep/2025:19:09:43 -0600] "GET /wp-content/install.php?id=64331 HTTP/1.1" 200 - "-" "GuzzleHttp/7"
173.208.176.202 - - [27/Sep/2025:19:11:11 -0600] "GET /wp-content/install.php?id=64331 HTTP/1.1" 200 - "-" "GuzzleHttp/7"
173.208.176.202 - - [27/Sep/2025:19:12:38 -0600] "GET /wp-content/install.php?id=64331 HTTP/1.1" 200 - "-" "GuzzleHttp/7"
13.79.168.144 - - [27/Sep/2025:19:14:39 -0600] "GET /wp-content/plugins/hellopress/wp_filemanager.php HTTP/1.1" 404 101462 "-" "-"
13.79.168.144 - - [27/Sep/2025:19:14:40 -0600] "GET /tcp.php HTTP/1.1" 404 101461 "-" "-"
13.79.168.144 - - [27/Sep/2025:19:14:45 -0600] "GET /bless2.php HTTP/1.1" 404 101461 "-" "-"
13.79.168.144 - - [27/Sep/2025:19:14:48 -0600] "GET /lc.php HTTP/1.1" 403 101461 "-" "-"
13.79.168.144 - - [27/Sep/2025:19:14:50 -0600] "GET /222.php HTTP/1.1" 404 101462 "-" "-"
13.79.168.144 - - [27/Sep/2025:19:14:53 -0600] "GET /jx.php HTTP/1.1" 404 101462 "-" "-"
142.171.127.176 - - [27/Sep/2025:19:14:56 -0600] "POST /wp-cron.php?doing_wp_cron=1759022096.1760098934173583984375 HTTP/1.1" 403 62675 "-" "WordPress/6.8; https://4pie.com.mx"
13.79.168.144 - - [27/Sep/2025:19:14:57 -0600] "GET /vanta.php HTTP/1.1" 403 101462 "-" "-"
13.79.168.144 - - [27/Sep/2025:19:15:00 -0600] "GET /nc4.php HTTP/1.1" 404 101462 "-" "-"
13.79.168.144 - - [27/Sep/2025:19:15:06 -0600] "GET /acxx.php HTTP/1.1" 404 101462 "-" "-"
13.79.168.144 - - [27/Sep/2025:19:15:10 -0600] "GET /ahax.php HTTP/1.1" 403 101462 "-" "-"
13.79.168.144 - - [27/Sep/2025:19:15:15 -0600] "GET /akc.php HTTP/1.1" 404 101462 "-" "-"
13.79.168.144 - - [27/Sep/2025:19:15:18 -0600] "GET /v2.php HTTP/1.1" 403 101462 "-" "-"
13.79.168.144 - - [27/Sep/2025:19:15:21 -0600] "GET /CLA.php HTTP/1.1" 404 101462 "-" "-"
13.79.168.144 - - [27/Sep/2025:19:15:25 -0600] "GET /aa17.php HTTP/1.1" 404 101462 "-" "-"
13.79.168.144 - - [27/Sep/2025:19:15:28 -0600] "GET /wander.php HTTP/1.1" 404 101462 "-" "-"
13.79.168.144 - - [27/Sep/2025:19:15:31 -0600] "GET /filei.php HTTP/1.1" 403 101435 "-" "-"
173.208.176.202 - - [27/Sep/2025:19:14:05 -0600] "GET /wp-content/install.php?id=64331 HTTP/1.1" 200 - "-" "GuzzleHttp/7"
13.79.168.144 - - [27/Sep/2025:19:15:35 -0600] "GET /ot.php HTTP/1.1" 403 101462 "-" "-"
13.79.168.144 - - [27/Sep/2025:19:15:39 -0600] "GET /gfile.php HTTP/1.1" 403 101462 "-" "-"
13.79.168.144 - - [27/Sep/2025:19:15:45 -0600] "GET /ol.php HTTP/1.1" 404 101462 "-" "-"
13.79.168.144 - - [27/Sep/2025:19:15:47 -0600] "GET /rak.php HTTP/1.1" 403 101462 "-" "-"
13.79.168.144 - - [27/Sep/2025:19:15:51 -0600] "GET /cfile.php HTTP/1.1" 404 101462 "-" "-"
13.79.168.144 - - [27/Sep/2025:19:15:52 -0600] "GET /ee.php HTTP/1.1" 404 101462 "-" "-"
13.79.168.144 - - [27/Sep/2025:19:15:55 -0600] "GET /ffile.php HTTP/1.1" 403 101461 "-" "-"
142.171.127.176 - - [27/Sep/2025:19:15:59 -0600] "POST /wp-cron.php?doing_wp_cron=1759022159.1286940574645996093750 HTTP/1.1" 403 15902 "-" "WordPress/6.8; https://4pie.com.mx"
13.79.168.144 - - [27/Sep/2025:19:16:00 -0600] "GET /xhouf.php HTTP/1.1" 404 101461 "-" "-"
13.79.168.144 - - [27/Sep/2025:19:16:07 -0600] "GET /num.php HTTP/1.1" 404 101462 "-" "-"
13.79.168.144 - - [27/Sep/2025:19:16:09 -0600] "GET /slo.php HTTP/1.1" 403 101462 "-" "-"
13.79.168.144 - - [27/Sep/2025:19:16:13 -0600] "GET /ava.php HTTP/1.1" 404 101462 "-" "-"
13.79.168.144 - - [27/Sep/2025:19:16:15 -0600] "GET /public/wsr2.php HTTP/1.1" 404 101462 "-" "-"
13.79.168.144 - - [27/Sep/2025:19:16:18 -0600] "GET /sad.php HTTP/1.1" 403 101462 "-" "-"
13.79.168.144 - - [27/Sep/2025:19:16:19 -0600] "GET /gg.php HTTP/1.1" 403 101462 "-" "-"
13.79.168.144 - - [27/Sep/2025:19:16:22 -0600] "GET /file1.php HTTP/1.1" 403 101462 "-" "-"
13.79.168.144 - - [27/Sep/2025:19:16:24 -0600] "GET /an.php HTTP/1.1" 404 101462 "-" "-"
13.79.168.144 - - [27/Sep/2025:19:16:26 -0600] "GET /great.php HTTP/1.1" 404 101462 "-" "-"
13.79.168.144 - - [27/Sep/2025:19:16:28 -0600] "GET /makeasmtp.php HTTP/1.1" 404 101462 "-" "-"
13.79.168.144 - - [27/Sep/2025:19:16:31 -0600] "GET /mo.php HTTP/1.1" 404 101462 "-" "-"
13.79.168.144 - - [27/Sep/2025:19:16:33 -0600] "GET /slo.php HTTP/1.1" 404 101462 "-" "-"
13.79.168.144 - - [27/Sep/2025:19:16:35 -0600] "GET /r4f_1.php HTTP/1.1" 403 101462 "-" "-"
13.79.168.144 - - [27/Sep/2025:19:16:37 -0600] "GET /ar.php HTTP/1.1" 404 101462 "-" "-"
13.79.168.144 - - [27/Sep/2025:19:16:39 -0600] "GET /co.php HTTP/1.1" 403 101462 "-" "-"
13.79.168.144 - - [27/Sep/2025:19:16:42 -0600] "GET /aaaa.php HTTP/1.1" 403 101462 "-" "-"
204.12.208.18 - - [27/Sep/2025:19:16:48 -0600] "GET /?sitemapindex.xml HTTP/1.1" 200 7537 "http://4pie.com.mx/?sitemapindex.xml" "Mozilla/5.0 (Macintosh; U; PPC Mac OS X; ja-jp) AppleWebKit/523.10.6 (KHTML, like Gecko) Version/3.0.4 Safari/523.10.6"
173.208.176.202 - - [27/Sep/2025:19:15:33 -0600] "GET /wp-content/install.php?id=64331 HTTP/1.1" 200 - "-" "GuzzleHttp/7"
173.208.176.202 - - [27/Sep/2025:19:17:01 -0600] "GET /wp-content/install.php?id=64331 HTTP/1.1" 200 - "-" "GuzzleHttp/7"
173.208.176.202 - - [27/Sep/2025:19:18:29 -0600] "GET /wp-content/install.php?id=64331 HTTP/1.1" 200 - "-" "GuzzleHttp/7"
173.208.176.202 - - [27/Sep/2025:19:19:56 -0600] "GET /wp-content/install.php?id=64331 HTTP/1.1" 200 - "-" "GuzzleHttp/7"
69.171.231.6 - - [27/Sep/2025:19:22:13 -0600] "GET /robots.txt HTTP/1.1" 206 343 "-" "facebookexternalhit/1.1 (+http://www.facebook.com/externalhit_uatext.php)"
57.141.2.76 - - [27/Sep/2025:19:22:14 -0600] "GET /?sitemap141.xml HTTP/1.1" 200 13 "-" "meta-externalagent/1.1 (+https://developers.facebook.com/docs/sharing/webmasters/crawler)"
173.208.176.202 - - [27/Sep/2025:19:21:23 -0600] "GET /wp-content/install.php?id=64331 HTTP/1.1" 200 - "-" "GuzzleHttp/7"
204.12.208.18 - - [27/Sep/2025:19:23:32 -0600] "GET /?sitemapindex.xml HTTP/1.1" 200 113563 "http://4pie.com.mx/?sitemapindex.xml" "Mozilla/5.0 (Macintosh; U; PPC Mac OS X; ja-jp) AppleWebKit/523.12.2 (KHTML, like Gecko) Version/3.0.4 Safari/523.12.2"
204.12.252.98 - - [27/Sep/2025:19:24:15 -0600] "GET /wp-content/install.php HTTP/1.1" 200 6 "http://4pie.com.mx/wp-content/install.php" "Mozilla/5.0 (Windows NT 10.0; Win64; x64) AppleWebKit/537.36 (KHTML, like Gecko) Chrome/58.0.3029.110 Safari/537.3"
173.208.176.202 - - [27/Sep/2025:19:22:52 -0600] "GET /wp-content/install.php?id=64331 HTTP/1.1" 200 - "-" "GuzzleHttp/7"
216.73.216.46 - - [27/Sep/2025:19:25:31 -0600] "GET /robots.txt HTTP/1.1" 200 343 "-" "Mozilla/5.0 AppleWebKit/537.36 (KHTML, like Gecko; compatible; ClaudeBot/1.0; +claudebot@anthropic.com)"
173.208.176.202 - - [27/Sep/2025:19:24:20 -0600] "GET /wp-content/install.php?id=64331 HTTP/1.1" 200 - "-" "GuzzleHttp/7"
173.208.176.202 - - [27/Sep/2025:19:25:48 -0600] "GET /wp-content/install.php?id=64331 HTTP/1.1" 200 - "-" "GuzzleHttp/7"
173.208.176.202 - - [27/Sep/2025:19:27:17 -0600] "GET /wp-content/install.php?id=64331 HTTP/1.1" 200 - "-" "GuzzleHttp/7"
173.208.176.202 - - [27/Sep/2025:19:28:47 -0600] "GET /wp-content/install.php?id=64331 HTTP/1.1" 200 - "-" "GuzzleHttp/7"
204.12.208.18 - - [27/Sep/2025:19:30:17 -0600] "GET /?sitemapindex.xml HTTP/1.1" 200 113563 "http://4pie.com.mx/?sitemapindex.xml" "Mozilla/5.0 (Macintosh; Intel Mac OS X 10_6_8) AppleWebKit/534.30 (KHTML, like Gecko) Chrome/12.0.742.112 Safari/534.30"
204.12.252.98 - - [27/Sep/2025:19:30:54 -0600] "GET /wp-content/install.php HTTP/1.1" 200 6 "http://4pie.com.mx/wp-content/install.php" "Mozilla/5.0 (Windows NT 10.0; Win64; x64) AppleWebKit/537.36 (KHTML, like Gecko) Chrome/58.0.3029.110 Safari/537.3"
173.208.176.202 - - [27/Sep/2025:19:30:15 -0600] "GET /wp-content/install.php?id=64331 HTTP/1.1" 200 - "-" "GuzzleHttp/7"
216.244.66.243 - - [27/Sep/2025:19:32:24 -0600] "GET /index.php/2025/01/01/h1kak-popolnit-schet-v-sultan-casino-bez-komissii-i-izbezhat-lishnikh-zatrath1/ HTTP/1.1" 200 116981 "-" "Mozilla/5.0 (compatible; DotBot/1.2; +https://opensiteexplorer.org/dotbot; help@moz.com)"
142.171.127.176 - - [27/Sep/2025:19:32:26 -0600] "POST /wp-cron.php?doing_wp_cron=1759023146.8393890857696533203125 HTTP/1.1" 404 23749 "-" "WordPress/6.8; https://4pie.com.mx"
173.208.176.202 - - [27/Sep/2025:19:31:44 -0600] "GET /wp-content/install.php?id=64331 HTTP/1.1" 200 - "-" "GuzzleHttp/7"
173.208.176.202 - - [27/Sep/2025:19:33:12 -0600] "GET /wp-content/install.php?id=64331 HTTP/1.1" 200 - "-" "GuzzleHttp/7"
173.208.176.202 - - [27/Sep/2025:19:34:40 -0600] "GET /wp-content/install.php?id=64331 HTTP/1.1" 200 - "-" "GuzzleHttp/7"
204.12.208.18 - - [27/Sep/2025:19:37:04 -0600] "GET /?sitemapindex.xml HTTP/1.1" 200 113563 "http://4pie.com.mx/?sitemapindex.xml" "Mozilla/5.0 (Macintosh; Intel Mac OS X 10_6_8) AppleWebKit/535.7 (KHTML, like Gecko) Chrome/16.0.912.75 Safari/535.7"
173.208.176.202 - - [27/Sep/2025:19:36:07 -0600] "GET /wp-content/install.php?id=64331 HTTP/1.1" 200 - "-" "GuzzleHttp/7"
173.208.176.202 - - [27/Sep/2025:19:37:38 -0600] "GET /wp-content/install.php?id=64331 HTTP/1.1" 200 - "-" "GuzzleHttp/7"
173.208.176.202 - - [27/Sep/2025:19:39:09 -0600] "GET /wp-content/install.php?id=64331 HTTP/1.1" 200 - "-" "GuzzleHttp/7"
173.208.176.202 - - [27/Sep/2025:19:40:40 -0600] "GET /wp-content/install.php?id=64331 HTTP/1.1" 200 - "-" "GuzzleHttp/7"
204.12.208.18 - - [27/Sep/2025:19:43:55 -0600] "GET /?sitemapindex.xml HTTP/1.1" 200 113563 "http://4pie.com.mx/?sitemapindex.xml" "Mozilla/5.0 (Macintosh; U; Intel Mac OS X 10_5_6; ja-jp) AppleWebKit/525.27.1 (KHTML, like Gecko) Version/3.2.1 Safari/525.27.1"
204.12.208.18 - - [27/Sep/2025:19:50:49 -0600] "GET /?sitemapindex.xml HTTP/1.1" 200 113563 "http://4pie.com.mx/?sitemapindex.xml" "Mozilla/5.0 (Macintosh; U; PPC Mac OS X; ja-jp) AppleWebKit/523.12.2 (KHTML, like Gecko) Version/3.0.4 Safari/523.12.2"
204.12.208.18 - - [27/Sep/2025:19:57:33 -0600] "GET /?sitemapindex.xml HTTP/1.1" 200 113563 "http://4pie.com.mx/?sitemapindex.xml" "Mozilla/5.0 (Windows NT 6.0; rv:7.0.1) Gecko/20100101 Firefox/7.0.1"
216.244.66.243 - - [27/Sep/2025:20:01:02 -0600] "GET /robots.txt HTTP/1.1" 200 343 "-" "Mozilla/5.0 (compatible; DotBot/1.2; +https://opensiteexplorer.org/dotbot; help@moz.com)"
204.12.208.18 - - [27/Sep/2025:20:04:22 -0600] "GET /?sitemapindex.xml HTTP/1.1" 200 113562 "http://4pie.com.mx/?sitemapindex.xml" "Mozilla/5.0 (Windows NT 6.1; WOW64; rv:9.0.1) Gecko/20100101 Firefox/9.0.1"
204.12.208.18 - - [27/Sep/2025:20:11:19 -0600] "GET /?sitemapindex.xml HTTP/1.1" 200 113563 "http://4pie.com.mx/?sitemapindex.xml" "Mozilla/5.0 (Macintosh; U; PPC Mac OS X; ja-jp) AppleWebKit/523.12 (KHTML, like Gecko) Version/3.0.4 Safari/523.12"
216.244.66.243 - - [27/Sep/2025:20:15:26 -0600] "GET /shopdetail/29991577.html HTTP/1.1" 200 101413 "-" "Mozilla/5.0 (compatible; DotBot/1.2; +https://opensiteexplorer.org/dotbot; help@moz.com)"
216.244.66.243 - - [27/Sep/2025:20:15:31 -0600] "GET /shopdetail/5192066.html HTTP/1.1" 200 101413 "-" "Mozilla/5.0 (compatible; DotBot/1.2; +https://opensiteexplorer.org/dotbot; help@moz.com)"
216.244.66.243 - - [27/Sep/2025:20:15:36 -0600] "GET /shopdetail/708422.html HTTP/1.1" 200 101413 "-" "Mozilla/5.0 (compatible; DotBot/1.2; +https://opensiteexplorer.org/dotbot; help@moz.com)"
216.244.66.243 - - [27/Sep/2025:20:15:41 -0600] "GET /shopdetail/7827900.html HTTP/1.1" 200 101413 "-" "Mozilla/5.0 (compatible; DotBot/1.2; +https://opensiteexplorer.org/dotbot; help@moz.com)"
204.12.208.18 - - [27/Sep/2025:20:18:20 -0600] "GET /?sitemapindex.xml HTTP/1.1" 200 113563 "http://4pie.com.mx/?sitemapindex.xml" "Mozilla/5.0 (Macintosh; Intel Mac OS X 10_6_8) AppleWebKit/534.52.7 (KHTML, like Gecko) Version/5.1.2 Safari/534.52.7"
204.12.252.98 - - [27/Sep/2025:20:21:12 -0600] "GET /wp-content/install.php HTTP/1.1" 200 6 "http://4pie.com.mx/wp-content/install.php" "Mozilla/5.0 (Windows NT 10.0; Win64; x64) AppleWebKit/537.36 (KHTML, like Gecko) Chrome/58.0.3029.110 Safari/537.3"
204.12.252.98 - - [27/Sep/2025:20:21:10 -0600] "GET /wp-content/install.php HTTP/1.1" 200 - "http://4pie.com.mx/wp-content/install.php" "Mozilla/5.0 (Windows NT 10.0; Win64; x64) AppleWebKit/537.36 (KHTML, like Gecko) Chrome/58.0.3029.110 Safari/537.3"
216.244.66.243 - - [27/Sep/2025:20:23:33 -0600] "GET /index.php/2025/03/06/nv-casino-ein-faszinierendes-spielerlebnis-10/ HTTP/1.1" 200 134131 "-" "Mozilla/5.0 (compatible; DotBot/1.2; +https://opensiteexplorer.org/dotbot; help@moz.com)"
173.208.176.202 - - [27/Sep/2025:20:22:38 -0600] "GET /wp-content/install.php?id=191365 HTTP/1.1" 200 - "-" "GuzzleHttp/7"
43.153.96.79 - - [27/Sep/2025:20:24:38 -0600] "GET / HTTP/1.1" 301 62691 "-" "Mozilla/5.0 (iPhone; CPU iPhone OS 13_2_3 like Mac OS X) AppleWebKit/605.1.15 (KHTML, like Gecko) Version/13.0.3 Mobile/15E148 Safari/604.1"
43.153.96.79 - - [27/Sep/2025:20:24:41 -0600] "GET / HTTP/1.1" 200 113546 "http://www.4pie.com.mx" "Mozilla/5.0 (iPhone; CPU iPhone OS 13_2_3 like Mac OS X) AppleWebKit/605.1.15 (KHTML, like Gecko) Version/13.0.3 Mobile/15E148 Safari/604.1"
43.130.9.111 - - [27/Sep/2025:20:25:10 -0600] "GET / HTTP/1.1" 301 62691 "-" "Mozilla/5.0 (iPhone; CPU iPhone OS 13_2_3 like Mac OS X) AppleWebKit/605.1.15 (KHTML, like Gecko) Version/13.0.3 Mobile/15E148 Safari/604.1"
43.130.9.111 - - [27/Sep/2025:20:25:13 -0600] "GET / HTTP/1.1" 200 113546 "http://www.4pie.com.mx" "Mozilla/5.0 (iPhone; CPU iPhone OS 13_2_3 like Mac OS X) AppleWebKit/605.1.15 (KHTML, like Gecko) Version/13.0.3 Mobile/15E148 Safari/604.1"
20.171.207.59 - - [27/Sep/2025:20:25:19 -0600] "GET /58qcyu11559.html?path=/ HTTP/1.1" 404 66420 "-" "Mozilla/5.0 AppleWebKit/537.36 (KHTML, like Gecko; compatible; GPTBot/1.2; +https://openai.com/gptbot)"
43.130.105.21 - - [27/Sep/2025:20:25:19 -0600] "GET / HTTP/1.1" 200 113546 "-" "Mozilla/5.0 (iPhone; CPU iPhone OS 13_2_3 like Mac OS X) AppleWebKit/605.1.15 (KHTML, like Gecko) Version/13.0.3 Mobile/15E148 Safari/604.1"
204.12.208.18 - - [27/Sep/2025:20:25:26 -0600] "GET /?sitemapindex.xml HTTP/1.1" 200 7538 "http://4pie.com.mx/?sitemapindex.xml" "Mozilla/5.0 (Macintosh; U; Intel Mac OS X 10_6_3; ja-jp) AppleWebKit/531.21.11 (KHTML, like Gecko) Version/4.0.4 Safari/531.21.10"
173.208.176.202 - - [27/Sep/2025:20:24:06 -0600] "GET /wp-content/install.php?id=191365 HTTP/1.1" 200 - "-" "GuzzleHttp/7"
43.156.202.34 - - [27/Sep/2025:20:25:44 -0600] "GET / HTTP/1.1" 301 62691 "-" "Mozilla/5.0 (iPhone; CPU iPhone OS 13_2_3 like Mac OS X) AppleWebKit/605.1.15 (KHTML, like Gecko) Version/13.0.3 Mobile/15E148 Safari/604.1"
43.156.202.34 - - [27/Sep/2025:20:25:46 -0600] "GET / HTTP/1.1" 200 113546 "http://www.4pie.com.mx" "Mozilla/5.0 (iPhone; CPU iPhone OS 13_2_3 like Mac OS X) AppleWebKit/605.1.15 (KHTML, like Gecko) Version/13.0.3 Mobile/15E148 Safari/604.1"
20.171.207.59 - - [27/Sep/2025:20:26:21 -0600] "GET /62hisd13423.html?path=/ HTTP/1.1" 404 66420 "-" "Mozilla/5.0 AppleWebKit/537.36 (KHTML, like Gecko; compatible; GPTBot/1.2; +https://openai.com/gptbot)"
20.171.207.59 - - [27/Sep/2025:20:26:38 -0600] "GET /27uivw25116.html?path=/ HTTP/1.1" 404 66420 "-" "Mozilla/5.0 AppleWebKit/537.36 (KHTML, like Gecko; compatible; GPTBot/1.2; +https://openai.com/gptbot)"
173.208.176.202 - - [27/Sep/2025:20:25:33 -0600] "GET /wp-content/install.php?id=191365 HTTP/1.1" 200 - "-" "GuzzleHttp/7"
20.171.207.59 - - [27/Sep/2025:20:27:07 -0600] "GET /267nczs7542.html?path=/ HTTP/1.1" 404 63749 "-" "Mozilla/5.0 AppleWebKit/537.36 (KHTML, like Gecko; compatible; GPTBot/1.2; +https://openai.com/gptbot)"
20.171.207.59 - - [27/Sep/2025:20:27:18 -0600] "GET /34wfma21735.html?path=/ HTTP/1.1" 404 63749 "-" "Mozilla/5.0 AppleWebKit/537.36 (KHTML, like Gecko; compatible; GPTBot/1.2; +https://openai.com/gptbot)"
20.171.207.59 - - [27/Sep/2025:20:27:29 -0600] "GET /183wghk1058.html?path=/ HTTP/1.1" 200 66420 "-" "Mozilla/5.0 AppleWebKit/537.36 (KHTML, like Gecko; compatible; GPTBot/1.2; +https://openai.com/gptbot)"
20.171.207.59 - - [27/Sep/2025:20:27:59 -0600] "GET /253odui7822.html?path=/ HTTP/1.1" 200 66420 "-" "Mozilla/5.0 AppleWebKit/537.36 (KHTML, like Gecko; compatible; GPTBot/1.2; +https://openai.com/gptbot)"
20.171.207.59 - - [27/Sep/2025:20:28:11 -0600] "GET /180dxcx8931.html?path=/ HTTP/1.1" 404 66420 "-" "Mozilla/5.0 AppleWebKit/537.36 (KHTML, like Gecko; compatible; GPTBot/1.2; +https://openai.com/gptbot)"
20.171.207.59 - - [27/Sep/2025:20:28:27 -0600] "GET /239tavr9094.html?path=/ HTTP/1.1" 200 66420 "-" "Mozilla/5.0 AppleWebKit/537.36 (KHTML, like Gecko; compatible; GPTBot/1.2; +https://openai.com/gptbot)"
173.208.176.202 - - [27/Sep/2025:20:27:02 -0600] "GET /wp-content/install.php?id=191365 HTTP/1.1" 200 - "-" "GuzzleHttp/7"
