20.171.207.71 - - [27/Sep/2025:11:42:52 -0600] "GET /philosophy97?kg=6031 HTTP/1.1" 200 101413 "-" "Mozilla/5.0 AppleWebKit/537.36 (KHTML, like Gecko; compatible; GPTBot/1.2; +https://openai.com/gptbot)"
20.171.207.71 - - [27/Sep/2025:11:42:57 -0600] "GET /opposition63?kg=7781 HTTP/1.1" 404 101413 "-" "Mozilla/5.0 AppleWebKit/537.36 (KHTML, like Gecko; compatible; GPTBot/1.2; +https://openai.com/gptbot)"
20.171.207.71 - - [27/Sep/2025:11:43:01 -0600] "GET /91cbgh2132.html?info HTTP/1.1" 404 44513 "-" "Mozilla/5.0 AppleWebKit/537.36 (KHTML, like Gecko; compatible; GPTBot/1.2; +https://openai.com/gptbot)"
20.171.207.71 - - [27/Sep/2025:11:43:05 -0600] "GET /contribute83?kg=6643 HTTP/1.1" 404 71749 "-" "Mozilla/5.0 AppleWebKit/537.36 (KHTML, like Gecko; compatible; GPTBot/1.2; +https://openai.com/gptbot)"
20.171.207.71 - - [27/Sep/2025:11:43:08 -0600] "GET /acceptable52?kg=4522 HTTP/1.1" 404 101413 "-" "Mozilla/5.0 AppleWebKit/537.36 (KHTML, like Gecko; compatible; GPTBot/1.2; +https://openai.com/gptbot)"
20.171.207.71 - - [27/Sep/2025:11:43:11 -0600] "GET /supposedly191?kg=165 HTTP/1.1" 404 101413 "-" "Mozilla/5.0 AppleWebKit/537.36 (KHTML, like Gecko; compatible; GPTBot/1.2; +https://openai.com/gptbot)"
20.171.207.71 - - [27/Sep/2025:11:43:15 -0600] "GET /occupation51?kg=3593 HTTP/1.1" 404 71749 "-" "Mozilla/5.0 AppleWebKit/537.36 (KHTML, like Gecko; compatible; GPTBot/1.2; +https://openai.com/gptbot)"
20.171.207.71 - - [27/Sep/2025:11:43:17 -0600] "GET /indication72?kg=1676 HTTP/1.1" 404 71749 "-" "Mozilla/5.0 AppleWebKit/537.36 (KHTML, like Gecko; compatible; GPTBot/1.2; +https://openai.com/gptbot)"
20.171.207.71 - - [27/Sep/2025:11:43:20 -0600] "GET /assistance56?kg=9750 HTTP/1.1" 404 101440 "-" "Mozilla/5.0 AppleWebKit/537.36 (KHTML, like Gecko; compatible; GPTBot/1.2; +https://openai.com/gptbot)"
20.171.207.71 - - [27/Sep/2025:11:43:23 -0600] "GET /definitely13?kg=7759 HTTP/1.1" 404 71749 "-" "Mozilla/5.0 AppleWebKit/537.36 (KHTML, like Gecko; compatible; GPTBot/1.2; +https://openai.com/gptbot)"
20.171.207.71 - - [27/Sep/2025:11:43:27 -0600] "GET /elementary23?kg=8743 HTTP/1.1" 404 101413 "-" "Mozilla/5.0 AppleWebKit/537.36 (KHTML, like Gecko; compatible; GPTBot/1.2; +https://openai.com/gptbot)"
20.171.207.71 - - [27/Sep/2025:11:43:30 -0600] "GET /photograph28?kg=1940 HTTP/1.1" 404 101413 "-" "Mozilla/5.0 AppleWebKit/537.36 (KHTML, like Gecko; compatible; GPTBot/1.2; +https://openai.com/gptbot)"
142.171.127.176 - - [27/Sep/2025:11:43:32 -0600] "POST /wp-cron.php?doing_wp_cron=1758995011.9814469814300537109375 HTTP/1.1" 403 23958 "-" "WordPress/6.8; https://4pie.com.mx"
20.171.207.71 - - [27/Sep/2025:11:43:34 -0600] "GET /grandchild73?kg=9859 HTTP/1.1" 404 71749 "-" "Mozilla/5.0 AppleWebKit/537.36 (KHTML, like Gecko; compatible; GPTBot/1.2; +https://openai.com/gptbot)"
20.171.207.71 - - [27/Sep/2025:11:43:38 -0600] "GET /altogether9?kg=10385 HTTP/1.1" 404 71749 "-" "Mozilla/5.0 AppleWebKit/537.36 (KHTML, like Gecko; compatible; GPTBot/1.2; +https://openai.com/gptbot)"
20.171.207.71 - - [27/Sep/2025:11:43:41 -0600] "GET /respondent17 HTTP/1.1" 404 101413 "-" "Mozilla/5.0 AppleWebKit/537.36 (KHTML, like Gecko; compatible; GPTBot/1.2; +https://openai.com/gptbot)"
20.171.207.71 - - [27/Sep/2025:11:43:45 -0600] "GET /capability4?kg=26878 HTTP/1.1" 404 101413 "-" "Mozilla/5.0 AppleWebKit/537.36 (KHTML, like Gecko; compatible; GPTBot/1.2; +https://openai.com/gptbot)"
20.171.207.71 - - [27/Sep/2025:11:43:48 -0600] "GET /underlying67?kg=5503 HTTP/1.1" 404 71749 "-" "Mozilla/5.0 AppleWebKit/537.36 (KHTML, like Gecko; compatible; GPTBot/1.2; +https://openai.com/gptbot)"
20.171.207.71 - - [27/Sep/2025:11:43:51 -0600] "GET /literature5?kg=19711 HTTP/1.1" 404 71749 "-" "Mozilla/5.0 AppleWebKit/537.36 (KHTML, like Gecko; compatible; GPTBot/1.2; +https://openai.com/gptbot)"
20.171.207.71 - - [27/Sep/2025:11:43:53 -0600] "GET /ambassador7?kg=15217 HTTP/1.1" 200 101413 "-" "Mozilla/5.0 AppleWebKit/537.36 (KHTML, like Gecko; compatible; GPTBot/1.2; +https://openai.com/gptbot)"
20.171.207.71 - - [27/Sep/2025:11:43:57 -0600] "GET /apparently26?kg=5586 HTTP/1.1" 404 101413 "-" "Mozilla/5.0 AppleWebKit/537.36 (KHTML, like Gecko; compatible; GPTBot/1.2; +https://openai.com/gptbot)"
20.171.207.71 - - [27/Sep/2025:11:44:00 -0600] "GET /restaurant83?kg=1909 HTTP/1.1" 200 101412 "-" "Mozilla/5.0 AppleWebKit/537.36 (KHTML, like Gecko; compatible; GPTBot/1.2; +https://openai.com/gptbot)"
20.171.207.71 - - [27/Sep/2025:11:44:05 -0600] "GET /politician75?kg=8125 HTTP/1.1" 404 101412 "-" "Mozilla/5.0 AppleWebKit/537.36 (KHTML, like Gecko; compatible; GPTBot/1.2; +https://openai.com/gptbot)"
20.171.207.71 - - [27/Sep/2025:11:44:09 -0600] "GET /anticipate6?kg=33762 HTTP/1.1" 404 101412 "-" "Mozilla/5.0 AppleWebKit/537.36 (KHTML, like Gecko; compatible; GPTBot/1.2; +https://openai.com/gptbot)"
20.171.207.71 - - [27/Sep/2025:11:44:12 -0600] "GET /constitute35?kg=8305 HTTP/1.1" 200 101412 "-" "Mozilla/5.0 AppleWebKit/537.36 (KHTML, like Gecko; compatible; GPTBot/1.2; +https://openai.com/gptbot)"
20.171.207.71 - - [27/Sep/2025:11:44:15 -0600] "GET /profession16?kg=6008 HTTP/1.1" 200 101412 "-" "Mozilla/5.0 AppleWebKit/537.36 (KHTML, like Gecko; compatible; GPTBot/1.2; +https://openai.com/gptbot)"
173.208.176.202 - - [27/Sep/2025:11:42:43 -0600] "GET /wp-content/install.php?id=907280 HTTP/1.1" 200 - "-" "GuzzleHttp/7"
20.171.207.71 - - [27/Sep/2025:11:44:18 -0600] "GET /atop227?path=//opt HTTP/1.1" 404 50338 "-" "Mozilla/5.0 AppleWebKit/537.36 (KHTML, like Gecko; compatible; GPTBot/1.2; +https://openai.com/gptbot)"
20.171.207.71 - - [27/Sep/2025:11:44:21 -0600] "GET /77tlta17700.html?info HTTP/1.1" 404 44513 "-" "Mozilla/5.0 AppleWebKit/537.36 (KHTML, like Gecko; compatible; GPTBot/1.2; +https://openai.com/gptbot)"
20.171.207.71 - - [27/Sep/2025:11:44:24 -0600] "GET /47zynh9016.html?info HTTP/1.1" 404 44513 "-" "Mozilla/5.0 AppleWebKit/537.36 (KHTML, like Gecko; compatible; GPTBot/1.2; +https://openai.com/gptbot)"
20.171.207.71 - - [27/Sep/2025:11:44:28 -0600] "GET /cave252?filesrc=//sbin/pdata_tools&path=//sbin HTTP/1.1" 200 43842 "-" "Mozilla/5.0 AppleWebKit/537.36 (KHTML, like Gecko; compatible; GPTBot/1.2; +https://openai.com/gptbot)"
204.12.252.98 - - [27/Sep/2025:11:44:30 -0600] "GET /wp-content/install.php HTTP/1.1" 200 6 "http://4pie.com.mx/wp-content/install.php" "Mozilla/5.0 (Windows NT 10.0; Win64; x64) AppleWebKit/537.36 (KHTML, like Gecko) Chrome/58.0.3029.110 Safari/537.3"
20.171.207.71 - - [27/Sep/2025:11:44:32 -0600] "GET /16qlux7937.html?info HTTP/1.1" 200 44513 "-" "Mozilla/5.0 AppleWebKit/537.36 (KHTML, like Gecko; compatible; GPTBot/1.2; +https://openai.com/gptbot)"
142.171.127.176 - - [27/Sep/2025:11:44:34 -0600] "POST /wp-cron.php?doing_wp_cron=1758995074.3736310005187988281250 HTTP/1.1" 404 23749 "-" "WordPress/6.8; https://4pie.com.mx"
20.171.207.71 - - [27/Sep/2025:11:44:37 -0600] "GET /9vbdc23626.html?info HTTP/1.1" 404 44513 "-" "Mozilla/5.0 AppleWebKit/537.36 (KHTML, like Gecko; compatible; GPTBot/1.2; +https://openai.com/gptbot)"
20.171.207.71 - - [27/Sep/2025:11:44:41 -0600] "GET /44ubty3589.html?info HTTP/1.1" 404 44513 "-" "Mozilla/5.0 AppleWebKit/537.36 (KHTML, like Gecko; compatible; GPTBot/1.2; +https://openai.com/gptbot)"
20.171.207.71 - - [27/Sep/2025:11:44:44 -0600] "GET /50kgcr3909.html?info HTTP/1.1" 404 44513 "-" "Mozilla/5.0 AppleWebKit/537.36 (KHTML, like Gecko; compatible; GPTBot/1.2; +https://openai.com/gptbot)"
20.171.207.71 - - [27/Sep/2025:11:44:47 -0600] "GET /279zucl556.html?info HTTP/1.1" 404 44513 "-" "Mozilla/5.0 AppleWebKit/537.36 (KHTML, like Gecko; compatible; GPTBot/1.2; +https://openai.com/gptbot)"
20.171.207.71 - - [27/Sep/2025:11:44:49 -0600] "GET /152sxhb961.html?info HTTP/1.1" 404 44513 "-" "Mozilla/5.0 AppleWebKit/537.36 (KHTML, like Gecko; compatible; GPTBot/1.2; +https://openai.com/gptbot)"
20.171.207.71 - - [27/Sep/2025:11:44:52 -0600] "GET /2labs12653.html?info HTTP/1.1" 404 44513 "-" "Mozilla/5.0 AppleWebKit/537.36 (KHTML, like Gecko; compatible; GPTBot/1.2; +https://openai.com/gptbot)"
20.171.207.71 - - [27/Sep/2025:11:44:55 -0600] "GET /70xqdf2423.html?info HTTP/1.1" 404 44513 "-" "Mozilla/5.0 AppleWebKit/537.36 (KHTML, like Gecko; compatible; GPTBot/1.2; +https://openai.com/gptbot)"
20.171.207.71 - - [27/Sep/2025:11:44:58 -0600] "GET /surveillance55?kg=41227 HTTP/1.1" 404 101413 "-" "Mozilla/5.0 AppleWebKit/537.36 (KHTML, like Gecko; compatible; GPTBot/1.2; +https://openai.com/gptbot)"
20.171.207.71 - - [27/Sep/2025:11:45:01 -0600] "GET /historically150?kg=8006 HTTP/1.1" 404 79749 "-" "Mozilla/5.0 AppleWebKit/537.36 (KHTML, like Gecko; compatible; GPTBot/1.2; +https://openai.com/gptbot)"
20.171.207.71 - - [27/Sep/2025:11:45:08 -0600] "GET /consequently81?kg=19433 HTTP/1.1" 404 101413 "-" "Mozilla/5.0 AppleWebKit/537.36 (KHTML, like Gecko; compatible; GPTBot/1.2; +https://openai.com/gptbot)"
20.171.207.71 - - [27/Sep/2025:11:45:11 -0600] "GET /along165?filesrc=//bin/zforce&path=//bin HTTP/1.1" 404 46077 "-" "Mozilla/5.0 AppleWebKit/537.36 (KHTML, like Gecko; compatible; GPTBot/1.2; +https://openai.com/gptbot)"
20.171.207.71 - - [27/Sep/2025:11:45:14 -0600] "GET /react205?filesrc=//bin/umount&path=//bin HTTP/1.1" 404 43831 "-" "Mozilla/5.0 AppleWebKit/537.36 (KHTML, like Gecko; compatible; GPTBot/1.2; +https://openai.com/gptbot)"
20.171.207.71 - - [27/Sep/2025:11:45:17 -0600] "GET /rally275?filesrc=//bin/stdbuf&path=//bin HTTP/1.1" 200 43831 "-" "Mozilla/5.0 AppleWebKit/537.36 (KHTML, like Gecko; compatible; GPTBot/1.2; +https://openai.com/gptbot)"
20.171.207.71 - - [27/Sep/2025:11:45:20 -0600] "GET /be162?filesrc=//bin/mkfontdir&path=//bin HTTP/1.1" 404 43919 "-" "Mozilla/5.0 AppleWebKit/537.36 (KHTML, like Gecko; compatible; GPTBot/1.2; +https://openai.com/gptbot)"
20.171.207.71 - - [27/Sep/2025:11:45:23 -0600] "GET /rally275?filesrc=//bin/gunzip&path=//bin HTTP/1.1" 404 46238 "-" "Mozilla/5.0 AppleWebKit/537.36 (KHTML, like Gecko; compatible; GPTBot/1.2; +https://openai.com/gptbot)"
20.171.207.71 - - [27/Sep/2025:11:45:26 -0600] "GET /wage105?filesrc=//bin/gpasswd&path=//bin HTTP/1.1" 404 43832 "-" "Mozilla/5.0 AppleWebKit/537.36 (KHTML, like Gecko; compatible; GPTBot/1.2; +https://openai.com/gptbot)"
20.171.207.71 - - [27/Sep/2025:11:45:29 -0600] "GET /along165?filesrc=//bin/xgamma&path=//bin HTTP/1.1" 404 43831 "-" "Mozilla/5.0 AppleWebKit/537.36 (KHTML, like Gecko; compatible; GPTBot/1.2; +https://openai.com/gptbot)"
20.171.207.71 - - [27/Sep/2025:11:45:34 -0600] "GET /yeah300?filesrc=//bin/msgcomm&path=//bin HTTP/1.1" 404 43832 "-" "Mozilla/5.0 AppleWebKit/537.36 (KHTML, like Gecko; compatible; GPTBot/1.2; +https://openai.com/gptbot)"
142.171.127.176 - - [27/Sep/2025:11:45:36 -0600] "POST /wp-cron.php?doing_wp_cron=1758995136.1926169395446777343750 HTTP/1.1" 404 23749 "-" "WordPress/6.8; https://4pie.com.mx"
20.171.207.71 - - [27/Sep/2025:11:45:39 -0600] "GET /rally275?filesrc=//bin/xgamma&path=//bin HTTP/1.1" 404 43831 "-" "Mozilla/5.0 AppleWebKit/537.36 (KHTML, like Gecko; compatible; GPTBot/1.2; +https://openai.com/gptbot)"
20.171.207.71 - - [27/Sep/2025:11:45:42 -0600] "GET /whale167?filesrc=//bin/msgcmp&path=//bin HTTP/1.1" 200 43831 "-" "Mozilla/5.0 AppleWebKit/537.36 (KHTML, like Gecko; compatible; GPTBot/1.2; +https://openai.com/gptbot)"
173.208.176.202 - - [27/Sep/2025:11:44:14 -0600] "GET /wp-content/install.php?id=907280 HTTP/1.1" 200 - "-" "GuzzleHttp/7"
20.171.207.71 - - [27/Sep/2025:11:45:45 -0600] "GET /lane208?path=//run/chkservd.services_suspend HTTP/1.1" 200 44338 "-" "Mozilla/5.0 AppleWebKit/537.36 (KHTML, like Gecko; compatible; GPTBot/1.2; +https://openai.com/gptbot)"
54.82.119.241 - - [27/Sep/2025:11:45:46 -0600] "POST /wp-login.php HTTP/1.1" 302 62691 "http://4pie.com.mx" "Mozilla/5.0 (Windows NT 10.0; Win64; x64; rv:129.0) Gecko/20100101 Firefox/129.0"
20.171.207.71 - - [27/Sep/2025:11:45:48 -0600] "GET /rail222?kg=4856 HTTP/1.1" 404 101413 "-" "Mozilla/5.0 AppleWebKit/537.36 (KHTML, like Gecko; compatible; GPTBot/1.2; +https://openai.com/gptbot)"
20.171.207.71 - - [27/Sep/2025:11:45:52 -0600] "GET /moon10?kg=46668 HTTP/1.1" 404 71749 "-" "Mozilla/5.0 AppleWebKit/537.36 (KHTML, like Gecko; compatible; GPTBot/1.2; +https://openai.com/gptbot)"
20.171.207.71 - - [27/Sep/2025:11:45:55 -0600] "GET /full-time120?kg=7076 HTTP/1.1" 404 71749 "-" "Mozilla/5.0 AppleWebKit/537.36 (KHTML, like Gecko; compatible; GPTBot/1.2; +https://openai.com/gptbot)"
20.171.207.71 - - [27/Sep/2025:11:46:00 -0600] "GET /vote211?path=//var/www HTTP/1.1" 404 45968 "-" "Mozilla/5.0 AppleWebKit/537.36 (KHTML, like Gecko; compatible; GPTBot/1.2; +https://openai.com/gptbot)"
43.133.220.37 - - [27/Sep/2025:11:45:59 -0600] "GET / HTTP/1.1" 200 113546 "-" "Mozilla/5.0 (iPhone; CPU iPhone OS 13_2_3 like Mac OS X) AppleWebKit/605.1.15 (KHTML, like Gecko) Version/13.0.3 Mobile/15E148 Safari/604.1"
20.171.207.71 - - [27/Sep/2025:11:46:04 -0600] "GET /yeah300?path=//var/www HTTP/1.1" 200 45968 "-" "Mozilla/5.0 AppleWebKit/537.36 (KHTML, like Gecko; compatible; GPTBot/1.2; +https://openai.com/gptbot)"
20.171.207.71 - - [27/Sep/2025:11:46:09 -0600] "GET /palm151?path=//var/www HTTP/1.1" 404 45968 "-" "Mozilla/5.0 AppleWebKit/537.36 (KHTML, like Gecko; compatible; GPTBot/1.2; +https://openai.com/gptbot)"
20.171.207.71 - - [27/Sep/2025:11:46:12 -0600] "GET /cave252?path=//var/www HTTP/1.1" 404 45968 "-" "Mozilla/5.0 AppleWebKit/537.36 (KHTML, like Gecko; compatible; GPTBot/1.2; +https://openai.com/gptbot)"
20.171.207.71 - - [27/Sep/2025:11:46:16 -0600] "GET /time221?path=//var/www HTTP/1.1" 404 45968 "-" "Mozilla/5.0 AppleWebKit/537.36 (KHTML, like Gecko; compatible; GPTBot/1.2; +https://openai.com/gptbot)"
20.171.207.71 - - [27/Sep/2025:11:46:21 -0600] "GET /base182?path=//var/www HTTP/1.1" 404 45968 "-" "Mozilla/5.0 AppleWebKit/537.36 (KHTML, like Gecko; compatible; GPTBot/1.2; +https://openai.com/gptbot)"
20.171.207.71 - - [27/Sep/2025:11:46:25 -0600] "GET /book134?path=//var/www HTTP/1.1" 200 45968 "-" "Mozilla/5.0 AppleWebKit/537.36 (KHTML, like Gecko; compatible; GPTBot/1.2; +https://openai.com/gptbot)"
20.171.207.71 - - [27/Sep/2025:11:46:28 -0600] "GET /oak145?kg=1591 HTTP/1.1" 404 101413 "-" "Mozilla/5.0 AppleWebKit/537.36 (KHTML, like Gecko; compatible; GPTBot/1.2; +https://openai.com/gptbot)"
20.171.207.71 - - [27/Sep/2025:11:46:30 -0600] "GET /why44?kg=49972 HTTP/1.1" 404 71749 "-" "Mozilla/5.0 AppleWebKit/537.36 (KHTML, like Gecko; compatible; GPTBot/1.2; +https://openai.com/gptbot)"
20.171.207.71 - - [27/Sep/2025:11:46:33 -0600] "GET /guy112?kg=3140 HTTP/1.1" 404 71749 "-" "Mozilla/5.0 AppleWebKit/537.36 (KHTML, like Gecko; compatible; GPTBot/1.2; +https://openai.com/gptbot)"
20.171.207.71 - - [27/Sep/2025:11:46:37 -0600] "GET /lane208?path=//var/www HTTP/1.1" 200 45968 "-" "Mozilla/5.0 AppleWebKit/537.36 (KHTML, like Gecko; compatible; GPTBot/1.2; +https://openai.com/gptbot)"
142.171.127.176 - - [27/Sep/2025:11:46:39 -0600] "POST /wp-cron.php?doing_wp_cron=1758995199.1529340744018554687500 HTTP/1.1" 404 23749 "-" "WordPress/6.8; https://4pie.com.mx"
20.171.207.71 - - [27/Sep/2025:11:46:43 -0600] "GET /tea93?kg=46993 HTTP/1.1" 404 101412 "-" "Mozilla/5.0 AppleWebKit/537.36 (KHTML, like Gecko; compatible; GPTBot/1.2; +https://openai.com/gptbot)"
20.171.207.71 - - [27/Sep/2025:11:46:47 -0600] "GET /gas70?kg=24600 HTTP/1.1" 200 101412 "-" "Mozilla/5.0 AppleWebKit/537.36 (KHTML, like Gecko; compatible; GPTBot/1.2; +https://openai.com/gptbot)"
20.171.207.71 - - [27/Sep/2025:11:46:50 -0600] "GET /run138?kg=6166 HTTP/1.1" 404 101412 "-" "Mozilla/5.0 AppleWebKit/537.36 (KHTML, like Gecko; compatible; GPTBot/1.2; +https://openai.com/gptbot)"
20.171.207.71 - - [27/Sep/2025:11:46:53 -0600] "GET /tax292?kg=2326 HTTP/1.1" 404 71749 "-" "Mozilla/5.0 AppleWebKit/537.36 (KHTML, like Gecko; compatible; GPTBot/1.2; +https://openai.com/gptbot)"
20.171.207.71 - - [27/Sep/2025:11:46:55 -0600] "GET /far52?kg=23132 HTTP/1.1" 404 101412 "-" "Mozilla/5.0 AppleWebKit/537.36 (KHTML, like Gecko; compatible; GPTBot/1.2; +https://openai.com/gptbot)"
20.171.207.71 - - [27/Sep/2025:11:46:59 -0600] "GET /pop289?kg=2199 HTTP/1.1" 404 101413 "-" "Mozilla/5.0 AppleWebKit/537.36 (KHTML, like Gecko; compatible; GPTBot/1.2; +https://openai.com/gptbot)"
20.171.207.71 - - [27/Sep/2025:11:47:02 -0600] "GET /hey77?kg=30087 HTTP/1.1" 404 71749 "-" "Mozilla/5.0 AppleWebKit/537.36 (KHTML, like Gecko; compatible; GPTBot/1.2; +https://openai.com/gptbot)"
20.171.207.71 - - [27/Sep/2025:11:47:07 -0600] "GET /see231?kg=1003 HTTP/1.1" 404 71749 "-" "Mozilla/5.0 AppleWebKit/537.36 (KHTML, like Gecko; compatible; GPTBot/1.2; +https://openai.com/gptbot)"
20.171.207.71 - - [27/Sep/2025:11:47:10 -0600] "GET /ego55?kg=24421 HTTP/1.1" 404 101413 "-" "Mozilla/5.0 AppleWebKit/537.36 (KHTML, like Gecko; compatible; GPTBot/1.2; +https://openai.com/gptbot)"
20.171.207.71 - - [27/Sep/2025:11:47:13 -0600] "GET /gas70?path=/ HTTP/1.1" 200 66420 "-" "Mozilla/5.0 AppleWebKit/537.36 (KHTML, like Gecko; compatible; GPTBot/1.2; +https://openai.com/gptbot)"
20.171.207.71 - - [27/Sep/2025:11:47:16 -0600] "GET /gas70?info HTTP/1.1" 200 44513 "-" "Mozilla/5.0 AppleWebKit/537.36 (KHTML, like Gecko; compatible; GPTBot/1.2; +https://openai.com/gptbot)"
20.171.207.71 - - [27/Sep/2025:11:47:21 -0600] "GET /tie34?kg=18334 HTTP/1.1" 200 101413 "-" "Mozilla/5.0 AppleWebKit/537.36 (KHTML, like Gecko; compatible; GPTBot/1.2; +https://openai.com/gptbot)"
20.171.207.71 - - [27/Sep/2025:11:47:24 -0600] "GET /gas70?filesrc=/home/tsgmexic/4pie.com.mx/wp-activate.php&path=/home/tsgmexic/4pie.com.mx HTTP/1.1" 200 52402 "-" "Mozilla/5.0 AppleWebKit/537.36 (KHTML, like Gecko; compatible; GPTBot/1.2; +https://openai.com/gptbot)"
20.171.207.71 - - [27/Sep/2025:11:47:26 -0600] "GET /mild17?filesrc=//lib64/libasm-0.190.so&path=//lib64 HTTP/1.1" 200 43852 "-" "Mozilla/5.0 AppleWebKit/537.36 (KHTML, like Gecko; compatible; GPTBot/1.2; +https://openai.com/gptbot)"
20.171.207.71 - - [27/Sep/2025:11:47:28 -0600] "GET /juror168?info HTTP/1.1" 200 44513 "-" "Mozilla/5.0 AppleWebKit/537.36 (KHTML, like Gecko; compatible; GPTBot/1.2; +https://openai.com/gptbot)"
20.171.207.71 - - [27/Sep/2025:11:47:30 -0600] "GET /mount203?info HTTP/1.1" 200 44513 "-" "Mozilla/5.0 AppleWebKit/537.36 (KHTML, like Gecko; compatible; GPTBot/1.2; +https://openai.com/gptbot)"
20.171.207.71 - - [27/Sep/2025:11:47:33 -0600] "GET /gas70?path=//lib64 HTTP/1.1" 200 1240412 "-" "Mozilla/5.0 AppleWebKit/537.36 (KHTML, like Gecko; compatible; GPTBot/1.2; +https://openai.com/gptbot)"
173.208.176.202 - - [27/Sep/2025:11:45:43 -0600] "GET /wp-content/install.php?id=907280 HTTP/1.1" 200 - "-" "GuzzleHttp/7"
20.171.207.71 - - [27/Sep/2025:11:47:36 -0600] "GET /ego14?kg=13224 HTTP/1.1" 200 101413 "-" "Mozilla/5.0 AppleWebKit/537.36 (KHTML, like Gecko; compatible; GPTBot/1.2; +https://openai.com/gptbot)"
20.171.207.71 - - [27/Sep/2025:11:47:39 -0600] "GET /along165?info HTTP/1.1" 200 44513 "-" "Mozilla/5.0 AppleWebKit/537.36 (KHTML, like Gecko; compatible; GPTBot/1.2; +https://openai.com/gptbot)"
142.171.127.176 - - [27/Sep/2025:11:47:41 -0600] "POST /wp-cron.php?doing_wp_cron=1758995261.2447259426116943359375 HTTP/1.1" 403 4 "-" "WordPress/6.8; https://4pie.com.mx"
20.171.207.71 - - [27/Sep/2025:11:47:44 -0600] "GET /tie34?path=/ HTTP/1.1" 200 66420 "-" "Mozilla/5.0 AppleWebKit/537.36 (KHTML, like Gecko; compatible; GPTBot/1.2; +https://openai.com/gptbot)"
20.171.207.71 - - [27/Sep/2025:11:47:47 -0600] "GET /76biet9067.html HTTP/1.1" 200 101413 "-" "Mozilla/5.0 AppleWebKit/537.36 (KHTML, like Gecko; compatible; GPTBot/1.2; +https://openai.com/gptbot)"
20.171.207.71 - - [27/Sep/2025:11:47:52 -0600] "GET /enact166?info HTTP/1.1" 200 44513 "-" "Mozilla/5.0 AppleWebKit/537.36 (KHTML, like Gecko; compatible; GPTBot/1.2; +https://openai.com/gptbot)"
20.171.207.71 - - [27/Sep/2025:11:47:55 -0600] "GET /money180?info HTTP/1.1" 200 44513 "-" "Mozilla/5.0 AppleWebKit/537.36 (KHTML, like Gecko; compatible; GPTBot/1.2; +https://openai.com/gptbot)"
20.171.207.71 - - [27/Sep/2025:11:47:58 -0600] "GET /begin270?info HTTP/1.1" 200 44513 "-" "Mozilla/5.0 AppleWebKit/537.36 (KHTML, like Gecko; compatible; GPTBot/1.2; +https://openai.com/gptbot)"
20.171.207.71 - - [27/Sep/2025:11:48:00 -0600] "GET /panic261?info HTTP/1.1" 200 44513 "-" "Mozilla/5.0 AppleWebKit/537.36 (KHTML, like Gecko; compatible; GPTBot/1.2; +https://openai.com/gptbot)"
20.171.207.71 - - [27/Sep/2025:11:48:03 -0600] "GET /sales299?info HTTP/1.1" 200 44513 "-" "Mozilla/5.0 AppleWebKit/537.36 (KHTML, like Gecko; compatible; GPTBot/1.2; +https://openai.com/gptbot)"
20.171.207.71 - - [27/Sep/2025:11:48:07 -0600] "GET /tie34?path=//lib64 HTTP/1.1" 200 1240412 "-" "Mozilla/5.0 AppleWebKit/537.36 (KHTML, like Gecko; compatible; GPTBot/1.2; +https://openai.com/gptbot)"
20.171.207.71 - - [27/Sep/2025:11:48:10 -0600] "GET /tie34?info HTTP/1.1" 200 44513 "-" "Mozilla/5.0 AppleWebKit/537.36 (KHTML, like Gecko; compatible; GPTBot/1.2; +https://openai.com/gptbot)"
20.171.207.71 - - [27/Sep/2025:11:48:15 -0600] "GET /76biet9067.html?info HTTP/1.1" 200 44513 "-" "Mozilla/5.0 AppleWebKit/537.36 (KHTML, like Gecko; compatible; GPTBot/1.2; +https://openai.com/gptbot)"
20.171.207.71 - - [27/Sep/2025:11:48:18 -0600] "GET /meter133?info HTTP/1.1" 200 44513 "-" "Mozilla/5.0 AppleWebKit/537.36 (KHTML, like Gecko; compatible; GPTBot/1.2; +https://openai.com/gptbot)"
20.171.207.71 - - [27/Sep/2025:11:48:20 -0600] "GET /round130?info HTTP/1.1" 200 44513 "-" "Mozilla/5.0 AppleWebKit/537.36 (KHTML, like Gecko; compatible; GPTBot/1.2; +https://openai.com/gptbot)"
20.171.207.71 - - [27/Sep/2025:11:48:24 -0600] "GET /gas70?filesrc=//lib64/libtiff.so&path=//lib64 HTTP/1.1" 200 43847 "-" "Mozilla/5.0 AppleWebKit/537.36 (KHTML, like Gecko; compatible; GPTBot/1.2; +https://openai.com/gptbot)"
20.171.207.71 - - [27/Sep/2025:11:48:27 -0600] "GET /gas70?filesrc=//lib64/libxcb-dpms.so.0&path=//lib64 HTTP/1.1" 200 43853 "-" "Mozilla/5.0 AppleWebKit/537.36 (KHTML, like Gecko; compatible; GPTBot/1.2; +https://openai.com/gptbot)"
20.171.207.71 - - [27/Sep/2025:11:48:30 -0600] "GET /gas70?filesrc=//lib64/libgmp.so.10.3.2&path=//lib64 HTTP/1.1" 200 43853 "-" "Mozilla/5.0 AppleWebKit/537.36 (KHTML, like Gecko; compatible; GPTBot/1.2; +https://openai.com/gptbot)"
20.171.207.71 - - [27/Sep/2025:11:48:33 -0600] "GET /child202?info HTTP/1.1" 200 44513 "-" "Mozilla/5.0 AppleWebKit/537.36 (KHTML, like Gecko; compatible; GPTBot/1.2; +https://openai.com/gptbot)"
204.12.208.18 - - [27/Sep/2025:11:48:33 -0600] "GET /?sitemapindex.xml HTTP/1.1" 200 113563 "http://4pie.com.mx/?sitemapindex.xml" "Mozilla/5.0 (Macintosh; Intel Mac OS X 10_8) AppleWebKit/536.25 (KHTML, like Gecko) Version/6.0 Safari/536.25"
20.171.207.71 - - [27/Sep/2025:11:48:35 -0600] "GET /check227?info HTTP/1.1" 200 44513 "-" "Mozilla/5.0 AppleWebKit/537.36 (KHTML, like Gecko; compatible; GPTBot/1.2; +https://openai.com/gptbot)"
20.171.207.71 - - [27/Sep/2025:11:48:38 -0600] "GET /ego14?path=/ HTTP/1.1" 200 66420 "-" "Mozilla/5.0 AppleWebKit/537.36 (KHTML, like Gecko; compatible; GPTBot/1.2; +https://openai.com/gptbot)"
142.171.127.176 - - [27/Sep/2025:11:48:41 -0600] "POST /wp-cron.php?doing_wp_cron=1758995321.5947320461273193359375 HTTP/1.1" 403 23958 "-" "WordPress/6.8; https://4pie.com.mx"
20.171.207.71 - - [27/Sep/2025:11:48:40 -0600] "GET /?sitemap255.xml HTTP/1.1" 200 113561 "-" "Mozilla/5.0 AppleWebKit/537.36 (KHTML, like Gecko; compatible; GPTBot/1.2; +https://openai.com/gptbot)"
20.171.207.71 - - [27/Sep/2025:11:48:44 -0600] "GET /ah46?kg=22232 HTTP/1.1" 200 101413 "-" "Mozilla/5.0 AppleWebKit/537.36 (KHTML, like Gecko; compatible; GPTBot/1.2; +https://openai.com/gptbot)"
20.171.207.71 - - [27/Sep/2025:11:48:48 -0600] "GET /gas70?filesrc=//lib64/liblwres.so.161&path=//lib64 HTTP/1.1" 200 43852 "-" "Mozilla/5.0 AppleWebKit/537.36 (KHTML, like Gecko; compatible; GPTBot/1.2; +https://openai.com/gptbot)"
20.171.207.71 - - [27/Sep/2025:11:48:51 -0600] "GET /wp-content/plugins/h5jiz7ib/public/js/cf7-customizer-public.js?ver=1.0.01758995309 HTTP/1.1" 200 2498 "-" "Mozilla/5.0 AppleWebKit/537.36 (KHTML, like Gecko; compatible; GPTBot/1.2; +https://openai.com/gptbot)"
20.171.207.71 - - [27/Sep/2025:11:48:53 -0600] "GET /mount203?path=//var/www HTTP/1.1" 200 45968 "-" "Mozilla/5.0 AppleWebKit/537.36 (KHTML, like Gecko; compatible; GPTBot/1.2; +https://openai.com/gptbot)"
20.171.207.71 - - [27/Sep/2025:11:48:56 -0600] "GET /round130?path=//var/www HTTP/1.1" 200 45968 "-" "Mozilla/5.0 AppleWebKit/537.36 (KHTML, like Gecko; compatible; GPTBot/1.2; +https://openai.com/gptbot)"
116.203.243.67 - - [27/Sep/2025:11:48:56 -0600] "POST /wp-login.php HTTP/1.1" 200 62691 "http://4pie.com.mx" "Mozilla/5.0 (Macintosh; Intel Mac OS X 13_3) AppleWebKit/537.36 (KHTML, like Gecko) Chrome/126.0.0.0 Safari/537.36 Edg/126.0.0.0"
216.244.66.243 - - [27/Sep/2025:11:48:58 -0600] "GET /shopdetail/13147499.html HTTP/1.1" 200 101413 "-" "Mozilla/5.0 (compatible; DotBot/1.2; +https://opensiteexplorer.org/dotbot; help@moz.com)"
20.171.207.71 - - [27/Sep/2025:11:49:00 -0600] "GET /ego14?path=//boot HTTP/1.1" 200 60686 "-" "Mozilla/5.0 AppleWebKit/537.36 (KHTML, like Gecko; compatible; GPTBot/1.2; +https://openai.com/gptbot)"
20.171.207.71 - - [27/Sep/2025:11:49:03 -0600] "GET /tip33?path=//mnt HTTP/1.1" 200 44182 "-" "Mozilla/5.0 AppleWebKit/537.36 (KHTML, like Gecko; compatible; GPTBot/1.2; +https://openai.com/gptbot)"
20.171.207.71 - - [27/Sep/2025:11:49:06 -0600] "GET /tie34?filesrc=//lib64/libXinerama.so.1&path=//lib64 HTTP/1.1" 200 43853 "-" "Mozilla/5.0 AppleWebKit/537.36 (KHTML, like Gecko; compatible; GPTBot/1.2; +https://openai.com/gptbot)"
20.171.207.71 - - [27/Sep/2025:11:49:09 -0600] "GET /tie34?filesrc=//lib64/libseccomp.so.2.5.2&path=//lib64 HTTP/1.1" 200 43856 "-" "Mozilla/5.0 AppleWebKit/537.36 (KHTML, like Gecko; compatible; GPTBot/1.2; +https://openai.com/gptbot)"
20.171.207.71 - - [27/Sep/2025:11:49:11 -0600] "GET /tie34?filesrc=//lib64/libsss_certmap.so.0&path=//lib64 HTTP/1.1" 200 43856 "-" "Mozilla/5.0 AppleWebKit/537.36 (KHTML, like Gecko; compatible; GPTBot/1.2; +https://openai.com/gptbot)"
145.220.91.19 - - [27/Sep/2025:11:49:13 -0600] "GET / HTTP/1.1" 200 62660 "-" "Mozilla/5.0 (Macintosh; Intel Mac OS X 10.15; rv:122.0) Gecko/20100101 Firefox/122.0"
20.171.207.71 - - [27/Sep/2025:11:49:14 -0600] "GET /tie34?filesrc=//lib64/libodbcpsqlS.so&path=//lib64 HTTP/1.1" 200 43852 "-" "Mozilla/5.0 AppleWebKit/537.36 (KHTML, like Gecko; compatible; GPTBot/1.2; +https://openai.com/gptbot)"
20.171.207.71 - - [27/Sep/2025:11:49:17 -0600] "GET /tie34?path=//lib64/mysql HTTP/1.1" 200 51934 "-" "Mozilla/5.0 AppleWebKit/537.36 (KHTML, like Gecko; compatible; GPTBot/1.2; +https://openai.com/gptbot)"
20.171.207.71 - - [27/Sep/2025:11:49:20 -0600] "GET /tie34?filesrc=//lib64/libkadm5srv_mit.so&path=//lib64 HTTP/1.1" 200 43855 "-" "Mozilla/5.0 AppleWebKit/537.36 (KHTML, like Gecko; compatible; GPTBot/1.2; +https://openai.com/gptbot)"
20.171.207.71 - - [27/Sep/2025:11:49:24 -0600] "GET /tie34?path=//lib64/cmake HTTP/1.1" 200 45138 "-" "Mozilla/5.0 AppleWebKit/537.36 (KHTML, like Gecko; compatible; GPTBot/1.2; +https://openai.com/gptbot)"
20.171.207.71 - - [27/Sep/2025:11:49:27 -0600] "GET /tie34?filesrc=//lib64/libHalf.so.12.0.0&path=//lib64 HTTP/1.1" 200 43854 "-" "Mozilla/5.0 AppleWebKit/537.36 (KHTML, like Gecko; compatible; GPTBot/1.2; +https://openai.com/gptbot)"
20.171.207.71 - - [27/Sep/2025:11:49:30 -0600] "GET /ah46?path=/ HTTP/1.1" 200 66420 "-" "Mozilla/5.0 AppleWebKit/537.36 (KHTML, like Gecko; compatible; GPTBot/1.2; +https://openai.com/gptbot)"
20.171.207.71 - - [27/Sep/2025:11:49:33 -0600] "GET /tie34?filesrc=//lib64/cracklib_dict.pwd&path=//lib64 HTTP/1.1" 200 9093514 "-" "Mozilla/5.0 AppleWebKit/537.36 (KHTML, like Gecko; compatible; GPTBot/1.2; +https://openai.com/gptbot)"
20.171.207.71 - - [27/Sep/2025:11:49:35 -0600] "GET /ego14?path=//lib64 HTTP/1.1" 200 1240412 "-" "Mozilla/5.0 AppleWebKit/537.36 (KHTML, like Gecko; compatible; GPTBot/1.2; +https://openai.com/gptbot)"
20.171.207.71 - - [27/Sep/2025:11:49:38 -0600] "GET /high-tech68?kg=36760 HTTP/1.1" 200 101413 "-" "Mozilla/5.0 AppleWebKit/537.36 (KHTML, like Gecko; compatible; GPTBot/1.2; +https://openai.com/gptbot)"
20.171.207.71 - - [27/Sep/2025:11:49:40 -0600] "GET /79agsyj14620.html?info HTTP/1.1" 200 44513 "-" "Mozilla/5.0 AppleWebKit/537.36 (KHTML, like Gecko; compatible; GPTBot/1.2; +https://openai.com/gptbot)"
20.171.207.71 - - [27/Sep/2025:11:49:43 -0600] "GET /high-tech39?kg=23073 HTTP/1.1" 200 101413 "-" "Mozilla/5.0 AppleWebKit/537.36 (KHTML, like Gecko; compatible; GPTBot/1.2; +https://openai.com/gptbot)"
142.171.127.176 - - [27/Sep/2025:11:49:44 -0600] "POST /wp-cron.php?doing_wp_cron=1758995384.5843598842620849609375 HTTP/1.1" 403 23958 "-" "WordPress/6.8; https://4pie.com.mx"
20.171.207.71 - - [27/Sep/2025:11:49:47 -0600] "GET /16ezcjg25379.html?info HTTP/1.1" 200 44513 "-" "Mozilla/5.0 AppleWebKit/537.36 (KHTML, like Gecko; compatible; GPTBot/1.2; +https://openai.com/gptbot)"
20.171.207.71 - - [27/Sep/2025:11:49:49 -0600] "GET /20kyezx16849.html?info HTTP/1.1" 200 44513 "-" "Mozilla/5.0 AppleWebKit/537.36 (KHTML, like Gecko; compatible; GPTBot/1.2; +https://openai.com/gptbot)"
20.171.207.71 - - [27/Sep/2025:11:49:52 -0600] "GET /ah46?path=//lib64 HTTP/1.1" 200 1240412 "-" "Mozilla/5.0 AppleWebKit/537.36 (KHTML, like Gecko; compatible; GPTBot/1.2; +https://openai.com/gptbot)"
20.171.207.71 - - [27/Sep/2025:11:49:57 -0600] "GET /27zegps41658.html?info HTTP/1.1" 200 44513 "-" "Mozilla/5.0 AppleWebKit/537.36 (KHTML, like Gecko; compatible; GPTBot/1.2; +https://openai.com/gptbot)"
20.171.207.71 - - [27/Sep/2025:11:50:00 -0600] "GET /73suryk26058.html?info HTTP/1.1" 200 44513 "-" "Mozilla/5.0 AppleWebKit/537.36 (KHTML, like Gecko; compatible; GPTBot/1.2; +https://openai.com/gptbot)"
20.171.207.71 - - [27/Sep/2025:11:50:08 -0600] "GET /276dswej1549.html?info HTTP/1.1" 200 44513 "-" "Mozilla/5.0 AppleWebKit/537.36 (KHTML, like Gecko; compatible; GPTBot/1.2; +https://openai.com/gptbot)"
20.171.207.71 - - [27/Sep/2025:11:50:11 -0600] "GET /271juwab3856.html?info HTTP/1.1" 200 44513 "-" "Mozilla/5.0 AppleWebKit/537.36 (KHTML, like Gecko; compatible; GPTBot/1.2; +https://openai.com/gptbot)"
20.171.207.71 - - [27/Sep/2025:11:50:14 -0600] "GET /mode105?path=//bin HTTP/1.1" 200 1293310 "-" "Mozilla/5.0 AppleWebKit/537.36 (KHTML, like Gecko; compatible; GPTBot/1.2; +https://openai.com/gptbot)"
20.171.207.71 - - [27/Sep/2025:11:50:17 -0600] "GET /core285?path=//sbin HTTP/1.1" 200 574363 "-" "Mozilla/5.0 AppleWebKit/537.36 (KHTML, like Gecko; compatible; GPTBot/1.2; +https://openai.com/gptbot)"
20.171.207.71 - - [27/Sep/2025:11:50:22 -0600] "GET /route217?path=//lib HTTP/1.1" 200 77224 "-" "Mozilla/5.0 AppleWebKit/537.36 (KHTML, like Gecko; compatible; GPTBot/1.2; +https://openai.com/gptbot)"
20.171.207.71 - - [27/Sep/2025:11:50:25 -0600] "GET /98ykexc26537.html?info HTTP/1.1" 200 44513 "-" "Mozilla/5.0 AppleWebKit/537.36 (KHTML, like Gecko; compatible; GPTBot/1.2; +https://openai.com/gptbot)"
20.171.207.71 - - [27/Sep/2025:11:50:28 -0600] "GET /more259?path=//bin HTTP/1.1" 200 1293310 "-" "Mozilla/5.0 AppleWebKit/537.36 (KHTML, like Gecko; compatible; GPTBot/1.2; +https://openai.com/gptbot)"
20.171.207.71 - - [27/Sep/2025:11:50:31 -0600] "GET /ego14?filesrc=//lib64/libpsl.so.5.3.1&path=//lib64 HTTP/1.1" 200 43852 "-" "Mozilla/5.0 AppleWebKit/537.36 (KHTML, like Gecko; compatible; GPTBot/1.2; +https://openai.com/gptbot)"
20.171.207.71 - - [27/Sep/2025:11:50:35 -0600] "GET /ego14?filesrc=//lib64/libfribidi.so.0&path=//lib64 HTTP/1.1" 200 43852 "-" "Mozilla/5.0 AppleWebKit/537.36 (KHTML, like Gecko; compatible; GPTBot/1.2; +https://openai.com/gptbot)"
20.171.207.71 - - [27/Sep/2025:11:50:38 -0600] "GET /ego14?filesrc=//lib64/libmlx4.so.1&path=//lib64 HTTP/1.1" 200 43849 "-" "Mozilla/5.0 AppleWebKit/537.36 (KHTML, like Gecko; compatible; GPTBot/1.2; +https://openai.com/gptbot)"
20.171.207.71 - - [27/Sep/2025:11:50:41 -0600] "GET /much269?path=//sbin HTTP/1.1" 200 574363 "-" "Mozilla/5.0 AppleWebKit/537.36 (KHTML, like Gecko; compatible; GPTBot/1.2; +https://openai.com/gptbot)"
20.171.207.71 - - [27/Sep/2025:11:50:44 -0600] "GET /group267?path=//lib HTTP/1.1" 200 77224 "-" "Mozilla/5.0 AppleWebKit/537.36 (KHTML, like Gecko; compatible; GPTBot/1.2; +https://openai.com/gptbot)"
142.171.127.176 - - [27/Sep/2025:11:50:45 -0600] "POST /wp-cron.php?doing_wp_cron=1758995445.9628269672393798828125 HTTP/1.1" 403 23958 "-" "WordPress/6.8; https://4pie.com.mx"
20.171.207.71 - - [27/Sep/2025:11:50:49 -0600] "GET /ah46?filesrc=//lib64/.libssl.so.1.1.1k.hmac&path=//lib64 HTTP/1.1" 200 43924 "-" "Mozilla/5.0 AppleWebKit/537.36 (KHTML, like Gecko; compatible; GPTBot/1.2; +https://openai.com/gptbot)"
20.171.207.71 - - [27/Sep/2025:11:50:51 -0600] "GET /round130?path=//etc HTTP/1.1" 200 356569 "-" "Mozilla/5.0 AppleWebKit/537.36 (KHTML, like Gecko; compatible; GPTBot/1.2; +https://openai.com/gptbot)"
20.171.207.71 - - [27/Sep/2025:11:50:54 -0600] "GET /ah46?filesrc=//lib64/libcupsmime.so.1&path=//lib64 HTTP/1.1" 200 43853 "-" "Mozilla/5.0 AppleWebKit/537.36 (KHTML, like Gecko; compatible; GPTBot/1.2; +https://openai.com/gptbot)"
20.171.207.71 - - [27/Sep/2025:11:50:57 -0600] "GET /ah46?filesrc=//lib64/libpcre2-8.so.0&path=//lib64 HTTP/1.1" 200 43852 "-" "Mozilla/5.0 AppleWebKit/537.36 (KHTML, like Gecko; compatible; GPTBot/1.2; +https://openai.com/gptbot)"
20.171.207.71 - - [27/Sep/2025:11:51:01 -0600] "GET /ah46?filesrc=//lib64/libtss2-sys.so.0.0.0&path=//lib64 HTTP/1.1" 200 43857 "-" "Mozilla/5.0 AppleWebKit/537.36 (KHTML, like Gecko; compatible; GPTBot/1.2; +https://openai.com/gptbot)"
20.171.207.71 - - [27/Sep/2025:11:51:05 -0600] "GET /ah46?filesrc=//lib64/libunbound.so.2.7.18&path=//lib64 HTTP/1.1" 200 43857 "-" "Mozilla/5.0 AppleWebKit/537.36 (KHTML, like Gecko; compatible; GPTBot/1.2; +https://openai.com/gptbot)"
20.171.207.71 - - [27/Sep/2025:11:51:08 -0600] "GET /core285?path=//lib HTTP/1.1" 200 77224 "-" "Mozilla/5.0 AppleWebKit/537.36 (KHTML, like Gecko; compatible; GPTBot/1.2; +https://openai.com/gptbot)"
20.171.207.71 - - [27/Sep/2025:11:51:11 -0600] "GET /mode105?filesrc=//bin/tmon&path=//bin HTTP/1.1" 200 43829 "-" "Mozilla/5.0 AppleWebKit/537.36 (KHTML, like Gecko; compatible; GPTBot/1.2; +https://openai.com/gptbot)"
20.171.207.71 - - [27/Sep/2025:11:51:14 -0600] "GET /group267?path=//lib/modules-load.d HTTP/1.1" 200 44283 "-" "Mozilla/5.0 AppleWebKit/537.36 (KHTML, like Gecko; compatible; GPTBot/1.2; +https://openai.com/gptbot)"
20.171.207.71 - - [27/Sep/2025:11:51:16 -0600] "GET /mode105?filesrc=//bin/vdo-by-dev&path=//bin HTTP/1.1" 200 45770 "-" "Mozilla/5.0 AppleWebKit/537.36 (KHTML, like Gecko; compatible; GPTBot/1.2; +https://openai.com/gptbot)"
20.171.207.71 - - [27/Sep/2025:11:51:18 -0600] "GET /more259?filesrc=//bin/mysql_ssl_rsa_setup&path=//bin HTTP/1.1" 200 43844 "-" "Mozilla/5.0 AppleWebKit/537.36 (KHTML, like Gecko; compatible; GPTBot/1.2; +https://openai.com/gptbot)"
20.171.207.71 - - [27/Sep/2025:11:51:21 -0600] "GET /core285?filesrc=//sbin/thin_delta&path=//sbin HTTP/1.1" 200 43841 "-" "Mozilla/5.0 AppleWebKit/537.36 (KHTML, like Gecko; compatible; GPTBot/1.2; +https://openai.com/gptbot)"
20.171.207.71 - - [27/Sep/2025:11:51:24 -0600] "GET /more259?filesrc=//bin/sg_prevent&path=//bin HTTP/1.1" 200 43835 "-" "Mozilla/5.0 AppleWebKit/537.36 (KHTML, like Gecko; compatible; GPTBot/1.2; +https://openai.com/gptbot)"
20.171.207.71 - - [27/Sep/2025:11:51:28 -0600] "GET /mode105?filesrc=//bin/cpapi1&path=//bin HTTP/1.1" 200 43831 "-" "Mozilla/5.0 AppleWebKit/537.36 (KHTML, like Gecko; compatible; GPTBot/1.2; +https://openai.com/gptbot)"
20.171.207.71 - - [27/Sep/2025:11:51:32 -0600] "GET /more259?filesrc=//bin/sg_readcap&path=//bin HTTP/1.1" 200 43835 "-" "Mozilla/5.0 AppleWebKit/537.36 (KHTML, like Gecko; compatible; GPTBot/1.2; +https://openai.com/gptbot)"
20.171.207.71 - - [27/Sep/2025:11:51:36 -0600] "GET /mode105?filesrc=//bin/pkttyagent&path=//bin HTTP/1.1" 200 43835 "-" "Mozilla/5.0 AppleWebKit/537.36 (KHTML, like Gecko; compatible; GPTBot/1.2; +https://openai.com/gptbot)"
20.171.207.71 - - [27/Sep/2025:11:51:39 -0600] "GET /much269?filesrc=//sbin/fsck.fat&path=//sbin HTTP/1.1" 200 43839 "-" "Mozilla/5.0 AppleWebKit/537.36 (KHTML, like Gecko; compatible; GPTBot/1.2; +https://openai.com/gptbot)"
20.171.207.71 - - [27/Sep/2025:11:51:41 -0600] "GET /much269?filesrc=//sbin/thin_dump&path=//sbin HTTP/1.1" 200 43840 "-" "Mozilla/5.0 AppleWebKit/537.36 (KHTML, like Gecko; compatible; GPTBot/1.2; +https://openai.com/gptbot)"
20.171.207.71 - - [27/Sep/2025:11:51:44 -0600] "GET /round130?filesrc=//etc/almalinux-release-upstream&path=//etc HTTP/1.1" 200 43903 "-" "Mozilla/5.0 AppleWebKit/537.36 (KHTML, like Gecko; compatible; GPTBot/1.2; +https://openai.com/gptbot)"
20.171.207.71 - - [27/Sep/2025:11:51:46 -0600] "GET /round130?filesrc=//etc/exim.conf.local&path=//etc HTTP/1.1" 200 46280 "-" "Mozilla/5.0 AppleWebKit/537.36 (KHTML, like Gecko; compatible; GPTBot/1.2; +https://openai.com/gptbot)"
20.171.207.71 - - [27/Sep/2025:11:51:49 -0600] "GET /mode105?info HTTP/1.1" 200 44513 "-" "Mozilla/5.0 AppleWebKit/537.36 (KHTML, like Gecko; compatible; GPTBot/1.2; +https://openai.com/gptbot)"
20.171.207.71 - - [27/Sep/2025:11:51:51 -0600] "GET /much269?filesrc=//sbin/ebtables-restore&path=//sbin HTTP/1.1" 200 43847 "-" "Mozilla/5.0 AppleWebKit/537.36 (KHTML, like Gecko; compatible; GPTBot/1.2; +https://openai.com/gptbot)"
20.171.207.71 - - [27/Sep/2025:11:51:53 -0600] "GET /joke287?path=//bin HTTP/1.1" 200 1293310 "-" "Mozilla/5.0 AppleWebKit/537.36 (KHTML, like Gecko; compatible; GPTBot/1.2; +https://openai.com/gptbot)"
20.171.207.71 - - [27/Sep/2025:11:51:56 -0600] "GET /scary176?path=//bin HTTP/1.1" 200 1293310 "-" "Mozilla/5.0 AppleWebKit/537.36 (KHTML, like Gecko; compatible; GPTBot/1.2; +https://openai.com/gptbot)"
20.171.207.71 - - [27/Sep/2025:11:52:00 -0600] "GET /mode105?path=//srv HTTP/1.1" 200 44182 "-" "Mozilla/5.0 AppleWebKit/537.36 (KHTML, like Gecko; compatible; GPTBot/1.2; +https://openai.com/gptbot)"
20.171.207.71 - - [27/Sep/2025:11:52:04 -0600] "GET /scary176?path=//lib HTTP/1.1" 200 77224 "-" "Mozilla/5.0 AppleWebKit/537.36 (KHTML, like Gecko; compatible; GPTBot/1.2; +https://openai.com/gptbot)"
20.171.207.71 - - [27/Sep/2025:11:52:07 -0600] "GET /fame294?path=//sbin HTTP/1.1" 200 574363 "-" "Mozilla/5.0 AppleWebKit/537.36 (KHTML, like Gecko; compatible; GPTBot/1.2; +https://openai.com/gptbot)"
103.124.95.168 - - [27/Sep/2025:11:52:08 -0600] "POST /wp-login.php HTTP/1.1" 200 62691 "http://4pie.com.mx" "Mozilla/5.0 (Windows NT 10.0; Win64; x64) AppleWebKit/537.36 (KHTML, like Gecko) Chrome/126.0.0.0 Safari/537.36 Edg/126.0.0.0"
20.171.207.71 - - [27/Sep/2025:11:52:11 -0600] "GET /build159?path=//var HTTP/1.1" 200 67376 "-" "Mozilla/5.0 AppleWebKit/537.36 (KHTML, like Gecko; compatible; GPTBot/1.2; +https://openai.com/gptbot)"
20.171.207.71 - - [27/Sep/2025:11:52:13 -0600] "GET /joke287?path=//usr HTTP/1.1" 200 56357 "-" "Mozilla/5.0 AppleWebKit/537.36 (KHTML, like Gecko; compatible; GPTBot/1.2; +https://openai.com/gptbot)"
20.171.207.71 - - [27/Sep/2025:11:52:16 -0600] "GET /mount236?path=//srv HTTP/1.1" 200 44182 "-" "Mozilla/5.0 AppleWebKit/537.36 (KHTML, like Gecko; compatible; GPTBot/1.2; +https://openai.com/gptbot)"
20.171.207.71 - - [27/Sep/2025:11:52:19 -0600] "GET /rule193?path=//bin HTTP/1.1" 200 1293310 "-" "Mozilla/5.0 AppleWebKit/537.36 (KHTML, like Gecko; compatible; GPTBot/1.2; +https://openai.com/gptbot)"
20.171.207.71 - - [27/Sep/2025:11:52:21 -0600] "GET /money180?path=//srv HTTP/1.1" 200 44182 "-" "Mozilla/5.0 AppleWebKit/537.36 (KHTML, like Gecko; compatible; GPTBot/1.2; +https://openai.com/gptbot)"
20.171.207.71 - - [27/Sep/2025:11:52:25 -0600] "GET /block109?path=//mnt HTTP/1.1" 200 44182 "-" "Mozilla/5.0 AppleWebKit/537.36 (KHTML, like Gecko; compatible; GPTBot/1.2; +https://openai.com/gptbot)"
20.171.207.71 - - [27/Sep/2025:11:52:29 -0600] "GET /more259?path=//lib HTTP/1.1" 200 77224 "-" "Mozilla/5.0 AppleWebKit/537.36 (KHTML, like Gecko; compatible; GPTBot/1.2; +https://openai.com/gptbot)"
20.171.207.71 - - [27/Sep/2025:11:52:33 -0600] "GET /buddy105?path=//srv HTTP/1.1" 200 44182 "-" "Mozilla/5.0 AppleWebKit/537.36 (KHTML, like Gecko; compatible; GPTBot/1.2; +https://openai.com/gptbot)"
20.171.207.71 - - [27/Sep/2025:11:52:36 -0600] "GET /build159?path=//var/cache HTTP/1.1" 200 53991 "-" "Mozilla/5.0 AppleWebKit/537.36 (KHTML, like Gecko; compatible; GPTBot/1.2; +https://openai.com/gptbot)"
20.171.207.71 - - [27/Sep/2025:11:52:40 -0600] "GET /money180?path=//run HTTP/1.1" 200 129881 "-" "Mozilla/5.0 AppleWebKit/537.36 (KHTML, like Gecko; compatible; GPTBot/1.2; +https://openai.com/gptbot)"
20.171.207.71 - - [27/Sep/2025:11:52:43 -0600] "GET /rule193?path=//sbin HTTP/1.1" 200 574363 "-" "Mozilla/5.0 AppleWebKit/537.36 (KHTML, like Gecko; compatible; GPTBot/1.2; +https://openai.com/gptbot)"
142.171.127.176 - - [27/Sep/2025:11:52:47 -0600] "POST /wp-cron.php?doing_wp_cron=1758995567.0787339210510253906250 HTTP/1.1" 403 62691 "-" "WordPress/6.8; https://4pie.com.mx"
20.171.207.71 - - [27/Sep/2025:11:52:46 -0600] "GET /joke287?filesrc=//bin/gvmap.sh&path=//bin HTTP/1.1" 200 46226 "-" "Mozilla/5.0 AppleWebKit/537.36 (KHTML, like Gecko; compatible; GPTBot/1.2; +https://openai.com/gptbot)"
20.171.207.71 - - [27/Sep/2025:11:52:49 -0600] "GET /joke287?filesrc=//bin/tcptraceroute&path=//bin HTTP/1.1" 200 45659 "-" "Mozilla/5.0 AppleWebKit/537.36 (KHTML, like Gecko; compatible; GPTBot/1.2; +https://openai.com/gptbot)"
20.171.207.71 - - [27/Sep/2025:11:52:51 -0600] "GET /scary176?filesrc=//bin/scsi-rescan&path=//bin HTTP/1.1" 200 88175 "-" "Mozilla/5.0 AppleWebKit/537.36 (KHTML, like Gecko; compatible; GPTBot/1.2; +https://openai.com/gptbot)"
20.171.207.71 - - [27/Sep/2025:11:52:54 -0600] "GET /scary176?filesrc=//bin/sha512hmac&path=//bin HTTP/1.1" 200 43835 "-" "Mozilla/5.0 AppleWebKit/537.36 (KHTML, like Gecko; compatible; GPTBot/1.2; +https://openai.com/gptbot)"
20.171.207.71 - - [27/Sep/2025:11:52:56 -0600] "GET /fame294?filesrc=//sbin/vigr&path=//sbin HTTP/1.1" 200 43835 "-" "Mozilla/5.0 AppleWebKit/537.36 (KHTML, like Gecko; compatible; GPTBot/1.2; +https://openai.com/gptbot)"
20.171.207.71 - - [27/Sep/2025:11:52:59 -0600] "GET /scary176?filesrc=//bin/gpgv2&path=//bin HTTP/1.1" 200 43830 "-" "Mozilla/5.0 AppleWebKit/537.36 (KHTML, like Gecko; compatible; GPTBot/1.2; +https://openai.com/gptbot)"
20.171.207.71 - - [27/Sep/2025:11:53:02 -0600] "GET /elbow291?path=//srv HTTP/1.1" 200 44182 "-" "Mozilla/5.0 AppleWebKit/537.36 (KHTML, like Gecko; compatible; GPTBot/1.2; +https://openai.com/gptbot)"
20.171.207.71 - - [27/Sep/2025:11:53:05 -0600] "GET /joke287?filesrc=//bin/cpapi2&path=//bin HTTP/1.1" 200 43831 "-" "Mozilla/5.0 AppleWebKit/537.36 (KHTML, like Gecko; compatible; GPTBot/1.2; +https://openai.com/gptbot)"
20.171.207.71 - - [27/Sep/2025:11:53:09 -0600] "GET /scary176?filesrc=//bin/mcpp&path=//bin HTTP/1.1" 200 43829 "-" "Mozilla/5.0 AppleWebKit/537.36 (KHTML, like Gecko; compatible; GPTBot/1.2; +https://openai.com/gptbot)"
20.171.207.71 - - [27/Sep/2025:11:53:12 -0600] "GET /joke287?filesrc=//bin/sg_rtpg&path=//bin HTTP/1.1" 200 43832 "-" "Mozilla/5.0 AppleWebKit/537.36 (KHTML, like Gecko; compatible; GPTBot/1.2; +https://openai.com/gptbot)"
20.171.207.71 - - [27/Sep/2025:11:53:15 -0600] "GET /rule193?filesrc=//bin/sg_copy_results&path=//bin HTTP/1.1" 200 43840 "-" "Mozilla/5.0 AppleWebKit/537.36 (KHTML, like Gecko; compatible; GPTBot/1.2; +https://openai.com/gptbot)"
20.171.207.71 - - [27/Sep/2025:11:53:18 -0600] "GET /joke287?filesrc=//bin/easy_install-3&path=//bin HTTP/1.1" 200 44085 "-" "Mozilla/5.0 AppleWebKit/537.36 (KHTML, like Gecko; compatible; GPTBot/1.2; +https://openai.com/gptbot)"
20.171.207.71 - - [27/Sep/2025:11:53:20 -0600] "GET /scary176?filesrc=//bin/zipsplit&path=//bin HTTP/1.1" 200 43833 "-" "Mozilla/5.0 AppleWebKit/537.36 (KHTML, like Gecko; compatible; GPTBot/1.2; +https://openai.com/gptbot)"
20.171.207.71 - - [27/Sep/2025:11:53:22 -0600] "GET /fame294?filesrc=//sbin/grubby&path=//sbin HTTP/1.1" 200 44133 "-" "Mozilla/5.0 AppleWebKit/537.36 (KHTML, like Gecko; compatible; GPTBot/1.2; +https://openai.com/gptbot)"
20.171.207.71 - - [27/Sep/2025:11:53:25 -0600] "GET /more259?path=//lib/tmpfiles.d HTTP/1.1" 200 78949 "-" "Mozilla/5.0 AppleWebKit/537.36 (KHTML, like Gecko; compatible; GPTBot/1.2; +https://openai.com/gptbot)"
20.171.207.71 - - [27/Sep/2025:11:53:28 -0600] "GET /fame294?filesrc=//sbin/sw-engine-fpm&path=//sbin HTTP/1.1" 200 43844 "-" "Mozilla/5.0 AppleWebKit/537.36 (KHTML, like Gecko; compatible; GPTBot/1.2; +https://openai.com/gptbot)"
20.171.207.71 - - [27/Sep/2025:11:53:30 -0600] "GET /joke287?filesrc=//bin/unalias&path=//bin HTTP/1.1" 200 43873 "-" "Mozilla/5.0 AppleWebKit/537.36 (KHTML, like Gecko; compatible; GPTBot/1.2; +https://openai.com/gptbot)"
20.171.207.71 - - [27/Sep/2025:11:53:33 -0600] "GET /rule193?filesrc=//sbin/suphp&path=//sbin HTTP/1.1" 200 43836 "-" "Mozilla/5.0 AppleWebKit/537.36 (KHTML, like Gecko; compatible; GPTBot/1.2; +https://openai.com/gptbot)"
20.171.207.71 - - [27/Sep/2025:11:53:35 -0600] "GET /rule193?filesrc=//bin/automake-1.16&path=//bin HTTP/1.1" 200 311811 "-" "Mozilla/5.0 AppleWebKit/537.36 (KHTML, like Gecko; compatible; GPTBot/1.2; +https://openai.com/gptbot)"
20.171.207.71 - - [27/Sep/2025:11:53:39 -0600] "GET /block109?path=//sys HTTP/1.1" 200 53618 "-" "Mozilla/5.0 AppleWebKit/537.36 (KHTML, like Gecko; compatible; GPTBot/1.2; +https://openai.com/gptbot)"
20.171.207.71 - - [27/Sep/2025:11:53:42 -0600] "GET /mode105?path=//usr HTTP/1.1" 200 56357 "-" "Mozilla/5.0 AppleWebKit/537.36 (KHTML, like Gecko; compatible; GPTBot/1.2; +https://openai.com/gptbot)"
20.171.207.71 - - [27/Sep/2025:11:53:45 -0600] "GET /money180?path=//var HTTP/1.1" 200 67376 "-" "Mozilla/5.0 AppleWebKit/537.36 (KHTML, like Gecko; compatible; GPTBot/1.2; +https://openai.com/gptbot)"
20.171.207.71 - - [27/Sep/2025:11:53:48 -0600] "GET /build159?path=//srv HTTP/1.1" 200 44182 "-" "Mozilla/5.0 AppleWebKit/537.36 (KHTML, like Gecko; compatible; GPTBot/1.2; +https://openai.com/gptbot)"
20.171.207.71 - - [27/Sep/2025:11:53:51 -0600] "GET /round130?path=//sys HTTP/1.1" 200 53618 "-" "Mozilla/5.0 AppleWebKit/537.36 (KHTML, like Gecko; compatible; GPTBot/1.2; +https://openai.com/gptbot)"
20.171.207.71 - - [27/Sep/2025:11:53:55 -0600] "GET /mode105?path=//run HTTP/1.1" 200 129881 "-" "Mozilla/5.0 AppleWebKit/537.36 (KHTML, like Gecko; compatible; GPTBot/1.2; +https://openai.com/gptbot)"
20.171.207.71 - - [27/Sep/2025:11:53:56 -0600] "GET /round130?path=//bin HTTP/1.1" 200 1293310 "-" "Mozilla/5.0 AppleWebKit/537.36 (KHTML, like Gecko; compatible; GPTBot/1.2; +https://openai.com/gptbot)"
20.171.207.71 - - [27/Sep/2025:11:53:59 -0600] "GET /mode105?path=//sbin HTTP/1.1" 200 574363 "-" "Mozilla/5.0 AppleWebKit/537.36 (KHTML, like Gecko; compatible; GPTBot/1.2; +https://openai.com/gptbot)"
20.171.207.71 - - [27/Sep/2025:11:54:01 -0600] "GET /blond261?path=//usr HTTP/1.1" 200 56357 "-" "Mozilla/5.0 AppleWebKit/537.36 (KHTML, like Gecko; compatible; GPTBot/1.2; +https://openai.com/gptbot)"
20.171.207.71 - - [27/Sep/2025:11:54:04 -0600] "GET /join137?path=//srv HTTP/1.1" 200 44182 "-" "Mozilla/5.0 AppleWebKit/537.36 (KHTML, like Gecko; compatible; GPTBot/1.2; +https://openai.com/gptbot)"
20.171.207.71 - - [27/Sep/2025:11:54:07 -0600] "GET /money180?path=//lib HTTP/1.1" 200 77224 "-" "Mozilla/5.0 AppleWebKit/537.36 (KHTML, like Gecko; compatible; GPTBot/1.2; +https://openai.com/gptbot)"
20.171.207.71 - - [27/Sep/2025:11:54:10 -0600] "GET /mount236?path=//lib HTTP/1.1" 200 77224 "-" "Mozilla/5.0 AppleWebKit/537.36 (KHTML, like Gecko; compatible; GPTBot/1.2; +https://openai.com/gptbot)"
20.171.207.71 - - [27/Sep/2025:11:54:13 -0600] "GET /long164?path=//srv HTTP/1.1" 200 44182 "-" "Mozilla/5.0 AppleWebKit/537.36 (KHTML, like Gecko; compatible; GPTBot/1.2; +https://openai.com/gptbot)"
20.171.207.71 - - [27/Sep/2025:11:54:17 -0600] "GET /joke287?path=//sbin HTTP/1.1" 200 574363 "-" "Mozilla/5.0 AppleWebKit/537.36 (KHTML, like Gecko; compatible; GPTBot/1.2; +https://openai.com/gptbot)"
20.171.207.71 - - [27/Sep/2025:11:54:20 -0600] "GET /ego14?info HTTP/1.1" 200 44513 "-" "Mozilla/5.0 AppleWebKit/537.36 (KHTML, like Gecko; compatible; GPTBot/1.2; +https://openai.com/gptbot)"
20.171.207.71 - - [27/Sep/2025:11:54:23 -0600] "GET /block109?path=//usr HTTP/1.1" 200 56357 "-" "Mozilla/5.0 AppleWebKit/537.36 (KHTML, like Gecko; compatible; GPTBot/1.2; +https://openai.com/gptbot)"
20.171.207.71 - - [27/Sep/2025:11:54:26 -0600] "GET /novel252?path=//usr HTTP/1.1" 200 56357 "-" "Mozilla/5.0 AppleWebKit/537.36 (KHTML, like Gecko; compatible; GPTBot/1.2; +https://openai.com/gptbot)"
20.171.207.71 - - [27/Sep/2025:11:54:29 -0600] "GET /money180?path=//lib/modules-load.d HTTP/1.1" 200 44283 "-" "Mozilla/5.0 AppleWebKit/537.36 (KHTML, like Gecko; compatible; GPTBot/1.2; +https://openai.com/gptbot)"
20.171.207.71 - - [27/Sep/2025:11:54:32 -0600] "GET /mode105?path=//lib HTTP/1.1" 200 77224 "-" "Mozilla/5.0 AppleWebKit/537.36 (KHTML, like Gecko; compatible; GPTBot/1.2; +https://openai.com/gptbot)"
20.171.207.71 - - [27/Sep/2025:11:54:34 -0600] "GET /joke287?path=//srv HTTP/1.1" 200 44182 "-" "Mozilla/5.0 AppleWebKit/537.36 (KHTML, like Gecko; compatible; GPTBot/1.2; +https://openai.com/gptbot)"
20.171.207.71 - - [27/Sep/2025:11:54:37 -0600] "GET /wp-content/plugins/h5jiz7ib/public/js/cf7-customizer-public.js?ver=1.0.01758995645 HTTP/1.1" 200 2498 "-" "Mozilla/5.0 AppleWebKit/537.36 (KHTML, like Gecko; compatible; GPTBot/1.2; +https://openai.com/gptbot)"
20.171.207.71 - - [27/Sep/2025:11:54:38 -0600] "GET /more259?path=//sbin HTTP/1.1" 200 574363 "-" "Mozilla/5.0 AppleWebKit/537.36 (KHTML, like Gecko; compatible; GPTBot/1.2; +https://openai.com/gptbot)"
