20.171.207.59 - - [27/Sep/2025:21:25:56 -0600] "GET /156crwnc33687.html HTTP/1.1" 404 71749 "-" "Mozilla/5.0 AppleWebKit/537.36 (KHTML, like Gecko; compatible; GPTBot/1.2; +https://openai.com/gptbot)"
20.171.207.59 - - [27/Sep/2025:21:25:58 -0600] "GET /224moxca11733.html HTTP/1.1" 404 101413 "-" "Mozilla/5.0 AppleWebKit/537.36 (KHTML, like Gecko; compatible; GPTBot/1.2; +https://openai.com/gptbot)"
20.171.207.59 - - [27/Sep/2025:21:26:04 -0600] "GET /263mlnil20498.html HTTP/1.1" 200 101413 "-" "Mozilla/5.0 AppleWebKit/537.36 (KHTML, like Gecko; compatible; GPTBot/1.2; +https://openai.com/gptbot)"
20.171.207.59 - - [27/Sep/2025:21:26:08 -0600] "GET /259neyqb26730.html HTTP/1.1" 404 101413 "-" "Mozilla/5.0 AppleWebKit/537.36 (KHTML, like Gecko; compatible; GPTBot/1.2; +https://openai.com/gptbot)"
20.171.207.59 - - [27/Sep/2025:21:26:10 -0600] "GET /120luyse24015.html HTTP/1.1" 200 101413 "-" "Mozilla/5.0 AppleWebKit/537.36 (KHTML, like Gecko; compatible; GPTBot/1.2; +https://openai.com/gptbot)"
20.171.207.59 - - [27/Sep/2025:21:26:18 -0600] "GET /225wwzwi48340.html HTTP/1.1" 404 71749 "-" "Mozilla/5.0 AppleWebKit/537.36 (KHTML, like Gecko; compatible; GPTBot/1.2; +https://openai.com/gptbot)"
20.171.207.59 - - [27/Sep/2025:21:26:21 -0600] "GET /293secqj45638.html HTTP/1.1" 404 71749 "-" "Mozilla/5.0 AppleWebKit/537.36 (KHTML, like Gecko; compatible; GPTBot/1.2; +https://openai.com/gptbot)"
20.171.207.59 - - [27/Sep/2025:21:26:24 -0600] "GET /257pogza18564.html HTTP/1.1" 404 71749 "-" "Mozilla/5.0 AppleWebKit/537.36 (KHTML, like Gecko; compatible; GPTBot/1.2; +https://openai.com/gptbot)"
20.171.207.59 - - [27/Sep/2025:21:26:27 -0600] "GET /197nxydu38530.html HTTP/1.1" 404 71749 "-" "Mozilla/5.0 AppleWebKit/537.36 (KHTML, like Gecko; compatible; GPTBot/1.2; +https://openai.com/gptbot)"
20.171.207.59 - - [27/Sep/2025:21:26:33 -0600] "GET /141pxcjx20146.html HTTP/1.1" 404 101413 "-" "Mozilla/5.0 AppleWebKit/537.36 (KHTML, like Gecko; compatible; GPTBot/1.2; +https://openai.com/gptbot)"
20.171.207.59 - - [27/Sep/2025:21:26:37 -0600] "GET /203oleqb18602.html HTTP/1.1" 200 101413 "-" "Mozilla/5.0 AppleWebKit/537.36 (KHTML, like Gecko; compatible; GPTBot/1.2; +https://openai.com/gptbot)"
20.171.207.59 - - [27/Sep/2025:21:26:39 -0600] "GET /278rtwjs10817.html HTTP/1.1" 200 101413 "-" "Mozilla/5.0 AppleWebKit/537.36 (KHTML, like Gecko; compatible; GPTBot/1.2; +https://openai.com/gptbot)"
20.171.207.59 - - [27/Sep/2025:21:26:41 -0600] "GET /175wgvbz39936.html HTTP/1.1" 404 101412 "-" "Mozilla/5.0 AppleWebKit/537.36 (KHTML, like Gecko; compatible; GPTBot/1.2; +https://openai.com/gptbot)"
20.171.207.59 - - [27/Sep/2025:21:26:48 -0600] "GET /163vsvvc10024.html HTTP/1.1" 200 101412 "-" "Mozilla/5.0 AppleWebKit/537.36 (KHTML, like Gecko; compatible; GPTBot/1.2; +https://openai.com/gptbot)"
20.171.207.59 - - [27/Sep/2025:21:26:52 -0600] "GET /247jmseq28348.html HTTP/1.1" 404 71749 "-" "Mozilla/5.0 AppleWebKit/537.36 (KHTML, like Gecko; compatible; GPTBot/1.2; +https://openai.com/gptbot)"
20.171.207.59 - - [27/Sep/2025:21:26:56 -0600] "GET /137rdlxo32590.html HTTP/1.1" 404 101413 "-" "Mozilla/5.0 AppleWebKit/537.36 (KHTML, like Gecko; compatible; GPTBot/1.2; +https://openai.com/gptbot)"
20.171.207.59 - - [27/Sep/2025:21:27:04 -0600] "GET /163cnurp32834.html HTTP/1.1" 200 101413 "-" "Mozilla/5.0 AppleWebKit/537.36 (KHTML, like Gecko; compatible; GPTBot/1.2; +https://openai.com/gptbot)"
20.171.207.59 - - [27/Sep/2025:21:27:07 -0600] "GET /120luyse24015.html?aksi=buatfolder&path=/home/tsgmexic/4pie.com.mx HTTP/1.1" 404 44236 "-" "Mozilla/5.0 AppleWebKit/537.36 (KHTML, like Gecko; compatible; GPTBot/1.2; +https://openai.com/gptbot)"
20.171.207.59 - - [27/Sep/2025:21:27:09 -0600] "GET /224zdezw20543.html HTTP/1.1" 404 71749 "-" "Mozilla/5.0 AppleWebKit/537.36 (KHTML, like Gecko; compatible; GPTBot/1.2; +https://openai.com/gptbot)"
20.171.207.59 - - [27/Sep/2025:21:27:12 -0600] "GET /277kwybs15844.html HTTP/1.1" 404 71749 "-" "Mozilla/5.0 AppleWebKit/537.36 (KHTML, like Gecko; compatible; GPTBot/1.2; +https://openai.com/gptbot)"
173.208.176.202 - - [27/Sep/2025:21:25:50 -0600] "GET /wp-content/install.php?id=460768 HTTP/1.1" 200 - "-" "GuzzleHttp/7"
20.171.207.59 - - [27/Sep/2025:21:27:18 -0600] "GET /163vsvvc10024.html?filesrc=/home/tsgmexic/4pie.com.mx/awf.txt&path=/home/tsgmexic/4pie.com.mx HTTP/1.1" 200 44021 "-" "Mozilla/5.0 AppleWebKit/537.36 (KHTML, like Gecko; compatible; GPTBot/1.2; +https://openai.com/gptbot)"
20.171.207.59 - - [27/Sep/2025:21:27:21 -0600] "GET /169xkypf44806.html HTTP/1.1" 404 101413 "-" "Mozilla/5.0 AppleWebKit/537.36 (KHTML, like Gecko; compatible; GPTBot/1.2; +https://openai.com/gptbot)"
20.171.207.59 - - [27/Sep/2025:21:27:25 -0600] "GET /196gqnef31639.html HTTP/1.1" 404 101413 "-" "Mozilla/5.0 AppleWebKit/537.36 (KHTML, like Gecko; compatible; GPTBot/1.2; +https://openai.com/gptbot)"
20.171.207.59 - - [27/Sep/2025:21:27:29 -0600] "GET /102vdapm28337.html HTTP/1.1" 404 71749 "-" "Mozilla/5.0 AppleWebKit/537.36 (KHTML, like Gecko; compatible; GPTBot/1.2; +https://openai.com/gptbot)"
204.12.208.18 - - [27/Sep/2025:21:27:31 -0600] "GET /?sitemapindex.xml HTTP/1.1" 200 113563 "http://4pie.com.mx/?sitemapindex.xml" "Mozilla/5.0 (Macintosh; U; Intel Mac OS X; ja-jp) AppleWebKit/523.10.3 (KHTML, like Gecko) Version/3.0.4 Safari/523.10"
20.171.207.59 - - [27/Sep/2025:21:27:35 -0600] "GET /143pkhij45118.html HTTP/1.1" 404 101413 "-" "Mozilla/5.0 AppleWebKit/537.36 (KHTML, like Gecko; compatible; GPTBot/1.2; +https://openai.com/gptbot)"
20.171.207.59 - - [27/Sep/2025:21:27:39 -0600] "GET /294iwayh36091.html HTTP/1.1" 404 71749 "-" "Mozilla/5.0 AppleWebKit/537.36 (KHTML, like Gecko; compatible; GPTBot/1.2; +https://openai.com/gptbot)"
20.171.207.59 - - [27/Sep/2025:21:27:41 -0600] "GET /wp-content/plugins/h5jiz7ib/public/js/cf7-customizer-public.js?ver=1.0.01759030040 HTTP/1.1" 200 2498 "-" "Mozilla/5.0 AppleWebKit/537.36 (KHTML, like Gecko; compatible; GPTBot/1.2; +https://openai.com/gptbot)"
20.171.207.59 - - [27/Sep/2025:21:27:41 -0600] "GET /204uauvp38605.html HTTP/1.1" 404 71749 "-" "Mozilla/5.0 AppleWebKit/537.36 (KHTML, like Gecko; compatible; GPTBot/1.2; +https://openai.com/gptbot)"
20.171.207.59 - - [27/Sep/2025:21:27:43 -0600] "GET /258evfxh25213.html HTTP/1.1" 404 101413 "-" "Mozilla/5.0 AppleWebKit/537.36 (KHTML, like Gecko; compatible; GPTBot/1.2; +https://openai.com/gptbot)"
20.171.207.59 - - [27/Sep/2025:21:27:49 -0600] "GET /129vqygo17502.html HTTP/1.1" 404 101413 "-" "Mozilla/5.0 AppleWebKit/537.36 (KHTML, like Gecko; compatible; GPTBot/1.2; +https://openai.com/gptbot)"
20.171.207.59 - - [27/Sep/2025:21:27:52 -0600] "GET /161ssmwh24938.html HTTP/1.1" 200 101413 "-" "Mozilla/5.0 AppleWebKit/537.36 (KHTML, like Gecko; compatible; GPTBot/1.2; +https://openai.com/gptbot)"
20.171.207.59 - - [27/Sep/2025:21:27:56 -0600] "GET /214afbdn12859.html HTTP/1.1" 404 101413 "-" "Mozilla/5.0 AppleWebKit/537.36 (KHTML, like Gecko; compatible; GPTBot/1.2; +https://openai.com/gptbot)"
20.171.207.59 - - [27/Sep/2025:21:27:59 -0600] "GET /109rfola19452.html HTTP/1.1" 404 101413 "-" "Mozilla/5.0 AppleWebKit/537.36 (KHTML, like Gecko; compatible; GPTBot/1.2; +https://openai.com/gptbot)"
20.171.207.59 - - [27/Sep/2025:21:28:05 -0600] "GET /287eiaxt34410.html HTTP/1.1" 404 71749 "-" "Mozilla/5.0 AppleWebKit/537.36 (KHTML, like Gecko; compatible; GPTBot/1.2; +https://openai.com/gptbot)"
20.171.207.59 - - [27/Sep/2025:21:28:09 -0600] "GET /189msfbu15020.html HTTP/1.1" 200 101413 "-" "Mozilla/5.0 AppleWebKit/537.36 (KHTML, like Gecko; compatible; GPTBot/1.2; +https://openai.com/gptbot)"
20.171.207.59 - - [27/Sep/2025:21:28:11 -0600] "GET /223ewtjz37178.html HTTP/1.1" 404 101413 "-" "Mozilla/5.0 AppleWebKit/537.36 (KHTML, like Gecko; compatible; GPTBot/1.2; +https://openai.com/gptbot)"
20.171.207.59 - - [27/Sep/2025:21:28:14 -0600] "GET /106ncpyb18073.html HTTP/1.1" 404 71749 "-" "Mozilla/5.0 AppleWebKit/537.36 (KHTML, like Gecko; compatible; GPTBot/1.2; +https://openai.com/gptbot)"
20.171.207.59 - - [27/Sep/2025:21:28:19 -0600] "GET /180ryohf14871.html HTTP/1.1" 404 71749 "-" "Mozilla/5.0 AppleWebKit/537.36 (KHTML, like Gecko; compatible; GPTBot/1.2; +https://openai.com/gptbot)"
20.171.207.59 - - [27/Sep/2025:21:28:22 -0600] "GET /172rsmtu48575.html HTTP/1.1" 404 71749 "-" "Mozilla/5.0 AppleWebKit/537.36 (KHTML, like Gecko; compatible; GPTBot/1.2; +https://openai.com/gptbot)"
20.171.207.59 - - [27/Sep/2025:21:28:25 -0600] "GET /219jcwyo22302.html HTTP/1.1" 404 101413 "-" "Mozilla/5.0 AppleWebKit/537.36 (KHTML, like Gecko; compatible; GPTBot/1.2; +https://openai.com/gptbot)"
20.171.207.59 - - [27/Sep/2025:21:28:28 -0600] "GET /245tqkfx25370.html HTTP/1.1" 200 101413 "-" "Mozilla/5.0 AppleWebKit/537.36 (KHTML, like Gecko; compatible; GPTBot/1.2; +https://openai.com/gptbot)"
20.171.207.59 - - [27/Sep/2025:21:28:35 -0600] "GET /192mxxsu1439.html HTTP/1.1" 200 101412 "-" "Mozilla/5.0 AppleWebKit/537.36 (KHTML, like Gecko; compatible; GPTBot/1.2; +https://openai.com/gptbot)"
20.171.207.59 - - [27/Sep/2025:21:28:39 -0600] "GET /68bifvg18889.html HTTP/1.1" 404 71749 "-" "Mozilla/5.0 AppleWebKit/537.36 (KHTML, like Gecko; compatible; GPTBot/1.2; +https://openai.com/gptbot)"
20.171.207.59 - - [27/Sep/2025:21:28:42 -0600] "GET /60xqxmu28685.html HTTP/1.1" 404 101413 "-" "Mozilla/5.0 AppleWebKit/537.36 (KHTML, like Gecko; compatible; GPTBot/1.2; +https://openai.com/gptbot)"
173.208.176.202 - - [27/Sep/2025:21:27:18 -0600] "GET /wp-content/install.php?id=460768 HTTP/1.1" 200 - "-" "GuzzleHttp/7"
20.171.207.59 - - [27/Sep/2025:21:28:45 -0600] "GET /84pfwpt17545.html HTTP/1.1" 200 101386 "-" "Mozilla/5.0 AppleWebKit/537.36 (KHTML, like Gecko; compatible; GPTBot/1.2; +https://openai.com/gptbot)"
142.171.127.176 - - [27/Sep/2025:21:28:47 -0600] "POST /wp-cron.php?doing_wp_cron=1759030127.9046490192413330078125 HTTP/1.1" 403 23958 "-" "WordPress/6.8; https://4pie.com.mx"
20.171.207.59 - - [27/Sep/2025:21:28:53 -0600] "GET /212ayqcq7997.html HTTP/1.1" 404 71749 "-" "Mozilla/5.0 AppleWebKit/537.36 (KHTML, like Gecko; compatible; GPTBot/1.2; +https://openai.com/gptbot)"
20.171.207.59 - - [27/Sep/2025:21:28:55 -0600] "GET /11zhjvk43488.html HTTP/1.1" 200 101413 "-" "Mozilla/5.0 AppleWebKit/537.36 (KHTML, like Gecko; compatible; GPTBot/1.2; +https://openai.com/gptbot)"
20.171.207.59 - - [27/Sep/2025:21:28:58 -0600] "GET /192mxxsu1439.html?keluar=true HTTP/1.1" 404 101413 "-" "Mozilla/5.0 AppleWebKit/537.36 (KHTML, like Gecko; compatible; GPTBot/1.2; +https://openai.com/gptbot)"
20.171.207.59 - - [27/Sep/2025:21:29:01 -0600] "GET /33hdtsw46806.html HTTP/1.1" 404 71749 "-" "Mozilla/5.0 AppleWebKit/537.36 (KHTML, like Gecko; compatible; GPTBot/1.2; +https://openai.com/gptbot)"
20.171.207.59 - - [27/Sep/2025:21:29:09 -0600] "GET /55zztja38306.html HTTP/1.1" 200 101413 "-" "Mozilla/5.0 AppleWebKit/537.36 (KHTML, like Gecko; compatible; GPTBot/1.2; +https://openai.com/gptbot)"
20.171.207.59 - - [27/Sep/2025:21:29:12 -0600] "GET /96limbj32953.html HTTP/1.1" 404 101413 "-" "Mozilla/5.0 AppleWebKit/537.36 (KHTML, like Gecko; compatible; GPTBot/1.2; +https://openai.com/gptbot)"
20.171.207.59 - - [27/Sep/2025:21:29:14 -0600] "GET /12seylk38213.html HTTP/1.1" 404 71749 "-" "Mozilla/5.0 AppleWebKit/537.36 (KHTML, like Gecko; compatible; GPTBot/1.2; +https://openai.com/gptbot)"
20.171.207.59 - - [27/Sep/2025:21:29:17 -0600] "GET /39hktuk17660.html HTTP/1.1" 404 101413 "-" "Mozilla/5.0 AppleWebKit/537.36 (KHTML, like Gecko; compatible; GPTBot/1.2; +https://openai.com/gptbot)"
20.171.207.59 - - [27/Sep/2025:21:29:23 -0600] "GET /205olpqo2466.html HTTP/1.1" 200 101413 "-" "Mozilla/5.0 AppleWebKit/537.36 (KHTML, like Gecko; compatible; GPTBot/1.2; +https://openai.com/gptbot)"
20.171.207.59 - - [27/Sep/2025:21:29:28 -0600] "GET /99xvtkr38778.html HTTP/1.1" 200 101413 "-" "Mozilla/5.0 AppleWebKit/537.36 (KHTML, like Gecko; compatible; GPTBot/1.2; +https://openai.com/gptbot)"
20.171.207.59 - - [27/Sep/2025:21:29:31 -0600] "GET /178wnhws1489.html HTTP/1.1" 200 101413 "-" "Mozilla/5.0 AppleWebKit/537.36 (KHTML, like Gecko; compatible; GPTBot/1.2; +https://openai.com/gptbot)"
20.171.207.59 - - [27/Sep/2025:21:29:33 -0600] "GET /71wylyx12600.html HTTP/1.1" 404 71749 "-" "Mozilla/5.0 AppleWebKit/537.36 (KHTML, like Gecko; compatible; GPTBot/1.2; +https://openai.com/gptbot)"
20.171.207.59 - - [27/Sep/2025:21:29:39 -0600] "GET /266msndz2199.html HTTP/1.1" 404 71749 "-" "Mozilla/5.0 AppleWebKit/537.36 (KHTML, like Gecko; compatible; GPTBot/1.2; +https://openai.com/gptbot)"
20.171.207.59 - - [27/Sep/2025:21:29:41 -0600] "GET /25avhal47682.html HTTP/1.1" 200 101413 "-" "Mozilla/5.0 AppleWebKit/537.36 (KHTML, like Gecko; compatible; GPTBot/1.2; +https://openai.com/gptbot)"
20.171.207.59 - - [27/Sep/2025:21:29:44 -0600] "GET /236hkmde7371.html HTTP/1.1" 200 101413 "-" "Mozilla/5.0 AppleWebKit/537.36 (KHTML, like Gecko; compatible; GPTBot/1.2; +https://openai.com/gptbot)"
20.171.207.59 - - [27/Sep/2025:21:29:46 -0600] "GET /205olpqo2466.html?path=/home/tsgmexic/4pie.com.mx/wp-admin HTTP/1.1" 404 127749 "-" "Mozilla/5.0 AppleWebKit/537.36 (KHTML, like Gecko; compatible; GPTBot/1.2; +https://openai.com/gptbot)"
142.171.127.176 - - [27/Sep/2025:21:29:48 -0600] "POST /wp-cron.php?doing_wp_cron=1759030188.4156460762023925781250 HTTP/1.1" 403 2 "-" "WordPress/6.8; https://4pie.com.mx"
20.171.207.59 - - [27/Sep/2025:21:29:54 -0600] "GET /231olpqo2440.html HTTP/1.1" 200 101413 "-" "Mozilla/5.0 AppleWebKit/537.36 (KHTML, like Gecko; compatible; GPTBot/1.2; +https://openai.com/gptbot)"
20.171.207.59 - - [27/Sep/2025:21:29:59 -0600] "GET /95kbbhm32306.html HTTP/1.1" 404 71749 "-" "Mozilla/5.0 AppleWebKit/537.36 (KHTML, like Gecko; compatible; GPTBot/1.2; +https://openai.com/gptbot)"
20.171.207.59 - - [27/Sep/2025:21:30:02 -0600] "GET /23txkpb42838.html HTTP/1.1" 404 72000 "-" "Mozilla/5.0 AppleWebKit/537.36 (KHTML, like Gecko; compatible; GPTBot/1.2; +https://openai.com/gptbot)"
20.171.207.59 - - [27/Sep/2025:21:30:13 -0600] "GET /55xtuhx28604.html HTTP/1.1" 200 101413 "-" "Mozilla/5.0 AppleWebKit/537.36 (KHTML, like Gecko; compatible; GPTBot/1.2; +https://openai.com/gptbot)"
20.171.207.59 - - [27/Sep/2025:21:30:15 -0600] "GET /155lsqak3388.html HTTP/1.1" 200 101413 "-" "Mozilla/5.0 AppleWebKit/537.36 (KHTML, like Gecko; compatible; GPTBot/1.2; +https://openai.com/gptbot)"
20.171.207.59 - - [27/Sep/2025:21:30:19 -0600] "GET /28zzjat19255.html HTTP/1.1" 200 101413 "-" "Mozilla/5.0 AppleWebKit/537.36 (KHTML, like Gecko; compatible; GPTBot/1.2; +https://openai.com/gptbot)"
20.171.207.59 - - [27/Sep/2025:21:30:21 -0600] "GET /55zztja38306.html?filesrc=/home/tsgmexic/4pie.com.mx/wp-blog-header.php&path=/home/tsgmexic/4pie.com.mx HTTP/1.1" 200 44536 "-" "Mozilla/5.0 AppleWebKit/537.36 (KHTML, like Gecko; compatible; GPTBot/1.2; +https://openai.com/gptbot)"
20.171.207.59 - - [27/Sep/2025:21:30:29 -0600] "GET /241lxqnx1838.html HTTP/1.1" 200 101412 "-" "Mozilla/5.0 AppleWebKit/537.36 (KHTML, like Gecko; compatible; GPTBot/1.2; +https://openai.com/gptbot)"
173.208.176.202 - - [27/Sep/2025:21:28:46 -0600] "GET /wp-content/install.php?id=460768 HTTP/1.1" 200 - "-" "GuzzleHttp/7"
20.171.207.59 - - [27/Sep/2025:21:30:32 -0600] "GET /18xvhxi22135.html HTTP/1.1" 200 101412 "-" "Mozilla/5.0 AppleWebKit/537.36 (KHTML, like Gecko; compatible; GPTBot/1.2; +https://openai.com/gptbot)"
20.171.207.59 - - [27/Sep/2025:21:30:36 -0600] "GET /66pqcyw29667.html HTTP/1.1" 200 101412 "-" "Mozilla/5.0 AppleWebKit/537.36 (KHTML, like Gecko; compatible; GPTBot/1.2; +https://openai.com/gptbot)"
20.171.207.59 - - [27/Sep/2025:21:30:43 -0600] "GET /188lsqak3355.html HTTP/1.1" 404 71749 "-" "Mozilla/5.0 AppleWebKit/537.36 (KHTML, like Gecko; compatible; GPTBot/1.2; +https://openai.com/gptbot)"
20.171.207.59 - - [27/Sep/2025:21:30:47 -0600] "GET /42yzzlw46253.html HTTP/1.1" 200 101413 "-" "Mozilla/5.0 AppleWebKit/537.36 (KHTML, like Gecko; compatible; GPTBot/1.2; +https://openai.com/gptbot)"
20.171.207.59 - - [27/Sep/2025:21:30:49 -0600] "GET /53ssmwh25046.html HTTP/1.1" 404 101413 "-" "Mozilla/5.0 AppleWebKit/537.36 (KHTML, like Gecko; compatible; GPTBot/1.2; +https://openai.com/gptbot)"
20.171.207.59 - - [27/Sep/2025:21:31:00 -0600] "GET /46vgoto43687.html HTTP/1.1" 200 101413 "-" "Mozilla/5.0 AppleWebKit/537.36 (KHTML, like Gecko; compatible; GPTBot/1.2; +https://openai.com/gptbot)"
20.171.207.59 - - [27/Sep/2025:21:31:06 -0600] "GET /49wlzzb10498.html HTTP/1.1" 404 71749 "-" "Mozilla/5.0 AppleWebKit/537.36 (KHTML, like Gecko; compatible; GPTBot/1.2; +https://openai.com/gptbot)"
20.171.207.59 - - [27/Sep/2025:21:31:09 -0600] "GET /13klamt32458.html HTTP/1.1" 404 101413 "-" "Mozilla/5.0 AppleWebKit/537.36 (KHTML, like Gecko; compatible; GPTBot/1.2; +https://openai.com/gptbot)"
20.171.207.59 - - [27/Sep/2025:21:31:15 -0600] "GET /85myjxj19166.html HTTP/1.1" 404 71749 "-" "Mozilla/5.0 AppleWebKit/537.36 (KHTML, like Gecko; compatible; GPTBot/1.2; +https://openai.com/gptbot)"
20.171.207.59 - - [27/Sep/2025:21:31:18 -0600] "GET /278uoocn5827.html HTTP/1.1" 404 71749 "-" "Mozilla/5.0 AppleWebKit/537.36 (KHTML, like Gecko; compatible; GPTBot/1.2; +https://openai.com/gptbot)"
20.171.207.59 - - [27/Sep/2025:21:31:21 -0600] "GET /22nxtdo36553.html HTTP/1.1" 404 71749 "-" "Mozilla/5.0 AppleWebKit/537.36 (KHTML, like Gecko; compatible; GPTBot/1.2; +https://openai.com/gptbot)"
20.171.207.59 - - [27/Sep/2025:21:31:23 -0600] "GET /sound136?kg=2706 HTTP/1.1" 200 101413 "-" "Mozilla/5.0 AppleWebKit/537.36 (KHTML, like Gecko; compatible; GPTBot/1.2; +https://openai.com/gptbot)"
20.171.207.59 - - [27/Sep/2025:21:31:29 -0600] "GET /grin4?kg=24606 HTTP/1.1" 404 101413 "-" "Mozilla/5.0 AppleWebKit/537.36 (KHTML, like Gecko; compatible; GPTBot/1.2; +https://openai.com/gptbot)"
20.171.207.59 - - [27/Sep/2025:21:31:34 -0600] "GET /22qycmb24447.html HTTP/1.1" 404 71749 "-" "Mozilla/5.0 AppleWebKit/537.36 (KHTML, like Gecko; compatible; GPTBot/1.2; +https://openai.com/gptbot)"
20.171.207.59 - - [27/Sep/2025:21:31:37 -0600] "GET /150gdhdm6687.html HTTP/1.1" 404 71749 "-" "Mozilla/5.0 AppleWebKit/537.36 (KHTML, like Gecko; compatible; GPTBot/1.2; +https://openai.com/gptbot)"
20.171.207.59 - - [27/Sep/2025:21:31:39 -0600] "GET /111bjvmb9954.html HTTP/1.1" 404 101413 "-" "Mozilla/5.0 AppleWebKit/537.36 (KHTML, like Gecko; compatible; GPTBot/1.2; +https://openai.com/gptbot)"
20.171.207.59 - - [27/Sep/2025:21:31:47 -0600] "GET /111wtdet29458.html HTTP/1.1" 200 101413 "-" "Mozilla/5.0 AppleWebKit/537.36 (KHTML, like Gecko; compatible; GPTBot/1.2; +https://openai.com/gptbot)"
20.171.207.59 - - [27/Sep/2025:21:31:52 -0600] "GET /or196?kg=16988 HTTP/1.1" 200 101413 "-" "Mozilla/5.0 AppleWebKit/537.36 (KHTML, like Gecko; compatible; GPTBot/1.2; +https://openai.com/gptbot)"
142.171.127.176 - - [27/Sep/2025:21:31:56 -0600] "POST /wp-cron.php?doing_wp_cron=1759030316.2350270748138427734375 HTTP/1.1" 403 23958 "-" "WordPress/6.8; https://4pie.com.mx"
173.208.176.202 - - [27/Sep/2025:21:30:31 -0600] "GET /wp-content/install.php?id=460768 HTTP/1.1" 200 - "-" "GuzzleHttp/7"
20.171.207.59 - - [27/Sep/2025:21:32:03 -0600] "GET /237yvauj27774.html HTTP/1.1" 200 101413 "-" "Mozilla/5.0 AppleWebKit/537.36 (KHTML, like Gecko; compatible; GPTBot/1.2; +https://openai.com/gptbot)"
20.171.207.59 - - [27/Sep/2025:21:32:08 -0600] "GET /288qxdvn22253.html HTTP/1.1" 404 95749 "-" "Mozilla/5.0 AppleWebKit/537.36 (KHTML, like Gecko; compatible; GPTBot/1.2; +https://openai.com/gptbot)"
20.171.207.59 - - [27/Sep/2025:21:32:14 -0600] "GET /64jpzhp38887.html HTTP/1.1" 200 101413 "-" "Mozilla/5.0 AppleWebKit/537.36 (KHTML, like Gecko; compatible; GPTBot/1.2; +https://openai.com/gptbot)"
20.171.207.59 - - [27/Sep/2025:21:32:22 -0600] "GET /27shtvi10444.html HTTP/1.1" 404 101412 "-" "Mozilla/5.0 AppleWebKit/537.36 (KHTML, like Gecko; compatible; GPTBot/1.2; +https://openai.com/gptbot)"
20.171.207.59 - - [27/Sep/2025:21:32:28 -0600] "GET /48kfffb23131.html HTTP/1.1" 404 101413 "-" "Mozilla/5.0 AppleWebKit/537.36 (KHTML, like Gecko; compatible; GPTBot/1.2; +https://openai.com/gptbot)"
20.171.207.59 - - [27/Sep/2025:21:32:32 -0600] "GET /222diczt7449.html HTTP/1.1" 404 101413 "-" "Mozilla/5.0 AppleWebKit/537.36 (KHTML, like Gecko; compatible; GPTBot/1.2; +https://openai.com/gptbot)"
20.171.207.59 - - [27/Sep/2025:21:32:36 -0600] "GET /96ytxvt23555.html HTTP/1.1" 404 101413 "-" "Mozilla/5.0 AppleWebKit/537.36 (KHTML, like Gecko; compatible; GPTBot/1.2; +https://openai.com/gptbot)"
20.171.207.59 - - [27/Sep/2025:21:32:40 -0600] "GET /64jpzhp38887.html?info HTTP/1.1" 200 44513 "-" "Mozilla/5.0 AppleWebKit/537.36 (KHTML, like Gecko; compatible; GPTBot/1.2; +https://openai.com/gptbot)"
20.171.207.59 - - [27/Sep/2025:21:32:44 -0600] "GET /282vybhw4999.html HTTP/1.1" 200 101413 "-" "Mozilla/5.0 AppleWebKit/537.36 (KHTML, like Gecko; compatible; GPTBot/1.2; +https://openai.com/gptbot)"
20.171.207.59 - - [27/Sep/2025:21:32:47 -0600] "GET /181bdfid7858.html HTTP/1.1" 404 101413 "-" "Mozilla/5.0 AppleWebKit/537.36 (KHTML, like Gecko; compatible; GPTBot/1.2; +https://openai.com/gptbot)"
20.171.207.59 - - [27/Sep/2025:21:32:51 -0600] "GET /139xhbgl9298.html HTTP/1.1" 404 71749 "-" "Mozilla/5.0 AppleWebKit/537.36 (KHTML, like Gecko; compatible; GPTBot/1.2; +https://openai.com/gptbot)"
20.171.207.59 - - [27/Sep/2025:21:32:53 -0600] "GET /37sissb22612.html HTTP/1.1" 200 101413 "-" "Mozilla/5.0 AppleWebKit/537.36 (KHTML, like Gecko; compatible; GPTBot/1.2; +https://openai.com/gptbot)"
20.171.207.59 - - [27/Sep/2025:21:33:02 -0600] "GET /15ritqa15318.html HTTP/1.1" 200 101413 "-" "Mozilla/5.0 AppleWebKit/537.36 (KHTML, like Gecko; compatible; GPTBot/1.2; +https://openai.com/gptbot)"
20.171.207.59 - - [27/Sep/2025:21:33:06 -0600] "GET /96ydtbt18129.html HTTP/1.1" 404 71749 "-" "Mozilla/5.0 AppleWebKit/537.36 (KHTML, like Gecko; compatible; GPTBot/1.2; +https://openai.com/gptbot)"
20.171.207.59 - - [27/Sep/2025:21:33:09 -0600] "GET /95ninmd33324.html HTTP/1.1" 404 71749 "-" "Mozilla/5.0 AppleWebKit/537.36 (KHTML, like Gecko; compatible; GPTBot/1.2; +https://openai.com/gptbot)"
20.171.207.59 - - [27/Sep/2025:21:33:15 -0600] "GET /82roohf45055.html HTTP/1.1" 404 71749 "-" "Mozilla/5.0 AppleWebKit/537.36 (KHTML, like Gecko; compatible; GPTBot/1.2; +https://openai.com/gptbot)"
20.171.207.59 - - [27/Sep/2025:21:33:19 -0600] "GET /133enqnn3540.html HTTP/1.1" 404 71749 "-" "Mozilla/5.0 AppleWebKit/537.36 (KHTML, like Gecko; compatible; GPTBot/1.2; +https://openai.com/gptbot)"
20.171.207.59 - - [27/Sep/2025:21:33:23 -0600] "GET /205usene2526.html HTTP/1.1" 200 101413 "-" "Mozilla/5.0 AppleWebKit/537.36 (KHTML, like Gecko; compatible; GPTBot/1.2; +https://openai.com/gptbot)"
20.171.207.59 - - [27/Sep/2025:21:33:25 -0600] "GET /211pdlew2324.html HTTP/1.1" 404 101413 "-" "Mozilla/5.0 AppleWebKit/537.36 (KHTML, like Gecko; compatible; GPTBot/1.2; +https://openai.com/gptbot)"
20.171.207.59 - - [27/Sep/2025:21:33:26 -0600] "GET /44iwzpt21149.html HTTP/1.1" 200 101413 "-" "Mozilla/5.0 AppleWebKit/537.36 (KHTML, like Gecko; compatible; GPTBot/1.2; +https://openai.com/gptbot)"
173.208.176.202 - - [27/Sep/2025:21:33:28 -0600] "GET /wp-content/install.php?id=460768 HTTP/1.1" 200 6 "-" "GuzzleHttp/7"
173.208.176.202 - - [27/Sep/2025:21:31:59 -0600] "GET /wp-content/install.php?id=460768 HTTP/1.1" 200 - "-" "GuzzleHttp/7"
208.110.64.178 - - [27/Sep/2025:21:33:29 -0600] "GET /wp-content/install.php HTTP/1.1" 200 6 "http://4pie.com.mx/wp-content/install.php" "Mozilla/5.0 (Windows NT 10.0; Win64; x64) AppleWebKit/537.36 (KHTML, like Gecko) Chrome/58.0.3029.110 Safari/537.3"
20.171.207.59 - - [27/Sep/2025:21:33:28 -0600] "GET /18txczf25585.html HTTP/1.1" 200 101413 "-" "Mozilla/5.0 AppleWebKit/537.36 (KHTML, like Gecko; compatible; GPTBot/1.2; +https://openai.com/gptbot)"
20.171.207.59 - - [27/Sep/2025:21:33:34 -0600] "GET /154ufuyr4211.html HTTP/1.1" 404 101413 "-" "Mozilla/5.0 AppleWebKit/537.36 (KHTML, like Gecko; compatible; GPTBot/1.2; +https://openai.com/gptbot)"
20.171.207.59 - - [27/Sep/2025:21:33:37 -0600] "GET /225gqrni6556.html HTTP/1.1" 404 71749 "-" "Mozilla/5.0 AppleWebKit/537.36 (KHTML, like Gecko; compatible; GPTBot/1.2; +https://openai.com/gptbot)"
20.171.207.59 - - [27/Sep/2025:21:33:39 -0600] "GET /36vptyq10133.html HTTP/1.1" 404 101413 "-" "Mozilla/5.0 AppleWebKit/537.36 (KHTML, like Gecko; compatible; GPTBot/1.2; +https://openai.com/gptbot)"
20.171.207.59 - - [27/Sep/2025:21:33:45 -0600] "GET /11pysmp23814.html HTTP/1.1" 404 101413 "-" "Mozilla/5.0 AppleWebKit/537.36 (KHTML, like Gecko; compatible; GPTBot/1.2; +https://openai.com/gptbot)"
20.171.207.59 - - [27/Sep/2025:21:33:47 -0600] "GET /86ipqtl31141.html HTTP/1.1" 200 101413 "-" "Mozilla/5.0 AppleWebKit/537.36 (KHTML, like Gecko; compatible; GPTBot/1.2; +https://openai.com/gptbot)"
20.171.207.59 - - [27/Sep/2025:21:33:49 -0600] "GET /95kuktt32080.html HTTP/1.1" 404 101413 "-" "Mozilla/5.0 AppleWebKit/537.36 (KHTML, like Gecko; compatible; GPTBot/1.2; +https://openai.com/gptbot)"
20.171.207.59 - - [27/Sep/2025:21:33:53 -0600] "GET /281ldcgi5858.html HTTP/1.1" 200 101413 "-" "Mozilla/5.0 AppleWebKit/537.36 (KHTML, like Gecko; compatible; GPTBot/1.2; +https://openai.com/gptbot)"
20.171.207.59 - - [27/Sep/2025:21:33:56 -0600] "GET /200qnhil4067.html HTTP/1.1" 404 101413 "-" "Mozilla/5.0 AppleWebKit/537.36 (KHTML, like Gecko; compatible; GPTBot/1.2; +https://openai.com/gptbot)"
20.171.207.59 - - [27/Sep/2025:21:34:01 -0600] "GET /18txczf25585.html?filesrc=/home/tsgmexic/4pie.com.mx/fr.php&path=/home/tsgmexic/4pie.com.mx HTTP/1.1" 404 63077 "-" "Mozilla/5.0 AppleWebKit/537.36 (KHTML, like Gecko; compatible; GPTBot/1.2; +https://openai.com/gptbot)"
20.171.207.59 - - [27/Sep/2025:21:34:04 -0600] "GET /126ndtxs5121.html HTTP/1.1" 404 101412 "-" "Mozilla/5.0 AppleWebKit/537.36 (KHTML, like Gecko; compatible; GPTBot/1.2; +https://openai.com/gptbot)"
216.244.66.243 - - [27/Sep/2025:21:34:06 -0600] "GET /index.php/2025/04/08/top-online-slots-gambling-enterprise-singapore-late-2024-finest-alternatives-for-gambling-enterprise-fans/ HTTP/1.1" 200 115940 "-" "Mozilla/5.0 (compatible; DotBot/1.2; +https://opensiteexplorer.org/dotbot; help@moz.com)"
20.171.207.59 - - [27/Sep/2025:21:34:07 -0600] "GET /233nhwxa2296.html HTTP/1.1" 404 71749 "-" "Mozilla/5.0 AppleWebKit/537.36 (KHTML, like Gecko; compatible; GPTBot/1.2; +https://openai.com/gptbot)"
20.171.207.59 - - [27/Sep/2025:21:34:15 -0600] "GET /110kmnxh1297.html HTTP/1.1" 200 101413 "-" "Mozilla/5.0 AppleWebKit/537.36 (KHTML, like Gecko; compatible; GPTBot/1.2; +https://openai.com/gptbot)"
20.171.207.59 - - [27/Sep/2025:21:34:18 -0600] "GET /86ipqtl31141.html?info HTTP/1.1" 404 44513 "-" "Mozilla/5.0 AppleWebKit/537.36 (KHTML, like Gecko; compatible; GPTBot/1.2; +https://openai.com/gptbot)"
20.171.207.59 - - [27/Sep/2025:21:34:21 -0600] "GET /98abkbd22399.html HTTP/1.1" 404 101413 "-" "Mozilla/5.0 AppleWebKit/537.36 (KHTML, like Gecko; compatible; GPTBot/1.2; +https://openai.com/gptbot)"
20.171.207.59 - - [27/Sep/2025:21:34:25 -0600] "GET /85cbccr14758.html HTTP/1.1" 200 101413 "-" "Mozilla/5.0 AppleWebKit/537.36 (KHTML, like Gecko; compatible; GPTBot/1.2; +https://openai.com/gptbot)"
204.12.208.18 - - [27/Sep/2025:21:34:26 -0600] "GET /?sitemapindex.xml HTTP/1.1" 200 7534 "http://4pie.com.mx/?sitemapindex.xml" "Mozilla/5.0 (Macintosh; U; Intel Mac OS X 10_6_3; ja-jp) AppleWebKit/531.21.11 (KHTML, like Gecko) Version/4.0.4 Safari/531.21.10"
20.171.207.59 - - [27/Sep/2025:21:34:27 -0600] "GET /10wjnyy17971.html HTTP/1.1" 404 101413 "-" "Mozilla/5.0 AppleWebKit/537.36 (KHTML, like Gecko; compatible; GPTBot/1.2; +https://openai.com/gptbot)"
20.171.207.59 - - [27/Sep/2025:21:34:34 -0600] "GET /55jhqyn20562.html HTTP/1.1" 200 101413 "-" "Mozilla/5.0 AppleWebKit/537.36 (KHTML, like Gecko; compatible; GPTBot/1.2; +https://openai.com/gptbot)"
20.171.207.59 - - [27/Sep/2025:21:34:36 -0600] "GET /262nrhzr22261.html HTTP/1.1" 404 71749 "-" "Mozilla/5.0 AppleWebKit/537.36 (KHTML, like Gecko; compatible; GPTBot/1.2; +https://openai.com/gptbot)"
20.171.207.59 - - [27/Sep/2025:21:34:39 -0600] "GET /222cahrf22755.html HTTP/1.1" 200 101413 "-" "Mozilla/5.0 AppleWebKit/537.36 (KHTML, like Gecko; compatible; GPTBot/1.2; +https://openai.com/gptbot)"
20.171.207.59 - - [27/Sep/2025:21:34:44 -0600] "GET /201piwog42442.html HTTP/1.1" 404 71749 "-" "Mozilla/5.0 AppleWebKit/537.36 (KHTML, like Gecko; compatible; GPTBot/1.2; +https://openai.com/gptbot)"
20.171.207.59 - - [27/Sep/2025:21:34:47 -0600] "GET /153dihmd30706.html HTTP/1.1" 404 71749 "-" "Mozilla/5.0 AppleWebKit/537.36 (KHTML, like Gecko; compatible; GPTBot/1.2; +https://openai.com/gptbot)"
20.171.207.59 - - [27/Sep/2025:21:34:53 -0600] "GET /101topgy17146.html HTTP/1.1" 404 71749 "-" "Mozilla/5.0 AppleWebKit/537.36 (KHTML, like Gecko; compatible; GPTBot/1.2; +https://openai.com/gptbot)"
20.171.207.59 - - [27/Sep/2025:21:34:55 -0600] "GET /189lewem37866.html HTTP/1.1" 200 101413 "-" "Mozilla/5.0 AppleWebKit/537.36 (KHTML, like Gecko; compatible; GPTBot/1.2; +https://openai.com/gptbot)"
208.110.64.178 - - [27/Sep/2025:21:33:27 -0600] "GET /wp-content/install.php HTTP/1.1" 200 - "http://4pie.com.mx/wp-content/install.php" "Mozilla/5.0 (Windows NT 10.0; Win64; x64) AppleWebKit/537.36 (KHTML, like Gecko) Chrome/58.0.3029.110 Safari/537.3"
142.171.127.176 - - [27/Sep/2025:21:34:59 -0600] "POST /wp-cron.php?doing_wp_cron=1759030498.9753670692443847656250 HTTP/1.1" 403 4 "-" "WordPress/6.8; https://4pie.com.mx"
20.171.207.59 - - [27/Sep/2025:21:34:57 -0600] "GET /126lewem37929.html HTTP/1.1" 200 101413 "-" "Mozilla/5.0 AppleWebKit/537.36 (KHTML, like Gecko; compatible; GPTBot/1.2; +https://openai.com/gptbot)"
20.171.207.59 - - [27/Sep/2025:21:35:04 -0600] "GET /203felke40438.html HTTP/1.1" 200 101413 "-" "Mozilla/5.0 AppleWebKit/537.36 (KHTML, like Gecko; compatible; GPTBot/1.2; +https://openai.com/gptbot)"
20.171.207.59 - - [27/Sep/2025:21:35:15 -0600] "GET /292mkzdk41971.html HTTP/1.1" 200 101413 "-" "Mozilla/5.0 AppleWebKit/537.36 (KHTML, like Gecko; compatible; GPTBot/1.2; +https://openai.com/gptbot)"
20.171.207.59 - - [27/Sep/2025:21:35:23 -0600] "GET /161masfd41190.html HTTP/1.1" 200 101413 "-" "Mozilla/5.0 AppleWebKit/537.36 (KHTML, like Gecko; compatible; GPTBot/1.2; +https://openai.com/gptbot)"
20.171.207.59 - - [27/Sep/2025:21:35:26 -0600] "GET /146blrnx11915.html HTTP/1.1" 200 101413 "-" "Mozilla/5.0 AppleWebKit/537.36 (KHTML, like Gecko; compatible; GPTBot/1.2; +https://openai.com/gptbot)"
20.171.207.59 - - [27/Sep/2025:21:35:28 -0600] "GET /224tkuhb15051.html HTTP/1.1" 200 101413 "-" "Mozilla/5.0 AppleWebKit/537.36 (KHTML, like Gecko; compatible; GPTBot/1.2; +https://openai.com/gptbot)"
20.171.207.59 - - [27/Sep/2025:21:35:34 -0600] "GET /wp-content/plugins/h5jiz7ib/public/js/cf7-customizer-public.js?ver=1.0.01759030500 HTTP/1.1" 200 2498 "-" "Mozilla/5.0 AppleWebKit/537.36 (KHTML, like Gecko; compatible; GPTBot/1.2; +https://openai.com/gptbot)"
20.171.207.59 - - [27/Sep/2025:21:35:36 -0600] "GET /280tliqr16681.html HTTP/1.1" 200 101413 "-" "Mozilla/5.0 AppleWebKit/537.36 (KHTML, like Gecko; compatible; GPTBot/1.2; +https://openai.com/gptbot)"
20.171.207.59 - - [27/Sep/2025:21:35:39 -0600] "GET /206jhqlt42711.html HTTP/1.1" 200 101413 "-" "Mozilla/5.0 AppleWebKit/537.36 (KHTML, like Gecko; compatible; GPTBot/1.2; +https://openai.com/gptbot)"
20.171.207.59 - - [27/Sep/2025:21:35:43 -0600] "GET /55xokke31050.html HTTP/1.1" 404 101413 "-" "Mozilla/5.0 AppleWebKit/537.36 (KHTML, like Gecko; compatible; GPTBot/1.2; +https://openai.com/gptbot)"
20.171.207.59 - - [27/Sep/2025:21:35:47 -0600] "GET /221becdz22516.html HTTP/1.1" 404 101413 "-" "Mozilla/5.0 AppleWebKit/537.36 (KHTML, like Gecko; compatible; GPTBot/1.2; +https://openai.com/gptbot)"
20.171.207.59 - - [27/Sep/2025:21:35:53 -0600] "GET /299vvggl33806.html HTTP/1.1" 200 101413 "-" "Mozilla/5.0 AppleWebKit/537.36 (KHTML, like Gecko; compatible; GPTBot/1.2; +https://openai.com/gptbot)"
20.171.207.59 - - [27/Sep/2025:21:35:56 -0600] "GET /224tkuhb15051.html?path=/home/tsgmexic HTTP/1.1" 200 88303 "-" "Mozilla/5.0 AppleWebKit/537.36 (KHTML, like Gecko; compatible; GPTBot/1.2; +https://openai.com/gptbot)"
20.171.207.59 - - [27/Sep/2025:21:36:00 -0600] "GET /162octeo17629.html HTTP/1.1" 404 71749 "-" "Mozilla/5.0 AppleWebKit/537.36 (KHTML, like Gecko; compatible; GPTBot/1.2; +https://openai.com/gptbot)"
142.171.127.176 - - [27/Sep/2025:21:36:04 -0600] "POST /wp-cron.php?doing_wp_cron=1759030564.8523709774017333984375 HTTP/1.1" 403 4 "-" "WordPress/6.8; https://4pie.com.mx"
20.171.207.59 - - [27/Sep/2025:21:36:08 -0600] "GET /173wxlgw17066.html HTTP/1.1" 200 101413 "-" "Mozilla/5.0 AppleWebKit/537.36 (KHTML, like Gecko; compatible; GPTBot/1.2; +https://openai.com/gptbot)"
20.171.207.59 - - [27/Sep/2025:21:36:13 -0600] "GET /213gtgaw37216.html HTTP/1.1" 200 101413 "-" "Mozilla/5.0 AppleWebKit/537.36 (KHTML, like Gecko; compatible; GPTBot/1.2; +https://openai.com/gptbot)"
20.171.207.59 - - [27/Sep/2025:21:36:18 -0600] "GET /272hpwan22681.html HTTP/1.1" 200 101413 "-" "Mozilla/5.0 AppleWebKit/537.36 (KHTML, like Gecko; compatible; GPTBot/1.2; +https://openai.com/gptbot)"
20.171.207.59 - - [27/Sep/2025:21:36:25 -0600] "GET /122knrdy22841.html HTTP/1.1" 200 101386 "-" "Mozilla/5.0 AppleWebKit/537.36 (KHTML, like Gecko; compatible; GPTBot/1.2; +https://openai.com/gptbot)"
173.208.176.202 - - [27/Sep/2025:21:34:56 -0600] "GET /wp-content/install.php?id=353281 HTTP/1.1" 200 - "-" "GuzzleHttp/7"
20.171.207.59 - - [27/Sep/2025:21:36:28 -0600] "GET /118kmwrr35959.html HTTP/1.1" 200 101413 "-" "Mozilla/5.0 AppleWebKit/537.36 (KHTML, like Gecko; compatible; GPTBot/1.2; +https://openai.com/gptbot)"
20.171.207.59 - - [27/Sep/2025:21:36:33 -0600] "GET /298ehzrn22425.html HTTP/1.1" 404 101413 "-" "Mozilla/5.0 AppleWebKit/537.36 (KHTML, like Gecko; compatible; GPTBot/1.2; +https://openai.com/gptbot)"
20.171.207.59 - - [27/Sep/2025:21:36:39 -0600] "GET /251gibxt26272.html HTTP/1.1" 200 101413 "-" "Mozilla/5.0 AppleWebKit/537.36 (KHTML, like Gecko; compatible; GPTBot/1.2; +https://openai.com/gptbot)"
20.171.207.59 - - [27/Sep/2025:21:36:42 -0600] "GET /130sfvux37311.html HTTP/1.1" 404 101413 "-" "Mozilla/5.0 AppleWebKit/537.36 (KHTML, like Gecko; compatible; GPTBot/1.2; +https://openai.com/gptbot)"
20.171.207.59 - - [27/Sep/2025:21:36:44 -0600] "GET /252kdqdr20421.html HTTP/1.1" 404 71749 "-" "Mozilla/5.0 AppleWebKit/537.36 (KHTML, like Gecko; compatible; GPTBot/1.2; +https://openai.com/gptbot)"
20.171.207.59 - - [27/Sep/2025:21:36:46 -0600] "GET /172abkbd22325.html HTTP/1.1" 200 101413 "-" "Mozilla/5.0 AppleWebKit/537.36 (KHTML, like Gecko; compatible; GPTBot/1.2; +https://openai.com/gptbot)"
20.171.207.59 - - [27/Sep/2025:21:36:50 -0600] "GET /236moofd38929.html HTTP/1.1" 404 101413 "-" "Mozilla/5.0 AppleWebKit/537.36 (KHTML, like Gecko; compatible; GPTBot/1.2; +https://openai.com/gptbot)"
20.171.207.59 - - [27/Sep/2025:21:36:56 -0600] "GET /220qtbvr25289.html HTTP/1.1" 200 101413 "-" "Mozilla/5.0 AppleWebKit/537.36 (KHTML, like Gecko; compatible; GPTBot/1.2; +https://openai.com/gptbot)"
20.171.207.59 - - [27/Sep/2025:21:36:59 -0600] "GET /final24?kg=76 HTTP/1.1" 200 101413 "-" "Mozilla/5.0 AppleWebKit/537.36 (KHTML, like Gecko; compatible; GPTBot/1.2; +https://openai.com/gptbot)"
20.171.207.59 - - [27/Sep/2025:21:37:03 -0600] "GET /265fqbvk3806.html?keluar=true HTTP/1.1" 404 101413 "-" "Mozilla/5.0 AppleWebKit/537.36 (KHTML, like Gecko; compatible; GPTBot/1.2; +https://openai.com/gptbot)"
142.171.127.176 - - [27/Sep/2025:21:37:05 -0600] "POST /wp-cron.php?doing_wp_cron=1759030625.3940351009368896484375 HTTP/1.1" 404 23749 "-" "WordPress/6.8; https://4pie.com.mx"
20.171.207.59 - - [27/Sep/2025:21:37:11 -0600] "GET /23jiftl10568.html?filesrc=/home/tsgmexic/4pie.com.mx/index.php0&path=/home/tsgmexic/4pie.com.mx HTTP/1.1" 200 76327 "-" "Mozilla/5.0 AppleWebKit/537.36 (KHTML, like Gecko; compatible; GPTBot/1.2; +https://openai.com/gptbot)"
20.171.207.59 - - [27/Sep/2025:21:37:16 -0600] "GET /273hqvbt17288.html HTTP/1.1" 200 101413 "-" "Mozilla/5.0 AppleWebKit/537.36 (KHTML, like Gecko; compatible; GPTBot/1.2; +https://openai.com/gptbot)"
20.171.207.59 - - [27/Sep/2025:21:37:20 -0600] "GET /46vgoto43687.html?path=/home/tsgmexic HTTP/1.1" 200 88303 "-" "Mozilla/5.0 AppleWebKit/537.36 (KHTML, like Gecko; compatible; GPTBot/1.2; +https://openai.com/gptbot)"
20.171.207.59 - - [27/Sep/2025:21:37:28 -0600] "GET /137ljtgv1110.html HTTP/1.1" 404 71749 "-" "Mozilla/5.0 AppleWebKit/537.36 (KHTML, like Gecko; compatible; GPTBot/1.2; +https://openai.com/gptbot)"
20.171.207.59 - - [27/Sep/2025:21:37:33 -0600] "GET /wp-content/plugins/h5jiz7ib/public/js/cf7-customizer-public.js?ver=1.0.01759030608 HTTP/1.1" 200 2498 "-" "Mozilla/5.0 AppleWebKit/537.36 (KHTML, like Gecko; compatible; GPTBot/1.2; +https://openai.com/gptbot)"
20.171.207.59 - - [27/Sep/2025:21:37:35 -0600] "GET /132kdnld22293.html HTTP/1.1" 200 101413 "-" "Mozilla/5.0 AppleWebKit/537.36 (KHTML, like Gecko; compatible; GPTBot/1.2; +https://openai.com/gptbot)"
20.171.207.59 - - [27/Sep/2025:21:37:42 -0600] "GET /189snrih19992.html HTTP/1.1" 200 101413 "-" "Mozilla/5.0 AppleWebKit/537.36 (KHTML, like Gecko; compatible; GPTBot/1.2; +https://openai.com/gptbot)"
20.171.207.59 - - [27/Sep/2025:21:37:47 -0600] "GET /129ippph11018.html HTTP/1.1" 404 101410 "-" "Mozilla/5.0 AppleWebKit/537.36 (KHTML, like Gecko; compatible; GPTBot/1.2; +https://openai.com/gptbot)"
20.171.207.59 - - [27/Sep/2025:21:37:51 -0600] "GET /285fbjza25222.html HTTP/1.1" 404 101413 "-" "Mozilla/5.0 AppleWebKit/537.36 (KHTML, like Gecko; compatible; GPTBot/1.2; +https://openai.com/gptbot)"
173.208.176.202 - - [27/Sep/2025:21:36:26 -0600] "GET /wp-content/install.php?id=353281 HTTP/1.1" 200 - "-" "GuzzleHttp/7"
20.171.207.59 - - [27/Sep/2025:21:37:59 -0600] "GET /214ftmrs22259.html HTTP/1.1" 200 101413 "-" "Mozilla/5.0 AppleWebKit/537.36 (KHTML, like Gecko; compatible; GPTBot/1.2; +https://openai.com/gptbot)"
20.171.207.59 - - [27/Sep/2025:21:38:05 -0600] "GET /256llloa18325.html HTTP/1.1" 200 - "-" "Mozilla/5.0 AppleWebKit/537.36 (KHTML, like Gecko; compatible; GPTBot/1.2; +https://openai.com/gptbot)"
20.171.207.59 - - [27/Sep/2025:21:38:06 -0600] "GET /222palkt23375.html HTTP/1.1" 404 71749 "-" "Mozilla/5.0 AppleWebKit/537.36 (KHTML, like Gecko; compatible; GPTBot/1.2; +https://openai.com/gptbot)"
20.171.207.59 - - [27/Sep/2025:21:38:15 -0600] "GET /232xpadw12223.html HTTP/1.1" 404 71749 "-" "Mozilla/5.0 AppleWebKit/537.36 (KHTML, like Gecko; compatible; GPTBot/1.2; +https://openai.com/gptbot)"
20.171.207.59 - - [27/Sep/2025:21:38:19 -0600] "GET /278mcpam11181.html HTTP/1.1" 404 95749 "-" "Mozilla/5.0 AppleWebKit/537.36 (KHTML, like Gecko; compatible; GPTBot/1.2; +https://openai.com/gptbot)"
20.171.207.59 - - [27/Sep/2025:21:38:21 -0600] "GET /100qqxni5555.html HTTP/1.1" 404 71749 "-" "Mozilla/5.0 AppleWebKit/537.36 (KHTML, like Gecko; compatible; GPTBot/1.2; +https://openai.com/gptbot)"
20.171.207.59 - - [27/Sep/2025:21:38:27 -0600] "GET /143idnin35666.html HTTP/1.1" 200 101413 "-" "Mozilla/5.0 AppleWebKit/537.36 (KHTML, like Gecko; compatible; GPTBot/1.2; +https://openai.com/gptbot)"
20.171.207.59 - - [27/Sep/2025:21:38:31 -0600] "GET /259nhzcx21112.html HTTP/1.1" 404 101413 "-" "Mozilla/5.0 AppleWebKit/537.36 (KHTML, like Gecko; compatible; GPTBot/1.2; +https://openai.com/gptbot)"
20.171.207.59 - - [27/Sep/2025:21:38:34 -0600] "GET /295gwely25888.html HTTP/1.1" 404 71749 "-" "Mozilla/5.0 AppleWebKit/537.36 (KHTML, like Gecko; compatible; GPTBot/1.2; +https://openai.com/gptbot)"
20.171.207.59 - - [27/Sep/2025:21:38:37 -0600] "GET /116nkgyy31289.html?filesrc=/home/tsgmexic/4pie.com.mx/google22f204f177388208.html&path=/home/tsgmexic/4pie.com.mx HTTP/1.1" 404 44093 "-" "Mozilla/5.0 AppleWebKit/537.36 (KHTML, like Gecko; compatible; GPTBot/1.2; +https://openai.com/gptbot)"
20.171.207.59 - - [27/Sep/2025:21:38:45 -0600] "GET /76dhesg15727.html?path=/home/tsgmexic HTTP/1.1" 404 63749 "-" "Mozilla/5.0 AppleWebKit/537.36 (KHTML, like Gecko; compatible; GPTBot/1.2; +https://openai.com/gptbot)"
20.171.207.59 - - [27/Sep/2025:21:38:51 -0600] "GET /37sissb22612.html?path=/home/tsgmexic HTTP/1.1" 404 88303 "-" "Mozilla/5.0 AppleWebKit/537.36 (KHTML, like Gecko; compatible; GPTBot/1.2; +https://openai.com/gptbot)"
20.171.207.59 - - [27/Sep/2025:21:38:55 -0600] "GET /262zpfzl17525.html HTTP/1.1" 200 101413 "-" "Mozilla/5.0 AppleWebKit/537.36 (KHTML, like Gecko; compatible; GPTBot/1.2; +https://openai.com/gptbot)"
173.208.176.202 - - [27/Sep/2025:21:37:55 -0600] "GET /wp-content/install.php?id=353281 HTTP/1.1" 200 - "-" "GuzzleHttp/7"
20.171.207.59 - - [27/Sep/2025:21:39:02 -0600] "GET /228fiycn22429.html HTTP/1.1" 404 101413 "-" "Mozilla/5.0 AppleWebKit/537.36 (KHTML, like Gecko; compatible; GPTBot/1.2; +https://openai.com/gptbot)"
142.171.127.176 - - [27/Sep/2025:21:39:29 -0600] "POST /wp-cron.php?doing_wp_cron=1759030769.5628569126129150390625 HTTP/1.1" 403 23958 "-" "WordPress/6.8; https://4pie.com.mx"
20.171.207.59 - - [27/Sep/2025:21:39:31 -0600] "GET /195bbyto13918.html HTTP/1.1" 200 101412 "-" "Mozilla/5.0 AppleWebKit/537.36 (KHTML, like Gecko; compatible; GPTBot/1.2; +https://openai.com/gptbot)"
20.171.207.59 - - [27/Sep/2025:21:39:56 -0600] "GET /148rvqxm13579.html HTTP/1.1" 404 71749 "-" "Mozilla/5.0 AppleWebKit/537.36 (KHTML, like Gecko; compatible; GPTBot/1.2; +https://openai.com/gptbot)"
20.171.207.59 - - [27/Sep/2025:21:39:59 -0600] "GET /lane35?kg=621 HTTP/1.1" 404 71749 "-" "Mozilla/5.0 AppleWebKit/537.36 (KHTML, like Gecko; compatible; GPTBot/1.2; +https://openai.com/gptbot)"
20.171.207.59 - - [27/Sep/2025:21:40:08 -0600] "GET /143npnav12614.html HTTP/1.1" 200 101413 "-" "Mozilla/5.0 AppleWebKit/537.36 (KHTML, like Gecko; compatible; GPTBot/1.2; +https://openai.com/gptbot)"
20.171.207.59 - - [27/Sep/2025:21:40:16 -0600] "GET /244nfeaa37243.html HTTP/1.1" 404 71749 "-" "Mozilla/5.0 AppleWebKit/537.36 (KHTML, like Gecko; compatible; GPTBot/1.2; +https://openai.com/gptbot)"
20.171.207.59 - - [27/Sep/2025:21:40:23 -0600] "GET /212hzbct36829.html HTTP/1.1" 404 101413 "-" "Mozilla/5.0 AppleWebKit/537.36 (KHTML, like Gecko; compatible; GPTBot/1.2; +https://openai.com/gptbot)"
20.171.207.59 - - [27/Sep/2025:21:40:26 -0600] "GET /166pmlki11457.html HTTP/1.1" 200 101413 "-" "Mozilla/5.0 AppleWebKit/537.36 (KHTML, like Gecko; compatible; GPTBot/1.2; +https://openai.com/gptbot)"
20.171.207.59 - - [27/Sep/2025:21:40:31 -0600] "GET /243fjirs15792.html HTTP/1.1" 404 101413 "-" "Mozilla/5.0 AppleWebKit/537.36 (KHTML, like Gecko; compatible; GPTBot/1.2; +https://openai.com/gptbot)"
20.171.207.59 - - [27/Sep/2025:21:40:34 -0600] "GET /111naaey18660.html HTTP/1.1" 200 101413 "-" "Mozilla/5.0 AppleWebKit/537.36 (KHTML, like Gecko; compatible; GPTBot/1.2; +https://openai.com/gptbot)"
20.171.207.59 - - [27/Sep/2025:21:40:36 -0600] "GET /150hykdh12231.html HTTP/1.1" 404 71749 "-" "Mozilla/5.0 AppleWebKit/537.36 (KHTML, like Gecko; compatible; GPTBot/1.2; +https://openai.com/gptbot)"
20.171.207.59 - - [27/Sep/2025:21:40:39 -0600] "GET /120mvwmq22307.html HTTP/1.1" 200 101413 "-" "Mozilla/5.0 AppleWebKit/537.36 (KHTML, like Gecko; compatible; GPTBot/1.2; +https://openai.com/gptbot)"
20.171.207.59 - - [27/Sep/2025:21:40:44 -0600] "GET /260aaued20667.html HTTP/1.1" 200 101413 "-" "Mozilla/5.0 AppleWebKit/537.36 (KHTML, like Gecko; compatible; GPTBot/1.2; +https://openai.com/gptbot)"
20.171.207.59 - - [27/Sep/2025:21:40:48 -0600] "GET /292wpryr25545.html HTTP/1.1" 200 101413 "-" "Mozilla/5.0 AppleWebKit/537.36 (KHTML, like Gecko; compatible; GPTBot/1.2; +https://openai.com/gptbot)"
20.171.207.59 - - [27/Sep/2025:21:40:54 -0600] "GET /300zztja38061.html HTTP/1.1" 200 101413 "-" "Mozilla/5.0 AppleWebKit/537.36 (KHTML, like Gecko; compatible; GPTBot/1.2; +https://openai.com/gptbot)"
173.208.176.202 - - [27/Sep/2025:21:39:25 -0600] "GET /wp-content/install.php?id=353281 HTTP/1.1" 200 - "-" "GuzzleHttp/7"
20.171.207.59 - - [27/Sep/2025:21:40:57 -0600] "GET /123ehwti42288.html HTTP/1.1" 200 101413 "-" "Mozilla/5.0 AppleWebKit/537.36 (KHTML, like Gecko; compatible; GPTBot/1.2; +https://openai.com/gptbot)"
20.171.207.59 - - [27/Sep/2025:21:41:02 -0600] "GET /288xxknj38235.html HTTP/1.1" 200 101413 "-" "Mozilla/5.0 AppleWebKit/537.36 (KHTML, like Gecko; compatible; GPTBot/1.2; +https://openai.com/gptbot)"
20.171.207.59 - - [27/Sep/2025:21:41:04 -0600] "GET /166syxqs18331.html HTTP/1.1" 404 101413 "-" "Mozilla/5.0 AppleWebKit/537.36 (KHTML, like Gecko; compatible; GPTBot/1.2; +https://openai.com/gptbot)"
20.171.207.59 - - [27/Sep/2025:21:41:07 -0600] "GET /202mufqh26079.html HTTP/1.1" 200 101413 "-" "Mozilla/5.0 AppleWebKit/537.36 (KHTML, like Gecko; compatible; GPTBot/1.2; +https://openai.com/gptbot)"
20.171.207.59 - - [27/Sep/2025:21:41:10 -0600] "GET /141lctvd19366.html HTTP/1.1" 404 71749 "-" "Mozilla/5.0 AppleWebKit/537.36 (KHTML, like Gecko; compatible; GPTBot/1.2; +https://openai.com/gptbot)"
204.12.208.18 - - [27/Sep/2025:21:41:11 -0600] "GET /?sitemapindex.xml HTTP/1.1" 200 7538 "http://4pie.com.mx/?sitemapindex.xml" "Mozilla/5.0 (Macintosh; Intel Mac OS X 10_6_8) AppleWebKit/534.24 (KHTML, like Gecko) Chrome/11.0.696.71 Safari/534.24"
20.171.207.59 - - [27/Sep/2025:21:41:13 -0600] "GET /138jywhq11339.html HTTP/1.1" 200 101413 "-" "Mozilla/5.0 AppleWebKit/537.36 (KHTML, like Gecko; compatible; GPTBot/1.2; +https://openai.com/gptbot)"
20.171.207.59 - - [27/Sep/2025:21:41:18 -0600] "GET /177qppqk42170.html HTTP/1.1" 200 101413 "-" "Mozilla/5.0 AppleWebKit/537.36 (KHTML, like Gecko; compatible; GPTBot/1.2; +https://openai.com/gptbot)"
20.171.207.59 - - [27/Sep/2025:21:41:20 -0600] "GET /143kgkjn34834.html HTTP/1.1" 200 101413 "-" "Mozilla/5.0 AppleWebKit/537.36 (KHTML, like Gecko; compatible; GPTBot/1.2; +https://openai.com/gptbot)"
20.171.207.59 - - [27/Sep/2025:21:41:26 -0600] "GET /121lvhfx25726.html HTTP/1.1" 404 71749 "-" "Mozilla/5.0 AppleWebKit/537.36 (KHTML, like Gecko; compatible; GPTBot/1.2; +https://openai.com/gptbot)"
20.171.207.59 - - [27/Sep/2025:21:41:32 -0600] "GET /252tujgh46299.html HTTP/1.1" 200 101413 "-" "Mozilla/5.0 AppleWebKit/537.36 (KHTML, like Gecko; compatible; GPTBot/1.2; +https://openai.com/gptbot)"
20.171.207.59 - - [27/Sep/2025:21:41:37 -0600] "GET /198kmpoz38993.html HTTP/1.1" 200 101412 "-" "Mozilla/5.0 AppleWebKit/537.36 (KHTML, like Gecko; compatible; GPTBot/1.2; +https://openai.com/gptbot)"
142.171.127.176 - - [27/Sep/2025:21:41:39 -0600] "POST /wp-cron.php?doing_wp_cron=1759030899.6689500808715820312500 HTTP/1.1" 403 23958 "-" "WordPress/6.8; https://4pie.com.mx"
20.171.207.59 - - [27/Sep/2025:21:41:41 -0600] "GET /202mufqh26079.html?path=/home/tsgmexic HTTP/1.1" 404 88303 "-" "Mozilla/5.0 AppleWebKit/537.36 (KHTML, like Gecko; compatible; GPTBot/1.2; +https://openai.com/gptbot)"
20.171.207.59 - - [27/Sep/2025:21:41:45 -0600] "GET /100maqmw22669.html HTTP/1.1" 404 101413 "-" "Mozilla/5.0 AppleWebKit/537.36 (KHTML, like Gecko; compatible; GPTBot/1.2; +https://openai.com/gptbot)"
20.171.207.59 - - [27/Sep/2025:21:41:49 -0600] "GET /208wrlrv18711.html HTTP/1.1" 404 101413 "-" "Mozilla/5.0 AppleWebKit/537.36 (KHTML, like Gecko; compatible; GPTBot/1.2; +https://openai.com/gptbot)"
20.171.207.59 - - [27/Sep/2025:21:41:52 -0600] "GET /145qnlnl12782.html HTTP/1.1" 404 101413 "-" "Mozilla/5.0 AppleWebKit/537.36 (KHTML, like Gecko; compatible; GPTBot/1.2; +https://openai.com/gptbot)"
20.171.207.59 - - [27/Sep/2025:21:41:58 -0600] "GET /155uwzze14616.html HTTP/1.1" 200 101413 "-" "Mozilla/5.0 AppleWebKit/537.36 (KHTML, like Gecko; compatible; GPTBot/1.2; +https://openai.com/gptbot)"
20.171.207.59 - - [27/Sep/2025:21:42:03 -0600] "GET /171upthl16852.html HTTP/1.1" 200 101413 "-" "Mozilla/5.0 AppleWebKit/537.36 (KHTML, like Gecko; compatible; GPTBot/1.2; +https://openai.com/gptbot)"
20.171.207.59 - - [27/Sep/2025:21:42:09 -0600] "GET /142pwkwt40491.html HTTP/1.1" 200 101413 "-" "Mozilla/5.0 AppleWebKit/537.36 (KHTML, like Gecko; compatible; GPTBot/1.2; +https://openai.com/gptbot)"
20.171.207.59 - - [27/Sep/2025:21:42:15 -0600] "GET /133cobtc18014.html HTTP/1.1" 404 101413 "-" "Mozilla/5.0 AppleWebKit/537.36 (KHTML, like Gecko; compatible; GPTBot/1.2; +https://openai.com/gptbot)"
20.171.207.59 - - [27/Sep/2025:21:42:17 -0600] "GET /217skost25276.html HTTP/1.1" 404 101413 "-" "Mozilla/5.0 AppleWebKit/537.36 (KHTML, like Gecko; compatible; GPTBot/1.2; +https://openai.com/gptbot)"
20.171.207.59 - - [27/Sep/2025:21:42:19 -0600] "GET /227ratju11872.html HTTP/1.1" 404 71749 "-" "Mozilla/5.0 AppleWebKit/537.36 (KHTML, like Gecko; compatible; GPTBot/1.2; +https://openai.com/gptbot)"
20.171.207.59 - - [27/Sep/2025:21:42:23 -0600] "GET /142pwkwt40491.html?filesrc=/home/tsgmexic/4pie.com.mx/wp-cron.php&path=/home/tsgmexic/4pie.com.mx HTTP/1.1" 404 49711 "-" "Mozilla/5.0 AppleWebKit/537.36 (KHTML, like Gecko; compatible; GPTBot/1.2; +https://openai.com/gptbot)"
173.208.176.202 - - [27/Sep/2025:21:40:56 -0600] "GET /wp-content/install.php?id=353281 HTTP/1.1" 200 - "-" "GuzzleHttp/7"
20.171.207.59 - - [27/Sep/2025:21:42:25 -0600] "GET /110wpwgb16633.html HTTP/1.1" 200 101413 "-" "Mozilla/5.0 AppleWebKit/537.36 (KHTML, like Gecko; compatible; GPTBot/1.2; +https://openai.com/gptbot)"
20.171.207.59 - - [27/Sep/2025:21:42:29 -0600] "GET /297ddtwm10252.html HTTP/1.1" 404 101413 "-" "Mozilla/5.0 AppleWebKit/537.36 (KHTML, like Gecko; compatible; GPTBot/1.2; +https://openai.com/gptbot)"
20.171.207.59 - - [27/Sep/2025:21:42:34 -0600] "GET /115nxhtc24550.html HTTP/1.1" 404 71749 "-" "Mozilla/5.0 AppleWebKit/537.36 (KHTML, like Gecko; compatible; GPTBot/1.2; +https://openai.com/gptbot)"
20.171.207.59 - - [27/Sep/2025:21:42:40 -0600] "GET /146aajap21949.html HTTP/1.1" 404 71749 "-" "Mozilla/5.0 AppleWebKit/537.36 (KHTML, like Gecko; compatible; GPTBot/1.2; +https://openai.com/gptbot)"
