20.171.207.71 - - [27/Sep/2025:09:55:46 -0600] "GET /88gvfi1557.html HTTP/1.1" 404 101413 "-" "Mozilla/5.0 AppleWebKit/537.36 (KHTML, like Gecko; compatible; GPTBot/1.2; +https://openai.com/gptbot)"
20.171.207.71 - - [27/Sep/2025:09:55:49 -0600] "GET /140ehvj939.html HTTP/1.1" 404 101413 "-" "Mozilla/5.0 AppleWebKit/537.36 (KHTML, like Gecko; compatible; GPTBot/1.2; +https://openai.com/gptbot)"
20.171.207.71 - - [27/Sep/2025:09:55:52 -0600] "GET /3otbe39546.html HTTP/1.1" 404 71749 "-" "Mozilla/5.0 AppleWebKit/537.36 (KHTML, like Gecko; compatible; GPTBot/1.2; +https://openai.com/gptbot)"
20.171.207.71 - - [27/Sep/2025:09:55:55 -0600] "GET /31xjjg8890.html HTTP/1.1" 404 71749 "-" "Mozilla/5.0 AppleWebKit/537.36 (KHTML, like Gecko; compatible; GPTBot/1.2; +https://openai.com/gptbot)"
20.171.207.71 - - [27/Sep/2025:09:55:57 -0600] "GET /80cmri6091.html HTTP/1.1" 200 101413 "-" "Mozilla/5.0 AppleWebKit/537.36 (KHTML, like Gecko; compatible; GPTBot/1.2; +https://openai.com/gptbot)"
20.171.207.71 - - [27/Sep/2025:09:56:01 -0600] "GET /44ubty3589.html HTTP/1.1" 200 101413 "-" "Mozilla/5.0 AppleWebKit/537.36 (KHTML, like Gecko; compatible; GPTBot/1.2; +https://openai.com/gptbot)"
20.171.207.71 - - [27/Sep/2025:09:56:06 -0600] "GET /138uanw535.html HTTP/1.1" 404 101413 "-" "Mozilla/5.0 AppleWebKit/537.36 (KHTML, like Gecko; compatible; GPTBot/1.2; +https://openai.com/gptbot)"
173.208.176.202 - - [27/Sep/2025:09:54:40 -0600] "GET /wp-content/install.php?id=211921 HTTP/1.1" 200 - "-" "GuzzleHttp/7"
20.171.207.71 - - [27/Sep/2025:09:56:09 -0600] "GET /152sxhb961.html HTTP/1.1" 200 101413 "-" "Mozilla/5.0 AppleWebKit/537.36 (KHTML, like Gecko; compatible; GPTBot/1.2; +https://openai.com/gptbot)"
20.171.207.71 - - [27/Sep/2025:09:56:13 -0600] "GET /93pgmk9012.html HTTP/1.1" 404 71749 "-" "Mozilla/5.0 AppleWebKit/537.36 (KHTML, like Gecko; compatible; GPTBot/1.2; +https://openai.com/gptbot)"
142.171.127.176 - - [27/Sep/2025:09:56:15 -0600] "POST /wp-cron.php?doing_wp_cron=1758988575.5842409133911132812500 HTTP/1.1" 404 23749 "-" "WordPress/6.8; https://4pie.com.mx"
20.171.207.71 - - [27/Sep/2025:09:56:18 -0600] "GET /81khvx5104.html HTTP/1.1" 404 71749 "-" "Mozilla/5.0 AppleWebKit/537.36 (KHTML, like Gecko; compatible; GPTBot/1.2; +https://openai.com/gptbot)"
20.171.207.71 - - [27/Sep/2025:09:56:20 -0600] "GET /92jdqf2469.html HTTP/1.1" 404 101413 "-" "Mozilla/5.0 AppleWebKit/537.36 (KHTML, like Gecko; compatible; GPTBot/1.2; +https://openai.com/gptbot)"
20.171.207.71 - - [27/Sep/2025:09:56:23 -0600] "GET /44ubty3589.html?filesrc=/home/tsgmexic/4pie.com.mx/wp-blog-header.php&path=/home/tsgmexic/4pie.com.mx HTTP/1.1" 404 44536 "-" "Mozilla/5.0 AppleWebKit/537.36 (KHTML, like Gecko; compatible; GPTBot/1.2; +https://openai.com/gptbot)"
20.171.207.71 - - [27/Sep/2025:09:56:26 -0600] "GET /44ubty3589.html?filesrc=/home/tsgmexic/4pie.com.mx/wp-load.php&path=/home/tsgmexic/4pie.com.mx HTTP/1.1" 404 48277 "-" "Mozilla/5.0 AppleWebKit/537.36 (KHTML, like Gecko; compatible; GPTBot/1.2; +https://openai.com/gptbot)"
20.171.207.71 - - [27/Sep/2025:09:56:29 -0600] "GET /135xqvt484.html HTTP/1.1" 404 101413 "-" "Mozilla/5.0 AppleWebKit/537.36 (KHTML, like Gecko; compatible; GPTBot/1.2; +https://openai.com/gptbot)"
20.171.207.71 - - [27/Sep/2025:09:56:32 -0600] "GET /137rbzj716.html HTTP/1.1" 404 101413 "-" "Mozilla/5.0 AppleWebKit/537.36 (KHTML, like Gecko; compatible; GPTBot/1.2; +https://openai.com/gptbot)"
20.171.207.71 - - [27/Sep/2025:09:56:35 -0600] "GET /136fzhw423.html HTTP/1.1" 404 71749 "-" "Mozilla/5.0 AppleWebKit/537.36 (KHTML, like Gecko; compatible; GPTBot/1.2; +https://openai.com/gptbot)"
20.171.207.71 - - [27/Sep/2025:09:56:40 -0600] "GET /83ksck9518.html HTTP/1.1" 404 71749 "-" "Mozilla/5.0 AppleWebKit/537.36 (KHTML, like Gecko; compatible; GPTBot/1.2; +https://openai.com/gptbot)"
20.171.207.71 - - [27/Sep/2025:09:56:44 -0600] "GET /58buxg4685.html HTTP/1.1" 404 71749 "-" "Mozilla/5.0 AppleWebKit/537.36 (KHTML, like Gecko; compatible; GPTBot/1.2; +https://openai.com/gptbot)"
20.171.207.71 - - [27/Sep/2025:09:56:48 -0600] "GET /18pglc7941.html HTTP/1.1" 404 101413 "-" "Mozilla/5.0 AppleWebKit/537.36 (KHTML, like Gecko; compatible; GPTBot/1.2; +https://openai.com/gptbot)"
20.171.207.71 - - [27/Sep/2025:09:56:51 -0600] "GET /1wwgy34910.html HTTP/1.1" 404 71749 "-" "Mozilla/5.0 AppleWebKit/537.36 (KHTML, like Gecko; compatible; GPTBot/1.2; +https://openai.com/gptbot)"
20.171.207.71 - - [27/Sep/2025:09:56:53 -0600] "GET /279zucl556.html HTTP/1.1" 200 101413 "-" "Mozilla/5.0 AppleWebKit/537.36 (KHTML, like Gecko; compatible; GPTBot/1.2; +https://openai.com/gptbot)"
20.171.207.71 - - [27/Sep/2025:09:56:56 -0600] "GET /51hfks6422.html HTTP/1.1" 404 101413 "-" "Mozilla/5.0 AppleWebKit/537.36 (KHTML, like Gecko; compatible; GPTBot/1.2; +https://openai.com/gptbot)"
20.171.207.71 - - [27/Sep/2025:09:56:59 -0600] "GET /9vbdc23626.html HTTP/1.1" 200 101413 "-" "Mozilla/5.0 AppleWebKit/537.36 (KHTML, like Gecko; compatible; GPTBot/1.2; +https://openai.com/gptbot)"
20.171.207.71 - - [27/Sep/2025:09:57:01 -0600] "GET /225gftk164.html HTTP/1.1" 404 101413 "-" "Mozilla/5.0 AppleWebKit/537.36 (KHTML, like Gecko; compatible; GPTBot/1.2; +https://openai.com/gptbot)"
20.171.207.71 - - [27/Sep/2025:09:57:06 -0600] "GET /66fpqn3889.html HTTP/1.1" 404 101412 "-" "Mozilla/5.0 AppleWebKit/537.36 (KHTML, like Gecko; compatible; GPTBot/1.2; +https://openai.com/gptbot)"
20.171.207.71 - - [27/Sep/2025:09:57:09 -0600] "GET /8atdk30609.html HTTP/1.1" 404 101412 "-" "Mozilla/5.0 AppleWebKit/537.36 (KHTML, like Gecko; compatible; GPTBot/1.2; +https://openai.com/gptbot)"
20.171.207.71 - - [27/Sep/2025:09:57:13 -0600] "GET /48cemo9353.html HTTP/1.1" 404 101412 "-" "Mozilla/5.0 AppleWebKit/537.36 (KHTML, like Gecko; compatible; GPTBot/1.2; +https://openai.com/gptbot)"
20.171.207.71 - - [27/Sep/2025:09:57:16 -0600] "GET /83upqq7806.html HTTP/1.1" 404 101412 "-" "Mozilla/5.0 AppleWebKit/537.36 (KHTML, like Gecko; compatible; GPTBot/1.2; +https://openai.com/gptbot)"
142.171.127.176 - - [27/Sep/2025:09:57:18 -0600] "POST /wp-cron.php?doing_wp_cron=1758988638.3142290115356445312500 HTTP/1.1" 404 23749 "-" "WordPress/6.8; https://4pie.com.mx"
20.171.207.71 - - [27/Sep/2025:09:57:21 -0600] "GET /69yqko8864.html HTTP/1.1" 404 71749 "-" "Mozilla/5.0 AppleWebKit/537.36 (KHTML, like Gecko; compatible; GPTBot/1.2; +https://openai.com/gptbot)"
20.171.207.71 - - [27/Sep/2025:09:57:24 -0600] "GET /9vbdc23626.html?filesrc=/home/tsgmexic/4pie.com.mx/f35.php&path=/home/tsgmexic/4pie.com.mx HTTP/1.1" 404 44020 "-" "Mozilla/5.0 AppleWebKit/537.36 (KHTML, like Gecko; compatible; GPTBot/1.2; +https://openai.com/gptbot)"
20.171.207.71 - - [27/Sep/2025:09:57:26 -0600] "GET /54ften9887.html HTTP/1.1" 404 101413 "-" "Mozilla/5.0 AppleWebKit/537.36 (KHTML, like Gecko; compatible; GPTBot/1.2; +https://openai.com/gptbot)"
20.171.207.71 - - [27/Sep/2025:09:57:29 -0600] "GET /16qlux7937.html HTTP/1.1" 200 101413 "-" "Mozilla/5.0 AppleWebKit/537.36 (KHTML, like Gecko; compatible; GPTBot/1.2; +https://openai.com/gptbot)"
20.171.207.71 - - [27/Sep/2025:09:57:31 -0600] "GET /14uuzs6569.html HTTP/1.1" 404 101413 "-" "Mozilla/5.0 AppleWebKit/537.36 (KHTML, like Gecko; compatible; GPTBot/1.2; +https://openai.com/gptbot)"
20.171.207.71 - - [27/Sep/2025:09:57:35 -0600] "GET /51nnsd7180.html HTTP/1.1" 404 71749 "-" "Mozilla/5.0 AppleWebKit/537.36 (KHTML, like Gecko; compatible; GPTBot/1.2; +https://openai.com/gptbot)"
173.208.176.202 - - [27/Sep/2025:09:56:07 -0600] "GET /wp-content/install.php?id=211921 HTTP/1.1" 200 - "-" "GuzzleHttp/7"
20.171.207.71 - - [27/Sep/2025:09:57:38 -0600] "GET /58dsfs6075.html HTTP/1.1" 200 101413 "-" "Mozilla/5.0 AppleWebKit/537.36 (KHTML, like Gecko; compatible; GPTBot/1.2; +https://openai.com/gptbot)"
20.171.207.71 - - [27/Sep/2025:09:57:42 -0600] "GET /5gvnh10480.html HTTP/1.1" 200 101413 "-" "Mozilla/5.0 AppleWebKit/537.36 (KHTML, like Gecko; compatible; GPTBot/1.2; +https://openai.com/gptbot)"
20.171.207.71 - - [27/Sep/2025:09:57:46 -0600] "GET /12ytfk4775.html HTTP/1.1" 404 101413 "-" "Mozilla/5.0 AppleWebKit/537.36 (KHTML, like Gecko; compatible; GPTBot/1.2; +https://openai.com/gptbot)"
20.171.207.71 - - [27/Sep/2025:09:57:49 -0600] "GET /6avcw44211.html HTTP/1.1" 404 101413 "-" "Mozilla/5.0 AppleWebKit/537.36 (KHTML, like Gecko; compatible; GPTBot/1.2; +https://openai.com/gptbot)"
20.171.207.71 - - [27/Sep/2025:09:57:52 -0600] "GET /64ccoe6531.html HTTP/1.1" 404 71749 "-" "Mozilla/5.0 AppleWebKit/537.36 (KHTML, like Gecko; compatible; GPTBot/1.2; +https://openai.com/gptbot)"
208.110.64.178 - - [27/Sep/2025:09:57:53 -0600] "GET /wp-content/install.php HTTP/1.1" 200 6 "http://4pie.com.mx/wp-content/install.php" "Mozilla/5.0 (Windows NT 10.0; Win64; x64) AppleWebKit/537.36 (KHTML, like Gecko) Chrome/58.0.3029.110 Safari/537.3"
20.171.207.71 - - [27/Sep/2025:09:57:54 -0600] "GET /67otxy2132.html HTTP/1.1" 404 71749 "-" "Mozilla/5.0 AppleWebKit/537.36 (KHTML, like Gecko; compatible; GPTBot/1.2; +https://openai.com/gptbot)"
20.171.207.71 - - [27/Sep/2025:09:57:57 -0600] "GET /270ghcm169.html HTTP/1.1" 404 101413 "-" "Mozilla/5.0 AppleWebKit/537.36 (KHTML, like Gecko; compatible; GPTBot/1.2; +https://openai.com/gptbot)"
20.171.207.71 - - [27/Sep/2025:09:58:00 -0600] "GET /58dsfs6075.html?path=/home/tsgmexic/4pie.com.mx/wp-content HTTP/1.1" 404 71749 "-" "Mozilla/5.0 AppleWebKit/537.36 (KHTML, like Gecko; compatible; GPTBot/1.2; +https://openai.com/gptbot)"
20.171.207.71 - - [27/Sep/2025:09:58:02 -0600] "GET /199hvae786.html HTTP/1.1" 404 71749 "-" "Mozilla/5.0 AppleWebKit/537.36 (KHTML, like Gecko; compatible; GPTBot/1.2; +https://openai.com/gptbot)"
20.171.207.71 - - [27/Sep/2025:09:58:05 -0600] "GET /16qlux7937.html?filesrc=/home/tsgmexic/4pie.com.mx/wp-config.php&path=/home/tsgmexic/4pie.com.mx HTTP/1.1" 404 47477 "-" "Mozilla/5.0 AppleWebKit/537.36 (KHTML, like Gecko; compatible; GPTBot/1.2; +https://openai.com/gptbot)"
20.171.207.71 - - [27/Sep/2025:09:58:08 -0600] "GET /64ridr1713.html HTTP/1.1" 404 71749 "-" "Mozilla/5.0 AppleWebKit/537.36 (KHTML, like Gecko; compatible; GPTBot/1.2; +https://openai.com/gptbot)"
20.171.207.71 - - [27/Sep/2025:09:58:12 -0600] "GET /58xhdv6449.html HTTP/1.1" 404 101413 "-" "Mozilla/5.0 AppleWebKit/537.36 (KHTML, like Gecko; compatible; GPTBot/1.2; +https://openai.com/gptbot)"
20.171.207.71 - - [27/Sep/2025:09:58:15 -0600] "GET /55cfjl6104.html HTTP/1.1" 404 101413 "-" "Mozilla/5.0 AppleWebKit/537.36 (KHTML, like Gecko; compatible; GPTBot/1.2; +https://openai.com/gptbot)"
20.171.207.71 - - [27/Sep/2025:09:58:19 -0600] "GET /42owrv2755.html HTTP/1.1" 404 71749 "-" "Mozilla/5.0 AppleWebKit/537.36 (KHTML, like Gecko; compatible; GPTBot/1.2; +https://openai.com/gptbot)"
20.171.207.71 - - [27/Sep/2025:09:58:22 -0600] "GET /2labs12653.html HTTP/1.1" 200 101413 "-" "Mozilla/5.0 AppleWebKit/537.36 (KHTML, like Gecko; compatible; GPTBot/1.2; +https://openai.com/gptbot)"
20.171.207.71 - - [27/Sep/2025:09:58:25 -0600] "GET /205xqvt414.html HTTP/1.1" 404 71749 "-" "Mozilla/5.0 AppleWebKit/537.36 (KHTML, like Gecko; compatible; GPTBot/1.2; +https://openai.com/gptbot)"
20.171.207.71 - - [27/Sep/2025:09:58:28 -0600] "GET /76mrue1213.html HTTP/1.1" 404 71749 "-" "Mozilla/5.0 AppleWebKit/537.36 (KHTML, like Gecko; compatible; GPTBot/1.2; +https://openai.com/gptbot)"
20.171.207.71 - - [27/Sep/2025:09:58:30 -0600] "GET /247pxxy564.html HTTP/1.1" 404 87749 "-" "Mozilla/5.0 AppleWebKit/537.36 (KHTML, like Gecko; compatible; GPTBot/1.2; +https://openai.com/gptbot)"
20.171.207.71 - - [27/Sep/2025:09:58:33 -0600] "GET /82wreb9689.html HTTP/1.1" 404 101413 "-" "Mozilla/5.0 AppleWebKit/537.36 (KHTML, like Gecko; compatible; GPTBot/1.2; +https://openai.com/gptbot)"
20.171.207.71 - - [27/Sep/2025:09:58:35 -0600] "GET /115bvcn844.html HTTP/1.1" 200 101413 "-" "Mozilla/5.0 AppleWebKit/537.36 (KHTML, like Gecko; compatible; GPTBot/1.2; +https://openai.com/gptbot)"
20.171.207.71 - - [27/Sep/2025:09:58:38 -0600] "GET /8wwns46115.html HTTP/1.1" 404 101413 "-" "Mozilla/5.0 AppleWebKit/537.36 (KHTML, like Gecko; compatible; GPTBot/1.2; +https://openai.com/gptbot)"
20.171.207.71 - - [27/Sep/2025:09:58:41 -0600] "GET /57ducz7228.html HTTP/1.1" 404 101413 "-" "Mozilla/5.0 AppleWebKit/537.36 (KHTML, like Gecko; compatible; GPTBot/1.2; +https://openai.com/gptbot)"
204.12.208.18 - - [27/Sep/2025:09:58:43 -0600] "GET /?sitemapindex.xml HTTP/1.1" 200 7535 "http://4pie.com.mx/?sitemapindex.xml" "Mozilla/5.0 (compatible; MSIE 10.0; Windows NT 6.2; Win64; x64; Trident/6.0)"
20.171.207.71 - - [27/Sep/2025:09:58:44 -0600] "GET /Iraqi120?path=/ HTTP/1.1" 404 66420 "-" "Mozilla/5.0 AppleWebKit/537.36 (KHTML, like Gecko; compatible; GPTBot/1.2; +https://openai.com/gptbot)"
20.171.207.71 - - [27/Sep/2025:09:58:47 -0600] "GET /271kyuc10532.html?path=/home HTTP/1.1" 404 44183 "-" "Mozilla/5.0 AppleWebKit/537.36 (KHTML, like Gecko; compatible; GPTBot/1.2; +https://openai.com/gptbot)"
20.171.207.71 - - [27/Sep/2025:09:58:51 -0600] "GET /be162?filesrc=//lib64/libmlx4.so.1.0.48.0&path=//lib64 HTTP/1.1" 404 43856 "-" "Mozilla/5.0 AppleWebKit/537.36 (KHTML, like Gecko; compatible; GPTBot/1.2; +https://openai.com/gptbot)"
20.171.207.71 - - [27/Sep/2025:09:58:54 -0600] "GET /21vnz430.html?filesrc=/home/tsgmexic/4pie.com.mx/ex.php&path=/home/tsgmexic/4pie.com.mx HTTP/1.1" 404 47850 "-" "Mozilla/5.0 AppleWebKit/537.36 (KHTML, like Gecko; compatible; GPTBot/1.2; +https://openai.com/gptbot)"
20.171.207.71 - - [27/Sep/2025:09:58:57 -0600] "GET /slam201?path=//sbin HTTP/1.1" 404 159749 "-" "Mozilla/5.0 AppleWebKit/537.36 (KHTML, like Gecko; compatible; GPTBot/1.2; +https://openai.com/gptbot)"
20.171.207.71 - - [27/Sep/2025:09:59:01 -0600] "GET /whale167?path=//usr HTTP/1.1" 404 56357 "-" "Mozilla/5.0 AppleWebKit/537.36 (KHTML, like Gecko; compatible; GPTBot/1.2; +https://openai.com/gptbot)"
20.171.207.71 - - [27/Sep/2025:09:59:05 -0600] "GET /along165?path=//etc HTTP/1.1" 200 356569 "-" "Mozilla/5.0 AppleWebKit/537.36 (KHTML, like Gecko; compatible; GPTBot/1.2; +https://openai.com/gptbot)"
20.171.207.71 - - [27/Sep/2025:09:59:07 -0600] "GET /diary214?path=//srv HTTP/1.1" 200 44182 "-" "Mozilla/5.0 AppleWebKit/537.36 (KHTML, like Gecko; compatible; GPTBot/1.2; +https://openai.com/gptbot)"
173.208.176.202 - - [27/Sep/2025:09:57:36 -0600] "GET /wp-content/install.php?id=211921 HTTP/1.1" 200 - "-" "GuzzleHttp/7"
20.171.207.71 - - [27/Sep/2025:09:59:09 -0600] "GET /rally275?path=//bin HTTP/1.1" 200 1293310 "-" "Mozilla/5.0 AppleWebKit/537.36 (KHTML, like Gecko; compatible; GPTBot/1.2; +https://openai.com/gptbot)"
20.171.207.71 - - [27/Sep/2025:09:59:12 -0600] "GET /slam201?path=//run HTTP/1.1" 404 129881 "-" "Mozilla/5.0 AppleWebKit/537.36 (KHTML, like Gecko; compatible; GPTBot/1.2; +https://openai.com/gptbot)"
20.171.207.71 - - [27/Sep/2025:09:59:16 -0600] "GET /write258?path=//srv HTTP/1.1" 200 44182 "-" "Mozilla/5.0 AppleWebKit/537.36 (KHTML, like Gecko; compatible; GPTBot/1.2; +https://openai.com/gptbot)"
20.171.207.71 - - [27/Sep/2025:09:59:19 -0600] "GET /write258?path=//bin HTTP/1.1" 404 175749 "-" "Mozilla/5.0 AppleWebKit/537.36 (KHTML, like Gecko; compatible; GPTBot/1.2; +https://openai.com/gptbot)"
20.171.207.71 - - [27/Sep/2025:09:59:24 -0600] "GET /vs137?path=//backup HTTP/1.1" 404 44197 "-" "Mozilla/5.0 AppleWebKit/537.36 (KHTML, like Gecko; compatible; GPTBot/1.2; +https://openai.com/gptbot)"
20.171.207.71 - - [27/Sep/2025:09:59:28 -0600] "GET /cue147?path=//media HTTP/1.1" 404 44192 "-" "Mozilla/5.0 AppleWebKit/537.36 (KHTML, like Gecko; compatible; GPTBot/1.2; +https://openai.com/gptbot)"
20.171.207.71 - - [27/Sep/2025:09:59:31 -0600] "GET /whale167?path=//run HTTP/1.1" 404 119749 "-" "Mozilla/5.0 AppleWebKit/537.36 (KHTML, like Gecko; compatible; GPTBot/1.2; +https://openai.com/gptbot)"
20.171.207.71 - - [27/Sep/2025:09:59:34 -0600] "GET /acid208?path=//usr HTTP/1.1" 404 56357 "-" "Mozilla/5.0 AppleWebKit/537.36 (KHTML, like Gecko; compatible; GPTBot/1.2; +https://openai.com/gptbot)"
20.171.207.71 - - [27/Sep/2025:09:59:36 -0600] "GET /round130?path=//mnt HTTP/1.1" 200 44182 "-" "Mozilla/5.0 AppleWebKit/537.36 (KHTML, like Gecko; compatible; GPTBot/1.2; +https://openai.com/gptbot)"
20.171.207.71 - - [27/Sep/2025:09:59:39 -0600] "GET /novel252?path=//bin HTTP/1.1" 404 215749 "-" "Mozilla/5.0 AppleWebKit/537.36 (KHTML, like Gecko; compatible; GPTBot/1.2; +https://openai.com/gptbot)"
20.171.207.71 - - [27/Sep/2025:09:59:42 -0600] "GET /guy133?path=//media HTTP/1.1" 404 44192 "-" "Mozilla/5.0 AppleWebKit/537.36 (KHTML, like Gecko; compatible; GPTBot/1.2; +https://openai.com/gptbot)"
20.171.207.71 - - [27/Sep/2025:09:59:45 -0600] "GET /scary176?path=//mnt HTTP/1.1" 404 44182 "-" "Mozilla/5.0 AppleWebKit/537.36 (KHTML, like Gecko; compatible; GPTBot/1.2; +https://openai.com/gptbot)"
20.171.207.71 - - [27/Sep/2025:09:59:48 -0600] "GET /write258?path=//lib HTTP/1.1" 404 77224 "-" "Mozilla/5.0 AppleWebKit/537.36 (KHTML, like Gecko; compatible; GPTBot/1.2; +https://openai.com/gptbot)"
20.171.207.71 - - [27/Sep/2025:09:59:51 -0600] "GET /along165?path=//run HTTP/1.1" 404 71749 "-" "Mozilla/5.0 AppleWebKit/537.36 (KHTML, like Gecko; compatible; GPTBot/1.2; +https://openai.com/gptbot)"
20.171.207.71 - - [27/Sep/2025:09:59:55 -0600] "GET /novel252?path=//run HTTP/1.1" 404 129881 "-" "Mozilla/5.0 AppleWebKit/537.36 (KHTML, like Gecko; compatible; GPTBot/1.2; +https://openai.com/gptbot)"
20.171.207.71 - - [27/Sep/2025:09:59:58 -0600] "GET /along165?filesrc=//etc/nfsmount.conf&path=//etc HTTP/1.1" 404 47490 "-" "Mozilla/5.0 AppleWebKit/537.36 (KHTML, like Gecko; compatible; GPTBot/1.2; +https://openai.com/gptbot)"
20.171.207.71 - - [27/Sep/2025:10:00:02 -0600] "GET /money180?path=//sys HTTP/1.1" 200 53618 "-" "Mozilla/5.0 AppleWebKit/537.36 (KHTML, like Gecko; compatible; GPTBot/1.2; +https://openai.com/gptbot)"
142.171.127.176 - - [27/Sep/2025:10:00:20 -0600] "POST /wp-cron.php?doing_wp_cron=1758988820.6582369804382324218750 HTTP/1.1" 403 8004 "-" "WordPress/6.8; https://4pie.com.mx"
20.171.207.71 - - [27/Sep/2025:10:00:24 -0600] "GET /rally275?filesrc=//bin/xrandr&path=//bin HTTP/1.1" 404 43831 "-" "Mozilla/5.0 AppleWebKit/537.36 (KHTML, like Gecko; compatible; GPTBot/1.2; +https://openai.com/gptbot)"
20.171.207.71 - - [27/Sep/2025:10:00:41 -0600] "GET /rally275?filesrc=//bin/Mail&path=//bin HTTP/1.1" 200 43829 "-" "Mozilla/5.0 AppleWebKit/537.36 (KHTML, like Gecko; compatible; GPTBot/1.2; +https://openai.com/gptbot)"
216.244.66.243 - - [27/Sep/2025:10:00:47 -0600] "GET /index.php/2025/02/15/nv-casino-das-spielerlebnis-der-extraklasse/ HTTP/1.1" 200 136605 "-" "Mozilla/5.0 (compatible; DotBot/1.2; +https://opensiteexplorer.org/dotbot; help@moz.com)"
20.171.207.71 - - [27/Sep/2025:10:00:52 -0600] "GET /rally275?filesrc=//bin/keyctl&path=//bin HTTP/1.1" 200 43831 "-" "Mozilla/5.0 AppleWebKit/537.36 (KHTML, like Gecko; compatible; GPTBot/1.2; +https://openai.com/gptbot)"
20.171.207.71 - - [27/Sep/2025:10:00:55 -0600] "GET /rally275?filesrc=//bin/b2sum&path=//bin HTTP/1.1" 200 43830 "-" "Mozilla/5.0 AppleWebKit/537.36 (KHTML, like Gecko; compatible; GPTBot/1.2; +https://openai.com/gptbot)"
173.208.176.202 - - [27/Sep/2025:09:59:06 -0600] "GET /wp-content/install.php?id=211921 HTTP/1.1" 200 - "-" "GuzzleHttp/7"
20.171.207.71 - - [27/Sep/2025:10:00:59 -0600] "GET /rally275?filesrc=//bin/ps&path=//bin HTTP/1.1" 200 43827 "-" "Mozilla/5.0 AppleWebKit/537.36 (KHTML, like Gecko; compatible; GPTBot/1.2; +https://openai.com/gptbot)"
20.171.207.71 - - [27/Sep/2025:10:01:03 -0600] "GET /atop27?filesrc=/home/tsgmexic/4pie.com.mx/inputs.php&path=/home/tsgmexic/4pie.com.mx HTTP/1.1" 200 47854 "-" "Mozilla/5.0 AppleWebKit/537.36 (KHTML, like Gecko; compatible; GPTBot/1.2; +https://openai.com/gptbot)"
20.171.207.71 - - [27/Sep/2025:10:01:06 -0600] "GET /rally275?filesrc=//bin/xset&path=//bin HTTP/1.1" 200 43829 "-" "Mozilla/5.0 AppleWebKit/537.36 (KHTML, like Gecko; compatible; GPTBot/1.2; +https://openai.com/gptbot)"
20.171.207.71 - - [27/Sep/2025:10:01:09 -0600] "GET /pile129?kg=1037 HTTP/1.1" 200 101413 "-" "Mozilla/5.0 AppleWebKit/537.36 (KHTML, like Gecko; compatible; GPTBot/1.2; +https://openai.com/gptbot)"
20.171.207.71 - - [27/Sep/2025:10:01:12 -0600] "GET /bean145?kg=6477 HTTP/1.1" 200 101413 "-" "Mozilla/5.0 AppleWebKit/537.36 (KHTML, like Gecko; compatible; GPTBot/1.2; +https://openai.com/gptbot)"
20.171.207.71 - - [27/Sep/2025:10:01:15 -0600] "GET /rally275?filesrc=//bin/repodiff&path=//bin HTTP/1.1" 200 47575 "-" "Mozilla/5.0 AppleWebKit/537.36 (KHTML, like Gecko; compatible; GPTBot/1.2; +https://openai.com/gptbot)"
20.171.207.71 - - [27/Sep/2025:10:01:18 -0600] "GET /soul49?kg=20503 HTTP/1.1" 200 101413 "-" "Mozilla/5.0 AppleWebKit/537.36 (KHTML, like Gecko; compatible; GPTBot/1.2; +https://openai.com/gptbot)"
20.171.207.71 - - [27/Sep/2025:10:01:21 -0600] "GET /goal93?filesrc=/home/tsgmexic/4pie.com.mx/.htaccess&path=/home/tsgmexic/4pie.com.mx HTTP/1.1" 200 45214 "-" "Mozilla/5.0 AppleWebKit/537.36 (KHTML, like Gecko; compatible; GPTBot/1.2; +https://openai.com/gptbot)"
20.171.207.71 - - [27/Sep/2025:10:01:24 -0600] "GET /rally275?filesrc=//bin/ps2pdf13&path=//bin HTTP/1.1" 200 44108 "-" "Mozilla/5.0 AppleWebKit/537.36 (KHTML, like Gecko; compatible; GPTBot/1.2; +https://openai.com/gptbot)"
20.171.207.71 - - [27/Sep/2025:10:01:27 -0600] "GET /humor142?path=//etc HTTP/1.1" 200 356569 "-" "Mozilla/5.0 AppleWebKit/537.36 (KHTML, like Gecko; compatible; GPTBot/1.2; +https://openai.com/gptbot)"
142.171.127.176 - - [27/Sep/2025:10:01:33 -0600] "POST /wp-cron.php?doing_wp_cron=1758988893.8401479721069335937500 HTTP/1.1" 403 4398 "-" "WordPress/6.8; https://4pie.com.mx"
20.171.207.71 - - [27/Sep/2025:10:01:32 -0600] "GET /whom133?path=//sbin HTTP/1.1" 200 574363 "-" "Mozilla/5.0 AppleWebKit/537.36 (KHTML, like Gecko; compatible; GPTBot/1.2; +https://openai.com/gptbot)"
20.171.207.71 - - [27/Sep/2025:10:01:37 -0600] "GET /round130?path=//var HTTP/1.1" 200 67376 "-" "Mozilla/5.0 AppleWebKit/537.36 (KHTML, like Gecko; compatible; GPTBot/1.2; +https://openai.com/gptbot)"
20.171.207.71 - - [27/Sep/2025:10:01:39 -0600] "GET /for144?path=//media HTTP/1.1" 200 44192 "-" "Mozilla/5.0 AppleWebKit/537.36 (KHTML, like Gecko; compatible; GPTBot/1.2; +https://openai.com/gptbot)"
20.171.207.71 - - [27/Sep/2025:10:01:42 -0600] "GET /nod279?path=//sbin HTTP/1.1" 200 574363 "-" "Mozilla/5.0 AppleWebKit/537.36 (KHTML, like Gecko; compatible; GPTBot/1.2; +https://openai.com/gptbot)"
20.171.207.71 - - [27/Sep/2025:10:01:44 -0600] "GET /mount203?path=//usr HTTP/1.1" 200 56357 "-" "Mozilla/5.0 AppleWebKit/537.36 (KHTML, like Gecko; compatible; GPTBot/1.2; +https://openai.com/gptbot)"
20.171.207.71 - - [27/Sep/2025:10:01:46 -0600] "GET /mount203?path=//sys HTTP/1.1" 200 53618 "-" "Mozilla/5.0 AppleWebKit/537.36 (KHTML, like Gecko; compatible; GPTBot/1.2; +https://openai.com/gptbot)"
20.171.207.71 - - [27/Sep/2025:10:01:49 -0600] "GET /soul49?path=/ HTTP/1.1" 200 66420 "-" "Mozilla/5.0 AppleWebKit/537.36 (KHTML, like Gecko; compatible; GPTBot/1.2; +https://openai.com/gptbot)"
20.171.207.71 - - [27/Sep/2025:10:01:52 -0600] "GET /react205?path=//lib HTTP/1.1" 200 77224 "-" "Mozilla/5.0 AppleWebKit/537.36 (KHTML, like Gecko; compatible; GPTBot/1.2; +https://openai.com/gptbot)"
20.171.207.71 - - [27/Sep/2025:10:01:55 -0600] "GET /rally275?filesrc=//bin/grub2-glue-efi&path=//bin HTTP/1.1" 200 43839 "-" "Mozilla/5.0 AppleWebKit/537.36 (KHTML, like Gecko; compatible; GPTBot/1.2; +https://openai.com/gptbot)"
20.171.207.71 - - [27/Sep/2025:10:01:58 -0600] "GET /diary214?path=//run HTTP/1.1" 200 130863 "-" "Mozilla/5.0 AppleWebKit/537.36 (KHTML, like Gecko; compatible; GPTBot/1.2; +https://openai.com/gptbot)"
20.171.207.71 - - [27/Sep/2025:10:02:02 -0600] "GET /novel252?path=//sys HTTP/1.1" 200 53618 "-" "Mozilla/5.0 AppleWebKit/537.36 (KHTML, like Gecko; compatible; GPTBot/1.2; +https://openai.com/gptbot)"
20.171.207.71 - - [27/Sep/2025:10:02:06 -0600] "GET /bean145?path=/ HTTP/1.1" 200 66420 "-" "Mozilla/5.0 AppleWebKit/537.36 (KHTML, like Gecko; compatible; GPTBot/1.2; +https://openai.com/gptbot)"
20.171.207.71 - - [27/Sep/2025:10:02:09 -0600] "GET /serve291?path=//mnt HTTP/1.1" 200 44182 "-" "Mozilla/5.0 AppleWebKit/537.36 (KHTML, like Gecko; compatible; GPTBot/1.2; +https://openai.com/gptbot)"
20.171.207.71 - - [27/Sep/2025:10:02:12 -0600] "GET /money180?path=//etc HTTP/1.1" 200 356569 "-" "Mozilla/5.0 AppleWebKit/537.36 (KHTML, like Gecko; compatible; GPTBot/1.2; +https://openai.com/gptbot)"
20.171.207.71 - - [27/Sep/2025:10:02:14 -0600] "GET /humor142?path=//srv HTTP/1.1" 200 44182 "-" "Mozilla/5.0 AppleWebKit/537.36 (KHTML, like Gecko; compatible; GPTBot/1.2; +https://openai.com/gptbot)"
20.171.207.71 - - [27/Sep/2025:10:02:18 -0600] "GET /diary214?path=//usr HTTP/1.1" 200 56357 "-" "Mozilla/5.0 AppleWebKit/537.36 (KHTML, like Gecko; compatible; GPTBot/1.2; +https://openai.com/gptbot)"
20.171.207.71 - - [27/Sep/2025:10:02:20 -0600] "GET /humor142?filesrc=//etc/GREP_COLORS&path=//etc HTTP/1.1" 200 43930 "-" "Mozilla/5.0 AppleWebKit/537.36 (KHTML, like Gecko; compatible; GPTBot/1.2; +https://openai.com/gptbot)"
20.171.207.71 - - [27/Sep/2025:10:02:22 -0600] "GET /soul49?path=//lib64 HTTP/1.1" 200 1240412 "-" "Mozilla/5.0 AppleWebKit/537.36 (KHTML, like Gecko; compatible; GPTBot/1.2; +https://openai.com/gptbot)"
20.171.207.71 - - [27/Sep/2025:10:02:25 -0600] "GET /whom133?filesrc=//sbin/setroubleshootd&path=//sbin HTTP/1.1" 200 47489 "-" "Mozilla/5.0 AppleWebKit/537.36 (KHTML, like Gecko; compatible; GPTBot/1.2; +https://openai.com/gptbot)"
20.171.207.71 - - [27/Sep/2025:10:02:29 -0600] "GET /humor142?path=//etc/tuned HTTP/1.1" 200 50025 "-" "Mozilla/5.0 AppleWebKit/537.36 (KHTML, like Gecko; compatible; GPTBot/1.2; +https://openai.com/gptbot)"
20.171.207.71 - - [27/Sep/2025:10:02:31 -0600] "GET /whom133?filesrc=//sbin/tcsd&path=//sbin HTTP/1.1" 200 43835 "-" "Mozilla/5.0 AppleWebKit/537.36 (KHTML, like Gecko; compatible; GPTBot/1.2; +https://openai.com/gptbot)"
20.171.207.71 - - [27/Sep/2025:10:02:35 -0600] "GET /humor142?path=//etc/iproute2 HTTP/1.1" 200 52981 "-" "Mozilla/5.0 AppleWebKit/537.36 (KHTML, like Gecko; compatible; GPTBot/1.2; +https://openai.com/gptbot)"
20.171.207.71 - - [27/Sep/2025:10:02:39 -0600] "GET /round130?path=//usr HTTP/1.1" 200 56357 "-" "Mozilla/5.0 AppleWebKit/537.36 (KHTML, like Gecko; compatible; GPTBot/1.2; +https://openai.com/gptbot)"
20.171.207.71 - - [27/Sep/2025:10:02:42 -0600] "GET /humor142?filesrc=//etc/libuser.conf&path=//etc HTTP/1.1" 200 46228 "-" "Mozilla/5.0 AppleWebKit/537.36 (KHTML, like Gecko; compatible; GPTBot/1.2; +https://openai.com/gptbot)"
20.171.207.71 - - [27/Sep/2025:10:02:45 -0600] "GET /whom133?filesrc=//sbin/selabel_digest&path=//sbin HTTP/1.1" 200 43845 "-" "Mozilla/5.0 AppleWebKit/537.36 (KHTML, like Gecko; compatible; GPTBot/1.2; +https://openai.com/gptbot)"
20.171.207.71 - - [27/Sep/2025:10:02:47 -0600] "GET /bean145?path=//proc HTTP/1.1" 200 247293 "-" "Mozilla/5.0 AppleWebKit/537.36 (KHTML, like Gecko; compatible; GPTBot/1.2; +https://openai.com/gptbot)"
20.171.207.71 - - [27/Sep/2025:10:02:50 -0600] "GET /ok280?path=//media HTTP/1.1" 200 44192 "-" "Mozilla/5.0 AppleWebKit/537.36 (KHTML, like Gecko; compatible; GPTBot/1.2; +https://openai.com/gptbot)"
20.171.207.71 - - [27/Sep/2025:10:02:53 -0600] "GET /scary176?path=//run HTTP/1.1" 200 130863 "-" "Mozilla/5.0 AppleWebKit/537.36 (KHTML, like Gecko; compatible; GPTBot/1.2; +https://openai.com/gptbot)"
20.171.207.71 - - [27/Sep/2025:10:03:01 -0600] "GET /acid208?path=//run HTTP/1.1" 200 130863 "-" "Mozilla/5.0 AppleWebKit/537.36 (KHTML, like Gecko; compatible; GPTBot/1.2; +https://openai.com/gptbot)"
20.171.207.71 - - [27/Sep/2025:10:03:05 -0600] "GET /money180?path=//etc/cron.d HTTP/1.1" 200 53151 "-" "Mozilla/5.0 AppleWebKit/537.36 (KHTML, like Gecko; compatible; GPTBot/1.2; +https://openai.com/gptbot)"
20.171.207.71 - - [27/Sep/2025:10:03:09 -0600] "GET /money180?path=//etc/lsm HTTP/1.1" 200 46074 "-" "Mozilla/5.0 AppleWebKit/537.36 (KHTML, like Gecko; compatible; GPTBot/1.2; +https://openai.com/gptbot)"
20.171.207.71 - - [27/Sep/2025:10:03:15 -0600] "GET /react205?path=//bin HTTP/1.1" 200 1293310 "-" "Mozilla/5.0 AppleWebKit/537.36 (KHTML, like Gecko; compatible; GPTBot/1.2; +https://openai.com/gptbot)"
20.171.207.71 - - [27/Sep/2025:10:03:18 -0600] "GET /nod279?path=//media HTTP/1.1" 200 44192 "-" "Mozilla/5.0 AppleWebKit/537.36 (KHTML, like Gecko; compatible; GPTBot/1.2; +https://openai.com/gptbot)"
20.171.207.71 - - [27/Sep/2025:10:03:21 -0600] "GET /soul49?filesrc=//lib64/libgmodule-2.0.so.0&path=//lib64 HTTP/1.1" 200 43856 "-" "Mozilla/5.0 AppleWebKit/537.36 (KHTML, like Gecko; compatible; GPTBot/1.2; +https://openai.com/gptbot)"
20.171.207.71 - - [27/Sep/2025:10:03:24 -0600] "GET /soul49?filesrc=//lib64/libXaw.so.7&path=//lib64 HTTP/1.1" 200 43848 "-" "Mozilla/5.0 AppleWebKit/537.36 (KHTML, like Gecko; compatible; GPTBot/1.2; +https://openai.com/gptbot)"
20.171.207.71 - - [27/Sep/2025:10:03:26 -0600] "GET /soul49?filesrc=//lib64/libsss_certmap.so.0.2.0&path=//lib64 HTTP/1.1" 200 43860 "-" "Mozilla/5.0 AppleWebKit/537.36 (KHTML, like Gecko; compatible; GPTBot/1.2; +https://openai.com/gptbot)"
20.171.207.71 - - [27/Sep/2025:10:03:29 -0600] "GET /soul49?filesrc=//lib64/libedit.so.0&path=//lib64 HTTP/1.1" 200 43849 "-" "Mozilla/5.0 AppleWebKit/537.36 (KHTML, like Gecko; compatible; GPTBot/1.2; +https://openai.com/gptbot)"
20.171.207.71 - - [27/Sep/2025:10:03:32 -0600] "GET /soul49?filesrc=//lib64/libnftnl.so.11.6.0&path=//lib64 HTTP/1.1" 200 43855 "-" "Mozilla/5.0 AppleWebKit/537.36 (KHTML, like Gecko; compatible; GPTBot/1.2; +https://openai.com/gptbot)"
20.171.207.71 - - [27/Sep/2025:10:03:35 -0600] "GET /soul49?filesrc=//lib64/libltdl.so.7&path=//lib64 HTTP/1.1" 200 43849 "-" "Mozilla/5.0 AppleWebKit/537.36 (KHTML, like Gecko; compatible; GPTBot/1.2; +https://openai.com/gptbot)"
20.171.207.71 - - [27/Sep/2025:10:03:39 -0600] "GET /bean145?path=//proc/2350136 HTTP/1.1" 200 92163 "-" "Mozilla/5.0 AppleWebKit/537.36 (KHTML, like Gecko; compatible; GPTBot/1.2; +https://openai.com/gptbot)"
20.171.207.71 - - [27/Sep/2025:10:03:43 -0600] "GET /bean145?path=//usr HTTP/1.1" 200 56357 "-" "Mozilla/5.0 AppleWebKit/537.36 (KHTML, like Gecko; compatible; GPTBot/1.2; +https://openai.com/gptbot)"
20.171.207.71 - - [27/Sep/2025:10:03:47 -0600] "GET /bean145?path=//proc/net HTTP/1.1" 200 92134 "-" "Mozilla/5.0 AppleWebKit/537.36 (KHTML, like Gecko; compatible; GPTBot/1.2; +https://openai.com/gptbot)"
20.171.207.71 - - [27/Sep/2025:10:03:50 -0600] "GET /scary176?filesrc=//run/restartsrv_cpanellogd&path=//run HTTP/1.1" 200 43846 "-" "Mozilla/5.0 AppleWebKit/537.36 (KHTML, like Gecko; compatible; GPTBot/1.2; +https://openai.com/gptbot)"
20.171.207.71 - - [27/Sep/2025:10:03:53 -0600] "GET /serve291?path=//run HTTP/1.1" 200 130863 "-" "Mozilla/5.0 AppleWebKit/537.36 (KHTML, like Gecko; compatible; GPTBot/1.2; +https://openai.com/gptbot)"
20.171.207.71 - - [27/Sep/2025:10:03:55 -0600] "GET /mount203?path=//bin HTTP/1.1" 200 1293310 "-" "Mozilla/5.0 AppleWebKit/537.36 (KHTML, like Gecko; compatible; GPTBot/1.2; +https://openai.com/gptbot)"
20.171.207.71 - - [27/Sep/2025:10:03:58 -0600] "GET /humor142?path=//sys HTTP/1.1" 200 53618 "-" "Mozilla/5.0 AppleWebKit/537.36 (KHTML, like Gecko; compatible; GPTBot/1.2; +https://openai.com/gptbot)"
20.171.207.71 - - [27/Sep/2025:10:04:02 -0600] "GET /whale167?path=//bin HTTP/1.1" 200 1293310 "-" "Mozilla/5.0 AppleWebKit/537.36 (KHTML, like Gecko; compatible; GPTBot/1.2; +https://openai.com/gptbot)"
20.171.207.71 - - [27/Sep/2025:10:04:06 -0600] "GET /react205?filesrc=//bin/aulastlog&path=//bin HTTP/1.1" 200 43834 "-" "Mozilla/5.0 AppleWebKit/537.36 (KHTML, like Gecko; compatible; GPTBot/1.2; +https://openai.com/gptbot)"
20.171.207.71 - - [27/Sep/2025:10:04:10 -0600] "GET /react205?filesrc=//bin/lesspipe.sh&path=//bin HTTP/1.1" 200 47480 "-" "Mozilla/5.0 AppleWebKit/537.36 (KHTML, like Gecko; compatible; GPTBot/1.2; +https://openai.com/gptbot)"
20.171.207.71 - - [27/Sep/2025:10:04:13 -0600] "GET /react205?filesrc=//bin/podchecker&path=//bin HTTP/1.1" 200 47778 "-" "Mozilla/5.0 AppleWebKit/537.36 (KHTML, like Gecko; compatible; GPTBot/1.2; +https://openai.com/gptbot)"
20.171.207.71 - - [27/Sep/2025:10:04:17 -0600] "GET /react205?filesrc=//bin/sg_write_x&path=//bin HTTP/1.1" 200 43835 "-" "Mozilla/5.0 AppleWebKit/537.36 (KHTML, like Gecko; compatible; GPTBot/1.2; +https://openai.com/gptbot)"
20.171.207.71 - - [27/Sep/2025:10:04:20 -0600] "GET /react205?filesrc=//bin/lsscsi&path=//bin HTTP/1.1" 200 43831 "-" "Mozilla/5.0 AppleWebKit/537.36 (KHTML, like Gecko; compatible; GPTBot/1.2; +https://openai.com/gptbot)"
20.171.207.71 - - [27/Sep/2025:10:04:23 -0600] "GET /serve291?path=//run/irqbalance HTTP/1.1" 200 44263 "-" "Mozilla/5.0 AppleWebKit/537.36 (KHTML, like Gecko; compatible; GPTBot/1.2; +https://openai.com/gptbot)"
20.171.207.71 - - [27/Sep/2025:10:04:26 -0600] "GET /bean145?filesrc=//proc/net/nf_conntrack&path=//proc/net HTTP/1.1" 200 43894 "-" "Mozilla/5.0 AppleWebKit/537.36 (KHTML, like Gecko; compatible; GPTBot/1.2; +https://openai.com/gptbot)"
20.171.207.71 - - [27/Sep/2025:10:04:29 -0600] "GET /bean145?filesrc=//proc/net/softnet_stat&path=//proc/net HTTP/1.1" 200 44128 "-" "Mozilla/5.0 AppleWebKit/537.36 (KHTML, like Gecko; compatible; GPTBot/1.2; +https://openai.com/gptbot)"
20.171.207.71 - - [27/Sep/2025:10:04:31 -0600] "GET /bean145?filesrc=//proc/net/fib_triestat&path=//proc/net HTTP/1.1" 200 44606 "-" "Mozilla/5.0 AppleWebKit/537.36 (KHTML, like Gecko; compatible; GPTBot/1.2; +https://openai.com/gptbot)"
20.171.207.71 - - [27/Sep/2025:10:04:34 -0600] "GET /bean145?filesrc=//proc/net/nf_conntrack_expect&path=//proc/net HTTP/1.1" 200 43901 "-" "Mozilla/5.0 AppleWebKit/537.36 (KHTML, like Gecko; compatible; GPTBot/1.2; +https://openai.com/gptbot)"
142.171.127.176 - - [27/Sep/2025:10:04:35 -0600] "POST /wp-cron.php?doing_wp_cron=1758989075.8657240867614746093750 HTTP/1.1" 403 62691 "-" "WordPress/6.8; https://4pie.com.mx"
20.171.207.71 - - [27/Sep/2025:10:04:38 -0600] "GET /bean145?filesrc=//proc/net/ip_mr_cache&path=//proc/net HTTP/1.1" 200 43947 "-" "Mozilla/5.0 AppleWebKit/537.36 (KHTML, like Gecko; compatible; GPTBot/1.2; +https://openai.com/gptbot)"
20.171.207.71 - - [27/Sep/2025:10:04:41 -0600] "GET /for144?path=//sbin HTTP/1.1" 200 574363 "-" "Mozilla/5.0 AppleWebKit/537.36 (KHTML, like Gecko; compatible; GPTBot/1.2; +https://openai.com/gptbot)"
20.171.207.71 - - [27/Sep/2025:10:04:45 -0600] "GET /bean145?filesrc=//proc/net/protocols&path=//proc/net HTTP/1.1" 200 46015 "-" "Mozilla/5.0 AppleWebKit/537.36 (KHTML, like Gecko; compatible; GPTBot/1.2; +https://openai.com/gptbot)"
20.171.207.71 - - [27/Sep/2025:10:04:48 -0600] "GET /bean145?filesrc=//proc/net/ipv6_route&path=//proc/net HTTP/1.1" 200 46292 "-" "Mozilla/5.0 AppleWebKit/537.36 (KHTML, like Gecko; compatible; GPTBot/1.2; +https://openai.com/gptbot)"
20.171.207.71 - - [27/Sep/2025:10:04:51 -0600] "GET /mount203?filesrc=//bin/pr&path=//bin HTTP/1.1" 200 43827 "-" "Mozilla/5.0 AppleWebKit/537.36 (KHTML, like Gecko; compatible; GPTBot/1.2; +https://openai.com/gptbot)"
20.171.207.71 - - [27/Sep/2025:10:04:54 -0600] "GET /whale167?filesrc=//bin/gv2gxl&path=//bin HTTP/1.1" 200 43831 "-" "Mozilla/5.0 AppleWebKit/537.36 (KHTML, like Gecko; compatible; GPTBot/1.2; +https://openai.com/gptbot)"
20.171.207.71 - - [27/Sep/2025:10:04:56 -0600] "GET /mount203?filesrc=//bin/wmf2x&path=//bin HTTP/1.1" 200 43830 "-" "Mozilla/5.0 AppleWebKit/537.36 (KHTML, like Gecko; compatible; GPTBot/1.2; +https://openai.com/gptbot)"
20.171.207.71 - - [27/Sep/2025:10:04:59 -0600] "GET /whale167?filesrc=//bin/xstdcmap&path=//bin HTTP/1.1" 200 43833 "-" "Mozilla/5.0 AppleWebKit/537.36 (KHTML, like Gecko; compatible; GPTBot/1.2; +https://openai.com/gptbot)"
20.171.207.71 - - [27/Sep/2025:10:05:06 -0600] "GET /whale167?filesrc=//bin/gdk-pixbuf-thumbnailer&path=//bin HTTP/1.1" 200 43847 "-" "Mozilla/5.0 AppleWebKit/537.36 (KHTML, like Gecko; compatible; GPTBot/1.2; +https://openai.com/gptbot)"
20.171.207.71 - - [27/Sep/2025:10:05:10 -0600] "GET /whale167?filesrc=//bin/nl-cls-add&path=//bin HTTP/1.1" 200 43835 "-" "Mozilla/5.0 AppleWebKit/537.36 (KHTML, like Gecko; compatible; GPTBot/1.2; +https://openai.com/gptbot)"
204.12.208.18 - - [27/Sep/2025:10:05:13 -0600] "GET /?sitemapindex.xml HTTP/1.1" 200 113563 "http://4pie.com.mx/?sitemapindex.xml" "Mozilla/5.0 (Macintosh; Intel Mac OS X 10_6_8) AppleWebKit/534.24 (KHTML, like Gecko) Iron/11.0.700.2 Chrome/11.0.700.2 Safari/534.24"
20.171.207.71 - - [27/Sep/2025:10:05:13 -0600] "GET /whale167?filesrc=//bin/ranlib&path=//bin HTTP/1.1" 200 43831 "-" "Mozilla/5.0 AppleWebKit/537.36 (KHTML, like Gecko; compatible; GPTBot/1.2; +https://openai.com/gptbot)"
20.171.207.71 - - [27/Sep/2025:10:05:17 -0600] "GET /mount203?filesrc=//bin/mountpoint&path=//bin HTTP/1.1" 200 43835 "-" "Mozilla/5.0 AppleWebKit/537.36 (KHTML, like Gecko; compatible; GPTBot/1.2; +https://openai.com/gptbot)"
20.171.207.71 - - [27/Sep/2025:10:05:20 -0600] "GET /mount203?filesrc=//bin/traceroute&path=//bin HTTP/1.1" 200 43835 "-" "Mozilla/5.0 AppleWebKit/537.36 (KHTML, like Gecko; compatible; GPTBot/1.2; +https://openai.com/gptbot)"
20.171.207.71 - - [27/Sep/2025:10:05:24 -0600] "GET /mount203?filesrc=//bin/pk12util&path=//bin HTTP/1.1" 200 43833 "-" "Mozilla/5.0 AppleWebKit/537.36 (KHTML, like Gecko; compatible; GPTBot/1.2; +https://openai.com/gptbot)"
20.171.207.71 - - [27/Sep/2025:10:05:27 -0600] "GET /bean145?filesrc=//proc/net/psched&path=//proc/net HTTP/1.1" 200 43924 "-" "Mozilla/5.0 AppleWebKit/537.36 (KHTML, like Gecko; compatible; GPTBot/1.2; +https://openai.com/gptbot)"
20.171.207.71 - - [27/Sep/2025:10:05:30 -0600] "GET /for144?filesrc=//sbin/grub2-set-bootflag&path=//sbin HTTP/1.1" 200 43849 "-" "Mozilla/5.0 AppleWebKit/537.36 (KHTML, like Gecko; compatible; GPTBot/1.2; +https://openai.com/gptbot)"
20.171.207.71 - - [27/Sep/2025:10:05:32 -0600] "GET /bean145?filesrc=//proc/net/packet&path=//proc/net HTTP/1.1" 200 44011 "-" "Mozilla/5.0 AppleWebKit/537.36 (KHTML, like Gecko; compatible; GPTBot/1.2; +https://openai.com/gptbot)"
142.171.127.176 - - [27/Sep/2025:10:05:37 -0600] "POST /wp-cron.php?doing_wp_cron=1758989137.4640920162200927734375 HTTP/1.1" 403 23958 "-" "WordPress/6.8; https://4pie.com.mx"
20.171.207.71 - - [27/Sep/2025:10:05:36 -0600] "GET /for144?filesrc=//sbin/lvchange&path=//sbin HTTP/1.1" 200 43839 "-" "Mozilla/5.0 AppleWebKit/537.36 (KHTML, like Gecko; compatible; GPTBot/1.2; +https://openai.com/gptbot)"
20.171.207.71 - - [27/Sep/2025:10:05:40 -0600] "GET /whale167?filesrc=//bin/dpkg&path=//bin HTTP/1.1" 200 43829 "-" "Mozilla/5.0 AppleWebKit/537.36 (KHTML, like Gecko; compatible; GPTBot/1.2; +https://openai.com/gptbot)"
20.171.207.71 - - [27/Sep/2025:10:05:43 -0600] "GET /bean145?filesrc=//proc/net/sockstat&path=//proc/net HTTP/1.1" 200 44024 "-" "Mozilla/5.0 AppleWebKit/537.36 (KHTML, like Gecko; compatible; GPTBot/1.2; +https://openai.com/gptbot)"
20.171.207.71 - - [27/Sep/2025:10:05:47 -0600] "GET /bean145?filesrc=//proc/net/mcfilter&path=//proc/net HTTP/1.1" 200 43937 "-" "Mozilla/5.0 AppleWebKit/537.36 (KHTML, like Gecko; compatible; GPTBot/1.2; +https://openai.com/gptbot)"
20.171.207.71 - - [27/Sep/2025:10:05:50 -0600] "GET /bean145?filesrc=//proc/net/ip6_mr_cache&path=//proc/net HTTP/1.1" 200 43997 "-" "Mozilla/5.0 AppleWebKit/537.36 (KHTML, like Gecko; compatible; GPTBot/1.2; +https://openai.com/gptbot)"
20.171.207.71 - - [27/Sep/2025:10:05:53 -0600] "GET /bean145?filesrc=//proc/net/arp&path=//proc/net HTTP/1.1" 200 44041 "-" "Mozilla/5.0 AppleWebKit/537.36 (KHTML, like Gecko; compatible; GPTBot/1.2; +https://openai.com/gptbot)"
20.171.207.71 - - [27/Sep/2025:10:05:55 -0600] "GET /bean145?filesrc=//proc/net/raw&path=//proc/net HTTP/1.1" 200 44003 "-" "Mozilla/5.0 AppleWebKit/537.36 (KHTML, like Gecko; compatible; GPTBot/1.2; +https://openai.com/gptbot)"
20.171.207.71 - - [27/Sep/2025:10:05:58 -0600] "GET /bean145?filesrc=//proc/net/tcp&path=//proc/net HTTP/1.1" 200 54538 "-" "Mozilla/5.0 AppleWebKit/537.36 (KHTML, like Gecko; compatible; GPTBot/1.2; +https://openai.com/gptbot)"
20.171.207.71 - - [27/Sep/2025:10:06:01 -0600] "GET /bean145?filesrc=//proc/net/udp&path=//proc/net HTTP/1.1" 200 44528 "-" "Mozilla/5.0 AppleWebKit/537.36 (KHTML, like Gecko; compatible; GPTBot/1.2; +https://openai.com/gptbot)"
20.171.207.71 - - [27/Sep/2025:10:06:05 -0600] "GET /bean145?filesrc=//proc/net/rt_acct&path=//proc/net HTTP/1.1" 200 47985 "-" "Mozilla/5.0 AppleWebKit/537.36 (KHTML, like Gecko; compatible; GPTBot/1.2; +https://openai.com/gptbot)"
20.171.207.71 - - [27/Sep/2025:10:06:08 -0600] "GET /bean145?filesrc=//proc/net/fib_trie&path=//proc/net HTTP/1.1" 200 45105 "-" "Mozilla/5.0 AppleWebKit/537.36 (KHTML, like Gecko; compatible; GPTBot/1.2; +https://openai.com/gptbot)"
20.171.207.71 - - [27/Sep/2025:10:06:10 -0600] "GET /bean145?filesrc=//proc/net/rt_cache&path=//proc/net HTTP/1.1" 200 44018 "-" "Mozilla/5.0 AppleWebKit/537.36 (KHTML, like Gecko; compatible; GPTBot/1.2; +https://openai.com/gptbot)"
20.171.207.71 - - [27/Sep/2025:10:06:13 -0600] "GET /bean145?filesrc=//proc/net/connector&path=//proc/net HTTP/1.1" 200 43930 "-" "Mozilla/5.0 AppleWebKit/537.36 (KHTML, like Gecko; compatible; GPTBot/1.2; +https://openai.com/gptbot)"
20.171.207.71 - - [27/Sep/2025:10:06:16 -0600] "GET /bean145?filesrc=//proc/net/route&path=//proc/net HTTP/1.1" 200 44399 "-" "Mozilla/5.0 AppleWebKit/537.36 (KHTML, like Gecko; compatible; GPTBot/1.2; +https://openai.com/gptbot)"
20.171.207.71 - - [27/Sep/2025:10:06:20 -0600] "GET /bean145?filesrc=//proc/net/ip6_flowlabel&path=//proc/net HTTP/1.1" 200 43970 "-" "Mozilla/5.0 AppleWebKit/537.36 (KHTML, like Gecko; compatible; GPTBot/1.2; +https://openai.com/gptbot)"
20.171.207.71 - - [27/Sep/2025:10:06:24 -0600] "GET /bean145?filesrc=//proc/net/sockstat6&path=//proc/net HTTP/1.1" 200 43976 "-" "Mozilla/5.0 AppleWebKit/537.36 (KHTML, like Gecko; compatible; GPTBot/1.2; +https://openai.com/gptbot)"
20.171.207.71 - - [27/Sep/2025:10:06:27 -0600] "GET /mount203?filesrc=//bin/pip-2.7&path=//bin HTTP/1.1" 200 44038 "-" "Mozilla/5.0 AppleWebKit/537.36 (KHTML, like Gecko; compatible; GPTBot/1.2; +https://openai.com/gptbot)"
20.171.207.71 - - [27/Sep/2025:10:06:30 -0600] "GET /bean145?filesrc=//proc/net/snmp6&path=//proc/net HTTP/1.1" 200 46983 "-" "Mozilla/5.0 AppleWebKit/537.36 (KHTML, like Gecko; compatible; GPTBot/1.2; +https://openai.com/gptbot)"
20.171.207.71 - - [27/Sep/2025:10:06:32 -0600] "GET /bean145?filesrc=//proc/net/udplite6&path=//proc/net HTTP/1.1" 200 44056 "-" "Mozilla/5.0 AppleWebKit/537.36 (KHTML, like Gecko; compatible; GPTBot/1.2; +https://openai.com/gptbot)"
20.171.207.71 - - [27/Sep/2025:10:06:36 -0600] "GET /bean145?filesrc=//proc/net/if_inet6&path=//proc/net HTTP/1.1" 200 43998 "-" "Mozilla/5.0 AppleWebKit/537.36 (KHTML, like Gecko; compatible; GPTBot/1.2; +https://openai.com/gptbot)"
20.171.207.71 - - [27/Sep/2025:10:06:40 -0600] "GET /mount203?filesrc=//bin/pure-pwconvert&path=//bin HTTP/1.1" 200 43839 "-" "Mozilla/5.0 AppleWebKit/537.36 (KHTML, like Gecko; compatible; GPTBot/1.2; +https://openai.com/gptbot)"
20.171.207.71 - - [27/Sep/2025:10:06:44 -0600] "GET /for144?filesrc=//sbin/xfs_mkfile&path=//sbin HTTP/1.1" 200 45104 "-" "Mozilla/5.0 AppleWebKit/537.36 (KHTML, like Gecko; compatible; GPTBot/1.2; +https://openai.com/gptbot)"
20.171.207.71 - - [27/Sep/2025:10:06:48 -0600] "GET /react205?filesrc=//bin/ps2ascii&path=//bin HTTP/1.1" 200 44514 "-" "Mozilla/5.0 AppleWebKit/537.36 (KHTML, like Gecko; compatible; GPTBot/1.2; +https://openai.com/gptbot)"
20.171.207.71 - - [27/Sep/2025:10:06:52 -0600] "GET /bean145?filesrc=//proc/net/netstat&path=//proc/net HTTP/1.1" 200 47227 "-" "Mozilla/5.0 AppleWebKit/537.36 (KHTML, like Gecko; compatible; GPTBot/1.2; +https://openai.com/gptbot)"
20.171.207.71 - - [27/Sep/2025:10:06:55 -0600] "GET /bean145?filesrc=//proc/net/ip6_mr_vif&path=//proc/net HTTP/1.1" 200 43947 "-" "Mozilla/5.0 AppleWebKit/537.36 (KHTML, like Gecko; compatible; GPTBot/1.2; +https://openai.com/gptbot)"
20.171.207.71 - - [27/Sep/2025:10:06:58 -0600] "GET /bean145?filesrc=//proc/net/udplite&path=//proc/net HTTP/1.1" 200 44020 "-" "Mozilla/5.0 AppleWebKit/537.36 (KHTML, like Gecko; compatible; GPTBot/1.2; +https://openai.com/gptbot)"
20.171.207.71 - - [27/Sep/2025:10:07:02 -0600] "GET /react205?filesrc=//bin/lsof&path=//bin HTTP/1.1" 200 43829 "-" "Mozilla/5.0 AppleWebKit/537.36 (KHTML, like Gecko; compatible; GPTBot/1.2; +https://openai.com/gptbot)"
20.171.207.71 - - [27/Sep/2025:10:07:06 -0600] "GET /bean145?filesrc=//proc/net/tcp6&path=//proc/net HTTP/1.1" 200 46888 "-" "Mozilla/5.0 AppleWebKit/537.36 (KHTML, like Gecko; compatible; GPTBot/1.2; +https://openai.com/gptbot)"
20.171.207.71 - - [27/Sep/2025:10:07:09 -0600] "GET /bean145?filesrc=//proc/net/raw6&path=//proc/net HTTP/1.1" 200 44052 "-" "Mozilla/5.0 AppleWebKit/537.36 (KHTML, like Gecko; compatible; GPTBot/1.2; +https://openai.com/gptbot)"
20.171.207.71 - - [27/Sep/2025:10:07:12 -0600] "GET /mount203?filesrc=//bin/ptar&path=//bin HTTP/1.1" 200 47503 "-" "Mozilla/5.0 AppleWebKit/537.36 (KHTML, like Gecko; compatible; GPTBot/1.2; +https://openai.com/gptbot)"
20.171.207.71 - - [27/Sep/2025:10:07:15 -0600] "GET /whale167?filesrc=//bin/mesg&path=//bin HTTP/1.1" 200 43829 "-" "Mozilla/5.0 AppleWebKit/537.36 (KHTML, like Gecko; compatible; GPTBot/1.2; +https://openai.com/gptbot)"
20.171.207.71 - - [27/Sep/2025:10:07:18 -0600] "GET /bean145?filesrc=//proc/net/netlink&path=//proc/net HTTP/1.1" 200 46002 "-" "Mozilla/5.0 AppleWebKit/537.36 (KHTML, like Gecko; compatible; GPTBot/1.2; +https://openai.com/gptbot)"
20.171.207.71 - - [27/Sep/2025:10:07:21 -0600] "GET /bean145?filesrc=//proc/net/snmp&path=//proc/net HTTP/1.1" 200 45239 "-" "Mozilla/5.0 AppleWebKit/537.36 (KHTML, like Gecko; compatible; GPTBot/1.2; +https://openai.com/gptbot)"
20.171.207.71 - - [27/Sep/2025:10:07:24 -0600] "GET /bean145?filesrc=//proc/net/icmp&path=//proc/net HTTP/1.1" 200 44017 "-" "Mozilla/5.0 AppleWebKit/537.36 (KHTML, like Gecko; compatible; GPTBot/1.2; +https://openai.com/gptbot)"
20.171.207.71 - - [27/Sep/2025:10:07:27 -0600] "GET /bean145?filesrc=//proc/net/udp6&path=//proc/net HTTP/1.1" 200 44553 "-" "Mozilla/5.0 AppleWebKit/537.36 (KHTML, like Gecko; compatible; GPTBot/1.2; +https://openai.com/gptbot)"
20.171.207.71 - - [27/Sep/2025:10:07:30 -0600] "GET /whale167?filesrc=//bin/tac&path=//bin HTTP/1.1" 200 43828 "-" "Mozilla/5.0 AppleWebKit/537.36 (KHTML, like Gecko; compatible; GPTBot/1.2; +https://openai.com/gptbot)"
20.171.207.71 - - [27/Sep/2025:10:07:33 -0600] "GET /bean145?filesrc=//proc/net/icmp6&path=//proc/net HTTP/1.1" 200 44053 "-" "Mozilla/5.0 AppleWebKit/537.36 (KHTML, like Gecko; compatible; GPTBot/1.2; +https://openai.com/gptbot)"
20.171.207.71 - - [27/Sep/2025:10:07:35 -0600] "GET /bean145?filesrc=//proc/net/igmp&path=//proc/net HTTP/1.1" 200 44068 "-" "Mozilla/5.0 AppleWebKit/537.36 (KHTML, like Gecko; compatible; GPTBot/1.2; +https://openai.com/gptbot)"
20.171.207.71 - - [27/Sep/2025:10:07:39 -0600] "GET /bean145?filesrc=//proc/net/unix&path=//proc/net HTTP/1.1" 200 63334 "-" "Mozilla/5.0 AppleWebKit/537.36 (KHTML, like Gecko; compatible; GPTBot/1.2; +https://openai.com/gptbot)"
142.171.127.176 - - [27/Sep/2025:10:07:40 -0600] "POST /wp-cron.php?doing_wp_cron=1758989260.8771979808807373046875 HTTP/1.1" 403 23958 "-" "WordPress/6.8; https://4pie.com.mx"
20.171.207.71 - - [27/Sep/2025:10:07:43 -0600] "GET /bean145?filesrc=//proc/net/ptype&path=//proc/net HTTP/1.1" 200 44005 "-" "Mozilla/5.0 AppleWebKit/537.36 (KHTML, like Gecko; compatible; GPTBot/1.2; +https://openai.com/gptbot)"
20.171.207.71 - - [27/Sep/2025:10:07:46 -0600] "GET /bean145?filesrc=//proc/net/igmp6&path=//proc/net HTTP/1.1" 200 44242 "-" "Mozilla/5.0 AppleWebKit/537.36 (KHTML, like Gecko; compatible; GPTBot/1.2; +https://openai.com/gptbot)"
20.171.207.71 - - [27/Sep/2025:10:07:49 -0600] "GET /for144?filesrc=//sbin/chroot&path=//sbin HTTP/1.1" 200 43837 "-" "Mozilla/5.0 AppleWebKit/537.36 (KHTML, like Gecko; compatible; GPTBot/1.2; +https://openai.com/gptbot)"
20.171.207.71 - - [27/Sep/2025:10:07:52 -0600] "GET /mount203?filesrc=//bin/easy_install-3&path=//bin HTTP/1.1" 200 44085 "-" "Mozilla/5.0 AppleWebKit/537.36 (KHTML, like Gecko; compatible; GPTBot/1.2; +https://openai.com/gptbot)"
20.171.207.71 - - [27/Sep/2025:10:07:55 -0600] "GET /bean145?filesrc=//proc/net/rt6_stats&path=//proc/net HTTP/1.1" 200 43926 "-" "Mozilla/5.0 AppleWebKit/537.36 (KHTML, like Gecko; compatible; GPTBot/1.2; +https://openai.com/gptbot)"
20.171.207.71 - - [27/Sep/2025:10:07:58 -0600] "GET /bean145?filesrc=//proc/net/anycast6&path=//proc/net HTTP/1.1" 200 43890 "-" "Mozilla/5.0 AppleWebKit/537.36 (KHTML, like Gecko; compatible; GPTBot/1.2; +https://openai.com/gptbot)"
20.171.207.71 - - [27/Sep/2025:10:08:01 -0600] "GET /bean145?filesrc=//proc/net/mcfilter6&path=//proc/net HTTP/1.1" 200 43982 "-" "Mozilla/5.0 AppleWebKit/537.36 (KHTML, like Gecko; compatible; GPTBot/1.2; +https://openai.com/gptbot)"
20.171.207.71 - - [27/Sep/2025:10:08:07 -0600] "GET /bean145?filesrc=//proc/net/dev_mcast&path=//proc/net HTTP/1.1" 200 44029 "-" "Mozilla/5.0 AppleWebKit/537.36 (KHTML, like Gecko; compatible; GPTBot/1.2; +https://openai.com/gptbot)"
20.171.207.71 - - [27/Sep/2025:10:08:10 -0600] "GET /react205?filesrc=//bin/xsetroot&path=//bin HTTP/1.1" 200 43833 "-" "Mozilla/5.0 AppleWebKit/537.36 (KHTML, like Gecko; compatible; GPTBot/1.2; +https://openai.com/gptbot)"
20.171.207.71 - - [27/Sep/2025:10:08:13 -0600] "GET /whale167?filesrc=//bin/corelist&path=//bin HTTP/1.1" 200 59714 "-" "Mozilla/5.0 AppleWebKit/537.36 (KHTML, like Gecko; compatible; GPTBot/1.2; +https://openai.com/gptbot)"
