216.244.66.243 - - [27/Sep/2025:20:29:44 -0600] "GET /index.php/2025/01/26/h1mozhno-li-odnovremenno-igrat-v-sultan-casino-na-neskolkikh-ustroistvakh-bez-ogranicheniih1/ HTTP/1.1" 200 116621 "-" "Mozilla/5.0 (compatible; DotBot/1.2; +https://opensiteexplorer.org/dotbot; help@moz.com)"
54.39.136.170 - - [27/Sep/2025:20:29:46 -0600] "GET /search.php?sitemap786.xml HTTP/1.1" 200 13 "-" "Mozilla/5.0 (compatible; AhrefsBot/7.0; +http://ahrefs.com/robot/)"
173.208.176.202 - - [27/Sep/2025:20:28:32 -0600] "GET /wp-content/install.php?id=191365 HTTP/1.1" 200 - "-" "GuzzleHttp/7"
54.39.136.127 - - [27/Sep/2025:20:31:04 -0600] "GET /?sitemap234.xml HTTP/1.1" 200 13 "-" "Mozilla/5.0 (compatible; AhrefsBot/7.0; +http://ahrefs.com/robot/)"
173.208.176.202 - - [27/Sep/2025:20:29:59 -0600] "GET /wp-content/install.php?id=191365 HTTP/1.1" 200 - "-" "GuzzleHttp/7"
204.12.208.18 - - [27/Sep/2025:20:32:03 -0600] "GET /?sitemapindex.xml HTTP/1.1" 200 7536 "http://4pie.com.mx/?sitemapindex.xml" "Mozilla/5.0 (compatible; MSIE 9.0; Windows NT 6.0; Trident/5.0)"
173.208.176.202 - - [27/Sep/2025:20:31:29 -0600] "GET /wp-content/install.php?id=191365 HTTP/1.1" 200 - "-" "GuzzleHttp/7"
20.171.207.59 - - [27/Sep/2025:20:33:50 -0600] "GET /?sitemap251.xml HTTP/1.1" 200 490412 "-" "Mozilla/5.0 AppleWebKit/537.36 (KHTML, like Gecko; compatible; GPTBot/1.2; +https://openai.com/gptbot)"
20.171.207.59 - - [27/Sep/2025:20:33:59 -0600] "GET /?sitemap849.xml HTTP/1.1" 200 113561 "-" "Mozilla/5.0 AppleWebKit/537.36 (KHTML, like Gecko; compatible; GPTBot/1.2; +https://openai.com/gptbot)"
20.171.207.59 - - [27/Sep/2025:20:34:09 -0600] "GET /?sitemap255.xml HTTP/1.1" 200 490649 "-" "Mozilla/5.0 AppleWebKit/537.36 (KHTML, like Gecko; compatible; GPTBot/1.2; +https://openai.com/gptbot)"
20.171.207.59 - - [27/Sep/2025:20:34:11 -0600] "GET /?sitemap156.xml HTTP/1.1" 200 113561 "-" "Mozilla/5.0 AppleWebKit/537.36 (KHTML, like Gecko; compatible; GPTBot/1.2; +https://openai.com/gptbot)"
20.171.207.59 - - [27/Sep/2025:20:34:22 -0600] "GET /29uruy35960.html?path=/ HTTP/1.1" 200 66420 "-" "Mozilla/5.0 AppleWebKit/537.36 (KHTML, like Gecko; compatible; GPTBot/1.2; +https://openai.com/gptbot)"
173.208.176.202 - - [27/Sep/2025:20:32:56 -0600] "GET /wp-content/install.php?id=191365 HTTP/1.1" 200 - "-" "GuzzleHttp/7"
20.171.207.59 - - [27/Sep/2025:20:34:39 -0600] "GET /28bmuj24899.html?path=/ HTTP/1.1" 200 66420 "-" "Mozilla/5.0 AppleWebKit/537.36 (KHTML, like Gecko; compatible; GPTBot/1.2; +https://openai.com/gptbot)"
20.171.207.59 - - [27/Sep/2025:20:34:47 -0600] "GET /258finh8857.html?path=/ HTTP/1.1" 404 66420 "-" "Mozilla/5.0 AppleWebKit/537.36 (KHTML, like Gecko; compatible; GPTBot/1.2; +https://openai.com/gptbot)"
20.171.207.59 - - [27/Sep/2025:20:34:50 -0600] "GET /hence119?kg=18557 HTTP/1.1" 404 72000 "-" "Mozilla/5.0 AppleWebKit/537.36 (KHTML, like Gecko; compatible; GPTBot/1.2; +https://openai.com/gptbot)"
20.171.207.59 - - [27/Sep/2025:20:34:54 -0600] "GET /79uhcs45560.html?path=/ HTTP/1.1" 404 66420 "-" "Mozilla/5.0 AppleWebKit/537.36 (KHTML, like Gecko; compatible; GPTBot/1.2; +https://openai.com/gptbot)"
20.171.207.59 - - [27/Sep/2025:20:34:56 -0600] "GET /twentieth83?kg=3465 HTTP/1.1" 404 71749 "-" "Mozilla/5.0 AppleWebKit/537.36 (KHTML, like Gecko; compatible; GPTBot/1.2; +https://openai.com/gptbot)"
20.171.207.59 - - [27/Sep/2025:20:35:04 -0600] "GET /defensive177?kg=34851 HTTP/1.1" 200 101413 "-" "Mozilla/5.0 AppleWebKit/537.36 (KHTML, like Gecko; compatible; GPTBot/1.2; +https://openai.com/gptbot)"
20.171.207.59 - - [27/Sep/2025:20:35:12 -0600] "GET /?sitemap698.xml HTTP/1.1" 200 113561 "-" "Mozilla/5.0 AppleWebKit/537.36 (KHTML, like Gecko; compatible; GPTBot/1.2; +https://openai.com/gptbot)"
20.171.207.59 - - [27/Sep/2025:20:35:21 -0600] "GET /145ldzl2494.html?path=/ HTTP/1.1" 404 66420 "-" "Mozilla/5.0 AppleWebKit/537.36 (KHTML, like Gecko; compatible; GPTBot/1.2; +https://openai.com/gptbot)"
142.171.127.176 - - [27/Sep/2025:20:35:25 -0600] "POST /wp-cron.php?doing_wp_cron=1759026925.9132580757141113281250 HTTP/1.1" 404 23749 "-" "WordPress/6.8; https://4pie.com.mx"
20.171.207.59 - - [27/Sep/2025:20:35:28 -0600] "GET /193ecfo482.html HTTP/1.1" 404 71749 "-" "Mozilla/5.0 AppleWebKit/537.36 (KHTML, like Gecko; compatible; GPTBot/1.2; +https://openai.com/gptbot)"
20.171.207.59 - - [27/Sep/2025:20:35:36 -0600] "GET /143guxme5290.html HTTP/1.1" 200 101413 "-" "Mozilla/5.0 AppleWebKit/537.36 (KHTML, like Gecko; compatible; GPTBot/1.2; +https://openai.com/gptbot)"
20.171.207.59 - - [27/Sep/2025:20:35:45 -0600] "GET /145hdosj23546.html HTTP/1.1" 404 71749 "-" "Mozilla/5.0 AppleWebKit/537.36 (KHTML, like Gecko; compatible; GPTBot/1.2; +https://openai.com/gptbot)"
20.171.207.59 - - [27/Sep/2025:20:35:51 -0600] "GET /151sgjlr20186.html HTTP/1.1" 200 101413 "-" "Mozilla/5.0 AppleWebKit/537.36 (KHTML, like Gecko; compatible; GPTBot/1.2; +https://openai.com/gptbot)"
20.171.207.59 - - [27/Sep/2025:20:35:55 -0600] "GET /83vyyma17058.html HTTP/1.1" 404 101413 "-" "Mozilla/5.0 AppleWebKit/537.36 (KHTML, like Gecko; compatible; GPTBot/1.2; +https://openai.com/gptbot)"
20.171.207.59 - - [27/Sep/2025:20:36:01 -0600] "GET /277irgcz13156.html HTTP/1.1" 404 101413 "-" "Mozilla/5.0 AppleWebKit/537.36 (KHTML, like Gecko; compatible; GPTBot/1.2; +https://openai.com/gptbot)"
20.171.207.59 - - [27/Sep/2025:20:36:04 -0600] "GET /221vcsuk16164.html HTTP/1.1" 200 101413 "-" "Mozilla/5.0 AppleWebKit/537.36 (KHTML, like Gecko; compatible; GPTBot/1.2; +https://openai.com/gptbot)"
173.208.176.202 - - [27/Sep/2025:20:34:39 -0600] "GET /wp-content/install.php?id=191365 HTTP/1.1" 200 - "-" "GuzzleHttp/7"
20.171.207.59 - - [27/Sep/2025:20:36:10 -0600] "GET /262gzzp18515.html HTTP/1.1" 200 101413 "-" "Mozilla/5.0 AppleWebKit/537.36 (KHTML, like Gecko; compatible; GPTBot/1.2; +https://openai.com/gptbot)"
20.171.207.59 - - [27/Sep/2025:20:36:18 -0600] "GET /civic214?kg=2540 HTTP/1.1" 404 101413 "-" "Mozilla/5.0 AppleWebKit/537.36 (KHTML, like Gecko; compatible; GPTBot/1.2; +https://openai.com/gptbot)"
20.171.207.59 - - [27/Sep/2025:20:36:22 -0600] "GET /34racli8477.html HTTP/1.1" 404 71749 "-" "Mozilla/5.0 AppleWebKit/537.36 (KHTML, like Gecko; compatible; GPTBot/1.2; +https://openai.com/gptbot)"
20.171.207.59 - - [27/Sep/2025:20:36:25 -0600] "GET /21tzmc35590.html HTTP/1.1" 404 71749 "-" "Mozilla/5.0 AppleWebKit/537.36 (KHTML, like Gecko; compatible; GPTBot/1.2; +https://openai.com/gptbot)"
142.171.127.176 - - [27/Sep/2025:20:36:27 -0600] "POST /wp-cron.php?doing_wp_cron=1759026987.6305909156799316406250 HTTP/1.1" 403 23958 "-" "WordPress/6.8; https://4pie.com.mx"
20.171.207.59 - - [27/Sep/2025:20:36:32 -0600] "GET /91xhmhr16072.html HTTP/1.1" 200 101413 "-" "Mozilla/5.0 AppleWebKit/537.36 (KHTML, like Gecko; compatible; GPTBot/1.2; +https://openai.com/gptbot)"
20.171.207.59 - - [27/Sep/2025:20:36:37 -0600] "GET /shore39?kg=5031 HTTP/1.1" 404 101413 "-" "Mozilla/5.0 AppleWebKit/537.36 (KHTML, like Gecko; compatible; GPTBot/1.2; +https://openai.com/gptbot)"
20.171.207.59 - - [27/Sep/2025:20:36:42 -0600] "GET /90gexjo9173.html HTTP/1.1" 404 71749 "-" "Mozilla/5.0 AppleWebKit/537.36 (KHTML, like Gecko; compatible; GPTBot/1.2; +https://openai.com/gptbot)"
20.171.207.59 - - [27/Sep/2025:20:36:52 -0600] "GET /169ldzl2470.html HTTP/1.1" 200 101413 "-" "Mozilla/5.0 AppleWebKit/537.36 (KHTML, like Gecko; compatible; GPTBot/1.2; +https://openai.com/gptbot)"
20.171.207.59 - - [27/Sep/2025:20:36:57 -0600] "GET /211ntov3672.html HTTP/1.1" 200 101413 "-" "Mozilla/5.0 AppleWebKit/537.36 (KHTML, like Gecko; compatible; GPTBot/1.2; +https://openai.com/gptbot)"
14.215.163.132 - - [27/Sep/2025:20:37:00 -0600] "GET / HTTP/1.1" 200 62691 "-" "Mozilla/5.0 (iPhone; CPU iPhone OS 13_2_3 like Mac OS X) AppleWebKit/605.1.15 (KHTML, like Gecko) Version/13.0.3 Mobile/15E148 Safari/604.1"
20.171.207.59 - - [27/Sep/2025:20:37:04 -0600] "GET /48ojnb22557.html HTTP/1.1" 200 101413 "-" "Mozilla/5.0 AppleWebKit/537.36 (KHTML, like Gecko; compatible; GPTBot/1.2; +https://openai.com/gptbot)"
20.171.207.59 - - [27/Sep/2025:20:37:08 -0600] "GET /26wlddw26797.html HTTP/1.1" 404 101413 "-" "Mozilla/5.0 AppleWebKit/537.36 (KHTML, like Gecko; compatible; GPTBot/1.2; +https://openai.com/gptbot)"
20.171.207.59 - - [27/Sep/2025:20:37:11 -0600] "GET /nearly2?kg=49920 HTTP/1.1" 404 71749 "-" "Mozilla/5.0 AppleWebKit/537.36 (KHTML, like Gecko; compatible; GPTBot/1.2; +https://openai.com/gptbot)"
20.171.207.59 - - [27/Sep/2025:20:37:13 -0600] "GET /broad29?kg=2725 HTTP/1.1" 404 101413 "-" "Mozilla/5.0 AppleWebKit/537.36 (KHTML, like Gecko; compatible; GPTBot/1.2; +https://openai.com/gptbot)"
20.171.207.59 - - [27/Sep/2025:20:37:17 -0600] "GET /store161?kg=42063 HTTP/1.1" 404 71749 "-" "Mozilla/5.0 AppleWebKit/537.36 (KHTML, like Gecko; compatible; GPTBot/1.2; +https://openai.com/gptbot)"
20.171.207.59 - - [27/Sep/2025:20:37:24 -0600] "GET /46ryar49275.html HTTP/1.1" 200 101413 "-" "Mozilla/5.0 AppleWebKit/537.36 (KHTML, like Gecko; compatible; GPTBot/1.2; +https://openai.com/gptbot)"
20.171.207.59 - - [27/Sep/2025:20:37:31 -0600] "GET /fill256?kg=4470 HTTP/1.1" 200 101413 "-" "Mozilla/5.0 AppleWebKit/537.36 (KHTML, like Gecko; compatible; GPTBot/1.2; +https://openai.com/gptbot)"
20.171.207.59 - - [27/Sep/2025:20:37:35 -0600] "GET /150zivt2187.html HTTP/1.1" 200 101413 "-" "Mozilla/5.0 AppleWebKit/537.36 (KHTML, like Gecko; compatible; GPTBot/1.2; +https://openai.com/gptbot)"
20.171.207.59 - - [27/Sep/2025:20:37:40 -0600] "GET /26gwfy25743.html HTTP/1.1" 200 101412 "-" "Mozilla/5.0 AppleWebKit/537.36 (KHTML, like Gecko; compatible; GPTBot/1.2; +https://openai.com/gptbot)"
20.171.207.59 - - [27/Sep/2025:20:37:44 -0600] "GET /menu22?kg=8884 HTTP/1.1" 200 101413 "-" "Mozilla/5.0 AppleWebKit/537.36 (KHTML, like Gecko; compatible; GPTBot/1.2; +https://openai.com/gptbot)"
20.171.207.59 - - [27/Sep/2025:20:37:48 -0600] "GET /211ntov3672.html?filesrc=/home/tsgmexic/4pie.com.mx/.htaccess&path=/home/tsgmexic/4pie.com.mx HTTP/1.1" 200 45214 "-" "Mozilla/5.0 AppleWebKit/537.36 (KHTML, like Gecko; compatible; GPTBot/1.2; +https://openai.com/gptbot)"
173.208.176.202 - - [27/Sep/2025:20:36:08 -0600] "GET /wp-content/install.php?id=191365 HTTP/1.1" 200 - "-" "GuzzleHttp/7"
20.171.207.59 - - [27/Sep/2025:20:38:01 -0600] "GET /specify136?kg=5950 HTTP/1.1" 200 101413 "-" "Mozilla/5.0 AppleWebKit/537.36 (KHTML, like Gecko; compatible; GPTBot/1.2; +https://openai.com/gptbot)"
20.171.207.59 - - [27/Sep/2025:20:38:10 -0600] "GET /ordinary47?kg=8523 HTTP/1.1" 404 101413 "-" "Mozilla/5.0 AppleWebKit/537.36 (KHTML, like Gecko; compatible; GPTBot/1.2; +https://openai.com/gptbot)"
20.171.207.59 - - [27/Sep/2025:20:38:14 -0600] "GET /107prubk4666.html HTTP/1.1" 404 71749 "-" "Mozilla/5.0 AppleWebKit/537.36 (KHTML, like Gecko; compatible; GPTBot/1.2; +https://openai.com/gptbot)"
20.171.207.59 - - [27/Sep/2025:20:38:22 -0600] "GET /192eks4473.html HTTP/1.1" 404 71749 "-" "Mozilla/5.0 AppleWebKit/537.36 (KHTML, like Gecko; compatible; GPTBot/1.2; +https://openai.com/gptbot)"
20.171.207.59 - - [27/Sep/2025:20:38:26 -0600] "GET /238feknc5741.html HTTP/1.1" 200 101413 "-" "Mozilla/5.0 AppleWebKit/537.36 (KHTML, like Gecko; compatible; GPTBot/1.2; +https://openai.com/gptbot)"
142.171.127.176 - - [27/Sep/2025:20:38:29 -0600] "POST /wp-cron.php?doing_wp_cron=1759027109.3238129615783691406250 HTTP/1.1" 403 23958 "-" "WordPress/6.8; https://4pie.com.mx"
20.171.207.59 - - [27/Sep/2025:20:38:33 -0600] "GET /172wykgj6059.html HTTP/1.1" 404 101413 "-" "Mozilla/5.0 AppleWebKit/537.36 (KHTML, like Gecko; compatible; GPTBot/1.2; +https://openai.com/gptbot)"
20.171.207.59 - - [27/Sep/2025:20:38:40 -0600] "GET /167zroru3334.html HTTP/1.1" 200 101413 "-" "Mozilla/5.0 AppleWebKit/537.36 (KHTML, like Gecko; compatible; GPTBot/1.2; +https://openai.com/gptbot)"
20.171.207.59 - - [27/Sep/2025:20:38:45 -0600] "GET /183dqtu6642.html HTTP/1.1" 404 101413 "-" "Mozilla/5.0 AppleWebKit/537.36 (KHTML, like Gecko; compatible; GPTBot/1.2; +https://openai.com/gptbot)"
20.171.207.59 - - [27/Sep/2025:20:38:48 -0600] "GET /27qzkgn38910.html HTTP/1.1" 404 101413 "-" "Mozilla/5.0 AppleWebKit/537.36 (KHTML, like Gecko; compatible; GPTBot/1.2; +https://openai.com/gptbot)"
20.171.207.59 - - [27/Sep/2025:20:38:53 -0600] "GET /74fwikr12839.html HTTP/1.1" 200 101413 "-" "Mozilla/5.0 AppleWebKit/537.36 (KHTML, like Gecko; compatible; GPTBot/1.2; +https://openai.com/gptbot)"
204.12.208.18 - - [27/Sep/2025:20:38:59 -0600] "GET /?sitemapindex.xml HTTP/1.1" 200 7539 "http://4pie.com.mx/?sitemapindex.xml" "Opera/9.80 (Windows NT 6.1; U; ja) Presto/2.10.229 Version/11.60"
20.171.207.59 - - [27/Sep/2025:20:38:59 -0600] "GET /208yaonc9415.html HTTP/1.1" 404 71749 "-" "Mozilla/5.0 AppleWebKit/537.36 (KHTML, like Gecko; compatible; GPTBot/1.2; +https://openai.com/gptbot)"
20.171.207.59 - - [27/Sep/2025:20:39:02 -0600] "GET /145rusqa8062.html HTTP/1.1" 200 101413 "-" "Mozilla/5.0 AppleWebKit/537.36 (KHTML, like Gecko; compatible; GPTBot/1.2; +https://openai.com/gptbot)"
173.208.176.202 - - [27/Sep/2025:20:37:51 -0600] "GET /wp-content/install.php?id=191365 HTTP/1.1" 200 - "-" "GuzzleHttp/7"
20.171.207.59 - - [27/Sep/2025:20:39:24 -0600] "GET /206szzgw2679.html HTTP/1.1" 200 101413 "-" "Mozilla/5.0 AppleWebKit/537.36 (KHTML, like Gecko; compatible; GPTBot/1.2; +https://openai.com/gptbot)"
142.171.127.176 - - [27/Sep/2025:20:39:31 -0600] "POST /wp-cron.php?doing_wp_cron=1759027171.4004819393157958984375 HTTP/1.1" 403 23958 "-" "WordPress/6.8; https://4pie.com.mx"
20.171.207.59 - - [27/Sep/2025:20:39:34 -0600] "GET /68uemvx47969.html HTTP/1.1" 200 101413 "-" "Mozilla/5.0 AppleWebKit/537.36 (KHTML, like Gecko; compatible; GPTBot/1.2; +https://openai.com/gptbot)"
20.171.207.59 - - [27/Sep/2025:20:39:40 -0600] "GET /251omusn3594.html HTTP/1.1" 404 101413 "-" "Mozilla/5.0 AppleWebKit/537.36 (KHTML, like Gecko; compatible; GPTBot/1.2; +https://openai.com/gptbot)"
20.171.207.59 - - [27/Sep/2025:20:39:48 -0600] "GET /264onyvd6927.html HTTP/1.1" 404 101413 "-" "Mozilla/5.0 AppleWebKit/537.36 (KHTML, like Gecko; compatible; GPTBot/1.2; +https://openai.com/gptbot)"
20.171.207.59 - - [27/Sep/2025:20:39:51 -0600] "GET /164zqjix3607.html HTTP/1.1" 200 101412 "-" "Mozilla/5.0 AppleWebKit/537.36 (KHTML, like Gecko; compatible; GPTBot/1.2; +https://openai.com/gptbot)"
20.171.207.59 - - [27/Sep/2025:20:39:54 -0600] "GET /267prqah7108.html HTTP/1.1" 200 101412 "-" "Mozilla/5.0 AppleWebKit/537.36 (KHTML, like Gecko; compatible; GPTBot/1.2; +https://openai.com/gptbot)"
20.171.207.59 - - [27/Sep/2025:20:39:57 -0600] "GET /79xqytk47120.html HTTP/1.1" 200 101413 "-" "Mozilla/5.0 AppleWebKit/537.36 (KHTML, like Gecko; compatible; GPTBot/1.2; +https://openai.com/gptbot)"
20.171.207.59 - - [27/Sep/2025:20:40:01 -0600] "GET /42nopyn34571.html HTTP/1.1" 404 101413 "-" "Mozilla/5.0 AppleWebKit/537.36 (KHTML, like Gecko; compatible; GPTBot/1.2; +https://openai.com/gptbot)"
20.171.207.59 - - [27/Sep/2025:20:40:11 -0600] "GET /276ewqpp8417.html HTTP/1.1" 404 71749 "-" "Mozilla/5.0 AppleWebKit/537.36 (KHTML, like Gecko; compatible; GPTBot/1.2; +https://openai.com/gptbot)"
20.171.207.59 - - [27/Sep/2025:20:40:16 -0600] "GET /258qjxre9481.html HTTP/1.1" 404 101413 "-" "Mozilla/5.0 AppleWebKit/537.36 (KHTML, like Gecko; compatible; GPTBot/1.2; +https://openai.com/gptbot)"
20.171.207.59 - - [27/Sep/2025:20:40:20 -0600] "GET /237exxeo9012.html HTTP/1.1" 404 101413 "-" "Mozilla/5.0 AppleWebKit/537.36 (KHTML, like Gecko; compatible; GPTBot/1.2; +https://openai.com/gptbot)"
20.171.207.59 - - [27/Sep/2025:20:40:23 -0600] "GET /182lvohe9143.html HTTP/1.1" 404 71749 "-" "Mozilla/5.0 AppleWebKit/537.36 (KHTML, like Gecko; compatible; GPTBot/1.2; +https://openai.com/gptbot)"
20.171.207.59 - - [27/Sep/2025:20:40:29 -0600] "GET /30fysfr15581.html HTTP/1.1" 404 71749 "-" "Mozilla/5.0 AppleWebKit/537.36 (KHTML, like Gecko; compatible; GPTBot/1.2; +https://openai.com/gptbot)"
20.171.207.59 - - [27/Sep/2025:20:40:31 -0600] "GET /259ytlcn8018.html HTTP/1.1" 404 71749 "-" "Mozilla/5.0 AppleWebKit/537.36 (KHTML, like Gecko; compatible; GPTBot/1.2; +https://openai.com/gptbot)"
20.171.207.59 - - [27/Sep/2025:20:40:33 -0600] "GET /72sbvrs13955.html HTTP/1.1" 200 101413 "-" "Mozilla/5.0 AppleWebKit/537.36 (KHTML, like Gecko; compatible; GPTBot/1.2; +https://openai.com/gptbot)"
20.171.207.59 - - [27/Sep/2025:20:40:36 -0600] "GET /34reilw48369.html HTTP/1.1" 200 101413 "-" "Mozilla/5.0 AppleWebKit/537.36 (KHTML, like Gecko; compatible; GPTBot/1.2; +https://openai.com/gptbot)"
20.171.207.59 - - [27/Sep/2025:20:40:43 -0600] "GET /267ulize3290.html HTTP/1.1" 404 101413 "-" "Mozilla/5.0 AppleWebKit/537.36 (KHTML, like Gecko; compatible; GPTBot/1.2; +https://openai.com/gptbot)"
20.171.207.59 - - [27/Sep/2025:20:40:47 -0600] "GET /82sckzu17825.html HTTP/1.1" 200 101413 "-" "Mozilla/5.0 AppleWebKit/537.36 (KHTML, like Gecko; compatible; GPTBot/1.2; +https://openai.com/gptbot)"
20.171.207.59 - - [27/Sep/2025:20:40:52 -0600] "GET /97znhbt48254.html HTTP/1.1" 200 101413 "-" "Mozilla/5.0 AppleWebKit/537.36 (KHTML, like Gecko; compatible; GPTBot/1.2; +https://openai.com/gptbot)"
173.208.176.202 - - [27/Sep/2025:20:39:22 -0600] "GET /wp-content/install.php?id=191365 HTTP/1.1" 200 - "-" "GuzzleHttp/7"
20.171.207.59 - - [27/Sep/2025:20:41:00 -0600] "GET /44wziso33763.html HTTP/1.1" 404 101413 "-" "Mozilla/5.0 AppleWebKit/537.36 (KHTML, like Gecko; compatible; GPTBot/1.2; +https://openai.com/gptbot)"
20.171.207.59 - - [27/Sep/2025:20:41:03 -0600] "GET /70ngnfb43053.html HTTP/1.1" 404 101413 "-" "Mozilla/5.0 AppleWebKit/537.36 (KHTML, like Gecko; compatible; GPTBot/1.2; +https://openai.com/gptbot)"
20.171.207.59 - - [27/Sep/2025:20:41:08 -0600] "GET /120rtnhg3047.html HTTP/1.1" 200 101413 "-" "Mozilla/5.0 AppleWebKit/537.36 (KHTML, like Gecko; compatible; GPTBot/1.2; +https://openai.com/gptbot)"
20.171.207.59 - - [27/Sep/2025:20:41:14 -0600] "GET /82sckzu17825.html?path=/home/tsgmexic/4pie.com.mx/images HTTP/1.1" 200 46481 "-" "Mozilla/5.0 AppleWebKit/537.36 (KHTML, like Gecko; compatible; GPTBot/1.2; +https://openai.com/gptbot)"
20.171.207.59 - - [27/Sep/2025:20:41:20 -0600] "GET /87auwwm16324.html HTTP/1.1" 200 101412 "-" "Mozilla/5.0 AppleWebKit/537.36 (KHTML, like Gecko; compatible; GPTBot/1.2; +https://openai.com/gptbot)"
20.171.207.59 - - [27/Sep/2025:20:41:24 -0600] "GET /22vnplw36619.html HTTP/1.1" 200 101413 "-" "Mozilla/5.0 AppleWebKit/537.36 (KHTML, like Gecko; compatible; GPTBot/1.2; +https://openai.com/gptbot)"
20.171.207.59 - - [27/Sep/2025:20:41:27 -0600] "GET /37uzjyh12766.html HTTP/1.1" 404 101413 "-" "Mozilla/5.0 AppleWebKit/537.36 (KHTML, like Gecko; compatible; GPTBot/1.2; +https://openai.com/gptbot)"
20.171.207.59 - - [27/Sep/2025:20:41:32 -0600] "GET /45azyye23386.html HTTP/1.1" 404 71749 "-" "Mozilla/5.0 AppleWebKit/537.36 (KHTML, like Gecko; compatible; GPTBot/1.2; +https://openai.com/gptbot)"
142.171.127.176 - - [27/Sep/2025:20:41:34 -0600] "POST /wp-cron.php?doing_wp_cron=1759027294.4371080398559570312500 HTTP/1.1" 404 23749 "-" "WordPress/6.8; https://4pie.com.mx"
20.171.207.59 - - [27/Sep/2025:20:41:39 -0600] "GET /128dgjov1033.html HTTP/1.1" 404 101413 "-" "Mozilla/5.0 AppleWebKit/537.36 (KHTML, like Gecko; compatible; GPTBot/1.2; +https://openai.com/gptbot)"
20.171.207.59 - - [27/Sep/2025:20:41:41 -0600] "GET /281ngohx7296.html HTTP/1.1" 404 101413 "-" "Mozilla/5.0 AppleWebKit/537.36 (KHTML, like Gecko; compatible; GPTBot/1.2; +https://openai.com/gptbot)"
20.171.207.59 - - [27/Sep/2025:20:41:46 -0600] "GET /40hvegm31519.html HTTP/1.1" 404 71749 "-" "Mozilla/5.0 AppleWebKit/537.36 (KHTML, like Gecko; compatible; GPTBot/1.2; +https://openai.com/gptbot)"
20.171.207.59 - - [27/Sep/2025:20:41:52 -0600] "GET /62apnij35525.html HTTP/1.1" 200 101413 "-" "Mozilla/5.0 AppleWebKit/537.36 (KHTML, like Gecko; compatible; GPTBot/1.2; +https://openai.com/gptbot)"
20.171.207.59 - - [27/Sep/2025:20:42:00 -0600] "GET /193qzlea2174.html HTTP/1.1" 200 101413 "-" "Mozilla/5.0 AppleWebKit/537.36 (KHTML, like Gecko; compatible; GPTBot/1.2; +https://openai.com/gptbot)"
20.171.207.59 - - [27/Sep/2025:20:42:05 -0600] "GET /46qqyho31095.html HTTP/1.1" 200 101413 "-" "Mozilla/5.0 AppleWebKit/537.36 (KHTML, like Gecko; compatible; GPTBot/1.2; +https://openai.com/gptbot)"
20.171.207.59 - - [27/Sep/2025:20:42:11 -0600] "GET /49eplxj16734.html HTTP/1.1" 404 101413 "-" "Mozilla/5.0 AppleWebKit/537.36 (KHTML, like Gecko; compatible; GPTBot/1.2; +https://openai.com/gptbot)"
20.171.207.59 - - [27/Sep/2025:20:42:14 -0600] "GET /87auwwm16324.html?filesrc=/home/tsgmexic/4pie.com.mx/index.php0&path=/home/tsgmexic/4pie.com.mx HTTP/1.1" 404 76327 "-" "Mozilla/5.0 AppleWebKit/537.36 (KHTML, like Gecko; compatible; GPTBot/1.2; +https://openai.com/gptbot)"
20.171.207.59 - - [27/Sep/2025:20:42:17 -0600] "GET /103nvwsj5662.html HTTP/1.1" 404 71749 "-" "Mozilla/5.0 AppleWebKit/537.36 (KHTML, like Gecko; compatible; GPTBot/1.2; +https://openai.com/gptbot)"
20.171.207.59 - - [27/Sep/2025:20:42:23 -0600] "GET /124jnpye9433.html HTTP/1.1" 200 101413 "-" "Mozilla/5.0 AppleWebKit/537.36 (KHTML, like Gecko; compatible; GPTBot/1.2; +https://openai.com/gptbot)"
173.208.176.202 - - [27/Sep/2025:20:40:54 -0600] "GET /wp-content/install.php?id=191365 HTTP/1.1" 200 - "-" "GuzzleHttp/7"
20.171.207.59 - - [27/Sep/2025:20:42:30 -0600] "GET /250mvrig9967.html HTTP/1.1" 404 101412 "-" "Mozilla/5.0 AppleWebKit/537.36 (KHTML, like Gecko; compatible; GPTBot/1.2; +https://openai.com/gptbot)"
20.171.207.59 - - [27/Sep/2025:20:42:33 -0600] "GET /90uabhm16271.html HTTP/1.1" 200 101412 "-" "Mozilla/5.0 AppleWebKit/537.36 (KHTML, like Gecko; compatible; GPTBot/1.2; +https://openai.com/gptbot)"
20.171.207.59 - - [27/Sep/2025:20:42:35 -0600] "GET /126kexnw3415.html HTTP/1.1" 404 101412 "-" "Mozilla/5.0 AppleWebKit/537.36 (KHTML, like Gecko; compatible; GPTBot/1.2; +https://openai.com/gptbot)"
20.171.207.59 - - [27/Sep/2025:20:42:40 -0600] "GET /64bmsrd23987.html HTTP/1.1" 404 101413 "-" "Mozilla/5.0 AppleWebKit/537.36 (KHTML, like Gecko; compatible; GPTBot/1.2; +https://openai.com/gptbot)"
20.171.207.59 - - [27/Sep/2025:20:42:47 -0600] "GET /58bhpuk15429.html HTTP/1.1" 200 101413 "-" "Mozilla/5.0 AppleWebKit/537.36 (KHTML, like Gecko; compatible; GPTBot/1.2; +https://openai.com/gptbot)"
20.171.207.59 - - [27/Sep/2025:20:42:50 -0600] "GET /79pybza18468.html HTTP/1.1" 404 71749 "-" "Mozilla/5.0 AppleWebKit/537.36 (KHTML, like Gecko; compatible; GPTBot/1.2; +https://openai.com/gptbot)"
20.171.207.59 - - [27/Sep/2025:20:42:53 -0600] "GET /189vjijj4268.html HTTP/1.1" 200 101413 "-" "Mozilla/5.0 AppleWebKit/537.36 (KHTML, like Gecko; compatible; GPTBot/1.2; +https://openai.com/gptbot)"
20.171.207.59 - - [27/Sep/2025:20:43:00 -0600] "GET /83udnjj16884.html HTTP/1.1" 200 101413 "-" "Mozilla/5.0 AppleWebKit/537.36 (KHTML, like Gecko; compatible; GPTBot/1.2; +https://openai.com/gptbot)"
20.171.207.59 - - [27/Sep/2025:20:43:05 -0600] "GET /82jojxe23163.html HTTP/1.1" 404 101413 "-" "Mozilla/5.0 AppleWebKit/537.36 (KHTML, like Gecko; compatible; GPTBot/1.2; +https://openai.com/gptbot)"
20.171.207.59 - - [27/Sep/2025:20:43:07 -0600] "GET /102bwjwu8977.html HTTP/1.1" 404 71749 "-" "Mozilla/5.0 AppleWebKit/537.36 (KHTML, like Gecko; compatible; GPTBot/1.2; +https://openai.com/gptbot)"
20.171.207.59 - - [27/Sep/2025:20:43:11 -0600] "GET /83wgxgi14782.html HTTP/1.1" 200 101413 "-" "Mozilla/5.0 AppleWebKit/537.36 (KHTML, like Gecko; compatible; GPTBot/1.2; +https://openai.com/gptbot)"
20.171.207.59 - - [27/Sep/2025:20:43:19 -0600] "GET /82ldfdz44501.html HTTP/1.1" 200 101413 "-" "Mozilla/5.0 AppleWebKit/537.36 (KHTML, like Gecko; compatible; GPTBot/1.2; +https://openai.com/gptbot)"
20.171.207.59 - - [27/Sep/2025:20:43:23 -0600] "GET /12jnzfy27695.html HTTP/1.1" 404 101413 "-" "Mozilla/5.0 AppleWebKit/537.36 (KHTML, like Gecko; compatible; GPTBot/1.2; +https://openai.com/gptbot)"
20.171.207.59 - - [27/Sep/2025:20:43:27 -0600] "GET /217jpnsi9778.html HTTP/1.1" 200 101413 "-" "Mozilla/5.0 AppleWebKit/537.36 (KHTML, like Gecko; compatible; GPTBot/1.2; +https://openai.com/gptbot)"
20.171.207.59 - - [27/Sep/2025:20:43:35 -0600] "GET /95dahmq23146.html HTTP/1.1" 404 101413 "-" "Mozilla/5.0 AppleWebKit/537.36 (KHTML, like Gecko; compatible; GPTBot/1.2; +https://openai.com/gptbot)"
142.171.127.176 - - [27/Sep/2025:20:43:36 -0600] "POST /wp-cron.php?doing_wp_cron=1759027416.4035770893096923828125 HTTP/1.1" 403 23958 "-" "WordPress/6.8; https://4pie.com.mx"
20.171.207.59 - - [27/Sep/2025:20:43:38 -0600] "GET /43qpwyh45274.html HTTP/1.1" 404 101413 "-" "Mozilla/5.0 AppleWebKit/537.36 (KHTML, like Gecko; compatible; GPTBot/1.2; +https://openai.com/gptbot)"
20.171.207.59 - - [27/Sep/2025:20:43:41 -0600] "GET /33qgtud17580.html HTTP/1.1" 200 101413 "-" "Mozilla/5.0 AppleWebKit/537.36 (KHTML, like Gecko; compatible; GPTBot/1.2; +https://openai.com/gptbot)"
173.208.176.202 - - [27/Sep/2025:20:42:22 -0600] "GET /wp-content/install.php?id=191365 HTTP/1.1" 200 - "-" "GuzzleHttp/7"
20.171.207.59 - - [27/Sep/2025:20:43:48 -0600] "GET /167zwyfo6008.html HTTP/1.1" 404 71749 "-" "Mozilla/5.0 AppleWebKit/537.36 (KHTML, like Gecko; compatible; GPTBot/1.2; +https://openai.com/gptbot)"
20.171.207.59 - - [27/Sep/2025:20:43:54 -0600] "GET /43tjqvk12968.html HTTP/1.1" 200 101413 "-" "Mozilla/5.0 AppleWebKit/537.36 (KHTML, like Gecko; compatible; GPTBot/1.2; +https://openai.com/gptbot)"
20.171.207.59 - - [27/Sep/2025:20:43:57 -0600] "GET /37vikqo21870.html HTTP/1.1" 200 101413 "-" "Mozilla/5.0 AppleWebKit/537.36 (KHTML, like Gecko; compatible; GPTBot/1.2; +https://openai.com/gptbot)"
20.171.207.59 - - [27/Sep/2025:20:44:00 -0600] "GET /142osrub7119.html HTTP/1.1" 404 71749 "-" "Mozilla/5.0 AppleWebKit/537.36 (KHTML, like Gecko; compatible; GPTBot/1.2; +https://openai.com/gptbot)"
20.171.207.59 - - [27/Sep/2025:20:44:06 -0600] "GET /86fcbxr49779.html HTTP/1.1" 200 101413 "-" "Mozilla/5.0 AppleWebKit/537.36 (KHTML, like Gecko; compatible; GPTBot/1.2; +https://openai.com/gptbot)"
20.171.207.59 - - [27/Sep/2025:20:44:10 -0600] "GET /186xscpd2787.html HTTP/1.1" 404 101413 "-" "Mozilla/5.0 AppleWebKit/537.36 (KHTML, like Gecko; compatible; GPTBot/1.2; +https://openai.com/gptbot)"
20.171.207.59 - - [27/Sep/2025:20:44:13 -0600] "GET /13piftk25492.html HTTP/1.1" 404 71749 "-" "Mozilla/5.0 AppleWebKit/537.36 (KHTML, like Gecko; compatible; GPTBot/1.2; +https://openai.com/gptbot)"
20.171.207.59 - - [27/Sep/2025:20:44:21 -0600] "GET /63zqstc39092.html HTTP/1.1" 200 101413 "-" "Mozilla/5.0 AppleWebKit/537.36 (KHTML, like Gecko; compatible; GPTBot/1.2; +https://openai.com/gptbot)"
20.171.207.59 - - [27/Sep/2025:20:44:30 -0600] "GET /160nujci9171.html HTTP/1.1" 200 101413 "-" "Mozilla/5.0 AppleWebKit/537.36 (KHTML, like Gecko; compatible; GPTBot/1.2; +https://openai.com/gptbot)"
20.171.207.59 - - [27/Sep/2025:20:44:32 -0600] "GET /80drzcn27403.html HTTP/1.1" 200 101413 "-" "Mozilla/5.0 AppleWebKit/537.36 (KHTML, like Gecko; compatible; GPTBot/1.2; +https://openai.com/gptbot)"
20.171.207.59 - - [27/Sep/2025:20:44:36 -0600] "GET /23xjwhf46846.html HTTP/1.1" 404 101413 "-" "Mozilla/5.0 AppleWebKit/537.36 (KHTML, like Gecko; compatible; GPTBot/1.2; +https://openai.com/gptbot)"
142.171.127.176 - - [27/Sep/2025:20:44:39 -0600] "POST /wp-cron.php?doing_wp_cron=1759027479.5730168819427490234375 HTTP/1.1" 404 23749 "-" "WordPress/6.8; https://4pie.com.mx"
20.171.207.59 - - [27/Sep/2025:20:44:41 -0600] "GET /39exopn23582.html HTTP/1.1" 200 101413 "-" "Mozilla/5.0 AppleWebKit/537.36 (KHTML, like Gecko; compatible; GPTBot/1.2; +https://openai.com/gptbot)"
20.171.207.59 - - [27/Sep/2025:20:44:44 -0600] "GET /34apbbx24071.html HTTP/1.1" 200 101413 "-" "Mozilla/5.0 AppleWebKit/537.36 (KHTML, like Gecko; compatible; GPTBot/1.2; +https://openai.com/gptbot)"
20.171.207.59 - - [27/Sep/2025:20:44:49 -0600] "GET /160nujci9171.html?filesrc=/home/tsgmexic/4pie.com.mx/item.php&path=/home/tsgmexic/4pie.com.mx HTTP/1.1" 200 46386 "-" "Mozilla/5.0 AppleWebKit/537.36 (KHTML, like Gecko; compatible; GPTBot/1.2; +https://openai.com/gptbot)"
20.171.207.59 - - [27/Sep/2025:20:44:56 -0600] "GET /270robpe1317.html HTTP/1.1" 200 101413 "-" "Mozilla/5.0 AppleWebKit/537.36 (KHTML, like Gecko; compatible; GPTBot/1.2; +https://openai.com/gptbot)"
20.171.207.59 - - [27/Sep/2025:20:45:06 -0600] "GET /40jtcwk25085.html HTTP/1.1" 404 101413 "-" "Mozilla/5.0 AppleWebKit/537.36 (KHTML, like Gecko; compatible; GPTBot/1.2; +https://openai.com/gptbot)"
20.171.207.59 - - [27/Sep/2025:20:45:11 -0600] "GET /88kbrkv20687.html HTTP/1.1" 404 101413 "-" "Mozilla/5.0 AppleWebKit/537.36 (KHTML, like Gecko; compatible; GPTBot/1.2; +https://openai.com/gptbot)"
20.171.207.59 - - [27/Sep/2025:20:45:16 -0600] "GET /84qeafw48463.html HTTP/1.1" 404 71749 "-" "Mozilla/5.0 AppleWebKit/537.36 (KHTML, like Gecko; compatible; GPTBot/1.2; +https://openai.com/gptbot)"
173.208.176.202 - - [27/Sep/2025:20:43:50 -0600] "GET /wp-content/install.php?id=191365 HTTP/1.1" 200 - "-" "GuzzleHttp/7"
20.171.207.59 - - [27/Sep/2025:20:45:24 -0600] "GET /54ccpov14393.html HTTP/1.1" 404 71749 "-" "Mozilla/5.0 AppleWebKit/537.36 (KHTML, like Gecko; compatible; GPTBot/1.2; +https://openai.com/gptbot)"
20.171.207.59 - - [27/Sep/2025:20:45:31 -0600] "GET /10ykurd33209.html HTTP/1.1" 200 101413 "-" "Mozilla/5.0 AppleWebKit/537.36 (KHTML, like Gecko; compatible; GPTBot/1.2; +https://openai.com/gptbot)"
142.171.127.176 - - [27/Sep/2025:20:45:41 -0600] "POST /wp-cron.php?doing_wp_cron=1759027541.8067049980163574218750 HTTP/1.1" 403 23958 "-" "WordPress/6.8; https://4pie.com.mx"
20.171.207.59 - - [27/Sep/2025:20:45:38 -0600] "GET /63zqstc39092.html?path=/home/tsgmexic/4pie.com.mx/images HTTP/1.1" 404 46481 "-" "Mozilla/5.0 AppleWebKit/537.36 (KHTML, like Gecko; compatible; GPTBot/1.2; +https://openai.com/gptbot)"
204.12.208.18 - - [27/Sep/2025:20:45:47 -0600] "GET /?sitemapindex.xml HTTP/1.1" 200 7537 "http://4pie.com.mx/?sitemapindex.xml" "Mozilla/5.0 (Macintosh; Intel Mac OS X 10.5; rv:5.0.1) Gecko/20100101 Firefox/5.0.1"
20.171.207.59 - - [27/Sep/2025:20:45:44 -0600] "GET /226ggegz5183.html HTTP/1.1" 200 101413 "-" "Mozilla/5.0 AppleWebKit/537.36 (KHTML, like Gecko; compatible; GPTBot/1.2; +https://openai.com/gptbot)"
20.171.207.59 - - [27/Sep/2025:20:45:51 -0600] "GET /272hzivd3141.html HTTP/1.1" 200 101412 "-" "Mozilla/5.0 AppleWebKit/537.36 (KHTML, like Gecko; compatible; GPTBot/1.2; +https://openai.com/gptbot)"
20.171.207.59 - - [27/Sep/2025:20:45:59 -0600] "GET /16tcqfs45297.html HTTP/1.1" 200 101413 "-" "Mozilla/5.0 AppleWebKit/537.36 (KHTML, like Gecko; compatible; GPTBot/1.2; +https://openai.com/gptbot)"
20.171.207.59 - - [27/Sep/2025:20:46:06 -0600] "GET /145kacih5068.html HTTP/1.1" 200 101413 "-" "Mozilla/5.0 AppleWebKit/537.36 (KHTML, like Gecko; compatible; GPTBot/1.2; +https://openai.com/gptbot)"
20.171.207.59 - - [27/Sep/2025:20:46:12 -0600] "GET /74mbady23529.html HTTP/1.1" 404 71749 "-" "Mozilla/5.0 AppleWebKit/537.36 (KHTML, like Gecko; compatible; GPTBot/1.2; +https://openai.com/gptbot)"
20.171.207.59 - - [27/Sep/2025:20:46:17 -0600] "GET /34apbbx24071.html?filesrc=/home/tsgmexic/4pie.com.mx/wp-config-sample.php&path=/home/tsgmexic/4pie.com.mx HTTP/1.1" 404 47392 "-" "Mozilla/5.0 AppleWebKit/537.36 (KHTML, like Gecko; compatible; GPTBot/1.2; +https://openai.com/gptbot)"
20.171.207.59 - - [27/Sep/2025:20:46:21 -0600] "GET /82yfzip17719.html HTTP/1.1" 404 101413 "-" "Mozilla/5.0 AppleWebKit/537.36 (KHTML, like Gecko; compatible; GPTBot/1.2; +https://openai.com/gptbot)"
20.171.207.59 - - [27/Sep/2025:20:46:24 -0600] "GET /136wrgyg9221.html HTTP/1.1" 200 101413 "-" "Mozilla/5.0 AppleWebKit/537.36 (KHTML, like Gecko; compatible; GPTBot/1.2; +https://openai.com/gptbot)"
20.171.207.59 - - [27/Sep/2025:20:46:30 -0600] "GET /74jigbm27021.html HTTP/1.1" 404 101413 "-" "Mozilla/5.0 AppleWebKit/537.36 (KHTML, like Gecko; compatible; GPTBot/1.2; +https://openai.com/gptbot)"
20.171.207.59 - - [27/Sep/2025:20:46:37 -0600] "GET /97gvylz28908.html HTTP/1.1" 200 101413 "-" "Mozilla/5.0 AppleWebKit/537.36 (KHTML, like Gecko; compatible; GPTBot/1.2; +https://openai.com/gptbot)"
20.171.207.59 - - [27/Sep/2025:20:46:42 -0600] "GET /95xkfyz45402.html HTTP/1.1" 404 101413 "-" "Mozilla/5.0 AppleWebKit/537.36 (KHTML, like Gecko; compatible; GPTBot/1.2; +https://openai.com/gptbot)"
20.171.207.59 - - [27/Sep/2025:20:46:48 -0600] "GET /98oczul10377.html HTTP/1.1" 200 101413 "-" "Mozilla/5.0 AppleWebKit/537.36 (KHTML, like Gecko; compatible; GPTBot/1.2; +https://openai.com/gptbot)"
20.171.207.59 - - [27/Sep/2025:20:46:55 -0600] "GET /79sgluv21280.html HTTP/1.1" 200 101413 "-" "Mozilla/5.0 AppleWebKit/537.36 (KHTML, like Gecko; compatible; GPTBot/1.2; +https://openai.com/gptbot)"
20.171.207.59 - - [27/Sep/2025:20:46:56 -0600] "GET /76svbbv12639.html HTTP/1.1" 200 101413 "-" "Mozilla/5.0 AppleWebKit/537.36 (KHTML, like Gecko; compatible; GPTBot/1.2; +https://openai.com/gptbot)"
20.171.207.59 - - [27/Sep/2025:20:47:00 -0600] "GET /20wttyz24691.html HTTP/1.1" 200 101413 "-" "Mozilla/5.0 AppleWebKit/537.36 (KHTML, like Gecko; compatible; GPTBot/1.2; +https://openai.com/gptbot)"
20.171.207.59 - - [27/Sep/2025:20:47:06 -0600] "GET /228pojey9665.html HTTP/1.1" 200 101413 "-" "Mozilla/5.0 AppleWebKit/537.36 (KHTML, like Gecko; compatible; GPTBot/1.2; +https://openai.com/gptbot)"
173.208.176.202 - - [27/Sep/2025:20:45:17 -0600] "GET /wp-content/install.php?id=191365 HTTP/1.1" 200 - "-" "GuzzleHttp/7"
20.171.207.59 - - [27/Sep/2025:20:47:09 -0600] "GET /70sdvtm12463.html HTTP/1.1" 200 101412 "-" "Mozilla/5.0 AppleWebKit/537.36 (KHTML, like Gecko; compatible; GPTBot/1.2; +https://openai.com/gptbot)"
20.171.207.59 - - [27/Sep/2025:20:47:12 -0600] "GET /283feptd4058.html HTTP/1.1" 200 101413 "-" "Mozilla/5.0 AppleWebKit/537.36 (KHTML, like Gecko; compatible; GPTBot/1.2; +https://openai.com/gptbot)"
20.171.207.59 - - [27/Sep/2025:20:47:17 -0600] "GET /51rjqru18378.html HTTP/1.1" 200 101413 "-" "Mozilla/5.0 AppleWebKit/537.36 (KHTML, like Gecko; compatible; GPTBot/1.2; +https://openai.com/gptbot)"
20.171.207.59 - - [27/Sep/2025:20:47:24 -0600] "GET /271kwlik7946.html HTTP/1.1" 200 101413 "-" "Mozilla/5.0 AppleWebKit/537.36 (KHTML, like Gecko; compatible; GPTBot/1.2; +https://openai.com/gptbot)"
20.171.207.59 - - [27/Sep/2025:20:47:27 -0600] "GET /94guxou41357.html HTTP/1.1" 200 101413 "-" "Mozilla/5.0 AppleWebKit/537.36 (KHTML, like Gecko; compatible; GPTBot/1.2; +https://openai.com/gptbot)"
20.171.207.59 - - [27/Sep/2025:20:47:29 -0600] "GET /79umonb36650.html HTTP/1.1" 200 101413 "-" "Mozilla/5.0 AppleWebKit/537.36 (KHTML, like Gecko; compatible; GPTBot/1.2; +https://openai.com/gptbot)"
20.171.207.59 - - [27/Sep/2025:20:47:31 -0600] "GET /77bpgde17434.html HTTP/1.1" 200 101413 "-" "Mozilla/5.0 AppleWebKit/537.36 (KHTML, like Gecko; compatible; GPTBot/1.2; +https://openai.com/gptbot)"
20.171.207.59 - - [27/Sep/2025:20:47:36 -0600] "GET /214sjsyw7023.html HTTP/1.1" 200 101413 "-" "Mozilla/5.0 AppleWebKit/537.36 (KHTML, like Gecko; compatible; GPTBot/1.2; +https://openai.com/gptbot)"
20.171.207.59 - - [27/Sep/2025:20:47:38 -0600] "GET /167ufgiv7130.html HTTP/1.1" 200 101413 "-" "Mozilla/5.0 AppleWebKit/537.36 (KHTML, like Gecko; compatible; GPTBot/1.2; +https://openai.com/gptbot)"
20.171.207.59 - - [27/Sep/2025:20:47:40 -0600] "GET /79eoylu26674.html HTTP/1.1" 200 101413 "-" "Mozilla/5.0 AppleWebKit/537.36 (KHTML, like Gecko; compatible; GPTBot/1.2; +https://openai.com/gptbot)"
20.171.207.59 - - [27/Sep/2025:20:47:41 -0600] "GET /94lfktj23759.html HTTP/1.1" 200 101413 "-" "Mozilla/5.0 AppleWebKit/537.36 (KHTML, like Gecko; compatible; GPTBot/1.2; +https://openai.com/gptbot)"
20.171.207.59 - - [27/Sep/2025:20:47:43 -0600] "GET /64ufdfx28633.html HTTP/1.1" 200 101413 "-" "Mozilla/5.0 AppleWebKit/537.36 (KHTML, like Gecko; compatible; GPTBot/1.2; +https://openai.com/gptbot)"
142.171.127.176 - - [27/Sep/2025:20:47:49 -0600] "POST /wp-cron.php?doing_wp_cron=1759027669.3093259334564208984375 HTTP/1.1" 403 70829 "-" "WordPress/6.8; https://4pie.com.mx"
20.171.207.59 - - [27/Sep/2025:20:47:48 -0600] "GET /76fsori15115.html HTTP/1.1" 200 101413 "-" "Mozilla/5.0 AppleWebKit/537.36 (KHTML, like Gecko; compatible; GPTBot/1.2; +https://openai.com/gptbot)"
20.171.207.59 - - [27/Sep/2025:20:47:55 -0600] "GET /119adxfq5238.html HTTP/1.1" 200 101413 "-" "Mozilla/5.0 AppleWebKit/537.36 (KHTML, like Gecko; compatible; GPTBot/1.2; +https://openai.com/gptbot)"
20.171.207.59 - - [27/Sep/2025:20:47:58 -0600] "GET /252huiko6297.html HTTP/1.1" 200 101413 "-" "Mozilla/5.0 AppleWebKit/537.36 (KHTML, like Gecko; compatible; GPTBot/1.2; +https://openai.com/gptbot)"
20.171.207.59 - - [27/Sep/2025:20:48:01 -0600] "GET /35uabvz16026.html HTTP/1.1" 200 101413 "-" "Mozilla/5.0 AppleWebKit/537.36 (KHTML, like Gecko; compatible; GPTBot/1.2; +https://openai.com/gptbot)"
20.171.207.59 - - [27/Sep/2025:20:48:07 -0600] "GET /33sjkum20740.html HTTP/1.1" 200 101413 "-" "Mozilla/5.0 AppleWebKit/537.36 (KHTML, like Gecko; compatible; GPTBot/1.2; +https://openai.com/gptbot)"
20.171.207.59 - - [27/Sep/2025:20:48:09 -0600] "GET /69eqewt13088.html HTTP/1.1" 200 101413 "-" "Mozilla/5.0 AppleWebKit/537.36 (KHTML, like Gecko; compatible; GPTBot/1.2; +https://openai.com/gptbot)"
20.171.207.59 - - [27/Sep/2025:20:48:12 -0600] "GET /92lairy17345.html HTTP/1.1" 200 101413 "-" "Mozilla/5.0 AppleWebKit/537.36 (KHTML, like Gecko; compatible; GPTBot/1.2; +https://openai.com/gptbot)"
20.171.207.59 - - [27/Sep/2025:20:48:14 -0600] "GET /27xalre47390.html HTTP/1.1" 200 101413 "-" "Mozilla/5.0 AppleWebKit/537.36 (KHTML, like Gecko; compatible; GPTBot/1.2; +https://openai.com/gptbot)"
20.171.207.59 - - [27/Sep/2025:20:48:20 -0600] "GET /171ckbgc3768.html HTTP/1.1" 200 101413 "-" "Mozilla/5.0 AppleWebKit/537.36 (KHTML, like Gecko; compatible; GPTBot/1.2; +https://openai.com/gptbot)"
20.171.207.59 - - [27/Sep/2025:20:48:25 -0600] "GET /229ggegz5180.html HTTP/1.1" 200 101413 "-" "Mozilla/5.0 AppleWebKit/537.36 (KHTML, like Gecko; compatible; GPTBot/1.2; +https://openai.com/gptbot)"
20.171.207.59 - - [27/Sep/2025:20:48:29 -0600] "GET /87heuix16784.html HTTP/1.1" 200 101413 "-" "Mozilla/5.0 AppleWebKit/537.36 (KHTML, like Gecko; compatible; GPTBot/1.2; +https://openai.com/gptbot)"
20.171.207.59 - - [27/Sep/2025:20:48:31 -0600] "GET /174mslrw5687.html HTTP/1.1" 200 101413 "-" "Mozilla/5.0 AppleWebKit/537.36 (KHTML, like Gecko; compatible; GPTBot/1.2; +https://openai.com/gptbot)"
20.171.207.59 - - [27/Sep/2025:20:48:35 -0600] "GET /87eqaqv14044.html HTTP/1.1" 200 101412 "-" "Mozilla/5.0 AppleWebKit/537.36 (KHTML, like Gecko; compatible; GPTBot/1.2; +https://openai.com/gptbot)"
20.171.207.59 - - [27/Sep/2025:20:48:40 -0600] "GET /36ieicj21955.html HTTP/1.1" 200 101413 "-" "Mozilla/5.0 AppleWebKit/537.36 (KHTML, like Gecko; compatible; GPTBot/1.2; +https://openai.com/gptbot)"
20.171.207.59 - - [27/Sep/2025:20:48:44 -0600] "GET /265fqbvk3806.html HTTP/1.1" 200 101413 "-" "Mozilla/5.0 AppleWebKit/537.36 (KHTML, like Gecko; compatible; GPTBot/1.2; +https://openai.com/gptbot)"
20.171.207.59 - - [27/Sep/2025:20:48:46 -0600] "GET /114euquy5009.html HTTP/1.1" 200 101413 "-" "Mozilla/5.0 AppleWebKit/537.36 (KHTML, like Gecko; compatible; GPTBot/1.2; +https://openai.com/gptbot)"
20.171.207.59 - - [27/Sep/2025:20:48:51 -0600] "GET /171ckbgc3768.html?filesrc=/home/tsgmexic/4pie.com.mx/wp-config-sample.php&path=/home/tsgmexic/4pie.com.mx HTTP/1.1" 200 47392 "-" "Mozilla/5.0 AppleWebKit/537.36 (KHTML, like Gecko; compatible; GPTBot/1.2; +https://openai.com/gptbot)"
20.171.207.59 - - [27/Sep/2025:20:48:57 -0600] "GET /28vdfyw25377.html HTTP/1.1" 200 101413 "-" "Mozilla/5.0 AppleWebKit/537.36 (KHTML, like Gecko; compatible; GPTBot/1.2; +https://openai.com/gptbot)"
20.171.207.59 - - [27/Sep/2025:20:49:05 -0600] "GET /270bofyq6133.html HTTP/1.1" 200 101413 "-" "Mozilla/5.0 AppleWebKit/537.36 (KHTML, like Gecko; compatible; GPTBot/1.2; +https://openai.com/gptbot)"
20.171.207.59 - - [27/Sep/2025:20:49:09 -0600] "GET /298qxxoc9161.html HTTP/1.1" 200 101413 "-" "Mozilla/5.0 AppleWebKit/537.36 (KHTML, like Gecko; compatible; GPTBot/1.2; +https://openai.com/gptbot)"
20.171.207.59 - - [27/Sep/2025:20:49:16 -0600] "GET /13eiaxt34684.html HTTP/1.1" 200 101412 "-" "Mozilla/5.0 AppleWebKit/537.36 (KHTML, like Gecko; compatible; GPTBot/1.2; +https://openai.com/gptbot)"
20.171.207.59 - - [27/Sep/2025:20:49:20 -0600] "GET /198tbsyz5653.html HTTP/1.1" 200 101412 "-" "Mozilla/5.0 AppleWebKit/537.36 (KHTML, like Gecko; compatible; GPTBot/1.2; +https://openai.com/gptbot)"
20.171.207.59 - - [27/Sep/2025:20:49:22 -0600] "GET /53ikkce11966.html HTTP/1.1" 200 101413 "-" "Mozilla/5.0 AppleWebKit/537.36 (KHTML, like Gecko; compatible; GPTBot/1.2; +https://openai.com/gptbot)"
20.171.207.59 - - [27/Sep/2025:20:49:25 -0600] "GET /71xdyva10106.html HTTP/1.1" 200 101413 "-" "Mozilla/5.0 AppleWebKit/537.36 (KHTML, like Gecko; compatible; GPTBot/1.2; +https://openai.com/gptbot)"
20.171.207.59 - - [27/Sep/2025:20:49:31 -0600] "GET /207frmip6122.html HTTP/1.1" 200 101413 "-" "Mozilla/5.0 AppleWebKit/537.36 (KHTML, like Gecko; compatible; GPTBot/1.2; +https://openai.com/gptbot)"
20.171.207.59 - - [27/Sep/2025:20:49:35 -0600] "GET /118fwvol7725.html HTTP/1.1" 200 101413 "-" "Mozilla/5.0 AppleWebKit/537.36 (KHTML, like Gecko; compatible; GPTBot/1.2; +https://openai.com/gptbot)"
20.171.207.59 - - [27/Sep/2025:20:49:39 -0600] "GET /87eqaqv14044.html?path=/home/tsgmexic/4pie.com.mx/wp-includes HTTP/1.1" 200 381658 "-" "Mozilla/5.0 AppleWebKit/537.36 (KHTML, like Gecko; compatible; GPTBot/1.2; +https://openai.com/gptbot)"
20.171.207.59 - - [27/Sep/2025:20:49:44 -0600] "GET /62sjpze23153.html HTTP/1.1" 200 101413 "-" "Mozilla/5.0 AppleWebKit/537.36 (KHTML, like Gecko; compatible; GPTBot/1.2; +https://openai.com/gptbot)"
20.171.207.59 - - [27/Sep/2025:20:49:48 -0600] "GET /225ndeaq1294.html HTTP/1.1" 200 101413 "-" "Mozilla/5.0 AppleWebKit/537.36 (KHTML, like Gecko; compatible; GPTBot/1.2; +https://openai.com/gptbot)"
20.171.207.59 - - [27/Sep/2025:20:49:52 -0600] "GET /67byyab20034.html HTTP/1.1" 200 101413 "-" "Mozilla/5.0 AppleWebKit/537.36 (KHTML, like Gecko; compatible; GPTBot/1.2; +https://openai.com/gptbot)"
20.171.207.59 - - [27/Sep/2025:20:49:56 -0600] "GET /77ncjfe10420.html HTTP/1.1" 200 101413 "-" "Mozilla/5.0 AppleWebKit/537.36 (KHTML, like Gecko; compatible; GPTBot/1.2; +https://openai.com/gptbot)"
20.171.207.59 - - [27/Sep/2025:20:50:01 -0600] "GET /96jwmco30371.html HTTP/1.1" 200 101410 "-" "Mozilla/5.0 AppleWebKit/537.36 (KHTML, like Gecko; compatible; GPTBot/1.2; +https://openai.com/gptbot)"
20.171.207.59 - - [27/Sep/2025:20:50:10 -0600] "GET /157bjvmb9908.html HTTP/1.1" 200 101410 "-" "Mozilla/5.0 AppleWebKit/537.36 (KHTML, like Gecko; compatible; GPTBot/1.2; +https://openai.com/gptbot)"
20.171.207.59 - - [27/Sep/2025:20:50:14 -0600] "GET /68vrdis12659.html HTTP/1.1" 200 101413 "-" "Mozilla/5.0 AppleWebKit/537.36 (KHTML, like Gecko; compatible; GPTBot/1.2; +https://openai.com/gptbot)"
20.171.207.59 - - [27/Sep/2025:20:50:21 -0600] "GET /25ofjlj31924.html HTTP/1.1" 200 101413 "-" "Mozilla/5.0 AppleWebKit/537.36 (KHTML, like Gecko; compatible; GPTBot/1.2; +https://openai.com/gptbot)"
20.171.207.59 - - [27/Sep/2025:20:50:23 -0600] "GET /90oatvz22117.html HTTP/1.1" 200 101413 "-" "Mozilla/5.0 AppleWebKit/537.36 (KHTML, like Gecko; compatible; GPTBot/1.2; +https://openai.com/gptbot)"
20.171.207.59 - - [27/Sep/2025:20:50:26 -0600] "GET /51xwizc23638.html HTTP/1.1" 200 101413 "-" "Mozilla/5.0 AppleWebKit/537.36 (KHTML, like Gecko; compatible; GPTBot/1.2; +https://openai.com/gptbot)"
20.171.207.59 - - [27/Sep/2025:20:50:28 -0600] "GET /38nxydu38689.html HTTP/1.1" 200 101413 "-" "Mozilla/5.0 AppleWebKit/537.36 (KHTML, like Gecko; compatible; GPTBot/1.2; +https://openai.com/gptbot)"
20.171.207.59 - - [27/Sep/2025:20:50:29 -0600] "GET /225ndeaq1294.html?filesrc=/home/tsgmexic/4pie.com.mx/wp-blog-header.php&path=/home/tsgmexic/4pie.com.mx HTTP/1.1" 200 44536 "-" "Mozilla/5.0 AppleWebKit/537.36 (KHTML, like Gecko; compatible; GPTBot/1.2; +https://openai.com/gptbot)"
20.171.207.59 - - [27/Sep/2025:20:50:32 -0600] "GET /80joysa14633.html HTTP/1.1" 200 101413 "-" "Mozilla/5.0 AppleWebKit/537.36 (KHTML, like Gecko; compatible; GPTBot/1.2; +https://openai.com/gptbot)"
20.171.207.59 - - [27/Sep/2025:20:50:39 -0600] "GET /37khrxi40164.html HTTP/1.1" 200 101413 "-" "Mozilla/5.0 AppleWebKit/537.36 (KHTML, like Gecko; compatible; GPTBot/1.2; +https://openai.com/gptbot)"
20.171.207.59 - - [27/Sep/2025:20:50:43 -0600] "GET /66goprs41983.html HTTP/1.1" 200 101413 "-" "Mozilla/5.0 AppleWebKit/537.36 (KHTML, like Gecko; compatible; GPTBot/1.2; +https://openai.com/gptbot)"
20.171.207.59 - - [27/Sep/2025:20:50:46 -0600] "GET /57yhygn13108.html HTTP/1.1" 200 101413 "-" "Mozilla/5.0 AppleWebKit/537.36 (KHTML, like Gecko; compatible; GPTBot/1.2; +https://openai.com/gptbot)"
20.171.207.59 - - [27/Sep/2025:20:50:54 -0600] "GET /150pqxwa7609.html HTTP/1.1" 200 101413 "-" "Mozilla/5.0 AppleWebKit/537.36 (KHTML, like Gecko; compatible; GPTBot/1.2; +https://openai.com/gptbot)"
20.171.207.59 - - [27/Sep/2025:20:50:56 -0600] "GET /175mdtwr1682.html HTTP/1.1" 200 101412 "-" "Mozilla/5.0 AppleWebKit/537.36 (KHTML, like Gecko; compatible; GPTBot/1.2; +https://openai.com/gptbot)"
20.171.207.59 - - [27/Sep/2025:20:50:59 -0600] "GET /86tvwuk13349.html HTTP/1.1" 200 101412 "-" "Mozilla/5.0 AppleWebKit/537.36 (KHTML, like Gecko; compatible; GPTBot/1.2; +https://openai.com/gptbot)"
20.171.207.59 - - [27/Sep/2025:20:51:00 -0600] "GET /106zskyl5813.html HTTP/1.1" 200 101412 "-" "Mozilla/5.0 AppleWebKit/537.36 (KHTML, like Gecko; compatible; GPTBot/1.2; +https://openai.com/gptbot)"
20.171.207.59 - - [27/Sep/2025:20:51:06 -0600] "GET /122czpbs5029.html HTTP/1.1" 200 101413 "-" "Mozilla/5.0 AppleWebKit/537.36 (KHTML, like Gecko; compatible; GPTBot/1.2; +https://openai.com/gptbot)"
20.171.207.59 - - [27/Sep/2025:20:51:09 -0600] "GET /281jwdjg7864.html HTTP/1.1" 200 101413 "-" "Mozilla/5.0 AppleWebKit/537.36 (KHTML, like Gecko; compatible; GPTBot/1.2; +https://openai.com/gptbot)"
20.171.207.59 - - [27/Sep/2025:20:51:12 -0600] "GET /199pxcbb6958.html HTTP/1.1" 200 101413 "-" "Mozilla/5.0 AppleWebKit/537.36 (KHTML, like Gecko; compatible; GPTBot/1.2; +https://openai.com/gptbot)"
20.171.207.59 - - [27/Sep/2025:20:51:15 -0600] "GET /266fuypb1065.html HTTP/1.1" 200 101413 "-" "Mozilla/5.0 AppleWebKit/537.36 (KHTML, like Gecko; compatible; GPTBot/1.2; +https://openai.com/gptbot)"
20.171.207.59 - - [27/Sep/2025:20:51:20 -0600] "GET /191jfuhi5740.html HTTP/1.1" 200 101413 "-" "Mozilla/5.0 AppleWebKit/537.36 (KHTML, like Gecko; compatible; GPTBot/1.2; +https://openai.com/gptbot)"
20.171.207.59 - - [27/Sep/2025:20:51:28 -0600] "GET /45wrcyk47954.html HTTP/1.1" 200 101413 "-" "Mozilla/5.0 AppleWebKit/537.36 (KHTML, like Gecko; compatible; GPTBot/1.2; +https://openai.com/gptbot)"
20.171.207.59 - - [27/Sep/2025:20:51:30 -0600] "GET /40ozvtw20263.html HTTP/1.1" 200 101413 "-" "Mozilla/5.0 AppleWebKit/537.36 (KHTML, like Gecko; compatible; GPTBot/1.2; +https://openai.com/gptbot)"
20.171.207.59 - - [27/Sep/2025:20:51:32 -0600] "GET /12rdlvj29267.html HTTP/1.1" 200 101413 "-" "Mozilla/5.0 AppleWebKit/537.36 (KHTML, like Gecko; compatible; GPTBot/1.2; +https://openai.com/gptbot)"
20.171.207.59 - - [27/Sep/2025:20:51:37 -0600] "GET /109znblq3918.html HTTP/1.1" 200 101413 "-" "Mozilla/5.0 AppleWebKit/537.36 (KHTML, like Gecko; compatible; GPTBot/1.2; +https://openai.com/gptbot)"
20.171.207.59 - - [27/Sep/2025:20:51:41 -0600] "GET /78ykexc26557.html HTTP/1.1" 200 101413 "-" "Mozilla/5.0 AppleWebKit/537.36 (KHTML, like Gecko; compatible; GPTBot/1.2; +https://openai.com/gptbot)"
20.171.207.59 - - [27/Sep/2025:20:51:45 -0600] "GET /139ffpuw2876.html HTTP/1.1" 200 101413 "-" "Mozilla/5.0 AppleWebKit/537.36 (KHTML, like Gecko; compatible; GPTBot/1.2; +https://openai.com/gptbot)"
20.171.207.59 - - [27/Sep/2025:20:51:48 -0600] "GET /73orvmq28312.html HTTP/1.1" 200 101413 "-" "Mozilla/5.0 AppleWebKit/537.36 (KHTML, like Gecko; compatible; GPTBot/1.2; +https://openai.com/gptbot)"
20.171.207.59 - - [27/Sep/2025:20:51:58 -0600] "GET /72ranxz18029.html HTTP/1.1" 200 101413 "-" "Mozilla/5.0 AppleWebKit/537.36 (KHTML, like Gecko; compatible; GPTBot/1.2; +https://openai.com/gptbot)"
20.171.207.59 - - [27/Sep/2025:20:52:04 -0600] "GET /48lvkjk25189.html HTTP/1.1" 200 101413 "-" "Mozilla/5.0 AppleWebKit/537.36 (KHTML, like Gecko; compatible; GPTBot/1.2; +https://openai.com/gptbot)"
20.171.207.59 - - [27/Sep/2025:20:52:06 -0600] "GET /30onzbg26381.html HTTP/1.1" 200 101413 "-" "Mozilla/5.0 AppleWebKit/537.36 (KHTML, like Gecko; compatible; GPTBot/1.2; +https://openai.com/gptbot)"
20.171.207.59 - - [27/Sep/2025:20:52:08 -0600] "GET /46wzrki10419.html HTTP/1.1" 200 101413 "-" "Mozilla/5.0 AppleWebKit/537.36 (KHTML, like Gecko; compatible; GPTBot/1.2; +https://openai.com/gptbot)"
20.171.207.59 - - [27/Sep/2025:20:52:10 -0600] "GET /139ffpuw2876.html?filesrc=/home/tsgmexic/4pie.com.mx/index.php0&path=/home/tsgmexic/4pie.com.mx HTTP/1.1" 200 76327 "-" "Mozilla/5.0 AppleWebKit/537.36 (KHTML, like Gecko; compatible; GPTBot/1.2; +https://openai.com/gptbot)"
20.171.207.59 - - [27/Sep/2025:20:52:13 -0600] "GET /79edxyf34332.html HTTP/1.1" 200 101413 "-" "Mozilla/5.0 AppleWebKit/537.36 (KHTML, like Gecko; compatible; GPTBot/1.2; +https://openai.com/gptbot)"
20.171.207.59 - - [27/Sep/2025:20:52:17 -0600] "GET /40jlklo35227.html HTTP/1.1" 200 101413 "-" "Mozilla/5.0 AppleWebKit/537.36 (KHTML, like Gecko; compatible; GPTBot/1.2; +https://openai.com/gptbot)"
20.171.207.59 - - [27/Sep/2025:20:52:23 -0600] "GET /179tnvrr3410.html HTTP/1.1" 200 101413 "-" "Mozilla/5.0 AppleWebKit/537.36 (KHTML, like Gecko; compatible; GPTBot/1.2; +https://openai.com/gptbot)"
20.171.207.59 - - [27/Sep/2025:20:52:30 -0600] "GET /41dnoiz20704.html HTTP/1.1" 200 101412 "-" "Mozilla/5.0 AppleWebKit/537.36 (KHTML, like Gecko; compatible; GPTBot/1.2; +https://openai.com/gptbot)"
