173.208.176.202 - - [27/Sep/2025:08:23:51 -0600] "GET /wp-content/install.php?id=376710 HTTP/1.1" 200 - "-" "GuzzleHttp/7"
125.166.1.57 - - [27/Sep/2025:08:26:38 -0600] "GET /wp-content/plugins/wp-help/admin/wp-fclass.php HTTP/1.1" 404 101413 "-" "-"
173.208.176.202 - - [27/Sep/2025:08:25:22 -0600] "GET /wp-content/install.php?id=376710 HTTP/1.1" 200 - "-" "GuzzleHttp/7"
173.208.176.202 - - [27/Sep/2025:08:27:07 -0600] "GET /wp-content/install.php?id=376710 HTTP/1.1" 200 - "-" "GuzzleHttp/7"
204.12.208.18 - - [27/Sep/2025:08:29:18 -0600] "GET /?sitemapindex.xml HTTP/1.1" 200 7536 "http://4pie.com.mx/?sitemapindex.xml" "Mozilla/5.0 (compatible; MSIE 10.0; Windows NT 6.2; Win64; x64; Trident/6.0)"
173.208.176.202 - - [27/Sep/2025:08:28:36 -0600] "GET /wp-content/install.php?id=376710 HTTP/1.1" 200 - "-" "GuzzleHttp/7"
204.12.252.98 - - [27/Sep/2025:08:30:08 -0600] "GET /wp-content/install.php HTTP/1.1" 200 6 "http://4pie.com.mx/wp-content/install.php" "Mozilla/5.0 (Windows NT 10.0; Win64; x64) AppleWebKit/537.36 (KHTML, like Gecko) Chrome/58.0.3029.110 Safari/537.3"
173.208.176.202 - - [27/Sep/2025:08:30:04 -0600] "GET /wp-content/install.php?id=376710 HTTP/1.1" 200 - "-" "GuzzleHttp/7"
142.44.225.201 - - [27/Sep/2025:08:32:05 -0600] "GET /robots.txt HTTP/1.1" 200 343 "-" "Mozilla/5.0 (compatible; AhrefsBot/7.0; +http://ahrefs.com/robot/)"
142.44.220.83 - - [27/Sep/2025:08:32:06 -0600] "GET /search.php?sitemap786.xml HTTP/1.1" 200 13 "-" "Mozilla/5.0 (compatible; AhrefsBot/7.0; +http://ahrefs.com/robot/)"
216.244.66.243 - - [27/Sep/2025:08:32:07 -0600] "GET /index.php/2025/04/07/is-royal-reels-casino-legit-an-in-depth-evaluation/ HTTP/1.1" 200 126122 "-" "Mozilla/5.0 (compatible; DotBot/1.2; +https://opensiteexplorer.org/dotbot; help@moz.com)"
216.244.66.243 - - [27/Sep/2025:08:32:14 -0600] "GET /shopdetail/1536655.html HTTP/1.1" 404 101413 "-" "Mozilla/5.0 (compatible; DotBot/1.2; +https://opensiteexplorer.org/dotbot; help@moz.com)"
173.208.176.202 - - [27/Sep/2025:08:31:34 -0600] "GET /wp-content/install.php?id=376710 HTTP/1.1" 200 - "-" "GuzzleHttp/7"
51.161.65.81 - - [27/Sep/2025:08:33:22 -0600] "GET /?sitemap234.xml HTTP/1.1" 200 13 "-" "Mozilla/5.0 (compatible; AhrefsBot/7.0; +http://ahrefs.com/robot/)"
101.99.88.90 - - [27/Sep/2025:08:34:03 -0600] "GET /product001 HTTP/1.1" 200 139132 "-" "Mozilla/5.0 (compatible; Googlebot/2.1; +http://www.google.com/bot.html)"
101.99.88.90 - - [27/Sep/2025:08:34:04 -0600] "GET / HTTP/1.1" 200 142113 "-" "Mozilla/5.0 (compatible; Googlebot/2.1; +http://www.google.com/bot.html)"
173.208.176.202 - - [27/Sep/2025:08:33:01 -0600] "GET /wp-content/install.php?id=376710 HTTP/1.1" 200 - "-" "GuzzleHttp/7"
173.208.176.202 - - [27/Sep/2025:08:34:29 -0600] "GET /wp-content/install.php?id=376710 HTTP/1.1" 200 - "-" "GuzzleHttp/7"
204.12.208.18 - - [27/Sep/2025:08:36:14 -0600] "GET /?sitemapindex.xml HTTP/1.1" 200 7534 "http://4pie.com.mx/?sitemapindex.xml" "Mozilla/5.0 (Macintosh; U; PPC Mac OS X; ja-jp) AppleWebKit/523.12 (KHTML, like Gecko) Version/3.0.4 Safari/523.12"
173.208.176.202 - - [27/Sep/2025:08:35:56 -0600] "GET /wp-content/install.php?id=376710 HTTP/1.1" 200 - "-" "GuzzleHttp/7"
173.208.176.202 - - [27/Sep/2025:08:37:26 -0600] "GET /wp-content/install.php?id=376710 HTTP/1.1" 200 - "-" "GuzzleHttp/7"
173.208.176.202 - - [27/Sep/2025:08:38:53 -0600] "GET /wp-content/install.php?id=376710 HTTP/1.1" 200 - "-" "GuzzleHttp/7"
208.110.64.178 - - [27/Sep/2025:08:41:37 -0600] "GET /wp-content/install.php HTTP/1.1" 200 6 "http://4pie.com.mx/wp-content/install.php" "Mozilla/5.0 (Windows NT 10.0; Win64; x64) AppleWebKit/537.36 (KHTML, like Gecko) Chrome/58.0.3029.110 Safari/537.3"
173.208.176.202 - - [27/Sep/2025:08:40:20 -0600] "GET /wp-content/install.php?id=376710 HTTP/1.1" 200 - "-" "GuzzleHttp/7"
204.12.208.18 - - [27/Sep/2025:08:43:15 -0600] "GET /?sitemapindex.xml HTTP/1.1" 200 113563 "http://4pie.com.mx/?sitemapindex.xml" "Mozilla/5.0 (Macintosh; U; Intel Mac OS X 10_6_2; ja-jp) AppleWebKit/531.21.8 (KHTML, like Gecko) Version/4.0.4 Safari/531.21.10"
204.12.208.18 - - [27/Sep/2025:08:50:27 -0600] "GET /?sitemapindex.xml HTTP/1.1" 200 113563 "http://4pie.com.mx/?sitemapindex.xml" "Mozilla/5.0 (Macintosh; U; Intel Mac OS X; ja-jp) AppleWebKit/523.10.3 (KHTML, like Gecko) Version/3.0.4 Safari/523.10"
208.110.64.178 - - [27/Sep/2025:08:52:54 -0600] "GET /wp-content/install.php HTTP/1.1" 200 6 "http://4pie.com.mx/wp-content/install.php" "Mozilla/5.0 (Windows NT 10.0; Win64; x64) AppleWebKit/537.36 (KHTML, like Gecko) Chrome/58.0.3029.110 Safari/537.3"
208.110.64.178 - - [27/Sep/2025:08:52:52 -0600] "GET /wp-content/install.php HTTP/1.1" 200 - "http://4pie.com.mx/wp-content/install.php" "Mozilla/5.0 (Windows NT 10.0; Win64; x64) AppleWebKit/537.36 (KHTML, like Gecko) Chrome/58.0.3029.110 Safari/537.3"
173.208.176.202 - - [27/Sep/2025:08:54:20 -0600] "GET /wp-content/install.php?id=813260 HTTP/1.1" 200 - "-" "GuzzleHttp/7"
204.12.208.18 - - [27/Sep/2025:08:57:18 -0600] "GET /?sitemapindex.xml HTTP/1.1" 200 7534 "http://4pie.com.mx/?sitemapindex.xml" "Mozilla/5.0 (compatible; MSIE 10.0; Windows NT 6.1; Trident/6.0)"
173.208.176.202 - - [27/Sep/2025:08:55:51 -0600] "GET /wp-content/install.php?id=813260 HTTP/1.1" 200 - "-" "GuzzleHttp/7"
173.208.176.202 - - [27/Sep/2025:08:57:25 -0600] "GET /wp-content/install.php?id=813260 HTTP/1.1" 200 - "-" "GuzzleHttp/7"
125.166.1.57 - - [27/Sep/2025:08:59:22 -0600] "GET /wp-content/plugins/wp-help/admin/wp-fclass.php HTTP/1.1" 404 101413 "-" "-"
173.208.176.202 - - [27/Sep/2025:08:58:54 -0600] "GET /wp-content/install.php?id=813260 HTTP/1.1" 200 - "-" "GuzzleHttp/7"
173.208.176.202 - - [27/Sep/2025:09:00:27 -0600] "GET /wp-content/install.php?id=813260 HTTP/1.1" 200 - "-" "GuzzleHttp/7"
173.208.176.202 - - [27/Sep/2025:09:01:59 -0600] "GET /wp-content/install.php?id=813260 HTTP/1.1" 200 - "-" "GuzzleHttp/7"
204.12.208.18 - - [27/Sep/2025:09:04:15 -0600] "GET /?sitemapindex.xml HTTP/1.1" 200 7538 "http://4pie.com.mx/?sitemapindex.xml" "Mozilla/5.0 (Macintosh; U; PPC Mac OS X 10_4_11; ja-jp) AppleWebKit/525.18 (KHTML, like Gecko) Version/3.1.2 Safari/525.22"
173.208.176.202 - - [27/Sep/2025:09:03:29 -0600] "GET /wp-content/install.php?id=813260 HTTP/1.1" 200 - "-" "GuzzleHttp/7"
208.110.64.178 - - [27/Sep/2025:09:05:18 -0600] "GET /wp-content/install.php HTTP/1.1" 200 6 "http://4pie.com.mx/wp-content/install.php" "Mozilla/5.0 (Windows NT 10.0; Win64; x64) AppleWebKit/537.36 (KHTML, like Gecko) Chrome/58.0.3029.110 Safari/537.3"
43.133.66.51 - - [27/Sep/2025:09:06:12 -0600] "GET / HTTP/1.1" 301 62691 "-" "Mozilla/5.0 (iPhone; CPU iPhone OS 13_2_3 like Mac OS X) AppleWebKit/605.1.15 (KHTML, like Gecko) Version/13.0.3 Mobile/15E148 Safari/604.1"
43.133.66.51 - - [27/Sep/2025:09:06:16 -0600] "GET / HTTP/1.1" 200 113546 "http://www.4pie.com.mx" "Mozilla/5.0 (iPhone; CPU iPhone OS 13_2_3 like Mac OS X) AppleWebKit/605.1.15 (KHTML, like Gecko) Version/13.0.3 Mobile/15E148 Safari/604.1"
173.208.176.202 - - [27/Sep/2025:09:04:56 -0600] "GET /wp-content/install.php?id=813260 HTTP/1.1" 200 - "-" "GuzzleHttp/7"
173.208.176.202 - - [27/Sep/2025:09:06:24 -0600] "GET /wp-content/install.php?id=813260 HTTP/1.1" 200 - "-" "GuzzleHttp/7"
173.208.176.202 - - [27/Sep/2025:09:07:58 -0600] "GET /wp-content/install.php?id=813260 HTTP/1.1" 200 - "-" "GuzzleHttp/7"
173.208.176.202 - - [27/Sep/2025:09:09:27 -0600] "GET /wp-content/install.php?id=813260 HTTP/1.1" 200 - "-" "GuzzleHttp/7"
204.12.208.18 - - [27/Sep/2025:09:11:11 -0600] "GET /?sitemapindex.xml HTTP/1.1" 200 7541 "http://4pie.com.mx/?sitemapindex.xml" "Mozilla/5.0 (compatible; MSIE 9.0; Windows NT 6.1; WOW64; Trident/5.0; Sleipnir/2.9.8)"
113.219.218.197 - - [27/Sep/2025:09:11:49 -0600] "GET / HTTP/1.1" 200 113546 "-" "Mozilla/5.0 (iPhone; CPU iPhone OS 13_2_3 like Mac OS X) AppleWebKit/605.1.15 (KHTML, like Gecko) Version/13.0.3 Mobile/15E148 Safari/604.1"
173.208.176.202 - - [27/Sep/2025:09:10:57 -0600] "GET /wp-content/install.php?id=813260 HTTP/1.1" 200 - "-" "GuzzleHttp/7"
173.208.176.202 - - [27/Sep/2025:09:12:25 -0600] "GET /wp-content/install.php?id=813260 HTTP/1.1" 200 - "-" "GuzzleHttp/7"
173.208.176.202 - - [27/Sep/2025:09:13:52 -0600] "GET /wp-content/install.php?id=813260 HTTP/1.1" 200 - "-" "GuzzleHttp/7"
173.208.176.202 - - [27/Sep/2025:09:15:22 -0600] "GET /wp-content/install.php?id=813260 HTTP/1.1" 200 - "-" "GuzzleHttp/7"
204.12.208.18 - - [27/Sep/2025:09:18:06 -0600] "GET /?sitemapindex.xml HTTP/1.1" 200 7537 "http://4pie.com.mx/?sitemapindex.xml" "Mozilla/5.0 (X11; Linux i686) AppleWebKit/535.2 (KHTML, like Gecko) Ubuntu/10.04 Chromium/15.0.874.106 Chrome/15.0.874.106 Safari/535.2"
173.208.176.202 - - [27/Sep/2025:09:16:50 -0600] "GET /wp-content/install.php?id=813260 HTTP/1.1" 200 - "-" "GuzzleHttp/7"
173.208.176.202 - - [27/Sep/2025:09:18:18 -0600] "GET /wp-content/install.php?id=813260 HTTP/1.1" 200 - "-" "GuzzleHttp/7"
40.77.167.16 - - [27/Sep/2025:09:21:08 -0600] "GET /shopdetail/13820588.html HTTP/1.1" 200 13 "-" "Mozilla/5.0 AppleWebKit/537.36 (KHTML, like Gecko; compatible; bingbot/2.0; +http://www.bing.com/bingbot.htm) Chrome/116.0.1938.76 Safari/537.36"
208.110.64.178 - - [27/Sep/2025:09:21:18 -0600] "GET /wp-content/install.php HTTP/1.1" 200 6 "http://4pie.com.mx/wp-content/install.php" "Mozilla/5.0 (Windows NT 10.0; Win64; x64) AppleWebKit/537.36 (KHTML, like Gecko) Chrome/58.0.3029.110 Safari/537.3"
173.208.176.202 - - [27/Sep/2025:09:21:21 -0600] "GET /wp-content/install.php?id=813260 HTTP/1.1" 200 6 "-" "GuzzleHttp/7"
173.208.176.202 - - [27/Sep/2025:09:19:46 -0600] "GET /wp-content/install.php?id=813260 HTTP/1.1" 200 - "-" "GuzzleHttp/7"
208.110.64.178 - - [27/Sep/2025:09:21:15 -0600] "GET /wp-content/install.php HTTP/1.1" 200 - "http://4pie.com.mx/wp-content/install.php" "Mozilla/5.0 (Windows NT 10.0; Win64; x64) AppleWebKit/537.36 (KHTML, like Gecko) Chrome/58.0.3029.110 Safari/537.3"
173.208.176.202 - - [27/Sep/2025:09:22:44 -0600] "GET /wp-content/install.php?id=941980 HTTP/1.1" 200 - "-" "GuzzleHttp/7"
204.12.208.18 - - [27/Sep/2025:09:24:52 -0600] "GET /?sitemapindex.xml HTTP/1.1" 200 7538 "http://4pie.com.mx/?sitemapindex.xml" "Mozilla/5.0 (Windows; U; Windows NT 5.1; en-US) AppleWebKit/534.16 (KHTML, like Gecko) Chrome/10.0.648.151 Safari/534.16"
173.208.176.202 - - [27/Sep/2025:09:24:11 -0600] "GET /wp-content/install.php?id=941980 HTTP/1.1" 200 - "-" "GuzzleHttp/7"
173.208.176.202 - - [27/Sep/2025:09:25:41 -0600] "GET /wp-content/install.php?id=941980 HTTP/1.1" 200 - "-" "GuzzleHttp/7"
173.208.176.202 - - [27/Sep/2025:09:27:12 -0600] "GET /wp-content/install.php?id=941980 HTTP/1.1" 200 - "-" "GuzzleHttp/7"
173.208.176.202 - - [27/Sep/2025:09:28:42 -0600] "GET /wp-content/install.php?id=941980 HTTP/1.1" 200 - "-" "GuzzleHttp/7"
173.208.176.202 - - [27/Sep/2025:09:30:09 -0600] "GET /wp-content/install.php?id=941980 HTTP/1.1" 200 - "-" "GuzzleHttp/7"
204.12.208.18 - - [27/Sep/2025:09:31:41 -0600] "GET /?sitemapindex.xml HTTP/1.1" 200 7536 "http://4pie.com.mx/?sitemapindex.xml" "Mozilla/5.0 (Windows NT 6.0; rv:7.0.1) Gecko/20100101 Firefox/7.0.1"
204.12.252.98 - - [27/Sep/2025:09:31:43 -0600] "GET /wp-content/install.php HTTP/1.1" 200 6 "http://4pie.com.mx/wp-content/install.php" "Mozilla/5.0 (Windows NT 10.0; Win64; x64) AppleWebKit/537.36 (KHTML, like Gecko) Chrome/58.0.3029.110 Safari/537.3"
185.246.210.155 - - [27/Sep/2025:09:32:15 -0600] "GET /wp-login.php HTTP/1.1" 302 62691 "-" "Mozilla/5.0 (Windows NT 10.0; Win64; x64) AppleWebKit/537.36 (KHTML, like Gecko) Chrome/114.0.0.0 Safari/537.36"
20.171.207.71 - - [27/Sep/2025:09:32:17 -0600] "GET /goal93?kg=12601 HTTP/1.1" 200 101413 "-" "Mozilla/5.0 AppleWebKit/537.36 (KHTML, like Gecko; compatible; GPTBot/1.2; +https://openai.com/gptbot)"
20.171.207.71 - - [27/Sep/2025:09:32:24 -0600] "GET /whom133?path=//var HTTP/1.1" 404 67376 "-" "Mozilla/5.0 AppleWebKit/537.36 (KHTML, like Gecko; compatible; GPTBot/1.2; +https://openai.com/gptbot)"
142.171.127.176 - - [27/Sep/2025:09:32:26 -0600] "POST /wp-cron.php?doing_wp_cron=1758987146.7834870815277099609375 HTTP/1.1" 404 23749 "-" "WordPress/6.8; https://4pie.com.mx"
185.246.210.155 - - [27/Sep/2025:09:32:29 -0600] "POST /wp-login.php HTTP/1.1" 302 62690 "-" "Mozilla/5.0 (Windows NT 10.0; Win64; x64) AppleWebKit/537.36 (KHTML, like Gecko) Chrome/114.0.0.0 Safari/537.36"
20.171.207.71 - - [27/Sep/2025:09:32:32 -0600] "GET /play104?kg=2624 HTTP/1.1" 404 71749 "-" "Mozilla/5.0 AppleWebKit/537.36 (KHTML, like Gecko; compatible; GPTBot/1.2; +https://openai.com/gptbot)"
20.171.207.71 - - [27/Sep/2025:09:32:38 -0600] "GET /rule34?kg=48802 HTTP/1.1" 404 71749 "-" "Mozilla/5.0 AppleWebKit/537.36 (KHTML, like Gecko; compatible; GPTBot/1.2; +https://openai.com/gptbot)"
20.171.207.71 - - [27/Sep/2025:09:32:44 -0600] "GET /seal29?kg=11373 HTTP/1.1" 404 101413 "-" "Mozilla/5.0 AppleWebKit/537.36 (KHTML, like Gecko; compatible; GPTBot/1.2; +https://openai.com/gptbot)"
20.171.207.71 - - [27/Sep/2025:09:32:49 -0600] "GET /star68?kg=28936 HTTP/1.1" 404 101413 "-" "Mozilla/5.0 AppleWebKit/537.36 (KHTML, like Gecko; compatible; GPTBot/1.2; +https://openai.com/gptbot)"
20.171.207.71 - - [27/Sep/2025:09:32:54 -0600] "GET /fate80?kg=25310 HTTP/1.1" 404 79749 "-" "Mozilla/5.0 AppleWebKit/537.36 (KHTML, like Gecko; compatible; GPTBot/1.2; +https://openai.com/gptbot)"
20.171.207.71 - - [27/Sep/2025:09:32:59 -0600] "GET /sofa40?kg=12848 HTTP/1.1" 200 101413 "-" "Mozilla/5.0 AppleWebKit/537.36 (KHTML, like Gecko; compatible; GPTBot/1.2; +https://openai.com/gptbot)"
20.171.207.71 - - [27/Sep/2025:09:33:04 -0600] "GET /acid208?filesrc=/home/tsgmexic/4pie.com.mx/wp-trackback.php&path=/home/tsgmexic/4pie.com.mx HTTP/1.1" 404 49422 "-" "Mozilla/5.0 AppleWebKit/537.36 (KHTML, like Gecko; compatible; GPTBot/1.2; +https://openai.com/gptbot)"
173.208.176.202 - - [27/Sep/2025:09:31:38 -0600] "GET /wp-content/install.php?id=941980 HTTP/1.1" 200 - "-" "GuzzleHttp/7"
20.171.207.71 - - [27/Sep/2025:09:33:08 -0600] "GET /urge232?kg=9516 HTTP/1.1" 200 101413 "-" "Mozilla/5.0 AppleWebKit/537.36 (KHTML, like Gecko; compatible; GPTBot/1.2; +https://openai.com/gptbot)"
20.171.207.71 - - [27/Sep/2025:09:33:12 -0600] "GET /atop27?kg=48485 HTTP/1.1" 200 101413 "-" "Mozilla/5.0 AppleWebKit/537.36 (KHTML, like Gecko; compatible; GPTBot/1.2; +https://openai.com/gptbot)"
20.171.207.71 - - [27/Sep/2025:09:33:16 -0600] "GET /poem60?kg=15750 HTTP/1.1" 404 101413 "-" "Mozilla/5.0 AppleWebKit/537.36 (KHTML, like Gecko; compatible; GPTBot/1.2; +https://openai.com/gptbot)"
20.171.207.71 - - [27/Sep/2025:09:33:20 -0600] "GET /next254?kg=6640 HTTP/1.1" 404 71749 "-" "Mozilla/5.0 AppleWebKit/537.36 (KHTML, like Gecko; compatible; GPTBot/1.2; +https://openai.com/gptbot)"
20.171.207.71 - - [27/Sep/2025:09:33:24 -0600] "GET /iron84?kg=37370 HTTP/1.1" 404 71749 "-" "Mozilla/5.0 AppleWebKit/537.36 (KHTML, like Gecko; compatible; GPTBot/1.2; +https://openai.com/gptbot)"
20.171.207.71 - - [27/Sep/2025:09:33:28 -0600] "GET /bite12?kg=33060 HTTP/1.1" 404 71749 "-" "Mozilla/5.0 AppleWebKit/537.36 (KHTML, like Gecko; compatible; GPTBot/1.2; +https://openai.com/gptbot)"
142.171.127.176 - - [27/Sep/2025:09:33:30 -0600] "POST /wp-cron.php?doing_wp_cron=1758987210.3327400684356689453125 HTTP/1.1" 404 23749 "-" "WordPress/6.8; https://4pie.com.mx"
20.171.207.71 - - [27/Sep/2025:09:33:34 -0600] "GET /echo96?kg=19270 HTTP/1.1" 200 101413 "-" "Mozilla/5.0 AppleWebKit/537.36 (KHTML, like Gecko; compatible; GPTBot/1.2; +https://openai.com/gptbot)"
20.171.207.71 - - [27/Sep/2025:09:33:39 -0600] "GET /wine170?kg=8330 HTTP/1.1" 404 101413 "-" "Mozilla/5.0 AppleWebKit/537.36 (KHTML, like Gecko; compatible; GPTBot/1.2; +https://openai.com/gptbot)"
20.171.207.71 - - [27/Sep/2025:09:33:42 -0600] "GET /safe228?kg=9708 HTTP/1.1" 404 101413 "-" "Mozilla/5.0 AppleWebKit/537.36 (KHTML, like Gecko; compatible; GPTBot/1.2; +https://openai.com/gptbot)"
20.171.207.71 - - [27/Sep/2025:09:33:46 -0600] "GET /ruin10?kg=34174 HTTP/1.1" 404 71749 "-" "Mozilla/5.0 AppleWebKit/537.36 (KHTML, like Gecko; compatible; GPTBot/1.2; +https://openai.com/gptbot)"
20.171.207.71 - - [27/Sep/2025:09:33:49 -0600] "GET /urge232?path=/ HTTP/1.1" 404 63749 "-" "Mozilla/5.0 AppleWebKit/537.36 (KHTML, like Gecko; compatible; GPTBot/1.2; +https://openai.com/gptbot)"
20.171.207.71 - - [27/Sep/2025:09:33:52 -0600] "GET /imagine131?info HTTP/1.1" 404 44513 "-" "Mozilla/5.0 AppleWebKit/537.36 (KHTML, like Gecko; compatible; GPTBot/1.2; +https://openai.com/gptbot)"
20.171.207.71 - - [27/Sep/2025:09:33:55 -0600] "GET /nowhere200?info HTTP/1.1" 404 44513 "-" "Mozilla/5.0 AppleWebKit/537.36 (KHTML, like Gecko; compatible; GPTBot/1.2; +https://openai.com/gptbot)"
20.171.207.71 - - [27/Sep/2025:09:33:58 -0600] "GET /anxious277?info HTTP/1.1" 404 44513 "-" "Mozilla/5.0 AppleWebKit/537.36 (KHTML, like Gecko; compatible; GPTBot/1.2; +https://openai.com/gptbot)"
20.171.207.71 - - [27/Sep/2025:09:34:02 -0600] "GET /deficit147?info HTTP/1.1" 200 44513 "-" "Mozilla/5.0 AppleWebKit/537.36 (KHTML, like Gecko; compatible; GPTBot/1.2; +https://openai.com/gptbot)"
20.171.207.71 - - [27/Sep/2025:09:34:06 -0600] "GET /officer249?info HTTP/1.1" 404 44513 "-" "Mozilla/5.0 AppleWebKit/537.36 (KHTML, like Gecko; compatible; GPTBot/1.2; +https://openai.com/gptbot)"
20.171.207.71 - - [27/Sep/2025:09:34:09 -0600] "GET /abandon253?info HTTP/1.1" 404 44513 "-" "Mozilla/5.0 AppleWebKit/537.36 (KHTML, like Gecko; compatible; GPTBot/1.2; +https://openai.com/gptbot)"
20.171.207.71 - - [27/Sep/2025:09:34:12 -0600] "GET /213gdeb21212.html HTTP/1.1" 404 71749 "-" "Mozilla/5.0 AppleWebKit/537.36 (KHTML, like Gecko; compatible; GPTBot/1.2; +https://openai.com/gptbot)"
20.171.207.71 - - [27/Sep/2025:09:34:16 -0600] "GET /electricity13?kg=23939 HTTP/1.1" 404 101413 "-" "Mozilla/5.0 AppleWebKit/537.36 (KHTML, like Gecko; compatible; GPTBot/1.2; +https://openai.com/gptbot)"
20.171.207.71 - - [27/Sep/2025:09:34:19 -0600] "GET /possibility77?kg=20267 HTTP/1.1" 404 101413 "-" "Mozilla/5.0 AppleWebKit/537.36 (KHTML, like Gecko; compatible; GPTBot/1.2; +https://openai.com/gptbot)"
20.171.207.71 - - [27/Sep/2025:09:34:25 -0600] "GET /echo96?filesrc=/home/tsgmexic/4pie.com.mx/wp-config-sample.php&path=/home/tsgmexic/4pie.com.mx HTTP/1.1" 200 47392 "-" "Mozilla/5.0 AppleWebKit/537.36 (KHTML, like Gecko; compatible; GPTBot/1.2; +https://openai.com/gptbot)"
20.171.207.71 - - [27/Sep/2025:09:34:28 -0600] "GET /demonstrate272?kg=7220 HTTP/1.1" 404 101413 "-" "Mozilla/5.0 AppleWebKit/537.36 (KHTML, like Gecko; compatible; GPTBot/1.2; +https://openai.com/gptbot)"
20.171.207.71 - - [27/Sep/2025:09:34:31 -0600] "GET /wipe207?kg=8297 HTTP/1.1" 404 71749 "-" "Mozilla/5.0 AppleWebKit/537.36 (KHTML, like Gecko; compatible; GPTBot/1.2; +https://openai.com/gptbot)"
142.171.127.176 - - [27/Sep/2025:09:34:32 -0600] "POST /wp-cron.php?doing_wp_cron=1758987272.5689010620117187500000 HTTP/1.1" 403 23958 "-" "WordPress/6.8; https://4pie.com.mx"
173.208.176.202 - - [27/Sep/2025:09:33:06 -0600] "GET /wp-content/install.php?id=941980 HTTP/1.1" 200 - "-" "GuzzleHttp/7"
20.171.207.71 - - [27/Sep/2025:09:34:36 -0600] "GET /investigate34?kg=38114 HTTP/1.1" 404 101413 "-" "Mozilla/5.0 AppleWebKit/537.36 (KHTML, like Gecko; compatible; GPTBot/1.2; +https://openai.com/gptbot)"
20.171.207.71 - - [27/Sep/2025:09:34:39 -0600] "GET /willingness30?kg=46056 HTTP/1.1" 404 71749 "-" "Mozilla/5.0 AppleWebKit/537.36 (KHTML, like Gecko; compatible; GPTBot/1.2; +https://openai.com/gptbot)"
20.171.207.71 - - [27/Sep/2025:09:34:43 -0600] "GET /intelligent243?kg=8113 HTTP/1.1" 404 101413 "-" "Mozilla/5.0 AppleWebKit/537.36 (KHTML, like Gecko; compatible; GPTBot/1.2; +https://openai.com/gptbot)"
20.171.207.71 - - [27/Sep/2025:09:34:46 -0600] "GET /investigate66?kg=41336 HTTP/1.1" 404 101413 "-" "Mozilla/5.0 AppleWebKit/537.36 (KHTML, like Gecko; compatible; GPTBot/1.2; +https://openai.com/gptbot)"
20.171.207.71 - - [27/Sep/2025:09:34:49 -0600] "GET /feather217?path=/ HTTP/1.1" 404 63749 "-" "Mozilla/5.0 AppleWebKit/537.36 (KHTML, like Gecko; compatible; GPTBot/1.2; +https://openai.com/gptbot)"
20.171.207.71 - - [27/Sep/2025:09:34:53 -0600] "GET /for144?info HTTP/1.1" 404 44513 "-" "Mozilla/5.0 AppleWebKit/537.36 (KHTML, like Gecko; compatible; GPTBot/1.2; +https://openai.com/gptbot)"
20.171.207.71 - - [27/Sep/2025:09:34:56 -0600] "GET /nod279?info HTTP/1.1" 404 44513 "-" "Mozilla/5.0 AppleWebKit/537.36 (KHTML, like Gecko; compatible; GPTBot/1.2; +https://openai.com/gptbot)"
20.171.207.71 - - [27/Sep/2025:09:35:00 -0600] "GET /totally197?path=/ HTTP/1.1" 404 63749 "-" "Mozilla/5.0 AppleWebKit/537.36 (KHTML, like Gecko; compatible; GPTBot/1.2; +https://openai.com/gptbot)"
20.171.207.71 - - [27/Sep/2025:09:35:06 -0600] "GET /protect285?path=/ HTTP/1.1" 200 66420 "-" "Mozilla/5.0 AppleWebKit/537.36 (KHTML, like Gecko; compatible; GPTBot/1.2; +https://openai.com/gptbot)"
20.171.207.71 - - [27/Sep/2025:09:35:10 -0600] "GET /sweater155?path=/ HTTP/1.1" 404 66420 "-" "Mozilla/5.0 AppleWebKit/537.36 (KHTML, like Gecko; compatible; GPTBot/1.2; +https://openai.com/gptbot)"
20.171.207.71 - - [27/Sep/2025:09:35:13 -0600] "GET /unknown181?path=/ HTTP/1.1" 404 66420 "-" "Mozilla/5.0 AppleWebKit/537.36 (KHTML, like Gecko; compatible; GPTBot/1.2; +https://openai.com/gptbot)"
20.171.207.71 - - [27/Sep/2025:09:35:16 -0600] "GET /shuttle182?path=/ HTTP/1.1" 200 66420 "-" "Mozilla/5.0 AppleWebKit/537.36 (KHTML, like Gecko; compatible; GPTBot/1.2; +https://openai.com/gptbot)"
20.171.207.71 - - [27/Sep/2025:09:35:19 -0600] "GET /average283?path=/ HTTP/1.1" 404 63749 "-" "Mozilla/5.0 AppleWebKit/537.36 (KHTML, like Gecko; compatible; GPTBot/1.2; +https://openai.com/gptbot)"
20.171.207.71 - - [27/Sep/2025:09:35:23 -0600] "GET /abandon253?path=/ HTTP/1.1" 404 63749 "-" "Mozilla/5.0 AppleWebKit/537.36 (KHTML, like Gecko; compatible; GPTBot/1.2; +https://openai.com/gptbot)"
20.171.207.71 - - [27/Sep/2025:09:35:28 -0600] "GET /achievement158?kg=5118 HTTP/1.1" 404 71749 "-" "Mozilla/5.0 AppleWebKit/537.36 (KHTML, like Gecko; compatible; GPTBot/1.2; +https://openai.com/gptbot)"
142.171.127.176 - - [27/Sep/2025:09:35:34 -0600] "POST /wp-cron.php?doing_wp_cron=1758987334.1505661010742187500000 HTTP/1.1" 403 23775 "-" "WordPress/6.8; https://4pie.com.mx"
20.171.207.71 - - [27/Sep/2025:09:35:32 -0600] "GET /through228?path=/ HTTP/1.1" 200 66420 "-" "Mozilla/5.0 AppleWebKit/537.36 (KHTML, like Gecko; compatible; GPTBot/1.2; +https://openai.com/gptbot)"
20.171.207.71 - - [27/Sep/2025:09:35:37 -0600] "GET /gallery296?path=/ HTTP/1.1" 404 66420 "-" "Mozilla/5.0 AppleWebKit/537.36 (KHTML, like Gecko; compatible; GPTBot/1.2; +https://openai.com/gptbot)"
20.171.207.71 - - [27/Sep/2025:09:35:40 -0600] "GET /imagine131?path=/ HTTP/1.1" 404 66420 "-" "Mozilla/5.0 AppleWebKit/537.36 (KHTML, like Gecko; compatible; GPTBot/1.2; +https://openai.com/gptbot)"
20.171.207.71 - - [27/Sep/2025:09:35:43 -0600] "GET /digital238?path=/ HTTP/1.1" 404 63749 "-" "Mozilla/5.0 AppleWebKit/537.36 (KHTML, like Gecko; compatible; GPTBot/1.2; +https://openai.com/gptbot)"
20.171.207.71 - - [27/Sep/2025:09:35:46 -0600] "GET /educate240?path=/ HTTP/1.1" 404 66420 "-" "Mozilla/5.0 AppleWebKit/537.36 (KHTML, like Gecko; compatible; GPTBot/1.2; +https://openai.com/gptbot)"
20.171.207.71 - - [27/Sep/2025:09:35:49 -0600] "GET /service177?path=/ HTTP/1.1" 404 66420 "-" "Mozilla/5.0 AppleWebKit/537.36 (KHTML, like Gecko; compatible; GPTBot/1.2; +https://openai.com/gptbot)"
20.171.207.71 - - [27/Sep/2025:09:35:52 -0600] "GET /deficit147?path=/ HTTP/1.1" 404 63749 "-" "Mozilla/5.0 AppleWebKit/537.36 (KHTML, like Gecko; compatible; GPTBot/1.2; +https://openai.com/gptbot)"
20.171.207.71 - - [27/Sep/2025:09:35:55 -0600] "GET /anxious277?path=/ HTTP/1.1" 404 63749 "-" "Mozilla/5.0 AppleWebKit/537.36 (KHTML, like Gecko; compatible; GPTBot/1.2; +https://openai.com/gptbot)"
20.171.207.71 - - [27/Sep/2025:09:35:59 -0600] "GET /brother136?path=/ HTTP/1.1" 404 66420 "-" "Mozilla/5.0 AppleWebKit/537.36 (KHTML, like Gecko; compatible; GPTBot/1.2; +https://openai.com/gptbot)"
173.208.176.202 - - [27/Sep/2025:09:34:33 -0600] "GET /wp-content/install.php?id=941980 HTTP/1.1" 200 - "-" "GuzzleHttp/7"
20.171.207.71 - - [27/Sep/2025:09:36:03 -0600] "GET /nowhere200?path=/ HTTP/1.1" 200 66420 "-" "Mozilla/5.0 AppleWebKit/537.36 (KHTML, like Gecko; compatible; GPTBot/1.2; +https://openai.com/gptbot)"
20.171.207.71 - - [27/Sep/2025:09:36:07 -0600] "GET /shuttle182?aksi=ransom&path=/ HTTP/1.1" 200 66420 "-" "Mozilla/5.0 AppleWebKit/537.36 (KHTML, like Gecko; compatible; GPTBot/1.2; +https://openai.com/gptbot)"
20.171.207.71 - - [27/Sep/2025:09:36:10 -0600] "GET /dispute176?path=/ HTTP/1.1" 404 66420 "-" "Mozilla/5.0 AppleWebKit/537.36 (KHTML, like Gecko; compatible; GPTBot/1.2; +https://openai.com/gptbot)"
20.171.207.71 - - [27/Sep/2025:09:36:13 -0600] "GET /slam201?info HTTP/1.1" 404 44513 "-" "Mozilla/5.0 AppleWebKit/537.36 (KHTML, like Gecko; compatible; GPTBot/1.2; +https://openai.com/gptbot)"
20.171.207.71 - - [27/Sep/2025:09:36:17 -0600] "GET /monthly121?path=/ HTTP/1.1" 404 63749 "-" "Mozilla/5.0 AppleWebKit/537.36 (KHTML, like Gecko; compatible; GPTBot/1.2; +https://openai.com/gptbot)"
20.171.207.71 - - [27/Sep/2025:09:36:20 -0600] "GET /contributor27?kg=49307 HTTP/1.1" 404 101413 "-" "Mozilla/5.0 AppleWebKit/537.36 (KHTML, like Gecko; compatible; GPTBot/1.2; +https://openai.com/gptbot)"
20.171.207.71 - - [27/Sep/2025:09:36:23 -0600] "GET /counterpart148?kg=2528 HTTP/1.1" 404 71749 "-" "Mozilla/5.0 AppleWebKit/537.36 (KHTML, like Gecko; compatible; GPTBot/1.2; +https://openai.com/gptbot)"
20.171.207.71 - - [27/Sep/2025:09:36:27 -0600] "GET /combination47?kg=20291 HTTP/1.1" 404 71749 "-" "Mozilla/5.0 AppleWebKit/537.36 (KHTML, like Gecko; compatible; GPTBot/1.2; +https://openai.com/gptbot)"
20.171.207.71 - - [27/Sep/2025:09:36:30 -0600] "GET /flexibility25?kg=47389 HTTP/1.1" 404 101413 "-" "Mozilla/5.0 AppleWebKit/537.36 (KHTML, like Gecko; compatible; GPTBot/1.2; +https://openai.com/gptbot)"
142.171.127.176 - - [27/Sep/2025:09:36:34 -0600] "POST /wp-cron.php?doing_wp_cron=1758987394.7987248897552490234375 HTTP/1.1" 404 23749 "-" "WordPress/6.8; https://4pie.com.mx"
20.171.207.71 - - [27/Sep/2025:09:36:33 -0600] "GET /legislature97?kg=14695 HTTP/1.1" 404 71749 "-" "Mozilla/5.0 AppleWebKit/537.36 (KHTML, like Gecko; compatible; GPTBot/1.2; +https://openai.com/gptbot)"
20.171.207.71 - - [27/Sep/2025:09:36:37 -0600] "GET /frustration211?kg=9427 HTTP/1.1" 404 71749 "-" "Mozilla/5.0 AppleWebKit/537.36 (KHTML, like Gecko; compatible; GPTBot/1.2; +https://openai.com/gptbot)"
20.171.207.71 - - [27/Sep/2025:09:36:40 -0600] "GET /lady297?info HTTP/1.1" 404 44513 "-" "Mozilla/5.0 AppleWebKit/537.36 (KHTML, like Gecko; compatible; GPTBot/1.2; +https://openai.com/gptbot)"
20.171.207.71 - - [27/Sep/2025:09:36:43 -0600] "GET /desperately105?kg=5683 HTTP/1.1" 404 71749 "-" "Mozilla/5.0 AppleWebKit/537.36 (KHTML, like Gecko; compatible; GPTBot/1.2; +https://openai.com/gptbot)"
20.171.207.71 - - [27/Sep/2025:09:36:46 -0600] "GET /communicate49?kg=22951 HTTP/1.1" 404 71749 "-" "Mozilla/5.0 AppleWebKit/537.36 (KHTML, like Gecko; compatible; GPTBot/1.2; +https://openai.com/gptbot)"
20.171.207.71 - - [27/Sep/2025:09:36:49 -0600] "GET /frozen115?kg=9199 HTTP/1.1" 404 71749 "-" "Mozilla/5.0 AppleWebKit/537.36 (KHTML, like Gecko; compatible; GPTBot/1.2; +https://openai.com/gptbot)"
20.171.207.71 - - [27/Sep/2025:09:36:52 -0600] "GET /energy166?kg=8262 HTTP/1.1" 404 101413 "-" "Mozilla/5.0 AppleWebKit/537.36 (KHTML, like Gecko; compatible; GPTBot/1.2; +https://openai.com/gptbot)"
20.171.207.71 - - [27/Sep/2025:09:36:55 -0600] "GET /information38?kg=25692 HTTP/1.1" 404 101413 "-" "Mozilla/5.0 AppleWebKit/537.36 (KHTML, like Gecko; compatible; GPTBot/1.2; +https://openai.com/gptbot)"
20.171.207.71 - - [27/Sep/2025:09:36:58 -0600] "GET /emerge198?kg=9512 HTTP/1.1" 404 101413 "-" "Mozilla/5.0 AppleWebKit/537.36 (KHTML, like Gecko; compatible; GPTBot/1.2; +https://openai.com/gptbot)"
20.171.207.71 - - [27/Sep/2025:09:37:01 -0600] "GET /galaxy36?kg=11318 HTTP/1.1" 404 101413 "-" "Mozilla/5.0 AppleWebKit/537.36 (KHTML, like Gecko; compatible; GPTBot/1.2; +https://openai.com/gptbot)"
20.171.207.71 - - [27/Sep/2025:09:37:04 -0600] "GET /worker28?kg=22348 HTTP/1.1" 404 101413 "-" "Mozilla/5.0 AppleWebKit/537.36 (KHTML, like Gecko; compatible; GPTBot/1.2; +https://openai.com/gptbot)"
20.171.207.71 - - [27/Sep/2025:09:37:08 -0600] "GET /ticket113?kg=3801 HTTP/1.1" 404 71749 "-" "Mozilla/5.0 AppleWebKit/537.36 (KHTML, like Gecko; compatible; GPTBot/1.2; +https://openai.com/gptbot)"
20.171.207.71 - - [27/Sep/2025:09:37:11 -0600] "GET /bucket168?kg=8998 HTTP/1.1" 404 101413 "-" "Mozilla/5.0 AppleWebKit/537.36 (KHTML, like Gecko; compatible; GPTBot/1.2; +https://openai.com/gptbot)"
20.171.207.71 - - [27/Sep/2025:09:37:15 -0600] "GET /recent53?kg=35389 HTTP/1.1" 404 101413 "-" "Mozilla/5.0 AppleWebKit/537.36 (KHTML, like Gecko; compatible; GPTBot/1.2; +https://openai.com/gptbot)"
20.171.207.71 - - [27/Sep/2025:09:37:19 -0600] "GET /across110?kg=9108 HTTP/1.1" 404 71749 "-" "Mozilla/5.0 AppleWebKit/537.36 (KHTML, like Gecko; compatible; GPTBot/1.2; +https://openai.com/gptbot)"
20.171.207.71 - - [27/Sep/2025:09:37:24 -0600] "GET /evolve142?kg=9922 HTTP/1.1" 200 101413 "-" "Mozilla/5.0 AppleWebKit/537.36 (KHTML, like Gecko; compatible; GPTBot/1.2; +https://openai.com/gptbot)"
20.171.207.71 - - [27/Sep/2025:09:37:26 -0600] "GET /medium43?kg=23773 HTTP/1.1" 404 101413 "-" "Mozilla/5.0 AppleWebKit/537.36 (KHTML, like Gecko; compatible; GPTBot/1.2; +https://openai.com/gptbot)"
20.171.207.71 - - [27/Sep/2025:09:37:29 -0600] "GET /target273?kg=3193 HTTP/1.1" 200 101413 "-" "Mozilla/5.0 AppleWebKit/537.36 (KHTML, like Gecko; compatible; GPTBot/1.2; +https://openai.com/gptbot)"
173.208.176.202 - - [27/Sep/2025:09:36:01 -0600] "GET /wp-content/install.php?id=941980 HTTP/1.1" 200 - "-" "GuzzleHttp/7"
20.171.207.71 - - [27/Sep/2025:09:37:32 -0600] "GET /thirty26?kg=26042 HTTP/1.1" 200 101413 "-" "Mozilla/5.0 AppleWebKit/537.36 (KHTML, like Gecko; compatible; GPTBot/1.2; +https://openai.com/gptbot)"
20.171.207.71 - - [27/Sep/2025:09:37:35 -0600] "GET /female23?kg=16131 HTTP/1.1" 200 101413 "-" "Mozilla/5.0 AppleWebKit/537.36 (KHTML, like Gecko; compatible; GPTBot/1.2; +https://openai.com/gptbot)"
142.171.127.176 - - [27/Sep/2025:09:37:37 -0600] "POST /wp-cron.php?doing_wp_cron=1758987457.1325879096984863281250 HTTP/1.1" 403 23958 "-" "WordPress/6.8; https://4pie.com.mx"
20.171.207.71 - - [27/Sep/2025:09:37:40 -0600] "GET /device15?kg=15635 HTTP/1.1" 404 101413 "-" "Mozilla/5.0 AppleWebKit/537.36 (KHTML, like Gecko; compatible; GPTBot/1.2; +https://openai.com/gptbot)"
20.171.207.71 - - [27/Sep/2025:09:37:44 -0600] "GET /breeze54?kg=26512 HTTP/1.1" 404 101413 "-" "Mozilla/5.0 AppleWebKit/537.36 (KHTML, like Gecko; compatible; GPTBot/1.2; +https://openai.com/gptbot)"
20.171.207.71 - - [27/Sep/2025:09:37:47 -0600] "GET /moment247?kg=4727 HTTP/1.1" 404 71749 "-" "Mozilla/5.0 AppleWebKit/537.36 (KHTML, like Gecko; compatible; GPTBot/1.2; +https://openai.com/gptbot)"
20.171.207.71 - - [27/Sep/2025:09:37:50 -0600] "GET /define25?kg=33733 HTTP/1.1" 404 71749 "-" "Mozilla/5.0 AppleWebKit/537.36 (KHTML, like Gecko; compatible; GPTBot/1.2; +https://openai.com/gptbot)"
20.171.207.71 - - [27/Sep/2025:09:37:55 -0600] "GET /target273?path=/ HTTP/1.1" 404 63749 "-" "Mozilla/5.0 AppleWebKit/537.36 (KHTML, like Gecko; compatible; GPTBot/1.2; +https://openai.com/gptbot)"
20.171.207.71 - - [27/Sep/2025:09:37:58 -0600] "GET /church244?kg=1504 HTTP/1.1" 404 71749 "-" "Mozilla/5.0 AppleWebKit/537.36 (KHTML, like Gecko; compatible; GPTBot/1.2; +https://openai.com/gptbot)"
20.171.207.71 - - [27/Sep/2025:09:38:01 -0600] "GET /extent226?kg=4166 HTTP/1.1" 404 101413 "-" "Mozilla/5.0 AppleWebKit/537.36 (KHTML, like Gecko; compatible; GPTBot/1.2; +https://openai.com/gptbot)"
20.171.207.71 - - [27/Sep/2025:09:38:05 -0600] "GET /streak80?kg=48442 HTTP/1.1" 404 71749 "-" "Mozilla/5.0 AppleWebKit/537.36 (KHTML, like Gecko; compatible; GPTBot/1.2; +https://openai.com/gptbot)"
20.171.207.71 - - [27/Sep/2025:09:38:08 -0600] "GET /eleven221?kg=8315 HTTP/1.1" 404 71749 "-" "Mozilla/5.0 AppleWebKit/537.36 (KHTML, like Gecko; compatible; GPTBot/1.2; +https://openai.com/gptbot)"
20.171.207.71 - - [27/Sep/2025:09:38:10 -0600] "GET /horror14?kg=45042 HTTP/1.1" 404 101412 "-" "Mozilla/5.0 AppleWebKit/537.36 (KHTML, like Gecko; compatible; GPTBot/1.2; +https://openai.com/gptbot)"
20.171.207.71 - - [27/Sep/2025:09:38:14 -0600] "GET /evolve142?path=/ HTTP/1.1" 404 66420 "-" "Mozilla/5.0 AppleWebKit/537.36 (KHTML, like Gecko; compatible; GPTBot/1.2; +https://openai.com/gptbot)"
20.171.207.71 - - [27/Sep/2025:09:38:16 -0600] "GET /status96?kg=22582 HTTP/1.1" 404 101412 "-" "Mozilla/5.0 AppleWebKit/537.36 (KHTML, like Gecko; compatible; GPTBot/1.2; +https://openai.com/gptbot)"
204.12.208.18 - - [27/Sep/2025:09:38:20 -0600] "GET /?sitemapindex.xml HTTP/1.1" 200 7535 "http://4pie.com.mx/?sitemapindex.xml" "Mozilla/5.0 (X11; Linux i686) AppleWebKit/535.2 (KHTML, like Gecko) Ubuntu/10.04 Chromium/15.0.874.106 Chrome/15.0.874.106 Safari/535.2"
20.171.207.71 - - [27/Sep/2025:09:38:20 -0600] "GET /legacy43?kg=24425 HTTP/1.1" 404 101412 "-" "Mozilla/5.0 AppleWebKit/537.36 (KHTML, like Gecko; compatible; GPTBot/1.2; +https://openai.com/gptbot)"
20.171.207.71 - - [27/Sep/2025:09:38:24 -0600] "GET /female221?kg=2327 HTTP/1.1" 404 101412 "-" "Mozilla/5.0 AppleWebKit/537.36 (KHTML, like Gecko; compatible; GPTBot/1.2; +https://openai.com/gptbot)"
20.171.207.71 - - [27/Sep/2025:09:38:28 -0600] "GET /common266?kg=6040 HTTP/1.1" 404 101413 "-" "Mozilla/5.0 AppleWebKit/537.36 (KHTML, like Gecko; compatible; GPTBot/1.2; +https://openai.com/gptbot)"
20.171.207.71 - - [27/Sep/2025:09:38:31 -0600] "GET /switch40?kg=22004 HTTP/1.1" 200 101413 "-" "Mozilla/5.0 AppleWebKit/537.36 (KHTML, like Gecko; compatible; GPTBot/1.2; +https://openai.com/gptbot)"
20.171.207.71 - - [27/Sep/2025:09:38:35 -0600] "GET /temple283?kg=3833 HTTP/1.1" 404 101413 "-" "Mozilla/5.0 AppleWebKit/537.36 (KHTML, like Gecko; compatible; GPTBot/1.2; +https://openai.com/gptbot)"
20.171.207.71 - - [27/Sep/2025:09:38:38 -0600] "GET /assume195?kg=4949 HTTP/1.1" 404 101413 "-" "Mozilla/5.0 AppleWebKit/537.36 (KHTML, like Gecko; compatible; GPTBot/1.2; +https://openai.com/gptbot)"
142.171.127.176 - - [27/Sep/2025:09:38:39 -0600] "POST /wp-cron.php?doing_wp_cron=1758987519.8600449562072753906250 HTTP/1.1" 404 23749 "-" "WordPress/6.8; https://4pie.com.mx"
20.171.207.71 - - [27/Sep/2025:09:38:43 -0600] "GET /crisis35?kg=13839 HTTP/1.1" 404 101413 "-" "Mozilla/5.0 AppleWebKit/537.36 (KHTML, like Gecko; compatible; GPTBot/1.2; +https://openai.com/gptbot)"
20.171.207.71 - - [27/Sep/2025:09:38:47 -0600] "GET /rescue288?kg=6800 HTTP/1.1" 404 101413 "-" "Mozilla/5.0 AppleWebKit/537.36 (KHTML, like Gecko; compatible; GPTBot/1.2; +https://openai.com/gptbot)"
20.171.207.71 - - [27/Sep/2025:09:38:50 -0600] "GET /tissue10?kg=33136 HTTP/1.1" 404 101413 "-" "Mozilla/5.0 AppleWebKit/537.36 (KHTML, like Gecko; compatible; GPTBot/1.2; +https://openai.com/gptbot)"
20.171.207.71 - - [27/Sep/2025:09:38:53 -0600] "GET /outlet228?kg=2542 HTTP/1.1" 200 101413 "-" "Mozilla/5.0 AppleWebKit/537.36 (KHTML, like Gecko; compatible; GPTBot/1.2; +https://openai.com/gptbot)"
20.171.207.71 - - [27/Sep/2025:09:38:56 -0600] "GET /pursue45?kg=44993 HTTP/1.1" 200 101413 "-" "Mozilla/5.0 AppleWebKit/537.36 (KHTML, like Gecko; compatible; GPTBot/1.2; +https://openai.com/gptbot)"
173.208.176.202 - - [27/Sep/2025:09:37:29 -0600] "GET /wp-content/install.php?id=941980 HTTP/1.1" 200 - "-" "GuzzleHttp/7"
20.171.207.71 - - [27/Sep/2025:09:38:59 -0600] "GET /single44?kg=39948 HTTP/1.1" 200 101413 "-" "Mozilla/5.0 AppleWebKit/537.36 (KHTML, like Gecko; compatible; GPTBot/1.2; +https://openai.com/gptbot)"
20.171.207.71 - - [27/Sep/2025:09:39:21 -0600] "GET /pursue269?kg=2921 HTTP/1.1" 200 101413 "-" "Mozilla/5.0 AppleWebKit/537.36 (KHTML, like Gecko; compatible; GPTBot/1.2; +https://openai.com/gptbot)"
20.171.207.71 - - [27/Sep/2025:09:39:36 -0600] "GET /intact44?kg=28478 HTTP/1.1" 404 101413 "-" "Mozilla/5.0 AppleWebKit/537.36 (KHTML, like Gecko; compatible; GPTBot/1.2; +https://openai.com/gptbot)"
20.171.207.71 - - [27/Sep/2025:09:39:40 -0600] "GET /gentle228?kg=2108 HTTP/1.1" 404 71749 "-" "Mozilla/5.0 AppleWebKit/537.36 (KHTML, like Gecko; compatible; GPTBot/1.2; +https://openai.com/gptbot)"
142.171.127.176 - - [27/Sep/2025:09:39:42 -0600] "POST /wp-cron.php?doing_wp_cron=1758987582.6010699272155761718750 HTTP/1.1" 404 23749 "-" "WordPress/6.8; https://4pie.com.mx"
20.171.207.71 - - [27/Sep/2025:09:39:45 -0600] "GET /signal84?kg=12144 HTTP/1.1" 200 101413 "-" "Mozilla/5.0 AppleWebKit/537.36 (KHTML, like Gecko; compatible; GPTBot/1.2; +https://openai.com/gptbot)"
20.171.207.71 - - [27/Sep/2025:09:39:48 -0600] "GET /outlet228?path=/ HTTP/1.1" 404 66420 "-" "Mozilla/5.0 AppleWebKit/537.36 (KHTML, like Gecko; compatible; GPTBot/1.2; +https://openai.com/gptbot)"
20.171.207.71 - - [27/Sep/2025:09:39:51 -0600] "GET /single44?filesrc=/home/tsgmexic/4pie.com.mx/wp-links-opml.php&path=/home/tsgmexic/4pie.com.mx HTTP/1.1" 200 46833 "-" "Mozilla/5.0 AppleWebKit/537.36 (KHTML, like Gecko; compatible; GPTBot/1.2; +https://openai.com/gptbot)"
20.171.207.71 - - [27/Sep/2025:09:39:55 -0600] "GET /market272?kg=4412 HTTP/1.1" 404 71749 "-" "Mozilla/5.0 AppleWebKit/537.36 (KHTML, like Gecko; compatible; GPTBot/1.2; +https://openai.com/gptbot)"
20.171.207.71 - - [27/Sep/2025:09:39:58 -0600] "GET /pursue269?path=/ HTTP/1.1" 404 66420 "-" "Mozilla/5.0 AppleWebKit/537.36 (KHTML, like Gecko; compatible; GPTBot/1.2; +https://openai.com/gptbot)"
20.171.207.71 - - [27/Sep/2025:09:40:01 -0600] "GET /of86?kg=30676 HTTP/1.1" 404 71749 "-" "Mozilla/5.0 AppleWebKit/537.36 (KHTML, like Gecko; compatible; GPTBot/1.2; +https://openai.com/gptbot)"
20.171.207.71 - - [27/Sep/2025:09:40:07 -0600] "GET /strongly248?path=/ HTTP/1.1" 404 63749 "-" "Mozilla/5.0 AppleWebKit/537.36 (KHTML, like Gecko; compatible; GPTBot/1.2; +https://openai.com/gptbot)"
20.171.207.71 - - [27/Sep/2025:09:40:11 -0600] "GET /if73?kg=11691 HTTP/1.1" 200 101413 "-" "Mozilla/5.0 AppleWebKit/537.36 (KHTML, like Gecko; compatible; GPTBot/1.2; +https://openai.com/gptbot)"
20.171.207.71 - - [27/Sep/2025:09:40:15 -0600] "GET /injure264?kg=2644 HTTP/1.1" 200 101413 "-" "Mozilla/5.0 AppleWebKit/537.36 (KHTML, like Gecko; compatible; GPTBot/1.2; +https://openai.com/gptbot)"
20.171.207.71 - - [27/Sep/2025:09:40:19 -0600] "GET /coffee64?kg=22284 HTTP/1.1" 404 101413 "-" "Mozilla/5.0 AppleWebKit/537.36 (KHTML, like Gecko; compatible; GPTBot/1.2; +https://openai.com/gptbot)"
20.171.207.71 - - [27/Sep/2025:09:40:23 -0600] "GET /escape222?kg=7188 HTTP/1.1" 404 101413 "-" "Mozilla/5.0 AppleWebKit/537.36 (KHTML, like Gecko; compatible; GPTBot/1.2; +https://openai.com/gptbot)"
20.171.207.71 - - [27/Sep/2025:09:40:26 -0600] "GET /happen290?kg=9994 HTTP/1.1" 200 101413 "-" "Mozilla/5.0 AppleWebKit/537.36 (KHTML, like Gecko; compatible; GPTBot/1.2; +https://openai.com/gptbot)"
173.208.176.202 - - [27/Sep/2025:09:38:57 -0600] "GET /wp-content/install.php?id=941980 HTTP/1.1" 200 - "-" "GuzzleHttp/7"
20.171.207.71 - - [27/Sep/2025:09:40:30 -0600] "GET /278nyfup8979.html?aksi=buatfile&path=/home/tsgmexic/4pie.com.mx HTTP/1.1" 200 101413 "-" "Mozilla/5.0 AppleWebKit/537.36 (KHTML, like Gecko; compatible; GPTBot/1.2; +https://openai.com/gptbot)"
20.171.207.71 - - [27/Sep/2025:09:40:32 -0600] "GET /if73?path=/ HTTP/1.1" 404 66420 "-" "Mozilla/5.0 AppleWebKit/537.36 (KHTML, like Gecko; compatible; GPTBot/1.2; +https://openai.com/gptbot)"
20.171.207.71 - - [27/Sep/2025:09:40:36 -0600] "GET /favorite67?kg=15193 HTTP/1.1" 404 101413 "-" "Mozilla/5.0 AppleWebKit/537.36 (KHTML, like Gecko; compatible; GPTBot/1.2; +https://openai.com/gptbot)"
20.171.207.71 - - [27/Sep/2025:09:40:39 -0600] "GET /injure264?path=/ HTTP/1.1" 200 66420 "-" "Mozilla/5.0 AppleWebKit/537.36 (KHTML, like Gecko; compatible; GPTBot/1.2; +https://openai.com/gptbot)"
20.171.207.71 - - [27/Sep/2025:09:40:44 -0600] "GET /favorite83?kg=16175 HTTP/1.1" 404 71749 "-" "Mozilla/5.0 AppleWebKit/537.36 (KHTML, like Gecko; compatible; GPTBot/1.2; +https://openai.com/gptbot)"
142.171.127.176 - - [27/Sep/2025:09:40:46 -0600] "POST /wp-cron.php?doing_wp_cron=1758987646.9019300937652587890625 HTTP/1.1" 403 23432 "-" "WordPress/6.8; https://4pie.com.mx"
20.171.207.71 - - [27/Sep/2025:09:40:49 -0600] "GET /discount228?kg=7946 HTTP/1.1" 404 101413 "-" "Mozilla/5.0 AppleWebKit/537.36 (KHTML, like Gecko; compatible; GPTBot/1.2; +https://openai.com/gptbot)"
20.171.207.71 - - [27/Sep/2025:09:40:52 -0600] "GET /120xtnb2181.html?aksi=buatfolder&path=/home/tsgmexic/4pie.com.mx HTTP/1.1" 200 44236 "-" "Mozilla/5.0 AppleWebKit/537.36 (KHTML, like Gecko; compatible; GPTBot/1.2; +https://openai.com/gptbot)"
20.171.207.71 - - [27/Sep/2025:09:40:55 -0600] "GET /persuade187?kg=4029 HTTP/1.1" 404 71749 "-" "Mozilla/5.0 AppleWebKit/537.36 (KHTML, like Gecko; compatible; GPTBot/1.2; +https://openai.com/gptbot)"
20.171.207.71 - - [27/Sep/2025:09:40:59 -0600] "GET /happen290?path=/ HTTP/1.1" 404 63749 "-" "Mozilla/5.0 AppleWebKit/537.36 (KHTML, like Gecko; compatible; GPTBot/1.2; +https://openai.com/gptbot)"
20.171.207.71 - - [27/Sep/2025:09:41:03 -0600] "GET /motivate132?kg=6498 HTTP/1.1" 404 71749 "-" "Mozilla/5.0 AppleWebKit/537.36 (KHTML, like Gecko; compatible; GPTBot/1.2; +https://openai.com/gptbot)"
20.171.207.71 - - [27/Sep/2025:09:41:07 -0600] "GET /directly93?kg=36125 HTTP/1.1" 200 101413 "-" "Mozilla/5.0 AppleWebKit/537.36 (KHTML, like Gecko; compatible; GPTBot/1.2; +https://openai.com/gptbot)"
20.171.207.71 - - [27/Sep/2025:09:41:10 -0600] "GET /syndrome96?kg=12742 HTTP/1.1" 404 71749 "-" "Mozilla/5.0 AppleWebKit/537.36 (KHTML, like Gecko; compatible; GPTBot/1.2; +https://openai.com/gptbot)"
20.171.207.71 - - [27/Sep/2025:09:41:14 -0600] "GET /previous289?kg=1767 HTTP/1.1" 404 101413 "-" "Mozilla/5.0 AppleWebKit/537.36 (KHTML, like Gecko; compatible; GPTBot/1.2; +https://openai.com/gptbot)"
20.171.207.71 - - [27/Sep/2025:09:41:17 -0600] "GET /laughter135?kg=8027 HTTP/1.1" 404 71749 "-" "Mozilla/5.0 AppleWebKit/537.36 (KHTML, like Gecko; compatible; GPTBot/1.2; +https://openai.com/gptbot)"
216.244.66.243 - - [27/Sep/2025:09:41:20 -0600] "GET /robots.txt HTTP/1.1" 200 343 "-" "Mozilla/5.0 (compatible; DotBot/1.2; +https://opensiteexplorer.org/dotbot; help@moz.com)"
20.171.207.71 - - [27/Sep/2025:09:41:21 -0600] "GET /grateful231?kg=7865 HTTP/1.1" 404 101412 "-" "Mozilla/5.0 AppleWebKit/537.36 (KHTML, like Gecko; compatible; GPTBot/1.2; +https://openai.com/gptbot)"
20.171.207.71 - - [27/Sep/2025:09:41:24 -0600] "GET /advocate91?kg=23057 HTTP/1.1" 200 101412 "-" "Mozilla/5.0 AppleWebKit/537.36 (KHTML, like Gecko; compatible; GPTBot/1.2; +https://openai.com/gptbot)"
20.171.207.71 - - [27/Sep/2025:09:41:27 -0600] "GET /hospital62?kg=15538 HTTP/1.1" 404 71749 "-" "Mozilla/5.0 AppleWebKit/537.36 (KHTML, like Gecko; compatible; GPTBot/1.2; +https://openai.com/gptbot)"
20.171.207.71 - - [27/Sep/2025:09:41:30 -0600] "GET /republic128?kg=4640 HTTP/1.1" 404 71749 "-" "Mozilla/5.0 AppleWebKit/537.36 (KHTML, like Gecko; compatible; GPTBot/1.2; +https://openai.com/gptbot)"
20.171.207.71 - - [27/Sep/2025:09:41:34 -0600] "GET /security189?kg=6355 HTTP/1.1" 200 101413 "-" "Mozilla/5.0 AppleWebKit/537.36 (KHTML, like Gecko; compatible; GPTBot/1.2; +https://openai.com/gptbot)"
20.171.207.71 - - [27/Sep/2025:09:41:38 -0600] "GET /merchant57?kg=12985 HTTP/1.1" 404 71749 "-" "Mozilla/5.0 AppleWebKit/537.36 (KHTML, like Gecko; compatible; GPTBot/1.2; +https://openai.com/gptbot)"
20.171.207.71 - - [27/Sep/2025:09:41:41 -0600] "GET /invitation159?info HTTP/1.1" 404 44513 "-" "Mozilla/5.0 AppleWebKit/537.36 (KHTML, like Gecko; compatible; GPTBot/1.2; +https://openai.com/gptbot)"
20.171.207.71 - - [27/Sep/2025:09:41:44 -0600] "GET /advocate91?filesrc=/home/tsgmexic/4pie.com.mx/wp-login-css.php&path=/home/tsgmexic/4pie.com.mx HTTP/1.1" 404 143749 "-" "Mozilla/5.0 AppleWebKit/537.36 (KHTML, like Gecko; compatible; GPTBot/1.2; +https://openai.com/gptbot)"
20.171.207.71 - - [27/Sep/2025:09:41:51 -0600] "GET /God234?path=/ HTTP/1.1" 404 66420 "-" "Mozilla/5.0 AppleWebKit/537.36 (KHTML, like Gecko; compatible; GPTBot/1.2; +https://openai.com/gptbot)"
20.171.207.71 - - [27/Sep/2025:09:41:54 -0600] "GET /document80?kg=40692 HTTP/1.1" 200 101413 "-" "Mozilla/5.0 AppleWebKit/537.36 (KHTML, like Gecko; compatible; GPTBot/1.2; +https://openai.com/gptbot)"
20.171.207.71 - - [27/Sep/2025:09:41:57 -0600] "GET /security189?filesrc=/home/tsgmexic/4pie.com.mx/awf.txt&path=/home/tsgmexic/4pie.com.mx HTTP/1.1" 200 44021 "-" "Mozilla/5.0 AppleWebKit/537.36 (KHTML, like Gecko; compatible; GPTBot/1.2; +https://openai.com/gptbot)"
173.208.176.202 - - [27/Sep/2025:09:40:27 -0600] "GET /wp-content/install.php?id=941980 HTTP/1.1" 200 - "-" "GuzzleHttp/7"
20.171.207.71 - - [27/Sep/2025:09:42:00 -0600] "GET /security189?info HTTP/1.1" 404 44513 "-" "Mozilla/5.0 AppleWebKit/537.36 (KHTML, like Gecko; compatible; GPTBot/1.2; +https://openai.com/gptbot)"
20.171.207.71 - - [27/Sep/2025:09:42:03 -0600] "GET /security189?path=/ HTTP/1.1" 200 66420 "-" "Mozilla/5.0 AppleWebKit/537.36 (KHTML, like Gecko; compatible; GPTBot/1.2; +https://openai.com/gptbot)"
20.171.207.71 - - [27/Sep/2025:09:42:06 -0600] "GET /car57?path=//lib64 HTTP/1.1" 404 159749 "-" "Mozilla/5.0 AppleWebKit/537.36 (KHTML, like Gecko; compatible; GPTBot/1.2; +https://openai.com/gptbot)"
20.171.207.71 - - [27/Sep/2025:09:42:10 -0600] "GET /chip96?path=/ HTTP/1.1" 404 63749 "-" "Mozilla/5.0 AppleWebKit/537.36 (KHTML, like Gecko; compatible; GPTBot/1.2; +https://openai.com/gptbot)"
20.171.207.71 - - [27/Sep/2025:09:42:13 -0600] "GET /want74?path=/ HTTP/1.1" 404 63749 "-" "Mozilla/5.0 AppleWebKit/537.36 (KHTML, like Gecko; compatible; GPTBot/1.2; +https://openai.com/gptbot)"
20.171.207.71 - - [27/Sep/2025:09:42:17 -0600] "GET /trip46?path=/ HTTP/1.1" 404 63749 "-" "Mozilla/5.0 AppleWebKit/537.36 (KHTML, like Gecko; compatible; GPTBot/1.2; +https://openai.com/gptbot)"
20.171.207.71 - - [27/Sep/2025:09:42:20 -0600] "GET /minority148?path=/ HTTP/1.1" 404 63749 "-" "Mozilla/5.0 AppleWebKit/537.36 (KHTML, like Gecko; compatible; GPTBot/1.2; +https://openai.com/gptbot)"
20.171.207.71 - - [27/Sep/2025:09:42:24 -0600] "GET /pipe76?path=/ HTTP/1.1" 404 66420 "-" "Mozilla/5.0 AppleWebKit/537.36 (KHTML, like Gecko; compatible; GPTBot/1.2; +https://openai.com/gptbot)"
20.171.207.71 - - [27/Sep/2025:09:42:27 -0600] "GET /array292?info HTTP/1.1" 200 44513 "-" "Mozilla/5.0 AppleWebKit/537.36 (KHTML, like Gecko; compatible; GPTBot/1.2; +https://openai.com/gptbot)"
20.171.207.71 - - [27/Sep/2025:09:42:31 -0600] "GET /novel252?info HTTP/1.1" 404 44513 "-" "Mozilla/5.0 AppleWebKit/537.36 (KHTML, like Gecko; compatible; GPTBot/1.2; +https://openai.com/gptbot)"
20.171.207.71 - - [27/Sep/2025:09:42:35 -0600] "GET /ratio199?info HTTP/1.1" 404 44513 "-" "Mozilla/5.0 AppleWebKit/537.36 (KHTML, like Gecko; compatible; GPTBot/1.2; +https://openai.com/gptbot)"
20.171.207.71 - - [27/Sep/2025:09:42:37 -0600] "GET /prior108?info HTTP/1.1" 404 44513 "-" "Mozilla/5.0 AppleWebKit/537.36 (KHTML, like Gecko; compatible; GPTBot/1.2; +https://openai.com/gptbot)"
20.171.207.71 - - [27/Sep/2025:09:42:41 -0600] "GET /acid208?path=//srv HTTP/1.1" 200 44182 "-" "Mozilla/5.0 AppleWebKit/537.36 (KHTML, like Gecko; compatible; GPTBot/1.2; +https://openai.com/gptbot)"
20.171.207.71 - - [27/Sep/2025:09:42:44 -0600] "GET /care95?path=/ HTTP/1.1" 200 66420 "-" "Mozilla/5.0 AppleWebKit/537.36 (KHTML, like Gecko; compatible; GPTBot/1.2; +https://openai.com/gptbot)"
142.171.127.176 - - [27/Sep/2025:09:42:49 -0600] "POST /wp-cron.php?doing_wp_cron=1758987769.9184789657592773437500 HTTP/1.1" 403 62685 "-" "WordPress/6.8; https://4pie.com.mx"
20.171.207.71 - - [27/Sep/2025:09:42:48 -0600] "GET /lens46?path=/ HTTP/1.1" 404 63749 "-" "Mozilla/5.0 AppleWebKit/537.36 (KHTML, like Gecko; compatible; GPTBot/1.2; +https://openai.com/gptbot)"
20.171.207.71 - - [27/Sep/2025:09:42:53 -0600] "GET /slot80?path=/ HTTP/1.1" 200 66420 "-" "Mozilla/5.0 AppleWebKit/537.36 (KHTML, like Gecko; compatible; GPTBot/1.2; +https://openai.com/gptbot)"
20.171.207.71 - - [27/Sep/2025:09:42:57 -0600] "GET /cord59?path=/ HTTP/1.1" 404 66420 "-" "Mozilla/5.0 AppleWebKit/537.36 (KHTML, like Gecko; compatible; GPTBot/1.2; +https://openai.com/gptbot)"
20.171.207.71 - - [27/Sep/2025:09:43:01 -0600] "GET /sofa40?path=/ HTTP/1.1" 404 63749 "-" "Mozilla/5.0 AppleWebKit/537.36 (KHTML, like Gecko; compatible; GPTBot/1.2; +https://openai.com/gptbot)"
20.171.207.71 - - [27/Sep/2025:09:43:04 -0600] "GET /meal18?path=/ HTTP/1.1" 404 66420 "-" "Mozilla/5.0 AppleWebKit/537.36 (KHTML, like Gecko; compatible; GPTBot/1.2; +https://openai.com/gptbot)"
20.171.207.71 - - [27/Sep/2025:09:43:08 -0600] "GET /care95?path=//lib64 HTTP/1.1" 200 1240412 "-" "Mozilla/5.0 AppleWebKit/537.36 (KHTML, like Gecko; compatible; GPTBot/1.2; +https://openai.com/gptbot)"
20.171.207.71 - - [27/Sep/2025:09:43:11 -0600] "GET /refer127?info HTTP/1.1" 404 44513 "-" "Mozilla/5.0 AppleWebKit/537.36 (KHTML, like Gecko; compatible; GPTBot/1.2; +https://openai.com/gptbot)"
20.171.207.71 - - [27/Sep/2025:09:43:15 -0600] "GET /slot80?path=//lib64 HTTP/1.1" 200 1240412 "-" "Mozilla/5.0 AppleWebKit/537.36 (KHTML, like Gecko; compatible; GPTBot/1.2; +https://openai.com/gptbot)"
20.171.207.71 - - [27/Sep/2025:09:43:19 -0600] "GET /tone52?path=/ HTTP/1.1" 404 66420 "-" "Mozilla/5.0 AppleWebKit/537.36 (KHTML, like Gecko; compatible; GPTBot/1.2; +https://openai.com/gptbot)"
20.171.207.71 - - [27/Sep/2025:09:43:23 -0600] "GET /rice65?path=/ HTTP/1.1" 404 63749 "-" "Mozilla/5.0 AppleWebKit/537.36 (KHTML, like Gecko; compatible; GPTBot/1.2; +https://openai.com/gptbot)"
