20.171.207.171 - - [28/Sep/2025:02:12:40 -0600] "GET /30eicj35003.html?info HTTP/1.1" 404 44513 "-" "Mozilla/5.0 AppleWebKit/537.36 (KHTML, like Gecko; compatible; GPTBot/1.2; +https://openai.com/gptbot)"
20.171.207.171 - - [28/Sep/2025:02:12:44 -0600] "GET /117pfvm2740.html?info HTTP/1.1" 404 44513 "-" "Mozilla/5.0 AppleWebKit/537.36 (KHTML, like Gecko; compatible; GPTBot/1.2; +https://openai.com/gptbot)"
20.171.207.171 - - [28/Sep/2025:02:12:47 -0600] "GET /65fpcm43136.html?info HTTP/1.1" 404 44513 "-" "Mozilla/5.0 AppleWebKit/537.36 (KHTML, like Gecko; compatible; GPTBot/1.2; +https://openai.com/gptbot)"
20.171.207.171 - - [28/Sep/2025:02:12:50 -0600] "GET /232ynag5883.html?info HTTP/1.1" 404 44513 "-" "Mozilla/5.0 AppleWebKit/537.36 (KHTML, like Gecko; compatible; GPTBot/1.2; +https://openai.com/gptbot)"
20.171.207.171 - - [28/Sep/2025:02:12:54 -0600] "GET /85xmnh33792.html?info HTTP/1.1" 200 44513 "-" "Mozilla/5.0 AppleWebKit/537.36 (KHTML, like Gecko; compatible; GPTBot/1.2; +https://openai.com/gptbot)"
20.171.207.171 - - [28/Sep/2025:02:12:57 -0600] "GET /54vxxr39445.html?info HTTP/1.1" 404 44513 "-" "Mozilla/5.0 AppleWebKit/537.36 (KHTML, like Gecko; compatible; GPTBot/1.2; +https://openai.com/gptbot)"
20.171.207.171 - - [28/Sep/2025:02:13:01 -0600] "GET /167zroru3334.html?info HTTP/1.1" 404 44513 "-" "Mozilla/5.0 AppleWebKit/537.36 (KHTML, like Gecko; compatible; GPTBot/1.2; +https://openai.com/gptbot)"
142.171.127.176 - - [28/Sep/2025:02:13:04 -0600] "POST /wp-cron.php?doing_wp_cron=1759047184.6092839241027832031250 HTTP/1.1" 403 4774 "-" "WordPress/6.8; https://4pie.com.mx"
20.171.207.171 - - [28/Sep/2025:02:13:08 -0600] "GET /55pxgq28254.html?info HTTP/1.1" 404 44513 "-" "Mozilla/5.0 AppleWebKit/537.36 (KHTML, like Gecko; compatible; GPTBot/1.2; +https://openai.com/gptbot)"
20.171.207.171 - - [28/Sep/2025:02:13:12 -0600] "GET /277wpzt33316.html HTTP/1.1" 404 71749 "-" "Mozilla/5.0 AppleWebKit/537.36 (KHTML, like Gecko; compatible; GPTBot/1.2; +https://openai.com/gptbot)"
20.171.207.171 - - [28/Sep/2025:02:13:15 -0600] "GET /155dkrb24442.html HTTP/1.1" 404 71749 "-" "Mozilla/5.0 AppleWebKit/537.36 (KHTML, like Gecko; compatible; GPTBot/1.2; +https://openai.com/gptbot)"
20.171.207.171 - - [28/Sep/2025:02:13:20 -0600] "GET /111fccq29946.html HTTP/1.1" 200 101413 "-" "Mozilla/5.0 AppleWebKit/537.36 (KHTML, like Gecko; compatible; GPTBot/1.2; +https://openai.com/gptbot)"
20.171.207.171 - - [28/Sep/2025:02:13:23 -0600] "GET /141bxch32666.html HTTP/1.1" 404 71749 "-" "Mozilla/5.0 AppleWebKit/537.36 (KHTML, like Gecko; compatible; GPTBot/1.2; +https://openai.com/gptbot)"
20.171.207.171 - - [28/Sep/2025:02:13:27 -0600] "GET /web59?info HTTP/1.1" 404 44513 "-" "Mozilla/5.0 AppleWebKit/537.36 (KHTML, like Gecko; compatible; GPTBot/1.2; +https://openai.com/gptbot)"
20.171.207.171 - - [28/Sep/2025:02:13:39 -0600] "GET /war35?info HTTP/1.1" 200 44513 "-" "Mozilla/5.0 AppleWebKit/537.36 (KHTML, like Gecko; compatible; GPTBot/1.2; +https://openai.com/gptbot)"
20.171.207.171 - - [28/Sep/2025:02:13:45 -0600] "GET /God83?kg=15387 HTTP/1.1" 200 101413 "-" "Mozilla/5.0 AppleWebKit/537.36 (KHTML, like Gecko; compatible; GPTBot/1.2; +https://openai.com/gptbot)"
20.171.207.171 - - [28/Sep/2025:02:13:51 -0600] "GET /23hdikn29436.html?info HTTP/1.1" 404 44513 "-" "Mozilla/5.0 AppleWebKit/537.36 (KHTML, like Gecko; compatible; GPTBot/1.2; +https://openai.com/gptbot)"
20.171.207.171 - - [28/Sep/2025:02:13:54 -0600] "GET /mud58?info HTTP/1.1" 404 44513 "-" "Mozilla/5.0 AppleWebKit/537.36 (KHTML, like Gecko; compatible; GPTBot/1.2; +https://openai.com/gptbot)"
20.171.207.171 - - [28/Sep/2025:02:13:58 -0600] "GET /63mmdeu44134.html?info HTTP/1.1" 200 44513 "-" "Mozilla/5.0 AppleWebKit/537.36 (KHTML, like Gecko; compatible; GPTBot/1.2; +https://openai.com/gptbot)"
173.208.176.202 - - [28/Sep/2025:02:12:30 -0600] "GET /wp-content/install.php?id=911075 HTTP/1.1" 200 - "-" "GuzzleHttp/7"
20.171.207.171 - - [28/Sep/2025:02:14:06 -0600] "GET /92fxxyn21681.html?info HTTP/1.1" 200 44513 "-" "Mozilla/5.0 AppleWebKit/537.36 (KHTML, like Gecko; compatible; GPTBot/1.2; +https://openai.com/gptbot)"
20.171.207.171 - - [28/Sep/2025:02:14:12 -0600] "GET /241lxqnx1838.html?info HTTP/1.1" 404 44513 "-" "Mozilla/5.0 AppleWebKit/537.36 (KHTML, like Gecko; compatible; GPTBot/1.2; +https://openai.com/gptbot)"
20.171.207.171 - - [28/Sep/2025:02:14:16 -0600] "GET /18xvhxi22135.html?info HTTP/1.1" 404 44513 "-" "Mozilla/5.0 AppleWebKit/537.36 (KHTML, like Gecko; compatible; GPTBot/1.2; +https://openai.com/gptbot)"
20.171.207.171 - - [28/Sep/2025:02:14:19 -0600] "GET /28snigo26129.html?info HTTP/1.1" 404 44513 "-" "Mozilla/5.0 AppleWebKit/537.36 (KHTML, like Gecko; compatible; GPTBot/1.2; +https://openai.com/gptbot)"
20.171.207.171 - - [28/Sep/2025:02:14:22 -0600] "GET /205olpqo2466.html?info HTTP/1.1" 404 44513 "-" "Mozilla/5.0 AppleWebKit/537.36 (KHTML, like Gecko; compatible; GPTBot/1.2; +https://openai.com/gptbot)"
20.171.207.171 - - [28/Sep/2025:02:14:25 -0600] "GET /205usene2526.html?info HTTP/1.1" 404 44513 "-" "Mozilla/5.0 AppleWebKit/537.36 (KHTML, like Gecko; compatible; GPTBot/1.2; +https://openai.com/gptbot)"
20.171.207.171 - - [28/Sep/2025:02:14:29 -0600] "GET /34faynm30937.html?info HTTP/1.1" 404 44513 "-" "Mozilla/5.0 AppleWebKit/537.36 (KHTML, like Gecko; compatible; GPTBot/1.2; +https://openai.com/gptbot)"
20.171.207.171 - - [28/Sep/2025:02:14:32 -0600] "GET /282vybhw4999.html?info HTTP/1.1" 200 44513 "-" "Mozilla/5.0 AppleWebKit/537.36 (KHTML, like Gecko; compatible; GPTBot/1.2; +https://openai.com/gptbot)"
20.171.207.171 - - [28/Sep/2025:02:14:38 -0600] "GET /44wsfme40435.html?info HTTP/1.1" 404 44513 "-" "Mozilla/5.0 AppleWebKit/537.36 (KHTML, like Gecko; compatible; GPTBot/1.2; +https://openai.com/gptbot)"
20.171.207.171 - - [28/Sep/2025:02:14:43 -0600] "GET /291wvvfn1636.html?info HTTP/1.1" 404 44513 "-" "Mozilla/5.0 AppleWebKit/537.36 (KHTML, like Gecko; compatible; GPTBot/1.2; +https://openai.com/gptbot)"
20.171.207.171 - - [28/Sep/2025:02:14:48 -0600] "GET /300vtgeh1811.html?info HTTP/1.1" 404 44513 "-" "Mozilla/5.0 AppleWebKit/537.36 (KHTML, like Gecko; compatible; GPTBot/1.2; +https://openai.com/gptbot)"
20.171.207.171 - - [28/Sep/2025:02:14:52 -0600] "GET /189vjijj4268.html?info HTTP/1.1" 404 44513 "-" "Mozilla/5.0 AppleWebKit/537.36 (KHTML, like Gecko; compatible; GPTBot/1.2; +https://openai.com/gptbot)"
20.171.207.171 - - [28/Sep/2025:02:14:58 -0600] "GET /217jpnsi9778.html?info HTTP/1.1" 404 44513 "-" "Mozilla/5.0 AppleWebKit/537.36 (KHTML, like Gecko; compatible; GPTBot/1.2; +https://openai.com/gptbot)"
20.171.207.171 - - [28/Sep/2025:02:15:02 -0600] "GET /207frmip6122.html?info HTTP/1.1" 404 44513 "-" "Mozilla/5.0 AppleWebKit/537.36 (KHTML, like Gecko; compatible; GPTBot/1.2; +https://openai.com/gptbot)"
20.171.207.171 - - [28/Sep/2025:02:15:11 -0600] "GET /85cbccr14758.html?info HTTP/1.1" 200 44513 "-" "Mozilla/5.0 AppleWebKit/537.36 (KHTML, like Gecko; compatible; GPTBot/1.2; +https://openai.com/gptbot)"
20.171.207.171 - - [28/Sep/2025:02:15:21 -0600] "GET /62apnij35525.html?info HTTP/1.1" 404 44513 "-" "Mozilla/5.0 AppleWebKit/537.36 (KHTML, like Gecko; compatible; GPTBot/1.2; +https://openai.com/gptbot)"
20.171.207.171 - - [28/Sep/2025:02:15:26 -0600] "GET /86hsefh48721.html?info HTTP/1.1" 404 44513 "-" "Mozilla/5.0 AppleWebKit/537.36 (KHTML, like Gecko; compatible; GPTBot/1.2; +https://openai.com/gptbot)"
20.171.207.171 - - [28/Sep/2025:02:15:30 -0600] "GET /81huzmw11466.html?info HTTP/1.1" 404 44513 "-" "Mozilla/5.0 AppleWebKit/537.36 (KHTML, like Gecko; compatible; GPTBot/1.2; +https://openai.com/gptbot)"
20.171.207.171 - - [28/Sep/2025:02:15:33 -0600] "GET /77qdofn17090.html?info HTTP/1.1" 200 44513 "-" "Mozilla/5.0 AppleWebKit/537.36 (KHTML, like Gecko; compatible; GPTBot/1.2; +https://openai.com/gptbot)"
173.208.176.202 - - [28/Sep/2025:02:14:05 -0600] "GET /wp-content/install.php?id=911075 HTTP/1.1" 200 - "-" "GuzzleHttp/7"
20.171.207.171 - - [28/Sep/2025:02:15:38 -0600] "GET /118fwvol7725.html?info HTTP/1.1" 200 44513 "-" "Mozilla/5.0 AppleWebKit/537.36 (KHTML, like Gecko; compatible; GPTBot/1.2; +https://openai.com/gptbot)"
20.171.207.171 - - [28/Sep/2025:02:15:41 -0600] "GET /32scacl39093.html?info HTTP/1.1" 404 44513 "-" "Mozilla/5.0 AppleWebKit/537.36 (KHTML, like Gecko; compatible; GPTBot/1.2; +https://openai.com/gptbot)"
20.171.207.171 - - [28/Sep/2025:02:15:44 -0600] "GET /28esfgn19189.html?info HTTP/1.1" 404 44513 "-" "Mozilla/5.0 AppleWebKit/537.36 (KHTML, like Gecko; compatible; GPTBot/1.2; +https://openai.com/gptbot)"
20.171.207.171 - - [28/Sep/2025:02:15:49 -0600] "GET /55jhqyn20562.html?info HTTP/1.1" 404 44513 "-" "Mozilla/5.0 AppleWebKit/537.36 (KHTML, like Gecko; compatible; GPTBot/1.2; +https://openai.com/gptbot)"
20.171.207.171 - - [28/Sep/2025:02:15:53 -0600] "GET /44iwzpt21149.html?info HTTP/1.1" 404 44513 "-" "Mozilla/5.0 AppleWebKit/537.36 (KHTML, like Gecko; compatible; GPTBot/1.2; +https://openai.com/gptbot)"
20.171.207.171 - - [28/Sep/2025:02:15:58 -0600] "GET /37sissb22612.html?info HTTP/1.1" 404 44513 "-" "Mozilla/5.0 AppleWebKit/537.36 (KHTML, like Gecko; compatible; GPTBot/1.2; +https://openai.com/gptbot)"
20.171.207.171 - - [28/Sep/2025:02:16:03 -0600] "GET /46vgoto43687.html?info HTTP/1.1" 404 44513 "-" "Mozilla/5.0 AppleWebKit/537.36 (KHTML, like Gecko; compatible; GPTBot/1.2; +https://openai.com/gptbot)"
20.171.207.171 - - [28/Sep/2025:02:16:08 -0600] "GET /105ndaav5256.html?info HTTP/1.1" 404 44513 "-" "Mozilla/5.0 AppleWebKit/537.36 (KHTML, like Gecko; compatible; GPTBot/1.2; +https://openai.com/gptbot)"
20.171.207.171 - - [28/Sep/2025:02:16:13 -0600] "GET /192llyrt6399.html?info HTTP/1.1" 200 44513 "-" "Mozilla/5.0 AppleWebKit/537.36 (KHTML, like Gecko; compatible; GPTBot/1.2; +https://openai.com/gptbot)"
20.171.207.171 - - [28/Sep/2025:02:16:17 -0600] "GET /48vriqn14131.html?info HTTP/1.1" 200 44513 "-" "Mozilla/5.0 AppleWebKit/537.36 (KHTML, like Gecko; compatible; GPTBot/1.2; +https://openai.com/gptbot)"
142.171.127.176 - - [28/Sep/2025:02:16:22 -0600] "POST /wp-cron.php?doing_wp_cron=1759047382.4395630359649658203125 HTTP/1.1" 403 23958 "-" "WordPress/6.8; https://4pie.com.mx"
20.171.207.171 - - [28/Sep/2025:02:16:26 -0600] "GET /252huiko6297.html?info HTTP/1.1" 404 44513 "-" "Mozilla/5.0 AppleWebKit/537.36 (KHTML, like Gecko; compatible; GPTBot/1.2; +https://openai.com/gptbot)"
20.171.207.171 - - [28/Sep/2025:02:16:30 -0600] "GET /84pfwpt17545.html?info HTTP/1.1" 200 44513 "-" "Mozilla/5.0 AppleWebKit/537.36 (KHTML, like Gecko; compatible; GPTBot/1.2; +https://openai.com/gptbot)"
20.171.207.171 - - [28/Sep/2025:02:16:34 -0600] "GET /91xhmhr16072.html?info HTTP/1.1" 404 44513 "-" "Mozilla/5.0 AppleWebKit/537.36 (KHTML, like Gecko; compatible; GPTBot/1.2; +https://openai.com/gptbot)"
20.171.207.171 - - [28/Sep/2025:02:16:37 -0600] "GET /233ptgup8368.html?info HTTP/1.1" 404 44513 "-" "Mozilla/5.0 AppleWebKit/537.36 (KHTML, like Gecko; compatible; GPTBot/1.2; +https://openai.com/gptbot)"
20.171.207.171 - - [28/Sep/2025:02:16:41 -0600] "GET /50skosr20803.html?info HTTP/1.1" 200 44513 "-" "Mozilla/5.0 AppleWebKit/537.36 (KHTML, like Gecko; compatible; GPTBot/1.2; +https://openai.com/gptbot)"
20.171.207.171 - - [28/Sep/2025:02:16:44 -0600] "GET /92rqtqx22809.html?info HTTP/1.1" 404 44513 "-" "Mozilla/5.0 AppleWebKit/537.36 (KHTML, like Gecko; compatible; GPTBot/1.2; +https://openai.com/gptbot)"
20.171.207.171 - - [28/Sep/2025:02:16:47 -0600] "GET /110kmnxh1297.html?info HTTP/1.1" 200 44513 "-" "Mozilla/5.0 AppleWebKit/537.36 (KHTML, like Gecko; compatible; GPTBot/1.2; +https://openai.com/gptbot)"
20.171.207.171 - - [28/Sep/2025:02:16:51 -0600] "GET /178wnhws1489.html?info HTTP/1.1" 404 44513 "-" "Mozilla/5.0 AppleWebKit/537.36 (KHTML, like Gecko; compatible; GPTBot/1.2; +https://openai.com/gptbot)"
20.171.207.171 - - [28/Sep/2025:02:16:54 -0600] "GET /272joatl7067.html?info HTTP/1.1" 404 44513 "-" "Mozilla/5.0 AppleWebKit/537.36 (KHTML, like Gecko; compatible; GPTBot/1.2; +https://openai.com/gptbot)"
173.208.176.202 - - [28/Sep/2025:02:15:34 -0600] "GET /wp-content/install.php?id=911075 HTTP/1.1" 200 - "-" "GuzzleHttp/7"
20.171.207.171 - - [28/Sep/2025:02:17:00 -0600] "GET /119bysti1618.html?info HTTP/1.1" 200 44513 "-" "Mozilla/5.0 AppleWebKit/537.36 (KHTML, like Gecko; compatible; GPTBot/1.2; +https://openai.com/gptbot)"
20.171.207.171 - - [28/Sep/2025:02:17:07 -0600] "GET /192xhmhx5391.html?info HTTP/1.1" 404 44513 "-" "Mozilla/5.0 AppleWebKit/537.36 (KHTML, like Gecko; compatible; GPTBot/1.2; +https://openai.com/gptbot)"
20.171.207.171 - - [28/Sep/2025:02:17:12 -0600] "GET /160nujci9171.html?info HTTP/1.1" 200 44513 "-" "Mozilla/5.0 AppleWebKit/537.36 (KHTML, like Gecko; compatible; GPTBot/1.2; +https://openai.com/gptbot)"
20.171.207.171 - - [28/Sep/2025:02:17:16 -0600] "GET /38vwlww35243.html?info HTTP/1.1" 404 44513 "-" "Mozilla/5.0 AppleWebKit/537.36 (KHTML, like Gecko; compatible; GPTBot/1.2; +https://openai.com/gptbot)"
20.171.207.171 - - [28/Sep/2025:02:17:21 -0600] "GET /18txczf25585.html?info HTTP/1.1" 200 44513 "-" "Mozilla/5.0 AppleWebKit/537.36 (KHTML, like Gecko; compatible; GPTBot/1.2; +https://openai.com/gptbot)"
142.171.127.176 - - [28/Sep/2025:02:17:22 -0600] "POST /wp-cron.php?doing_wp_cron=1759047442.8362319469451904296875 HTTP/1.1" 404 23749 "-" "WordPress/6.8; https://4pie.com.mx"
20.171.207.171 - - [28/Sep/2025:02:17:25 -0600] "GET /83udnjj16884.html?info HTTP/1.1" 200 44513 "-" "Mozilla/5.0 AppleWebKit/537.36 (KHTML, like Gecko; compatible; GPTBot/1.2; +https://openai.com/gptbot)"
20.171.207.171 - - [28/Sep/2025:02:17:32 -0600] "GET /64ufdfx28633.html?info HTTP/1.1" 200 44513 "-" "Mozilla/5.0 AppleWebKit/537.36 (KHTML, like Gecko; compatible; GPTBot/1.2; +https://openai.com/gptbot)"
20.171.207.171 - - [28/Sep/2025:02:17:37 -0600] "GET /89lzhoo40558.html?info HTTP/1.1" 404 44513 "-" "Mozilla/5.0 AppleWebKit/537.36 (KHTML, like Gecko; compatible; GPTBot/1.2; +https://openai.com/gptbot)"
20.171.207.171 - - [28/Sep/2025:02:17:40 -0600] "GET /41dnoiz20704.html?info HTTP/1.1" 200 44513 "-" "Mozilla/5.0 AppleWebKit/537.36 (KHTML, like Gecko; compatible; GPTBot/1.2; +https://openai.com/gptbot)"
20.171.207.171 - - [28/Sep/2025:02:17:46 -0600] "GET /202gdhdm6635.html?info HTTP/1.1" 404 44513 "-" "Mozilla/5.0 AppleWebKit/537.36 (KHTML, like Gecko; compatible; GPTBot/1.2; +https://openai.com/gptbot)"
20.171.207.171 - - [28/Sep/2025:02:17:50 -0600] "GET /27ddtwm10522.html?info HTTP/1.1" 404 44513 "-" "Mozilla/5.0 AppleWebKit/537.36 (KHTML, like Gecko; compatible; GPTBot/1.2; +https://openai.com/gptbot)"
20.171.207.171 - - [28/Sep/2025:02:17:55 -0600] "GET /61kbvhl17636.html?info HTTP/1.1" 404 44513 "-" "Mozilla/5.0 AppleWebKit/537.36 (KHTML, like Gecko; compatible; GPTBot/1.2; +https://openai.com/gptbot)"
20.171.207.171 - - [28/Sep/2025:02:17:59 -0600] "GET /76ygiog24275.html?info HTTP/1.1" 404 44513 "-" "Mozilla/5.0 AppleWebKit/537.36 (KHTML, like Gecko; compatible; GPTBot/1.2; +https://openai.com/gptbot)"
20.171.207.171 - - [28/Sep/2025:02:18:05 -0600] "GET /231olpqo2440.html?info HTTP/1.1" 404 44513 "-" "Mozilla/5.0 AppleWebKit/537.36 (KHTML, like Gecko; compatible; GPTBot/1.2; +https://openai.com/gptbot)"
20.171.207.171 - - [28/Sep/2025:02:18:10 -0600] "GET /25ofjlj31924.html?info HTTP/1.1" 404 44513 "-" "Mozilla/5.0 AppleWebKit/537.36 (KHTML, like Gecko; compatible; GPTBot/1.2; +https://openai.com/gptbot)"
20.171.207.171 - - [28/Sep/2025:02:18:13 -0600] "GET /40jlklo35227.html?info HTTP/1.1" 200 44513 "-" "Mozilla/5.0 AppleWebKit/537.36 (KHTML, like Gecko; compatible; GPTBot/1.2; +https://openai.com/gptbot)"
20.171.207.171 - - [28/Sep/2025:02:18:16 -0600] "GET /180rlli22223.html HTTP/1.1" 200 101413 "-" "Mozilla/5.0 AppleWebKit/537.36 (KHTML, like Gecko; compatible; GPTBot/1.2; +https://openai.com/gptbot)"
204.12.208.18 - - [28/Sep/2025:02:18:19 -0600] "GET /?sitemapindex.xml HTTP/1.1" 200 7533 "http://4pie.com.mx/?sitemapindex.xml" "Mozilla/5.0 (Macintosh; U; PPC Mac OS X; ja-jp) AppleWebKit/523.10.6 (KHTML, like Gecko) Version/3.0.4 Safari/523.10.6"
20.171.207.171 - - [28/Sep/2025:02:18:23 -0600] "GET /do85?filesrc=//lib64/libusb-1.0.so.0&path=//lib64 HTTP/1.1" 404 43852 "-" "Mozilla/5.0 AppleWebKit/537.36 (KHTML, like Gecko; compatible; GPTBot/1.2; +https://openai.com/gptbot)"
142.171.127.176 - - [28/Sep/2025:02:18:25 -0600] "POST /wp-cron.php?doing_wp_cron=1759047505.0516300201416015625000 HTTP/1.1" 403 23958 "-" "WordPress/6.8; https://4pie.com.mx"
173.208.176.202 - - [28/Sep/2025:02:17:02 -0600] "GET /wp-content/install.php?id=911075 HTTP/1.1" 200 - "-" "GuzzleHttp/7"
20.171.207.171 - - [28/Sep/2025:02:18:27 -0600] "GET /4hbtgx34483.html HTTP/1.1" 200 101413 "-" "Mozilla/5.0 AppleWebKit/537.36 (KHTML, like Gecko; compatible; GPTBot/1.2; +https://openai.com/gptbot)"
20.171.207.171 - - [28/Sep/2025:02:18:33 -0600] "GET /21exwef34120.html?path=/home/tsgmexic/4pie.com.mx/images HTTP/1.1" 404 46481 "-" "Mozilla/5.0 AppleWebKit/537.36 (KHTML, like Gecko; compatible; GPTBot/1.2; +https://openai.com/gptbot)"
20.171.207.171 - - [28/Sep/2025:02:18:37 -0600] "GET /hi19?kg=20721 HTTP/1.1" 200 101413 "-" "Mozilla/5.0 AppleWebKit/537.36 (KHTML, like Gecko; compatible; GPTBot/1.2; +https://openai.com/gptbot)"
20.171.207.171 - - [28/Sep/2025:02:18:46 -0600] "GET /he205?kg=1701 HTTP/1.1" 404 101413 "-" "Mozilla/5.0 AppleWebKit/537.36 (KHTML, like Gecko; compatible; GPTBot/1.2; +https://openai.com/gptbot)"
20.171.207.171 - - [28/Sep/2025:02:18:50 -0600] "GET /wp-content/plugins/h5jiz7ib/public/js/cf7-customizer-public.js?ver=1.0.01759047498 HTTP/1.1" 200 2498 "-" "Mozilla/5.0 AppleWebKit/537.36 (KHTML, like Gecko; compatible; GPTBot/1.2; +https://openai.com/gptbot)"
20.171.207.171 - - [28/Sep/2025:02:18:52 -0600] "GET /or87?kg=19943 HTTP/1.1" 200 101413 "-" "Mozilla/5.0 AppleWebKit/537.36 (KHTML, like Gecko; compatible; GPTBot/1.2; +https://openai.com/gptbot)"
20.171.207.171 - - [28/Sep/2025:02:18:55 -0600] "GET /ok84?kg=43560 HTTP/1.1" 200 101412 "-" "Mozilla/5.0 AppleWebKit/537.36 (KHTML, like Gecko; compatible; GPTBot/1.2; +https://openai.com/gptbot)"
20.171.207.171 - - [28/Sep/2025:02:18:58 -0600] "GET /hi19?path=/ HTTP/1.1" 404 66420 "-" "Mozilla/5.0 AppleWebKit/537.36 (KHTML, like Gecko; compatible; GPTBot/1.2; +https://openai.com/gptbot)"
20.171.207.171 - - [28/Sep/2025:02:19:00 -0600] "GET /18msfbu15191.html?info HTTP/1.1" 200 44513 "-" "Mozilla/5.0 AppleWebKit/537.36 (KHTML, like Gecko; compatible; GPTBot/1.2; +https://openai.com/gptbot)"
20.171.207.171 - - [28/Sep/2025:02:19:05 -0600] "GET /225rhkh22562.html HTTP/1.1" 404 101412 "-" "Mozilla/5.0 AppleWebKit/537.36 (KHTML, like Gecko; compatible; GPTBot/1.2; +https://openai.com/gptbot)"
20.171.207.171 - - [28/Sep/2025:02:19:09 -0600] "GET /15awzd31592.html?path=/home/tsgmexic/4pie.com.mx/.well-known HTTP/1.1" 404 46540 "-" "Mozilla/5.0 AppleWebKit/537.36 (KHTML, like Gecko; compatible; GPTBot/1.2; +https://openai.com/gptbot)"
20.171.207.171 - - [28/Sep/2025:02:19:14 -0600] "GET /notebook216?info HTTP/1.1" 404 44513 "-" "Mozilla/5.0 AppleWebKit/537.36 (KHTML, like Gecko; compatible; GPTBot/1.2; +https://openai.com/gptbot)"
20.171.207.171 - - [28/Sep/2025:02:19:18 -0600] "GET /grasp190?path=//proc/net HTTP/1.1" 404 63749 "-" "Mozilla/5.0 AppleWebKit/537.36 (KHTML, like Gecko; compatible; GPTBot/1.2; +https://openai.com/gptbot)"
20.171.207.171 - - [28/Sep/2025:02:19:23 -0600] "GET /or87?path=/ HTTP/1.1" 404 63749 "-" "Mozilla/5.0 AppleWebKit/537.36 (KHTML, like Gecko; compatible; GPTBot/1.2; +https://openai.com/gptbot)"
20.171.207.171 - - [28/Sep/2025:02:19:27 -0600] "GET /middle155?path=/home HTTP/1.1" 200 44183 "-" "Mozilla/5.0 AppleWebKit/537.36 (KHTML, like Gecko; compatible; GPTBot/1.2; +https://openai.com/gptbot)"
20.171.207.171 - - [28/Sep/2025:02:19:31 -0600] "GET /evolve195?path=/home HTTP/1.1" 200 44183 "-" "Mozilla/5.0 AppleWebKit/537.36 (KHTML, like Gecko; compatible; GPTBot/1.2; +https://openai.com/gptbot)"
20.171.207.171 - - [28/Sep/2025:02:19:37 -0600] "GET /donate123?path=/home HTTP/1.1" 404 44183 "-" "Mozilla/5.0 AppleWebKit/537.36 (KHTML, like Gecko; compatible; GPTBot/1.2; +https://openai.com/gptbot)"
20.171.207.171 - - [28/Sep/2025:02:19:41 -0600] "GET /57hmfmm11582.html?info HTTP/1.1" 404 44513 "-" "Mozilla/5.0 AppleWebKit/537.36 (KHTML, like Gecko; compatible; GPTBot/1.2; +https://openai.com/gptbot)"
20.171.207.171 - - [28/Sep/2025:02:19:46 -0600] "GET /ok84?filesrc=/home/tsgmexic/4pie.com.mx/radio.php&path=/home/tsgmexic/4pie.com.mx HTTP/1.1" 404 47853 "-" "Mozilla/5.0 AppleWebKit/537.36 (KHTML, like Gecko; compatible; GPTBot/1.2; +https://openai.com/gptbot)"
20.171.207.171 - - [28/Sep/2025:02:19:50 -0600] "GET /ok84?path=/ HTTP/1.1" 404 66420 "-" "Mozilla/5.0 AppleWebKit/537.36 (KHTML, like Gecko; compatible; GPTBot/1.2; +https://openai.com/gptbot)"
20.171.207.171 - - [28/Sep/2025:02:19:53 -0600] "GET /121hmirm5170.html?info HTTP/1.1" 200 44513 "-" "Mozilla/5.0 AppleWebKit/537.36 (KHTML, like Gecko; compatible; GPTBot/1.2; +https://openai.com/gptbot)"
20.171.207.171 - - [28/Sep/2025:02:19:58 -0600] "GET /scary162?info HTTP/1.1" 200 44513 "-" "Mozilla/5.0 AppleWebKit/537.36 (KHTML, like Gecko; compatible; GPTBot/1.2; +https://openai.com/gptbot)"
173.208.176.202 - - [28/Sep/2025:02:18:29 -0600] "GET /wp-content/install.php?id=911075 HTTP/1.1" 200 - "-" "GuzzleHttp/7"
20.171.207.171 - - [28/Sep/2025:02:20:01 -0600] "GET /spray267?info HTTP/1.1" 200 44513 "-" "Mozilla/5.0 AppleWebKit/537.36 (KHTML, like Gecko; compatible; GPTBot/1.2; +https://openai.com/gptbot)"
20.171.207.171 - - [28/Sep/2025:02:20:10 -0600] "GET /brake120?info HTTP/1.1" 404 44513 "-" "Mozilla/5.0 AppleWebKit/537.36 (KHTML, like Gecko; compatible; GPTBot/1.2; +https://openai.com/gptbot)"
20.171.207.171 - - [28/Sep/2025:02:20:14 -0600] "GET /sugar157?info HTTP/1.1" 404 44513 "-" "Mozilla/5.0 AppleWebKit/537.36 (KHTML, like Gecko; compatible; GPTBot/1.2; +https://openai.com/gptbot)"
20.171.207.171 - - [28/Sep/2025:02:20:18 -0600] "GET /grasp190?info HTTP/1.1" 404 44513 "-" "Mozilla/5.0 AppleWebKit/537.36 (KHTML, like Gecko; compatible; GPTBot/1.2; +https://openai.com/gptbot)"
20.171.207.171 - - [28/Sep/2025:02:20:22 -0600] "GET /curriculum295?kg=9555 HTTP/1.1" 404 71749 "-" "Mozilla/5.0 AppleWebKit/537.36 (KHTML, like Gecko; compatible; GPTBot/1.2; +https://openai.com/gptbot)"
20.171.207.171 - - [28/Sep/2025:02:20:26 -0600] "GET /261yzte12612.html HTTP/1.1" 404 72000 "-" "Mozilla/5.0 AppleWebKit/537.36 (KHTML, like Gecko; compatible; GPTBot/1.2; +https://openai.com/gptbot)"
142.171.127.176 - - [28/Sep/2025:02:20:30 -0600] "POST /wp-cron.php?doing_wp_cron=1759047630.0079278945922851562500 HTTP/1.1" 403 20395 "-" "WordPress/6.8; https://4pie.com.mx"
20.171.207.171 - - [28/Sep/2025:02:20:32 -0600] "GET /97fri15230.html?path=//media HTTP/1.1" 404 44192 "-" "Mozilla/5.0 AppleWebKit/537.36 (KHTML, like Gecko; compatible; GPTBot/1.2; +https://openai.com/gptbot)"
20.171.207.171 - - [28/Sep/2025:02:20:38 -0600] "GET /leadership260?kg=8562 HTTP/1.1" 404 71749 "-" "Mozilla/5.0 AppleWebKit/537.36 (KHTML, like Gecko; compatible; GPTBot/1.2; +https://openai.com/gptbot)"
20.171.207.171 - - [28/Sep/2025:02:20:42 -0600] "GET /accomplish55?kg=26181 HTTP/1.1" 404 71749 "-" "Mozilla/5.0 AppleWebKit/537.36 (KHTML, like Gecko; compatible; GPTBot/1.2; +https://openai.com/gptbot)"
20.171.207.171 - - [28/Sep/2025:02:20:48 -0600] "GET /accomplish107?kg=8487 HTTP/1.1" 404 71749 "-" "Mozilla/5.0 AppleWebKit/537.36 (KHTML, like Gecko; compatible; GPTBot/1.2; +https://openai.com/gptbot)"
20.171.207.171 - - [28/Sep/2025:02:20:54 -0600] "GET /frequently250?kg=3512 HTTP/1.1" 404 71749 "-" "Mozilla/5.0 AppleWebKit/537.36 (KHTML, like Gecko; compatible; GPTBot/1.2; +https://openai.com/gptbot)"
20.171.207.171 - - [28/Sep/2025:02:20:59 -0600] "GET /population250?kg=7928 HTTP/1.1" 404 71749 "-" "Mozilla/5.0 AppleWebKit/537.36 (KHTML, like Gecko; compatible; GPTBot/1.2; +https://openai.com/gptbot)"
20.171.207.171 - - [28/Sep/2025:02:21:04 -0600] "GET /occupation78?kg=18604 HTTP/1.1" 404 101413 "-" "Mozilla/5.0 AppleWebKit/537.36 (KHTML, like Gecko; compatible; GPTBot/1.2; +https://openai.com/gptbot)"
20.171.207.171 - - [28/Sep/2025:02:21:08 -0600] "GET /hypothesis121?kg=8075 HTTP/1.1" 200 101413 "-" "Mozilla/5.0 AppleWebKit/537.36 (KHTML, like Gecko; compatible; GPTBot/1.2; +https://openai.com/gptbot)"
20.171.207.171 - - [28/Sep/2025:02:21:11 -0600] "GET /coordinate47?kg=15015 HTTP/1.1" 404 71749 "-" "Mozilla/5.0 AppleWebKit/537.36 (KHTML, like Gecko; compatible; GPTBot/1.2; +https://openai.com/gptbot)"
20.171.207.171 - - [28/Sep/2025:02:21:15 -0600] "GET /harassment259?kg=7105 HTTP/1.1" 404 101413 "-" "Mozilla/5.0 AppleWebKit/537.36 (KHTML, like Gecko; compatible; GPTBot/1.2; +https://openai.com/gptbot)"
20.171.207.171 - - [28/Sep/2025:02:21:20 -0600] "GET /philosophy106?kg=3894 HTTP/1.1" 404 71749 "-" "Mozilla/5.0 AppleWebKit/537.36 (KHTML, like Gecko; compatible; GPTBot/1.2; +https://openai.com/gptbot)"
20.171.207.171 - - [28/Sep/2025:02:21:24 -0600] "GET /perception274?kg=1318 HTTP/1.1" 200 101413 "-" "Mozilla/5.0 AppleWebKit/537.36 (KHTML, like Gecko; compatible; GPTBot/1.2; +https://openai.com/gptbot)"
20.171.207.171 - - [28/Sep/2025:02:21:29 -0600] "GET /reflection45?kg=30309 HTTP/1.1" 200 101413 "-" "Mozilla/5.0 AppleWebKit/537.36 (KHTML, like Gecko; compatible; GPTBot/1.2; +https://openai.com/gptbot)"
142.171.127.176 - - [28/Sep/2025:02:21:30 -0600] "POST /wp-cron.php?doing_wp_cron=1759047690.4718289375305175781250 HTTP/1.1" 404 23749 "-" "WordPress/6.8; https://4pie.com.mx"
20.171.207.171 - - [28/Sep/2025:02:21:32 -0600] "GET /regulation271?kg=1547 HTTP/1.1" 200 101386 "-" "Mozilla/5.0 AppleWebKit/537.36 (KHTML, like Gecko; compatible; GPTBot/1.2; +https://openai.com/gptbot)"
173.208.176.202 - - [28/Sep/2025:02:20:04 -0600] "GET /wp-content/install.php?id=911075 HTTP/1.1" 200 - "-" "GuzzleHttp/7"
20.171.207.171 - - [28/Sep/2025:02:21:37 -0600] "GET /presumably67?kg=19909 HTTP/1.1" 404 101413 "-" "Mozilla/5.0 AppleWebKit/537.36 (KHTML, like Gecko; compatible; GPTBot/1.2; +https://openai.com/gptbot)"
20.171.207.171 - - [28/Sep/2025:02:21:40 -0600] "GET /separation186?kg=8030 HTTP/1.1" 200 101413 "-" "Mozilla/5.0 AppleWebKit/537.36 (KHTML, like Gecko; compatible; GPTBot/1.2; +https://openai.com/gptbot)"
20.171.207.171 - - [28/Sep/2025:02:21:43 -0600] "GET /compliance73?kg=32741 HTTP/1.1" 404 71749 "-" "Mozilla/5.0 AppleWebKit/537.36 (KHTML, like Gecko; compatible; GPTBot/1.2; +https://openai.com/gptbot)"
20.171.207.171 - - [28/Sep/2025:02:21:46 -0600] "GET /eventually164?kg=7562 HTTP/1.1" 404 71749 "-" "Mozilla/5.0 AppleWebKit/537.36 (KHTML, like Gecko; compatible; GPTBot/1.2; +https://openai.com/gptbot)"
20.171.207.171 - - [28/Sep/2025:02:21:50 -0600] "GET /perception274?info HTTP/1.1" 404 44513 "-" "Mozilla/5.0 AppleWebKit/537.36 (KHTML, like Gecko; compatible; GPTBot/1.2; +https://openai.com/gptbot)"
20.171.207.171 - - [28/Sep/2025:02:21:54 -0600] "GET /underlying61?kg=47425 HTTP/1.1" 200 101413 "-" "Mozilla/5.0 AppleWebKit/537.36 (KHTML, like Gecko; compatible; GPTBot/1.2; +https://openai.com/gptbot)"
20.171.207.171 - - [28/Sep/2025:02:21:58 -0600] "GET /regulation271?info HTTP/1.1" 404 44513 "-" "Mozilla/5.0 AppleWebKit/537.36 (KHTML, like Gecko; compatible; GPTBot/1.2; +https://openai.com/gptbot)"
124.156.179.141 - - [28/Sep/2025:02:21:59 -0600] "GET / HTTP/1.1" 200 113546 "-" "Mozilla/5.0 (iPhone; CPU iPhone OS 13_2_3 like Mac OS X) AppleWebKit/605.1.15 (KHTML, like Gecko) Version/13.0.3 Mobile/15E148 Safari/604.1"
20.171.207.171 - - [28/Sep/2025:02:22:03 -0600] "GET /regulation271 HTTP/1.1" 404 101413 "-" "Mozilla/5.0 AppleWebKit/537.36 (KHTML, like Gecko; compatible; GPTBot/1.2; +https://openai.com/gptbot)"
20.171.207.171 - - [28/Sep/2025:02:22:06 -0600] "GET /separation186?info HTTP/1.1" 404 44513 "-" "Mozilla/5.0 AppleWebKit/537.36 (KHTML, like Gecko; compatible; GPTBot/1.2; +https://openai.com/gptbot)"
20.171.207.171 - - [28/Sep/2025:02:22:10 -0600] "GET /hypothesis121?info HTTP/1.1" 200 44513 "-" "Mozilla/5.0 AppleWebKit/537.36 (KHTML, like Gecko; compatible; GPTBot/1.2; +https://openai.com/gptbot)"
20.171.207.171 - - [28/Sep/2025:02:22:14 -0600] "GET /university228?kg=1196 HTTP/1.1" 200 101413 "-" "Mozilla/5.0 AppleWebKit/537.36 (KHTML, like Gecko; compatible; GPTBot/1.2; +https://openai.com/gptbot)"
20.171.207.171 - - [28/Sep/2025:02:22:19 -0600] "GET /counseling14?kg=31752 HTTP/1.1" 200 101410 "-" "Mozilla/5.0 AppleWebKit/537.36 (KHTML, like Gecko; compatible; GPTBot/1.2; +https://openai.com/gptbot)"
20.171.207.171 - - [28/Sep/2025:02:22:23 -0600] "GET /or87?filesrc=/home/tsgmexic/4pie.com.mx/wp-signup.php&path=/home/tsgmexic/4pie.com.mx HTTP/1.1" 200 82044 "-" "Mozilla/5.0 AppleWebKit/537.36 (KHTML, like Gecko; compatible; GPTBot/1.2; +https://openai.com/gptbot)"
20.171.207.171 - - [28/Sep/2025:02:22:27 -0600] "GET /own85?filesrc=/home/tsgmexic/4pie.com.mx/wp-signup.php&path=/home/tsgmexic/4pie.com.mx HTTP/1.1" 200 82044 "-" "Mozilla/5.0 AppleWebKit/537.36 (KHTML, like Gecko; compatible; GPTBot/1.2; +https://openai.com/gptbot)"
20.171.207.171 - - [28/Sep/2025:02:22:32 -0600] "GET /own85?info HTTP/1.1" 200 44513 "-" "Mozilla/5.0 AppleWebKit/537.36 (KHTML, like Gecko; compatible; GPTBot/1.2; +https://openai.com/gptbot)"
20.171.207.171 - - [28/Sep/2025:02:22:36 -0600] "GET /our90?info HTTP/1.1" 404 44513 "-" "Mozilla/5.0 AppleWebKit/537.36 (KHTML, like Gecko; compatible; GPTBot/1.2; +https://openai.com/gptbot)"
20.171.207.171 - - [28/Sep/2025:02:22:42 -0600] "GET /mix87?info HTTP/1.1" 200 44513 "-" "Mozilla/5.0 AppleWebKit/537.36 (KHTML, like Gecko; compatible; GPTBot/1.2; +https://openai.com/gptbot)"
20.171.207.171 - - [28/Sep/2025:02:22:49 -0600] "GET /university228?info HTTP/1.1" 404 44513 "-" "Mozilla/5.0 AppleWebKit/537.36 (KHTML, like Gecko; compatible; GPTBot/1.2; +https://openai.com/gptbot)"
20.171.207.171 - - [28/Sep/2025:02:22:54 -0600] "GET /sun25?info HTTP/1.1" 200 44513 "-" "Mozilla/5.0 AppleWebKit/537.36 (KHTML, like Gecko; compatible; GPTBot/1.2; +https://openai.com/gptbot)"
20.171.207.171 - - [28/Sep/2025:02:22:58 -0600] "GET /nod17?info HTTP/1.1" 404 44513 "-" "Mozilla/5.0 AppleWebKit/537.36 (KHTML, like Gecko; compatible; GPTBot/1.2; +https://openai.com/gptbot)"
20.171.207.171 - - [28/Sep/2025:02:23:02 -0600] "GET /ban40?info HTTP/1.1" 200 44513 "-" "Mozilla/5.0 AppleWebKit/537.36 (KHTML, like Gecko; compatible; GPTBot/1.2; +https://openai.com/gptbot)"
173.208.176.202 - - [28/Sep/2025:02:21:33 -0600] "GET /wp-content/install.php?id=911075 HTTP/1.1" 200 - "-" "GuzzleHttp/7"
20.171.207.171 - - [28/Sep/2025:02:23:07 -0600] "GET /pin49?info HTTP/1.1" 404 44513 "-" "Mozilla/5.0 AppleWebKit/537.36 (KHTML, like Gecko; compatible; GPTBot/1.2; +https://openai.com/gptbot)"
20.171.207.171 - - [28/Sep/2025:02:23:13 -0600] "GET /toe71?info HTTP/1.1" 200 44513 "-" "Mozilla/5.0 AppleWebKit/537.36 (KHTML, like Gecko; compatible; GPTBot/1.2; +https://openai.com/gptbot)"
20.171.207.171 - - [28/Sep/2025:02:23:20 -0600] "GET /win89?info HTTP/1.1" 404 44513 "-" "Mozilla/5.0 AppleWebKit/537.36 (KHTML, like Gecko; compatible; GPTBot/1.2; +https://openai.com/gptbot)"
20.171.207.171 - - [28/Sep/2025:02:23:26 -0600] "GET /how19?info HTTP/1.1" 404 44513 "-" "Mozilla/5.0 AppleWebKit/537.36 (KHTML, like Gecko; compatible; GPTBot/1.2; +https://openai.com/gptbot)"
20.171.207.171 - - [28/Sep/2025:02:23:33 -0600] "GET /pond81?kg=25039 HTTP/1.1" 200 101413 "-" "Mozilla/5.0 AppleWebKit/537.36 (KHTML, like Gecko; compatible; GPTBot/1.2; +https://openai.com/gptbot)"
20.171.207.171 - - [28/Sep/2025:02:23:38 -0600] "GET /ban40?path=/ HTTP/1.1" 404 66420 "-" "Mozilla/5.0 AppleWebKit/537.36 (KHTML, like Gecko; compatible; GPTBot/1.2; +https://openai.com/gptbot)"
20.171.207.171 - - [28/Sep/2025:02:23:43 -0600] "GET /lens19?kg=24807 HTTP/1.1" 200 101413 "-" "Mozilla/5.0 AppleWebKit/537.36 (KHTML, like Gecko; compatible; GPTBot/1.2; +https://openai.com/gptbot)"
20.171.207.171 - - [28/Sep/2025:02:23:48 -0600] "GET /268cdni6403.html?info HTTP/1.1" 200 44513 "-" "Mozilla/5.0 AppleWebKit/537.36 (KHTML, like Gecko; compatible; GPTBot/1.2; +https://openai.com/gptbot)"
20.171.207.171 - - [28/Sep/2025:02:23:56 -0600] "GET /50zejy20235.html?info HTTP/1.1" 200 44513 "-" "Mozilla/5.0 AppleWebKit/537.36 (KHTML, like Gecko; compatible; GPTBot/1.2; +https://openai.com/gptbot)"
20.171.207.171 - - [28/Sep/2025:02:23:59 -0600] "GET /crew74?kg=28396 HTTP/1.1" 404 101413 "-" "Mozilla/5.0 AppleWebKit/537.36 (KHTML, like Gecko; compatible; GPTBot/1.2; +https://openai.com/gptbot)"
20.171.207.171 - - [28/Sep/2025:02:24:03 -0600] "GET /245aorx9892.html?info HTTP/1.1" 404 44513 "-" "Mozilla/5.0 AppleWebKit/537.36 (KHTML, like Gecko; compatible; GPTBot/1.2; +https://openai.com/gptbot)"
20.171.207.171 - - [28/Sep/2025:02:24:06 -0600] "GET /lens19?filesrc=/home/tsgmexic/4pie.com.mx/mah.php&path=/home/tsgmexic/4pie.com.mx HTTP/1.1" 200 45813 "-" "Mozilla/5.0 AppleWebKit/537.36 (KHTML, like Gecko; compatible; GPTBot/1.2; +https://openai.com/gptbot)"
20.171.207.171 - - [28/Sep/2025:02:24:11 -0600] "GET /93oadw38100.html?info HTTP/1.1" 404 44513 "-" "Mozilla/5.0 AppleWebKit/537.36 (KHTML, like Gecko; compatible; GPTBot/1.2; +https://openai.com/gptbot)"
20.171.207.171 - - [28/Sep/2025:02:24:15 -0600] "GET /168aipc6971.html?info HTTP/1.1" 200 44513 "-" "Mozilla/5.0 AppleWebKit/537.36 (KHTML, like Gecko; compatible; GPTBot/1.2; +https://openai.com/gptbot)"
20.171.207.171 - - [28/Sep/2025:02:24:19 -0600] "GET /43fcmz10478.html?info HTTP/1.1" 404 44513 "-" "Mozilla/5.0 AppleWebKit/537.36 (KHTML, like Gecko; compatible; GPTBot/1.2; +https://openai.com/gptbot)"
20.171.207.171 - - [28/Sep/2025:02:24:23 -0600] "GET /136lmzd7827.html?info HTTP/1.1" 404 44513 "-" "Mozilla/5.0 AppleWebKit/537.36 (KHTML, like Gecko; compatible; GPTBot/1.2; +https://openai.com/gptbot)"
20.171.207.171 - - [28/Sep/2025:02:24:27 -0600] "GET /239gfag1634.html?info HTTP/1.1" 404 44513 "-" "Mozilla/5.0 AppleWebKit/537.36 (KHTML, like Gecko; compatible; GPTBot/1.2; +https://openai.com/gptbot)"
20.171.207.171 - - [28/Sep/2025:02:24:30 -0600] "GET /150owxe3125.html?info HTTP/1.1" 200 44513 "-" "Mozilla/5.0 AppleWebKit/537.36 (KHTML, like Gecko; compatible; GPTBot/1.2; +https://openai.com/gptbot)"
173.208.176.202 - - [28/Sep/2025:02:23:03 -0600] "GET /wp-content/install.php?id=911075 HTTP/1.1" 200 - "-" "GuzzleHttp/7"
20.171.207.171 - - [28/Sep/2025:02:24:34 -0600] "GET /14dpyg17231.html?info HTTP/1.1" 200 44513 "-" "Mozilla/5.0 AppleWebKit/537.36 (KHTML, like Gecko; compatible; GPTBot/1.2; +https://openai.com/gptbot)"
20.171.207.171 - - [28/Sep/2025:02:24:37 -0600] "GET /75vsuu27462.html?info HTTP/1.1" 200 44513 "-" "Mozilla/5.0 AppleWebKit/537.36 (KHTML, like Gecko; compatible; GPTBot/1.2; +https://openai.com/gptbot)"
20.171.207.171 - - [28/Sep/2025:02:24:40 -0600] "GET /86vlnd30717.html?info HTTP/1.1" 404 44513 "-" "Mozilla/5.0 AppleWebKit/537.36 (KHTML, like Gecko; compatible; GPTBot/1.2; +https://openai.com/gptbot)"
20.171.207.171 - - [28/Sep/2025:02:24:44 -0600] "GET /128kghi3665.html?info HTTP/1.1" 404 44513 "-" "Mozilla/5.0 AppleWebKit/537.36 (KHTML, like Gecko; compatible; GPTBot/1.2; +https://openai.com/gptbot)"
20.171.207.171 - - [28/Sep/2025:02:24:49 -0600] "GET /or87?aksi=buatfile&path=/home/tsgmexic/4pie.com.mx HTTP/1.1" 404 101413 "-" "Mozilla/5.0 AppleWebKit/537.36 (KHTML, like Gecko; compatible; GPTBot/1.2; +https://openai.com/gptbot)"
20.171.207.171 - - [28/Sep/2025:02:24:53 -0600] "GET /297pfvm2560.html?info HTTP/1.1" 200 44513 "-" "Mozilla/5.0 AppleWebKit/537.36 (KHTML, like Gecko; compatible; GPTBot/1.2; +https://openai.com/gptbot)"
20.171.207.171 - - [28/Sep/2025:02:24:58 -0600] "GET /92knpq21841.html?info HTTP/1.1" 404 44513 "-" "Mozilla/5.0 AppleWebKit/537.36 (KHTML, like Gecko; compatible; GPTBot/1.2; +https://openai.com/gptbot)"
204.12.208.18 - - [28/Sep/2025:02:24:59 -0600] "GET /?sitemapindex.xml HTTP/1.1" 200 113563 "http://4pie.com.mx/?sitemapindex.xml" "Mozilla/5.0 (compatible; MSIE 10.0; Windows NT 6.2; ARM; Trident/6.0)"
20.171.207.171 - - [28/Sep/2025:02:25:02 -0600] "GET /39vagh32798.html?info HTTP/1.1" 200 44513 "-" "Mozilla/5.0 AppleWebKit/537.36 (KHTML, like Gecko; compatible; GPTBot/1.2; +https://openai.com/gptbot)"
20.171.207.171 - - [28/Sep/2025:02:25:10 -0600] "GET /91vaow13238.html?info HTTP/1.1" 200 44513 "-" "Mozilla/5.0 AppleWebKit/537.36 (KHTML, like Gecko; compatible; GPTBot/1.2; +https://openai.com/gptbot)"
20.171.207.171 - - [28/Sep/2025:02:25:15 -0600] "GET /193njyl8294.html?info HTTP/1.1" 404 44513 "-" "Mozilla/5.0 AppleWebKit/537.36 (KHTML, like Gecko; compatible; GPTBot/1.2; +https://openai.com/gptbot)"
20.171.207.171 - - [28/Sep/2025:02:25:21 -0600] "GET /103rivd9770.html?info HTTP/1.1" 404 44513 "-" "Mozilla/5.0 AppleWebKit/537.36 (KHTML, like Gecko; compatible; GPTBot/1.2; +https://openai.com/gptbot)"
20.171.207.171 - - [28/Sep/2025:02:25:26 -0600] "GET /220ezos3963.html?info HTTP/1.1" 200 44513 "-" "Mozilla/5.0 AppleWebKit/537.36 (KHTML, like Gecko; compatible; GPTBot/1.2; +https://openai.com/gptbot)"
20.171.207.171 - - [28/Sep/2025:02:25:30 -0600] "GET /31tvkk19826.html?info HTTP/1.1" 200 44513 "-" "Mozilla/5.0 AppleWebKit/537.36 (KHTML, like Gecko; compatible; GPTBot/1.2; +https://openai.com/gptbot)"
20.171.207.171 - - [28/Sep/2025:02:25:35 -0600] "GET /32nwcu34001.html?info HTTP/1.1" 404 44513 "-" "Mozilla/5.0 AppleWebKit/537.36 (KHTML, like Gecko; compatible; GPTBot/1.2; +https://openai.com/gptbot)"
20.171.207.171 - - [28/Sep/2025:02:25:41 -0600] "GET /35mxen17004.html?info HTTP/1.1" 404 44513 "-" "Mozilla/5.0 AppleWebKit/537.36 (KHTML, like Gecko; compatible; GPTBot/1.2; +https://openai.com/gptbot)"
20.171.207.171 - - [28/Sep/2025:02:25:45 -0600] "GET /258aorx9879.html?info HTTP/1.1" 200 44513 "-" "Mozilla/5.0 AppleWebKit/537.36 (KHTML, like Gecko; compatible; GPTBot/1.2; +https://openai.com/gptbot)"
20.171.207.171 - - [28/Sep/2025:02:25:48 -0600] "GET /197tjik6708.html?info HTTP/1.1" 200 44513 "-" "Mozilla/5.0 AppleWebKit/537.36 (KHTML, like Gecko; compatible; GPTBot/1.2; +https://openai.com/gptbot)"
20.171.207.171 - - [28/Sep/2025:02:25:53 -0600] "GET /99bcxc17376.html?info HTTP/1.1" 200 44513 "-" "Mozilla/5.0 AppleWebKit/537.36 (KHTML, like Gecko; compatible; GPTBot/1.2; +https://openai.com/gptbot)"
20.171.207.171 - - [28/Sep/2025:02:25:58 -0600] "GET /34yubx46485.html?info HTTP/1.1" 200 44513 "-" "Mozilla/5.0 AppleWebKit/537.36 (KHTML, like Gecko; compatible; GPTBot/1.2; +https://openai.com/gptbot)"
173.208.176.202 - - [28/Sep/2025:02:24:33 -0600] "GET /wp-content/install.php?id=911075 HTTP/1.1" 200 - "-" "GuzzleHttp/7"
51.195.183.158 - - [28/Sep/2025:02:26:02 -0600] "GET /robots.txt HTTP/1.1" 200 343 "-" "Mozilla/5.0 (compatible; AhrefsBot/7.0; +http://ahrefs.com/robot/)"
20.171.207.171 - - [28/Sep/2025:02:26:02 -0600] "GET /22qban38879.html?info HTTP/1.1" 200 44513 "-" "Mozilla/5.0 AppleWebKit/537.36 (KHTML, like Gecko; compatible; GPTBot/1.2; +https://openai.com/gptbot)"
142.44.228.239 - - [28/Sep/2025:02:26:03 -0600] "GET /search.php?sitemap786.xml HTTP/1.1" 200 13 "-" "Mozilla/5.0 (compatible; AhrefsBot/7.0; +http://ahrefs.com/robot/)"
20.171.207.171 - - [28/Sep/2025:02:26:05 -0600] "GET /139liyu1082.html?info HTTP/1.1" 404 44513 "-" "Mozilla/5.0 AppleWebKit/537.36 (KHTML, like Gecko; compatible; GPTBot/1.2; +https://openai.com/gptbot)"
20.171.207.171 - - [28/Sep/2025:02:26:08 -0600] "GET /199hwuo8432.html?info HTTP/1.1" 200 44513 "-" "Mozilla/5.0 AppleWebKit/537.36 (KHTML, like Gecko; compatible; GPTBot/1.2; +https://openai.com/gptbot)"
20.171.207.171 - - [28/Sep/2025:02:26:13 -0600] "GET /62zipc25631.html?info HTTP/1.1" 404 44513 "-" "Mozilla/5.0 AppleWebKit/537.36 (KHTML, like Gecko; compatible; GPTBot/1.2; +https://openai.com/gptbot)"
20.171.207.171 - - [28/Sep/2025:02:26:18 -0600] "GET /17zjqk22920.html?info HTTP/1.1" 200 44513 "-" "Mozilla/5.0 AppleWebKit/537.36 (KHTML, like Gecko; compatible; GPTBot/1.2; +https://openai.com/gptbot)"
20.171.207.171 - - [28/Sep/2025:02:26:22 -0600] "GET /201ggfe7604.html?info HTTP/1.1" 200 44513 "-" "Mozilla/5.0 AppleWebKit/537.36 (KHTML, like Gecko; compatible; GPTBot/1.2; +https://openai.com/gptbot)"
20.171.207.171 - - [28/Sep/2025:02:26:27 -0600] "GET /75isjo14660.html?info HTTP/1.1" 404 44513 "-" "Mozilla/5.0 AppleWebKit/537.36 (KHTML, like Gecko; compatible; GPTBot/1.2; +https://openai.com/gptbot)"
20.171.207.171 - - [28/Sep/2025:02:26:31 -0600] "GET /159gxkh4616.html?info HTTP/1.1" 404 44513 "-" "Mozilla/5.0 AppleWebKit/537.36 (KHTML, like Gecko; compatible; GPTBot/1.2; +https://openai.com/gptbot)"
20.171.207.171 - - [28/Sep/2025:02:26:34 -0600] "GET /80rlmc45277.html?info HTTP/1.1" 200 44513 "-" "Mozilla/5.0 AppleWebKit/537.36 (KHTML, like Gecko; compatible; GPTBot/1.2; +https://openai.com/gptbot)"
142.171.127.176 - - [28/Sep/2025:02:26:36 -0600] "POST /wp-cron.php?doing_wp_cron=1759047996.7461500167846679687500 HTTP/1.1" 403 4 "-" "WordPress/6.8; https://4pie.com.mx"
20.171.207.171 - - [28/Sep/2025:02:26:39 -0600] "GET /108ymvg8053.html?info HTTP/1.1" 200 44513 "-" "Mozilla/5.0 AppleWebKit/537.36 (KHTML, like Gecko; compatible; GPTBot/1.2; +https://openai.com/gptbot)"
20.171.207.171 - - [28/Sep/2025:02:26:45 -0600] "GET /11anqz23092.html?info HTTP/1.1" 200 44513 "-" "Mozilla/5.0 AppleWebKit/537.36 (KHTML, like Gecko; compatible; GPTBot/1.2; +https://openai.com/gptbot)"
20.171.207.171 - - [28/Sep/2025:02:26:50 -0600] "GET /86egti48305.html?info HTTP/1.1" 200 44513 "-" "Mozilla/5.0 AppleWebKit/537.36 (KHTML, like Gecko; compatible; GPTBot/1.2; +https://openai.com/gptbot)"
20.171.207.171 - - [28/Sep/2025:02:26:53 -0600] "GET /23nggp48810.html?info HTTP/1.1" 404 44513 "-" "Mozilla/5.0 AppleWebKit/537.36 (KHTML, like Gecko; compatible; GPTBot/1.2; +https://openai.com/gptbot)"
20.171.207.171 - - [28/Sep/2025:02:26:57 -0600] "GET /48aeve11353.html?info HTTP/1.1" 404 44513 "-" "Mozilla/5.0 AppleWebKit/537.36 (KHTML, like Gecko; compatible; GPTBot/1.2; +https://openai.com/gptbot)"
20.171.207.171 - - [28/Sep/2025:02:27:00 -0600] "GET /245vgno8640.html?info HTTP/1.1" 200 44513 "-" "Mozilla/5.0 AppleWebKit/537.36 (KHTML, like Gecko; compatible; GPTBot/1.2; +https://openai.com/gptbot)"
20.171.207.171 - - [28/Sep/2025:02:27:05 -0600] "GET /253ghvo8478.html?info HTTP/1.1" 200 44513 "-" "Mozilla/5.0 AppleWebKit/537.36 (KHTML, like Gecko; compatible; GPTBot/1.2; +https://openai.com/gptbot)"
20.171.207.171 - - [28/Sep/2025:02:27:08 -0600] "GET /73vixv20476.html?info HTTP/1.1" 404 44513 "-" "Mozilla/5.0 AppleWebKit/537.36 (KHTML, like Gecko; compatible; GPTBot/1.2; +https://openai.com/gptbot)"
20.171.207.171 - - [28/Sep/2025:02:27:13 -0600] "GET /185fkla7226.html?info HTTP/1.1" 404 44513 "-" "Mozilla/5.0 AppleWebKit/537.36 (KHTML, like Gecko; compatible; GPTBot/1.2; +https://openai.com/gptbot)"
20.171.207.171 - - [28/Sep/2025:02:27:17 -0600] "GET /39qiug13148.html?info HTTP/1.1" 404 44513 "-" "Mozilla/5.0 AppleWebKit/537.36 (KHTML, like Gecko; compatible; GPTBot/1.2; +https://openai.com/gptbot)"
20.171.207.171 - - [28/Sep/2025:02:27:20 -0600] "GET /92uijx15449.html?info HTTP/1.1" 200 44513 "-" "Mozilla/5.0 AppleWebKit/537.36 (KHTML, like Gecko; compatible; GPTBot/1.2; +https://openai.com/gptbot)"
20.171.207.171 - - [28/Sep/2025:02:27:24 -0600] "GET /169ldzl2470.html?info HTTP/1.1" 200 44513 "-" "Mozilla/5.0 AppleWebKit/537.36 (KHTML, like Gecko; compatible; GPTBot/1.2; +https://openai.com/gptbot)"
20.171.207.171 - - [28/Sep/2025:02:27:28 -0600] "GET /150ocjc7459.html?info HTTP/1.1" 200 44513 "-" "Mozilla/5.0 AppleWebKit/537.36 (KHTML, like Gecko; compatible; GPTBot/1.2; +https://openai.com/gptbot)"
173.208.176.202 - - [28/Sep/2025:02:26:00 -0600] "GET /wp-content/install.php?id=911075 HTTP/1.1" 200 - "-" "GuzzleHttp/7"
20.171.207.171 - - [28/Sep/2025:02:27:32 -0600] "GET /33qsnm21754.html?info HTTP/1.1" 200 44513 "-" "Mozilla/5.0 AppleWebKit/537.36 (KHTML, like Gecko; compatible; GPTBot/1.2; +https://openai.com/gptbot)"
20.171.207.171 - - [28/Sep/2025:02:27:36 -0600] "GET /78smmy42513.html?info HTTP/1.1" 200 44513 "-" "Mozilla/5.0 AppleWebKit/537.36 (KHTML, like Gecko; compatible; GPTBot/1.2; +https://openai.com/gptbot)"
20.171.207.171 - - [28/Sep/2025:02:27:39 -0600] "GET /115abtl6874.html?info HTTP/1.1" 200 44513 "-" "Mozilla/5.0 AppleWebKit/537.36 (KHTML, like Gecko; compatible; GPTBot/1.2; +https://openai.com/gptbot)"
51.222.95.16 - - [28/Sep/2025:02:27:45 -0600] "GET /?sitemap234.xml HTTP/1.1" 200 13 "-" "Mozilla/5.0 (compatible; AhrefsBot/7.0; +http://ahrefs.com/robot/)"
142.171.127.176 - - [28/Sep/2025:02:27:44 -0600] "POST /wp-cron.php?doing_wp_cron=1759048064.1854979991912841796875 HTTP/1.1" 403 23958 "-" "WordPress/6.8; https://4pie.com.mx"
20.171.207.171 - - [28/Sep/2025:02:27:47 -0600] "GET /61myst25846.html?info HTTP/1.1" 200 44513 "-" "Mozilla/5.0 AppleWebKit/537.36 (KHTML, like Gecko; compatible; GPTBot/1.2; +https://openai.com/gptbot)"
20.171.207.171 - - [28/Sep/2025:02:27:53 -0600] "GET /34sore40367.html?info HTTP/1.1" 404 44513 "-" "Mozilla/5.0 AppleWebKit/537.36 (KHTML, like Gecko; compatible; GPTBot/1.2; +https://openai.com/gptbot)"
20.171.207.171 - - [28/Sep/2025:02:27:56 -0600] "GET /66dcoj29737.html?info HTTP/1.1" 200 44513 "-" "Mozilla/5.0 AppleWebKit/537.36 (KHTML, like Gecko; compatible; GPTBot/1.2; +https://openai.com/gptbot)"
20.171.207.171 - - [28/Sep/2025:02:28:01 -0600] "GET /32wjon31967.html?info HTTP/1.1" 404 44513 "-" "Mozilla/5.0 AppleWebKit/537.36 (KHTML, like Gecko; compatible; GPTBot/1.2; +https://openai.com/gptbot)"
20.171.207.171 - - [28/Sep/2025:02:28:06 -0600] "GET /56bjnl21823.html?info HTTP/1.1" 404 44513 "-" "Mozilla/5.0 AppleWebKit/537.36 (KHTML, like Gecko; compatible; GPTBot/1.2; +https://openai.com/gptbot)"
20.171.207.171 - - [28/Sep/2025:02:28:11 -0600] "GET /147pric6410.html?info HTTP/1.1" 404 44513 "-" "Mozilla/5.0 AppleWebKit/537.36 (KHTML, like Gecko; compatible; GPTBot/1.2; +https://openai.com/gptbot)"
20.171.207.171 - - [28/Sep/2025:02:28:16 -0600] "GET /99seon10726.html?info HTTP/1.1" 200 44513 "-" "Mozilla/5.0 AppleWebKit/537.36 (KHTML, like Gecko; compatible; GPTBot/1.2; +https://openai.com/gptbot)"
20.171.207.171 - - [28/Sep/2025:02:28:21 -0600] "GET /175lqxg7080.html?info HTTP/1.1" 200 44513 "-" "Mozilla/5.0 AppleWebKit/537.36 (KHTML, like Gecko; compatible; GPTBot/1.2; +https://openai.com/gptbot)"
20.171.207.171 - - [28/Sep/2025:02:28:25 -0600] "GET /60nuvh28421.html?info HTTP/1.1" 200 44513 "-" "Mozilla/5.0 AppleWebKit/537.36 (KHTML, like Gecko; compatible; GPTBot/1.2; +https://openai.com/gptbot)"
20.171.207.171 - - [28/Sep/2025:02:28:32 -0600] "GET /168cemo9233.html?info HTTP/1.1" 404 44513 "-" "Mozilla/5.0 AppleWebKit/537.36 (KHTML, like Gecko; compatible; GPTBot/1.2; +https://openai.com/gptbot)"
20.171.207.171 - - [28/Sep/2025:02:28:36 -0600] "GET /183ddix2356.html?info HTTP/1.1" 404 44513 "-" "Mozilla/5.0 AppleWebKit/537.36 (KHTML, like Gecko; compatible; GPTBot/1.2; +https://openai.com/gptbot)"
20.171.207.171 - - [28/Sep/2025:02:28:38 -0600] "GET /88eqma44529.html?info HTTP/1.1" 404 44513 "-" "Mozilla/5.0 AppleWebKit/537.36 (KHTML, like Gecko; compatible; GPTBot/1.2; +https://openai.com/gptbot)"
20.171.207.171 - - [28/Sep/2025:02:28:41 -0600] "GET /85zdpd10166.html?info HTTP/1.1" 404 44513 "-" "Mozilla/5.0 AppleWebKit/537.36 (KHTML, like Gecko; compatible; GPTBot/1.2; +https://openai.com/gptbot)"
20.171.207.171 - - [28/Sep/2025:02:28:45 -0600] "GET /24xoir35183.html?info HTTP/1.1" 404 44513 "-" "Mozilla/5.0 AppleWebKit/537.36 (KHTML, like Gecko; compatible; GPTBot/1.2; +https://openai.com/gptbot)"
20.171.207.171 - - [28/Sep/2025:02:28:51 -0600] "GET /244ibbw7351.html?info HTTP/1.1" 404 44513 "-" "Mozilla/5.0 AppleWebKit/537.36 (KHTML, like Gecko; compatible; GPTBot/1.2; +https://openai.com/gptbot)"
20.171.207.171 - - [28/Sep/2025:02:28:54 -0600] "GET /63nwis19534.html?info HTTP/1.1" 200 44513 "-" "Mozilla/5.0 AppleWebKit/537.36 (KHTML, like Gecko; compatible; GPTBot/1.2; +https://openai.com/gptbot)"
20.171.207.171 - - [28/Sep/2025:02:28:58 -0600] "GET /84qfcf21605.html?info HTTP/1.1" 200 44513 "-" "Mozilla/5.0 AppleWebKit/537.36 (KHTML, like Gecko; compatible; GPTBot/1.2; +https://openai.com/gptbot)"
173.208.176.202 - - [28/Sep/2025:02:27:29 -0600] "GET /wp-content/install.php?id=911075 HTTP/1.1" 200 - "-" "GuzzleHttp/7"
20.171.207.171 - - [28/Sep/2025:02:29:01 -0600] "GET /72nujf19855.html?info HTTP/1.1" 404 44513 "-" "Mozilla/5.0 AppleWebKit/537.36 (KHTML, like Gecko; compatible; GPTBot/1.2; +https://openai.com/gptbot)"
20.171.207.171 - - [28/Sep/2025:02:29:05 -0600] "GET /150zivt2187.html?info HTTP/1.1" 200 44513 "-" "Mozilla/5.0 AppleWebKit/537.36 (KHTML, like Gecko; compatible; GPTBot/1.2; +https://openai.com/gptbot)"
20.171.207.171 - - [28/Sep/2025:02:29:10 -0600] "GET /179aynl4398.html?info HTTP/1.1" 200 44513 "-" "Mozilla/5.0 AppleWebKit/537.36 (KHTML, like Gecko; compatible; GPTBot/1.2; +https://openai.com/gptbot)"
20.171.207.171 - - [28/Sep/2025:02:29:14 -0600] "GET /31rcto20286.html?info HTTP/1.1" 404 44513 "-" "Mozilla/5.0 AppleWebKit/537.36 (KHTML, like Gecko; compatible; GPTBot/1.2; +https://openai.com/gptbot)"
20.171.207.171 - - [28/Sep/2025:02:29:17 -0600] "GET /259wzcr5898.html?info HTTP/1.1" 200 44513 "-" "Mozilla/5.0 AppleWebKit/537.36 (KHTML, like Gecko; compatible; GPTBot/1.2; +https://openai.com/gptbot)"
20.171.207.171 - - [28/Sep/2025:02:29:21 -0600] "GET /42lmow36091.html?info HTTP/1.1" 404 44513 "-" "Mozilla/5.0 AppleWebKit/537.36 (KHTML, like Gecko; compatible; GPTBot/1.2; +https://openai.com/gptbot)"
20.171.207.171 - - [28/Sep/2025:02:29:26 -0600] "GET /253uugb4828.html?info HTTP/1.1" 200 44513 "-" "Mozilla/5.0 AppleWebKit/537.36 (KHTML, like Gecko; compatible; GPTBot/1.2; +https://openai.com/gptbot)"
