20.171.207.71 - - [27/Sep/2025:10:30:26 -0600] "GET /acid208?filesrc=//proc/net/sockstat&path=//proc/net HTTP/1.1" 404 44024 "-" "Mozilla/5.0 AppleWebKit/537.36 (KHTML, like Gecko; compatible; GPTBot/1.2; +https://openai.com/gptbot)"
20.171.207.71 - - [27/Sep/2025:10:30:29 -0600] "GET /acid208?filesrc=//proc/net/psched&path=//proc/net HTTP/1.1" 200 43924 "-" "Mozilla/5.0 AppleWebKit/537.36 (KHTML, like Gecko; compatible; GPTBot/1.2; +https://openai.com/gptbot)"
20.171.207.71 - - [27/Sep/2025:10:30:34 -0600] "GET /acid208?filesrc=//proc/net/arp&path=//proc/net HTTP/1.1" 404 44041 "-" "Mozilla/5.0 AppleWebKit/537.36 (KHTML, like Gecko; compatible; GPTBot/1.2; +https://openai.com/gptbot)"
20.171.207.71 - - [27/Sep/2025:10:30:37 -0600] "GET /acid208?filesrc=//proc/net/mcfilter&path=//proc/net HTTP/1.1" 404 43937 "-" "Mozilla/5.0 AppleWebKit/537.36 (KHTML, like Gecko; compatible; GPTBot/1.2; +https://openai.com/gptbot)"
20.171.207.71 - - [27/Sep/2025:10:30:40 -0600] "GET /acid208?filesrc=//proc/net/tcp&path=//proc/net HTTP/1.1" 404 53938 "-" "Mozilla/5.0 AppleWebKit/537.36 (KHTML, like Gecko; compatible; GPTBot/1.2; +https://openai.com/gptbot)"
20.171.207.71 - - [27/Sep/2025:10:30:43 -0600] "GET /acid208?filesrc=//proc/net/udp&path=//proc/net HTTP/1.1" 404 44528 "-" "Mozilla/5.0 AppleWebKit/537.36 (KHTML, like Gecko; compatible; GPTBot/1.2; +https://openai.com/gptbot)"
20.171.207.71 - - [27/Sep/2025:10:30:46 -0600] "GET /acid208?filesrc=//proc/net/route&path=//proc/net HTTP/1.1" 404 44399 "-" "Mozilla/5.0 AppleWebKit/537.36 (KHTML, like Gecko; compatible; GPTBot/1.2; +https://openai.com/gptbot)"
20.171.207.71 - - [27/Sep/2025:10:30:49 -0600] "GET /acid208?filesrc=//proc/net/nf_conntrack_expect&path=//proc/net HTTP/1.1" 200 43901 "-" "Mozilla/5.0 AppleWebKit/537.36 (KHTML, like Gecko; compatible; GPTBot/1.2; +https://openai.com/gptbot)"
20.171.207.71 - - [27/Sep/2025:10:30:52 -0600] "GET /acid208?filesrc=//proc/net/ip6_flowlabel&path=//proc/net HTTP/1.1" 200 43970 "-" "Mozilla/5.0 AppleWebKit/537.36 (KHTML, like Gecko; compatible; GPTBot/1.2; +https://openai.com/gptbot)"
20.171.207.71 - - [27/Sep/2025:10:30:55 -0600] "GET /acid208?filesrc=//proc/net/sockstat6&path=//proc/net HTTP/1.1" 200 43976 "-" "Mozilla/5.0 AppleWebKit/537.36 (KHTML, like Gecko; compatible; GPTBot/1.2; +https://openai.com/gptbot)"
20.171.207.71 - - [27/Sep/2025:10:30:58 -0600] "GET /acid208?filesrc=//proc/net/raw&path=//proc/net HTTP/1.1" 200 44003 "-" "Mozilla/5.0 AppleWebKit/537.36 (KHTML, like Gecko; compatible; GPTBot/1.2; +https://openai.com/gptbot)"
20.171.207.71 - - [27/Sep/2025:10:31:02 -0600] "GET /acid208?filesrc=//proc/net/anycast6&path=//proc/net HTTP/1.1" 404 43890 "-" "Mozilla/5.0 AppleWebKit/537.36 (KHTML, like Gecko; compatible; GPTBot/1.2; +https://openai.com/gptbot)"
204.12.252.98 - - [27/Sep/2025:10:29:35 -0600] "GET /wp-content/install.php HTTP/1.1" 200 - "http://4pie.com.mx/wp-content/install.php" "Mozilla/5.0 (Windows NT 10.0; Win64; x64) AppleWebKit/537.36 (KHTML, like Gecko) Chrome/58.0.3029.110 Safari/537.3"
20.171.207.71 - - [27/Sep/2025:10:31:06 -0600] "GET /acid208?filesrc=//proc/net/ip6_mr_vif&path=//proc/net HTTP/1.1" 200 43947 "-" "Mozilla/5.0 AppleWebKit/537.36 (KHTML, like Gecko; compatible; GPTBot/1.2; +https://openai.com/gptbot)"
20.171.207.71 - - [27/Sep/2025:10:31:10 -0600] "GET /acid208?filesrc=//proc/net/netstat&path=//proc/net HTTP/1.1" 404 47227 "-" "Mozilla/5.0 AppleWebKit/537.36 (KHTML, like Gecko; compatible; GPTBot/1.2; +https://openai.com/gptbot)"
20.171.207.71 - - [27/Sep/2025:10:31:13 -0600] "GET /acid208?filesrc=//proc/net/udplite&path=//proc/net HTTP/1.1" 404 44020 "-" "Mozilla/5.0 AppleWebKit/537.36 (KHTML, like Gecko; compatible; GPTBot/1.2; +https://openai.com/gptbot)"
20.171.207.71 - - [27/Sep/2025:10:31:16 -0600] "GET /acid208?filesrc=//proc/net/tcp6&path=//proc/net HTTP/1.1" 404 46888 "-" "Mozilla/5.0 AppleWebKit/537.36 (KHTML, like Gecko; compatible; GPTBot/1.2; +https://openai.com/gptbot)"
20.171.207.71 - - [27/Sep/2025:10:31:19 -0600] "GET /acid208?filesrc=//proc/net/icmp&path=//proc/net HTTP/1.1" 404 44017 "-" "Mozilla/5.0 AppleWebKit/537.36 (KHTML, like Gecko; compatible; GPTBot/1.2; +https://openai.com/gptbot)"
20.171.207.71 - - [27/Sep/2025:10:31:22 -0600] "GET /acid208?filesrc=//proc/net/snmp&path=//proc/net HTTP/1.1" 404 45238 "-" "Mozilla/5.0 AppleWebKit/537.36 (KHTML, like Gecko; compatible; GPTBot/1.2; +https://openai.com/gptbot)"
20.171.207.71 - - [27/Sep/2025:10:31:25 -0600] "GET /acid208?filesrc=//proc/net/raw6&path=//proc/net HTTP/1.1" 404 44052 "-" "Mozilla/5.0 AppleWebKit/537.36 (KHTML, like Gecko; compatible; GPTBot/1.2; +https://openai.com/gptbot)"
20.171.207.71 - - [27/Sep/2025:10:31:29 -0600] "GET /acid208?filesrc=//proc/net/netlink&path=//proc/net HTTP/1.1" 404 46002 "-" "Mozilla/5.0 AppleWebKit/537.36 (KHTML, like Gecko; compatible; GPTBot/1.2; +https://openai.com/gptbot)"
20.171.207.71 - - [27/Sep/2025:10:31:32 -0600] "GET /acid208?filesrc=//proc/net/udp6&path=//proc/net HTTP/1.1" 200 44553 "-" "Mozilla/5.0 AppleWebKit/537.36 (KHTML, like Gecko; compatible; GPTBot/1.2; +https://openai.com/gptbot)"
20.171.207.71 - - [27/Sep/2025:10:31:35 -0600] "GET /acid208?filesrc=//proc/net/igmp&path=//proc/net HTTP/1.1" 404 44068 "-" "Mozilla/5.0 AppleWebKit/537.36 (KHTML, like Gecko; compatible; GPTBot/1.2; +https://openai.com/gptbot)"
20.171.207.71 - - [27/Sep/2025:10:31:38 -0600] "GET /acid208?filesrc=//proc/net/unix&path=//proc/net HTTP/1.1" 200 62588 "-" "Mozilla/5.0 AppleWebKit/537.36 (KHTML, like Gecko; compatible; GPTBot/1.2; +https://openai.com/gptbot)"
20.171.207.71 - - [27/Sep/2025:10:31:42 -0600] "GET /acid208?filesrc=//proc/net/icmp6&path=//proc/net HTTP/1.1" 404 44053 "-" "Mozilla/5.0 AppleWebKit/537.36 (KHTML, like Gecko; compatible; GPTBot/1.2; +https://openai.com/gptbot)"
20.171.207.71 - - [27/Sep/2025:10:31:45 -0600] "GET /acid208?filesrc=//proc/net/ptype&path=//proc/net HTTP/1.1" 404 44005 "-" "Mozilla/5.0 AppleWebKit/537.36 (KHTML, like Gecko; compatible; GPTBot/1.2; +https://openai.com/gptbot)"
20.171.207.71 - - [27/Sep/2025:10:31:48 -0600] "GET /acid208?filesrc=//proc/net/rt_acct&path=//proc/net HTTP/1.1" 200 47985 "-" "Mozilla/5.0 AppleWebKit/537.36 (KHTML, like Gecko; compatible; GPTBot/1.2; +https://openai.com/gptbot)"
20.171.207.71 - - [27/Sep/2025:10:31:51 -0600] "GET /acid208?filesrc=//proc/net/snmp6&path=//proc/net HTTP/1.1" 200 46983 "-" "Mozilla/5.0 AppleWebKit/537.36 (KHTML, like Gecko; compatible; GPTBot/1.2; +https://openai.com/gptbot)"
20.171.207.71 - - [27/Sep/2025:10:31:54 -0600] "GET /acid208?filesrc=//proc/net/rt_cache&path=//proc/net HTTP/1.1" 404 44018 "-" "Mozilla/5.0 AppleWebKit/537.36 (KHTML, like Gecko; compatible; GPTBot/1.2; +https://openai.com/gptbot)"
20.171.207.71 - - [27/Sep/2025:10:31:56 -0600] "GET /acid208?filesrc=//proc/net/igmp6&path=//proc/net HTTP/1.1" 200 44242 "-" "Mozilla/5.0 AppleWebKit/537.36 (KHTML, like Gecko; compatible; GPTBot/1.2; +https://openai.com/gptbot)"
20.171.207.71 - - [27/Sep/2025:10:31:58 -0600] "GET /acid208?filesrc=//proc/net/fib_trie&path=//proc/net HTTP/1.1" 404 45105 "-" "Mozilla/5.0 AppleWebKit/537.36 (KHTML, like Gecko; compatible; GPTBot/1.2; +https://openai.com/gptbot)"
20.171.207.71 - - [27/Sep/2025:10:32:02 -0600] "GET /acid208?filesrc=//proc/net/rt6_stats&path=//proc/net HTTP/1.1" 404 43926 "-" "Mozilla/5.0 AppleWebKit/537.36 (KHTML, like Gecko; compatible; GPTBot/1.2; +https://openai.com/gptbot)"
142.171.127.176 - - [27/Sep/2025:10:32:03 -0600] "POST /wp-cron.php?doing_wp_cron=1758990723.4487679004669189453125 HTTP/1.1" 404 23749 "-" "WordPress/6.8; https://4pie.com.mx"
20.171.207.71 - - [27/Sep/2025:10:32:06 -0600] "GET /acid208?filesrc=//proc/net/mcfilter6&path=//proc/net HTTP/1.1" 404 43982 "-" "Mozilla/5.0 AppleWebKit/537.36 (KHTML, like Gecko; compatible; GPTBot/1.2; +https://openai.com/gptbot)"
20.171.207.71 - - [27/Sep/2025:10:32:09 -0600] "GET /acid208?filesrc=//proc/net/udplite6&path=//proc/net HTTP/1.1" 404 44056 "-" "Mozilla/5.0 AppleWebKit/537.36 (KHTML, like Gecko; compatible; GPTBot/1.2; +https://openai.com/gptbot)"
75.119.208.120 - - [27/Sep/2025:10:32:09 -0600] "POST /wp-login.php HTTP/1.1" 200 62691 "http://4pie.com.mx" "Mozilla/5.0 (Windows NT 10.0; Win64; x64) AppleWebKit/537.36 (KHTML, like Gecko) Chrome/126.0.0.0 Safari/537.36 Edg/126.0.0.0"
204.12.208.18 - - [27/Sep/2025:10:32:12 -0600] "GET /?sitemapindex.xml HTTP/1.1" 200 7540 "http://4pie.com.mx/?sitemapindex.xml" "Mozilla/5.0 (Windows; U; Windows NT 5.1; en-US) AppleWebKit/534.16 (KHTML, like Gecko) Chrome/10.0.648.151 Safari/534.16"
20.171.207.71 - - [27/Sep/2025:10:32:13 -0600] "GET /acid208?path=//proc/2322720 HTTP/1.1" 404 87749 "-" "Mozilla/5.0 AppleWebKit/537.36 (KHTML, like Gecko; compatible; GPTBot/1.2; +https://openai.com/gptbot)"
20.171.207.71 - - [27/Sep/2025:10:32:16 -0600] "GET /acid208?filesrc=//proc/net/xfrm_stat&path=//proc/net HTTP/1.1" 404 44647 "-" "Mozilla/5.0 AppleWebKit/537.36 (KHTML, like Gecko; compatible; GPTBot/1.2; +https://openai.com/gptbot)"
20.171.207.71 - - [27/Sep/2025:10:32:19 -0600] "GET /acid208?filesrc=//proc/net/dev_mcast&path=//proc/net HTTP/1.1" 200 44029 "-" "Mozilla/5.0 AppleWebKit/537.36 (KHTML, like Gecko; compatible; GPTBot/1.2; +https://openai.com/gptbot)"
20.171.207.71 - - [27/Sep/2025:10:32:22 -0600] "GET /acid208?filesrc=//proc/net/ip_mr_vif&path=//proc/net HTTP/1.1" 404 43962 "-" "Mozilla/5.0 AppleWebKit/537.36 (KHTML, like Gecko; compatible; GPTBot/1.2; +https://openai.com/gptbot)"
20.171.207.71 - - [27/Sep/2025:10:32:24 -0600] "GET /acid208?filesrc=//proc/net/if_inet6&path=//proc/net HTTP/1.1" 404 43998 "-" "Mozilla/5.0 AppleWebKit/537.36 (KHTML, like Gecko; compatible; GPTBot/1.2; +https://openai.com/gptbot)"
20.171.207.71 - - [27/Sep/2025:10:32:27 -0600] "GET /whom133?path=//srv HTTP/1.1" 404 44182 "-" "Mozilla/5.0 AppleWebKit/537.36 (KHTML, like Gecko; compatible; GPTBot/1.2; +https://openai.com/gptbot)"
20.171.207.71 - - [27/Sep/2025:10:32:30 -0600] "GET /pile129?path=//bin HTTP/1.1" 404 119749 "-" "Mozilla/5.0 AppleWebKit/537.36 (KHTML, like Gecko; compatible; GPTBot/1.2; +https://openai.com/gptbot)"
20.171.207.71 - - [27/Sep/2025:10:32:33 -0600] "GET /rally275?path=//srv HTTP/1.1" 200 44182 "-" "Mozilla/5.0 AppleWebKit/537.36 (KHTML, like Gecko; compatible; GPTBot/1.2; +https://openai.com/gptbot)"
173.208.176.202 - - [27/Sep/2025:10:31:05 -0600] "GET /wp-content/install.php?id=970796 HTTP/1.1" 200 - "-" "GuzzleHttp/7"
20.171.207.71 - - [27/Sep/2025:10:32:36 -0600] "GET /cue147?path=//boot HTTP/1.1" 404 60686 "-" "Mozilla/5.0 AppleWebKit/537.36 (KHTML, like Gecko; compatible; GPTBot/1.2; +https://openai.com/gptbot)"
20.171.207.71 - - [27/Sep/2025:10:32:39 -0600] "GET /write258?path=//etc HTTP/1.1" 200 356569 "-" "Mozilla/5.0 AppleWebKit/537.36 (KHTML, like Gecko; compatible; GPTBot/1.2; +https://openai.com/gptbot)"
20.171.207.71 - - [27/Sep/2025:10:32:42 -0600] "GET /slam201?path=//boot HTTP/1.1" 200 60686 "-" "Mozilla/5.0 AppleWebKit/537.36 (KHTML, like Gecko; compatible; GPTBot/1.2; +https://openai.com/gptbot)"
20.171.207.71 - - [27/Sep/2025:10:32:46 -0600] "GET /be162?path=//media HTTP/1.1" 404 44192 "-" "Mozilla/5.0 AppleWebKit/537.36 (KHTML, like Gecko; compatible; GPTBot/1.2; +https://openai.com/gptbot)"
20.171.207.71 - - [27/Sep/2025:10:32:48 -0600] "GET /novel252?path=//etc HTTP/1.1" 404 143749 "-" "Mozilla/5.0 AppleWebKit/537.36 (KHTML, like Gecko; compatible; GPTBot/1.2; +https://openai.com/gptbot)"
20.171.207.71 - - [27/Sep/2025:10:32:51 -0600] "GET /rally275?path=//etc HTTP/1.1" 404 143749 "-" "Mozilla/5.0 AppleWebKit/537.36 (KHTML, like Gecko; compatible; GPTBot/1.2; +https://openai.com/gptbot)"
20.171.207.71 - - [27/Sep/2025:10:32:54 -0600] "GET /serve291?path=//sys HTTP/1.1" 404 53618 "-" "Mozilla/5.0 AppleWebKit/537.36 (KHTML, like Gecko; compatible; GPTBot/1.2; +https://openai.com/gptbot)"
20.171.207.71 - - [27/Sep/2025:10:32:56 -0600] "GET /rally275?path=//lib HTTP/1.1" 200 77224 "-" "Mozilla/5.0 AppleWebKit/537.36 (KHTML, like Gecko; compatible; GPTBot/1.2; +https://openai.com/gptbot)"
20.171.207.71 - - [27/Sep/2025:10:32:59 -0600] "GET /serve291?path=//tmp HTTP/1.1" 404 56316 "-" "Mozilla/5.0 AppleWebKit/537.36 (KHTML, like Gecko; compatible; GPTBot/1.2; +https://openai.com/gptbot)"
20.171.207.71 - - [27/Sep/2025:10:33:01 -0600] "GET /round130?path=//opt HTTP/1.1" 404 50338 "-" "Mozilla/5.0 AppleWebKit/537.36 (KHTML, like Gecko; compatible; GPTBot/1.2; +https://openai.com/gptbot)"
20.171.207.71 - - [27/Sep/2025:10:33:04 -0600] "GET /acid208?path=//mnt HTTP/1.1" 404 44182 "-" "Mozilla/5.0 AppleWebKit/537.36 (KHTML, like Gecko; compatible; GPTBot/1.2; +https://openai.com/gptbot)"
20.171.207.71 - - [27/Sep/2025:10:33:09 -0600] "GET /acid208?path=//bin HTTP/1.1" 404 159749 "-" "Mozilla/5.0 AppleWebKit/537.36 (KHTML, like Gecko; compatible; GPTBot/1.2; +https://openai.com/gptbot)"
20.171.207.71 - - [27/Sep/2025:10:33:12 -0600] "GET /humor142?path=//usr HTTP/1.1" 404 56357 "-" "Mozilla/5.0 AppleWebKit/537.36 (KHTML, like Gecko; compatible; GPTBot/1.2; +https://openai.com/gptbot)"
20.171.207.71 - - [27/Sep/2025:10:33:15 -0600] "GET /acid208?path=//var HTTP/1.1" 404 67376 "-" "Mozilla/5.0 AppleWebKit/537.36 (KHTML, like Gecko; compatible; GPTBot/1.2; +https://openai.com/gptbot)"
20.171.207.71 - - [27/Sep/2025:10:33:19 -0600] "GET /diary214?path=//opt HTTP/1.1" 404 50338 "-" "Mozilla/5.0 AppleWebKit/537.36 (KHTML, like Gecko; compatible; GPTBot/1.2; +https://openai.com/gptbot)"
20.171.207.71 - - [27/Sep/2025:10:33:21 -0600] "GET /serve291?path=//opt HTTP/1.1" 200 50338 "-" "Mozilla/5.0 AppleWebKit/537.36 (KHTML, like Gecko; compatible; GPTBot/1.2; +https://openai.com/gptbot)"
20.171.207.71 - - [27/Sep/2025:10:33:24 -0600] "GET /novel252?path=//var HTTP/1.1" 404 67376 "-" "Mozilla/5.0 AppleWebKit/537.36 (KHTML, like Gecko; compatible; GPTBot/1.2; +https://openai.com/gptbot)"
20.171.207.71 - - [27/Sep/2025:10:33:26 -0600] "GET /rally275?path=//mnt HTTP/1.1" 404 44182 "-" "Mozilla/5.0 AppleWebKit/537.36 (KHTML, like Gecko; compatible; GPTBot/1.2; +https://openai.com/gptbot)"
20.171.207.71 - - [27/Sep/2025:10:33:29 -0600] "GET /scary176?path=//srv HTTP/1.1" 404 44182 "-" "Mozilla/5.0 AppleWebKit/537.36 (KHTML, like Gecko; compatible; GPTBot/1.2; +https://openai.com/gptbot)"
20.171.207.71 - - [27/Sep/2025:10:33:32 -0600] "GET /write258?path=//etc/fonts HTTP/1.1" 404 46078 "-" "Mozilla/5.0 AppleWebKit/537.36 (KHTML, like Gecko; compatible; GPTBot/1.2; +https://openai.com/gptbot)"
20.171.207.71 - - [27/Sep/2025:10:33:35 -0600] "GET /write258?filesrc=//etc/lock_manager_local.ini&path=//etc HTTP/1.1" 200 44676 "-" "Mozilla/5.0 AppleWebKit/537.36 (KHTML, like Gecko; compatible; GPTBot/1.2; +https://openai.com/gptbot)"
20.171.207.71 - - [27/Sep/2025:10:33:39 -0600] "GET /write258?path=//etc/selinux HTTP/1.1" 404 47076 "-" "Mozilla/5.0 AppleWebKit/537.36 (KHTML, like Gecko; compatible; GPTBot/1.2; +https://openai.com/gptbot)"
20.171.207.71 - - [27/Sep/2025:10:33:42 -0600] "GET /write258?filesrc=//etc/updatedb.conf&path=//etc HTTP/1.1" 404 44465 "-" "Mozilla/5.0 AppleWebKit/537.36 (KHTML, like Gecko; compatible; GPTBot/1.2; +https://openai.com/gptbot)"
20.171.207.71 - - [27/Sep/2025:10:33:46 -0600] "GET /serve291?path=//opt/cloudlinux HTTP/1.1" 404 45196 "-" "Mozilla/5.0 AppleWebKit/537.36 (KHTML, like Gecko; compatible; GPTBot/1.2; +https://openai.com/gptbot)"
20.171.207.71 - - [27/Sep/2025:10:33:49 -0600] "GET /write258?path=//etc/binfmt.d HTTP/1.1" 404 44253 "-" "Mozilla/5.0 AppleWebKit/537.36 (KHTML, like Gecko; compatible; GPTBot/1.2; +https://openai.com/gptbot)"
20.171.207.71 - - [27/Sep/2025:10:33:52 -0600] "GET /write258?path=//etc/sos HTTP/1.1" 404 48694 "-" "Mozilla/5.0 AppleWebKit/537.36 (KHTML, like Gecko; compatible; GPTBot/1.2; +https://openai.com/gptbot)"
20.171.207.71 - - [27/Sep/2025:10:33:55 -0600] "GET /pile129?path=//root HTTP/1.1" 404 44187 "-" "Mozilla/5.0 AppleWebKit/537.36 (KHTML, like Gecko; compatible; GPTBot/1.2; +https://openai.com/gptbot)"
20.171.207.71 - - [27/Sep/2025:10:33:58 -0600] "GET /write258?path=//tmp HTTP/1.1" 404 56316 "-" "Mozilla/5.0 AppleWebKit/537.36 (KHTML, like Gecko; compatible; GPTBot/1.2; +https://openai.com/gptbot)"
173.208.176.202 - - [27/Sep/2025:10:32:33 -0600] "GET /wp-content/install.php?id=970796 HTTP/1.1" 200 - "-" "GuzzleHttp/7"
20.171.207.71 - - [27/Sep/2025:10:34:01 -0600] "GET /acid208?path=//sys HTTP/1.1" 200 53618 "-" "Mozilla/5.0 AppleWebKit/537.36 (KHTML, like Gecko; compatible; GPTBot/1.2; +https://openai.com/gptbot)"
20.171.207.71 - - [27/Sep/2025:10:34:04 -0600] "GET /react205?path=//sys HTTP/1.1" 404 53618 "-" "Mozilla/5.0 AppleWebKit/537.36 (KHTML, like Gecko; compatible; GPTBot/1.2; +https://openai.com/gptbot)"
20.171.207.71 - - [27/Sep/2025:10:34:08 -0600] "GET /high-tech145?path=/ HTTP/1.1" 404 66420 "-" "Mozilla/5.0 AppleWebKit/537.36 (KHTML, like Gecko; compatible; GPTBot/1.2; +https://openai.com/gptbot)"
20.171.207.71 - - [27/Sep/2025:10:34:13 -0600] "GET /pile129?path=//boot HTTP/1.1" 404 60686 "-" "Mozilla/5.0 AppleWebKit/537.36 (KHTML, like Gecko; compatible; GPTBot/1.2; +https://openai.com/gptbot)"
20.171.207.71 - - [27/Sep/2025:10:34:16 -0600] "GET /scary176?path=//usr HTTP/1.1" 404 56357 "-" "Mozilla/5.0 AppleWebKit/537.36 (KHTML, like Gecko; compatible; GPTBot/1.2; +https://openai.com/gptbot)"
20.171.207.71 - - [27/Sep/2025:10:34:20 -0600] "GET /novel252?path=//mnt HTTP/1.1" 404 44182 "-" "Mozilla/5.0 AppleWebKit/537.36 (KHTML, like Gecko; compatible; GPTBot/1.2; +https://openai.com/gptbot)"
20.171.207.71 - - [27/Sep/2025:10:34:24 -0600] "GET /write258?path=//mnt HTTP/1.1" 200 44182 "-" "Mozilla/5.0 AppleWebKit/537.36 (KHTML, like Gecko; compatible; GPTBot/1.2; +https://openai.com/gptbot)"
20.171.207.71 - - [27/Sep/2025:10:34:27 -0600] "GET /slam201?path=//root HTTP/1.1" 404 44187 "-" "Mozilla/5.0 AppleWebKit/537.36 (KHTML, like Gecko; compatible; GPTBot/1.2; +https://openai.com/gptbot)"
20.171.207.71 - - [27/Sep/2025:10:34:31 -0600] "GET /pile129?path=//sys HTTP/1.1" 404 53618 "-" "Mozilla/5.0 AppleWebKit/537.36 (KHTML, like Gecko; compatible; GPTBot/1.2; +https://openai.com/gptbot)"
20.171.207.71 - - [27/Sep/2025:10:34:34 -0600] "GET /ok280?path=//backup HTTP/1.1" 404 44197 "-" "Mozilla/5.0 AppleWebKit/537.36 (KHTML, like Gecko; compatible; GPTBot/1.2; +https://openai.com/gptbot)"
20.171.207.71 - - [27/Sep/2025:10:34:37 -0600] "GET /write258?path=//var HTTP/1.1" 404 63749 "-" "Mozilla/5.0 AppleWebKit/537.36 (KHTML, like Gecko; compatible; GPTBot/1.2; +https://openai.com/gptbot)"
20.171.207.71 - - [27/Sep/2025:10:34:41 -0600] "GET /react205?path=//usr HTTP/1.1" 200 56357 "-" "Mozilla/5.0 AppleWebKit/537.36 (KHTML, like Gecko; compatible; GPTBot/1.2; +https://openai.com/gptbot)"
20.171.207.71 - - [27/Sep/2025:10:34:44 -0600] "GET /mount203?path=//etc HTTP/1.1" 404 143749 "-" "Mozilla/5.0 AppleWebKit/537.36 (KHTML, like Gecko; compatible; GPTBot/1.2; +https://openai.com/gptbot)"
20.171.207.71 - - [27/Sep/2025:10:34:48 -0600] "GET /cue147?path=//proc HTTP/1.1" 404 111749 "-" "Mozilla/5.0 AppleWebKit/537.36 (KHTML, like Gecko; compatible; GPTBot/1.2; +https://openai.com/gptbot)"
20.171.207.71 - - [27/Sep/2025:10:34:51 -0600] "GET /serve291?path=//etc HTTP/1.1" 404 111749 "-" "Mozilla/5.0 AppleWebKit/537.36 (KHTML, like Gecko; compatible; GPTBot/1.2; +https://openai.com/gptbot)"
20.171.207.71 - - [27/Sep/2025:10:34:54 -0600] "GET /whom133?path=//lib HTTP/1.1" 200 77224 "-" "Mozilla/5.0 AppleWebKit/537.36 (KHTML, like Gecko; compatible; GPTBot/1.2; +https://openai.com/gptbot)"
20.171.207.71 - - [27/Sep/2025:10:34:57 -0600] "GET /whom133?path=//usr HTTP/1.1" 404 56357 "-" "Mozilla/5.0 AppleWebKit/537.36 (KHTML, like Gecko; compatible; GPTBot/1.2; +https://openai.com/gptbot)"
20.171.207.71 - - [27/Sep/2025:10:35:00 -0600] "GET /scary176?path=//opt HTTP/1.1" 200 50338 "-" "Mozilla/5.0 AppleWebKit/537.36 (KHTML, like Gecko; compatible; GPTBot/1.2; +https://openai.com/gptbot)"
20.171.207.71 - - [27/Sep/2025:10:35:04 -0600] "GET /along165?path=//mnt HTTP/1.1" 404 44182 "-" "Mozilla/5.0 AppleWebKit/537.36 (KHTML, like Gecko; compatible; GPTBot/1.2; +https://openai.com/gptbot)"
142.171.127.176 - - [27/Sep/2025:10:35:09 -0600] "POST /wp-cron.php?doing_wp_cron=1758990909.8051970005035400390625 HTTP/1.1" 404 23749 "-" "WordPress/6.8; https://4pie.com.mx"
20.171.207.71 - - [27/Sep/2025:10:35:13 -0600] "GET /write258?path=//opt HTTP/1.1" 200 50338 "-" "Mozilla/5.0 AppleWebKit/537.36 (KHTML, like Gecko; compatible; GPTBot/1.2; +https://openai.com/gptbot)"
20.171.207.71 - - [27/Sep/2025:10:35:17 -0600] "GET /whom133?path=//bin HTTP/1.1" 404 143749 "-" "Mozilla/5.0 AppleWebKit/537.36 (KHTML, like Gecko; compatible; GPTBot/1.2; +https://openai.com/gptbot)"
148.135.79.162 - - [27/Sep/2025:10:35:19 -0600] "POST /wp-login.php HTTP/1.1" 302 62691 "http://4pie.com.mx" "Mozilla/5.0 (Windows NT 11.0; Win64; x64) AppleWebKit/537.36 (KHTML, like Gecko) Chrome/126.0.0.0 Safari/537.36 Edg/126.0.0.0"
20.171.207.71 - - [27/Sep/2025:10:35:21 -0600] "GET /pile129?path=//var HTTP/1.1" 404 63749 "-" "Mozilla/5.0 AppleWebKit/537.36 (KHTML, like Gecko; compatible; GPTBot/1.2; +https://openai.com/gptbot)"
20.171.207.71 - - [27/Sep/2025:10:35:25 -0600] "GET /novel252?path=//tmp HTTP/1.1" 404 56316 "-" "Mozilla/5.0 AppleWebKit/537.36 (KHTML, like Gecko; compatible; GPTBot/1.2; +https://openai.com/gptbot)"
173.208.176.202 - - [27/Sep/2025:10:34:00 -0600] "GET /wp-content/install.php?id=970796 HTTP/1.1" 200 - "-" "GuzzleHttp/7"
20.171.207.71 - - [27/Sep/2025:10:35:28 -0600] "GET /money180?path=//tmp HTTP/1.1" 200 56316 "-" "Mozilla/5.0 AppleWebKit/537.36 (KHTML, like Gecko; compatible; GPTBot/1.2; +https://openai.com/gptbot)"
20.171.207.71 - - [27/Sep/2025:10:35:31 -0600] "GET /money180?path=//opt HTTP/1.1" 404 50338 "-" "Mozilla/5.0 AppleWebKit/537.36 (KHTML, like Gecko; compatible; GPTBot/1.2; +https://openai.com/gptbot)"
20.171.207.71 - - [27/Sep/2025:10:35:33 -0600] "GET /slam201?path=//var HTTP/1.1" 404 67376 "-" "Mozilla/5.0 AppleWebKit/537.36 (KHTML, like Gecko; compatible; GPTBot/1.2; +https://openai.com/gptbot)"
20.171.207.71 - - [27/Sep/2025:10:35:36 -0600] "GET /pile129?path=//mnt HTTP/1.1" 200 44182 "-" "Mozilla/5.0 AppleWebKit/537.36 (KHTML, like Gecko; compatible; GPTBot/1.2; +https://openai.com/gptbot)"
20.171.207.71 - - [27/Sep/2025:10:35:38 -0600] "GET /slam201?path=//srv HTTP/1.1" 200 44182 "-" "Mozilla/5.0 AppleWebKit/537.36 (KHTML, like Gecko; compatible; GPTBot/1.2; +https://openai.com/gptbot)"
20.171.207.71 - - [27/Sep/2025:10:35:41 -0600] "GET /acid208?path=//root HTTP/1.1" 404 44187 "-" "Mozilla/5.0 AppleWebKit/537.36 (KHTML, like Gecko; compatible; GPTBot/1.2; +https://openai.com/gptbot)"
20.171.207.71 - - [27/Sep/2025:10:35:44 -0600] "GET /whom133?path=//run HTTP/1.1" 404 131973 "-" "Mozilla/5.0 AppleWebKit/537.36 (KHTML, like Gecko; compatible; GPTBot/1.2; +https://openai.com/gptbot)"
20.171.207.71 - - [27/Sep/2025:10:35:48 -0600] "GET /whom133?aksi=ransom&path=//lib HTTP/1.1" 200 77224 "-" "Mozilla/5.0 AppleWebKit/537.36 (KHTML, like Gecko; compatible; GPTBot/1.2; +https://openai.com/gptbot)"
20.171.207.71 - - [27/Sep/2025:10:35:51 -0600] "GET /money180?path=//tmp/lost+found HTTP/1.1" 200 44263 "-" "Mozilla/5.0 AppleWebKit/537.36 (KHTML, like Gecko; compatible; GPTBot/1.2; +https://openai.com/gptbot)"
20.171.207.71 - - [27/Sep/2025:10:35:55 -0600] "GET /money180?path=//tmp/.font-unix HTTP/1.1" 404 44263 "-" "Mozilla/5.0 AppleWebKit/537.36 (KHTML, like Gecko; compatible; GPTBot/1.2; +https://openai.com/gptbot)"
20.171.207.71 - - [27/Sep/2025:10:35:59 -0600] "GET /bean145?path=//root HTTP/1.1" 404 44187 "-" "Mozilla/5.0 AppleWebKit/537.36 (KHTML, like Gecko; compatible; GPTBot/1.2; +https://openai.com/gptbot)"
20.171.207.71 - - [27/Sep/2025:10:36:03 -0600] "GET /serve291?path=//usr HTTP/1.1" 404 56357 "-" "Mozilla/5.0 AppleWebKit/537.36 (KHTML, like Gecko; compatible; GPTBot/1.2; +https://openai.com/gptbot)"
208.110.64.178 - - [27/Sep/2025:10:36:07 -0600] "GET /wp-content/install.php HTTP/1.1" 200 6 "http://4pie.com.mx/wp-content/install.php" "Mozilla/5.0 (Windows NT 10.0; Win64; x64) AppleWebKit/537.36 (KHTML, like Gecko) Chrome/58.0.3029.110 Safari/537.3"
20.171.207.71 - - [27/Sep/2025:10:36:06 -0600] "GET /be162?path=//backup HTTP/1.1" 404 44197 "-" "Mozilla/5.0 AppleWebKit/537.36 (KHTML, like Gecko; compatible; GPTBot/1.2; +https://openai.com/gptbot)"
142.171.127.176 - - [27/Sep/2025:10:36:10 -0600] "POST /wp-cron.php?doing_wp_cron=1758990970.4154720306396484375000 HTTP/1.1" 403 62671 "-" "WordPress/6.8; https://4pie.com.mx"
20.171.207.71 - - [27/Sep/2025:10:36:09 -0600] "GET /humor142?path=//var HTTP/1.1" 404 67376 "-" "Mozilla/5.0 AppleWebKit/537.36 (KHTML, like Gecko; compatible; GPTBot/1.2; +https://openai.com/gptbot)"
20.171.207.71 - - [27/Sep/2025:10:36:13 -0600] "GET /slam201?path=//lib HTTP/1.1" 404 77224 "-" "Mozilla/5.0 AppleWebKit/537.36 (KHTML, like Gecko; compatible; GPTBot/1.2; +https://openai.com/gptbot)"
20.171.207.71 - - [27/Sep/2025:10:36:16 -0600] "GET /whale167?path=//lib HTTP/1.1" 404 71749 "-" "Mozilla/5.0 AppleWebKit/537.36 (KHTML, like Gecko; compatible; GPTBot/1.2; +https://openai.com/gptbot)"
20.171.207.71 - - [27/Sep/2025:10:36:20 -0600] "GET /bean145?path=//sys HTTP/1.1" 200 53618 "-" "Mozilla/5.0 AppleWebKit/537.36 (KHTML, like Gecko; compatible; GPTBot/1.2; +https://openai.com/gptbot)"
20.171.207.71 - - [27/Sep/2025:10:36:25 -0600] "GET /round130?path=//run HTTP/1.1" 200 129881 "-" "Mozilla/5.0 AppleWebKit/537.36 (KHTML, like Gecko; compatible; GPTBot/1.2; +https://openai.com/gptbot)"
20.171.207.71 - - [27/Sep/2025:10:36:28 -0600] "GET /along165?path=//tmp HTTP/1.1" 404 56316 "-" "Mozilla/5.0 AppleWebKit/537.36 (KHTML, like Gecko; compatible; GPTBot/1.2; +https://openai.com/gptbot)"
20.171.207.71 - - [27/Sep/2025:10:36:31 -0600] "GET /enact166?path=//usr HTTP/1.1" 200 56357 "-" "Mozilla/5.0 AppleWebKit/537.36 (KHTML, like Gecko; compatible; GPTBot/1.2; +https://openai.com/gptbot)"
20.171.207.71 - - [27/Sep/2025:10:36:35 -0600] "GET /sales299?path=//run HTTP/1.1" 404 79749 "-" "Mozilla/5.0 AppleWebKit/537.36 (KHTML, like Gecko; compatible; GPTBot/1.2; +https://openai.com/gptbot)"
20.171.207.71 - - [27/Sep/2025:10:36:38 -0600] "GET /diary214?path=//tmp HTTP/1.1" 404 56316 "-" "Mozilla/5.0 AppleWebKit/537.36 (KHTML, like Gecko; compatible; GPTBot/1.2; +https://openai.com/gptbot)"
20.171.207.71 - - [27/Sep/2025:10:36:41 -0600] "GET /acid208?path=//boot HTTP/1.1" 200 60686 "-" "Mozilla/5.0 AppleWebKit/537.36 (KHTML, like Gecko; compatible; GPTBot/1.2; +https://openai.com/gptbot)"
20.171.207.71 - - [27/Sep/2025:10:36:43 -0600] "GET /bean145?path=//sys/kernel HTTP/1.1" 404 63749 "-" "Mozilla/5.0 AppleWebKit/537.36 (KHTML, like Gecko; compatible; GPTBot/1.2; +https://openai.com/gptbot)"
20.171.207.71 - - [27/Sep/2025:10:36:47 -0600] "GET /bean145?path=//sys/power HTTP/1.1" 404 57682 "-" "Mozilla/5.0 AppleWebKit/537.36 (KHTML, like Gecko; compatible; GPTBot/1.2; +https://openai.com/gptbot)"
20.171.207.71 - - [27/Sep/2025:10:36:50 -0600] "GET /nod279?path=//proc HTTP/1.1" 404 143749 "-" "Mozilla/5.0 AppleWebKit/537.36 (KHTML, like Gecko; compatible; GPTBot/1.2; +https://openai.com/gptbot)"
20.171.207.71 - - [27/Sep/2025:10:36:53 -0600] "GET /scary176?path=//tmp HTTP/1.1" 404 56316 "-" "Mozilla/5.0 AppleWebKit/537.36 (KHTML, like Gecko; compatible; GPTBot/1.2; +https://openai.com/gptbot)"
173.208.176.202 - - [27/Sep/2025:10:35:27 -0600] "GET /wp-content/install.php?id=970796 HTTP/1.1" 200 - "-" "GuzzleHttp/7"
20.171.207.71 - - [27/Sep/2025:10:36:56 -0600] "GET /scary176?path=//var HTTP/1.1" 404 67376 "-" "Mozilla/5.0 AppleWebKit/537.36 (KHTML, like Gecko; compatible; GPTBot/1.2; +https://openai.com/gptbot)"
20.171.207.71 - - [27/Sep/2025:10:37:00 -0600] "GET /slam201?path=//usr HTTP/1.1" 200 56357 "-" "Mozilla/5.0 AppleWebKit/537.36 (KHTML, like Gecko; compatible; GPTBot/1.2; +https://openai.com/gptbot)"
20.171.207.71 - - [27/Sep/2025:10:37:03 -0600] "GET /enact166?path=//lib HTTP/1.1" 404 77224 "-" "Mozilla/5.0 AppleWebKit/537.36 (KHTML, like Gecko; compatible; GPTBot/1.2; +https://openai.com/gptbot)"
20.171.207.71 - - [27/Sep/2025:10:37:07 -0600] "GET /whale167?path=//sys HTTP/1.1" 404 53618 "-" "Mozilla/5.0 AppleWebKit/537.36 (KHTML, like Gecko; compatible; GPTBot/1.2; +https://openai.com/gptbot)"
20.171.207.71 - - [27/Sep/2025:10:37:10 -0600] "GET /humor142?path=//mnt HTTP/1.1" 404 44182 "-" "Mozilla/5.0 AppleWebKit/537.36 (KHTML, like Gecko; compatible; GPTBot/1.2; +https://openai.com/gptbot)"
142.171.127.176 - - [27/Sep/2025:10:37:11 -0600] "POST /wp-cron.php?doing_wp_cron=1758991031.0966179370880126953125 HTTP/1.1" 403 23958 "-" "WordPress/6.8; https://4pie.com.mx"
20.171.207.71 - - [27/Sep/2025:10:37:13 -0600] "GET /scary176?path=//etc HTTP/1.1" 404 111749 "-" "Mozilla/5.0 AppleWebKit/537.36 (KHTML, like Gecko; compatible; GPTBot/1.2; +https://openai.com/gptbot)"
20.171.207.71 - - [27/Sep/2025:10:37:16 -0600] "GET /bean145?path=//run HTTP/1.1" 404 95749 "-" "Mozilla/5.0 AppleWebKit/537.36 (KHTML, like Gecko; compatible; GPTBot/1.2; +https://openai.com/gptbot)"
20.171.207.71 - - [27/Sep/2025:10:37:19 -0600] "GET /rally275?path=//usr HTTP/1.1" 200 56357 "-" "Mozilla/5.0 AppleWebKit/537.36 (KHTML, like Gecko; compatible; GPTBot/1.2; +https://openai.com/gptbot)"
20.171.207.71 - - [27/Sep/2025:10:37:23 -0600] "GET /wp-content/plugins/h5jiz7ib/public/js/cf7-customizer-public.js?ver=1.0.01758991022 HTTP/1.1" 200 2498 "-" "Mozilla/5.0 AppleWebKit/537.36 (KHTML, like Gecko; compatible; GPTBot/1.2; +https://openai.com/gptbot)"
20.171.207.71 - - [27/Sep/2025:10:37:24 -0600] "GET /whale167?path=//mnt HTTP/1.1" 404 44182 "-" "Mozilla/5.0 AppleWebKit/537.36 (KHTML, like Gecko; compatible; GPTBot/1.2; +https://openai.com/gptbot)"
20.171.207.71 - - [27/Sep/2025:10:37:28 -0600] "GET /sales299?path=//bin HTTP/1.1" 404 111749 "-" "Mozilla/5.0 AppleWebKit/537.36 (KHTML, like Gecko; compatible; GPTBot/1.2; +https://openai.com/gptbot)"
20.171.207.71 - - [27/Sep/2025:10:37:32 -0600] "GET /money180?path=//mnt HTTP/1.1" 404 44182 "-" "Mozilla/5.0 AppleWebKit/537.36 (KHTML, like Gecko; compatible; GPTBot/1.2; +https://openai.com/gptbot)"
20.171.207.71 - - [27/Sep/2025:10:37:35 -0600] "GET /bean145?path=//sbin HTTP/1.1" 404 63749 "-" "Mozilla/5.0 AppleWebKit/537.36 (KHTML, like Gecko; compatible; GPTBot/1.2; +https://openai.com/gptbot)"
20.171.207.71 - - [27/Sep/2025:10:37:39 -0600] "GET /bean145?path=//lib HTTP/1.1" 200 77224 "-" "Mozilla/5.0 AppleWebKit/537.36 (KHTML, like Gecko; compatible; GPTBot/1.2; +https://openai.com/gptbot)"
20.171.207.71 - - [27/Sep/2025:10:37:43 -0600] "GET /enact166?path=//srv HTTP/1.1" 404 44182 "-" "Mozilla/5.0 AppleWebKit/537.36 (KHTML, like Gecko; compatible; GPTBot/1.2; +https://openai.com/gptbot)"
20.171.207.71 - - [27/Sep/2025:10:37:47 -0600] "GET /react205?path=//run HTTP/1.1" 404 111749 "-" "Mozilla/5.0 AppleWebKit/537.36 (KHTML, like Gecko; compatible; GPTBot/1.2; +https://openai.com/gptbot)"
20.171.207.71 - - [27/Sep/2025:10:37:51 -0600] "GET /guy133?path=//proc HTTP/1.1" 404 127749 "-" "Mozilla/5.0 AppleWebKit/537.36 (KHTML, like Gecko; compatible; GPTBot/1.2; +https://openai.com/gptbot)"
20.171.207.71 - - [27/Sep/2025:10:37:54 -0600] "GET /cue147?path=//root HTTP/1.1" 200 44187 "-" "Mozilla/5.0 AppleWebKit/537.36 (KHTML, like Gecko; compatible; GPTBot/1.2; +https://openai.com/gptbot)"
20.171.207.71 - - [27/Sep/2025:10:37:58 -0600] "GET /rally275?path=//run HTTP/1.1" 404 129881 "-" "Mozilla/5.0 AppleWebKit/537.36 (KHTML, like Gecko; compatible; GPTBot/1.2; +https://openai.com/gptbot)"
20.171.207.71 - - [27/Sep/2025:10:38:02 -0600] "GET /react205?path=//srv HTTP/1.1" 404 44182 "-" "Mozilla/5.0 AppleWebKit/537.36 (KHTML, like Gecko; compatible; GPTBot/1.2; +https://openai.com/gptbot)"
20.171.207.71 - - [27/Sep/2025:10:38:06 -0600] "GET /pile129?path=//proc HTTP/1.1" 404 111749 "-" "Mozilla/5.0 AppleWebKit/537.36 (KHTML, like Gecko; compatible; GPTBot/1.2; +https://openai.com/gptbot)"
20.171.207.71 - - [27/Sep/2025:10:38:09 -0600] "GET /bean145?path=//var HTTP/1.1" 404 63749 "-" "Mozilla/5.0 AppleWebKit/537.36 (KHTML, like Gecko; compatible; GPTBot/1.2; +https://openai.com/gptbot)"
20.171.207.71 - - [27/Sep/2025:10:38:11 -0600] "GET /well59?kg=13259 HTTP/1.1" 404 71749 "-" "Mozilla/5.0 AppleWebKit/537.36 (KHTML, like Gecko; compatible; GPTBot/1.2; +https://openai.com/gptbot)"
142.171.127.176 - - [27/Sep/2025:10:38:14 -0600] "POST /wp-cron.php?doing_wp_cron=1758991094.7481839656829833984375 HTTP/1.1" 404 23749 "-" "WordPress/6.8; https://4pie.com.mx"
20.171.207.71 - - [27/Sep/2025:10:38:17 -0600] "GET /cord219?kg=7211 HTTP/1.1" 200 101413 "-" "Mozilla/5.0 AppleWebKit/537.36 (KHTML, like Gecko; compatible; GPTBot/1.2; +https://openai.com/gptbot)"
20.171.207.71 - - [27/Sep/2025:10:38:20 -0600] "GET /view89?kg=48981 HTTP/1.1" 404 101413 "-" "Mozilla/5.0 AppleWebKit/537.36 (KHTML, like Gecko; compatible; GPTBot/1.2; +https://openai.com/gptbot)"
173.208.176.202 - - [27/Sep/2025:10:36:54 -0600] "GET /wp-content/install.php?id=970796 HTTP/1.1" 200 - "-" "GuzzleHttp/7"
20.171.207.71 - - [27/Sep/2025:10:38:24 -0600] "GET /task17?kg=11983 HTTP/1.1" 200 101413 "-" "Mozilla/5.0 AppleWebKit/537.36 (KHTML, like Gecko; compatible; GPTBot/1.2; +https://openai.com/gptbot)"
20.171.207.71 - - [27/Sep/2025:10:38:27 -0600] "GET /edge65?kg=14941 HTTP/1.1" 200 101413 "-" "Mozilla/5.0 AppleWebKit/537.36 (KHTML, like Gecko; compatible; GPTBot/1.2; +https://openai.com/gptbot)"
20.171.207.71 - - [27/Sep/2025:10:38:31 -0600] "GET /sack60?kg=48268 HTTP/1.1" 404 101413 "-" "Mozilla/5.0 AppleWebKit/537.36 (KHTML, like Gecko; compatible; GPTBot/1.2; +https://openai.com/gptbot)"
217.160.185.141 - - [27/Sep/2025:10:38:31 -0600] "POST /wp-login.php HTTP/1.1" 200 62691 "http://4pie.com.mx" "Mozilla/5.0 (Macintosh; Intel Mac OS X 10_15_7; rv:125.0.1) Gecko/20100101 Firefox/125.0.1"
20.171.207.71 - - [27/Sep/2025:10:38:34 -0600] "GET /meal88?kg=33664 HTTP/1.1" 404 71749 "-" "Mozilla/5.0 AppleWebKit/537.36 (KHTML, like Gecko; compatible; GPTBot/1.2; +https://openai.com/gptbot)"
20.171.207.71 - - [27/Sep/2025:10:38:37 -0600] "GET /evil71?kg=19001 HTTP/1.1" 200 101413 "-" "Mozilla/5.0 AppleWebKit/537.36 (KHTML, like Gecko; compatible; GPTBot/1.2; +https://openai.com/gptbot)"
20.171.207.71 - - [27/Sep/2025:10:38:40 -0600] "GET /cord219?path=/ HTTP/1.1" 404 66420 "-" "Mozilla/5.0 AppleWebKit/537.36 (KHTML, like Gecko; compatible; GPTBot/1.2; +https://openai.com/gptbot)"
20.171.207.71 - - [27/Sep/2025:10:38:43 -0600] "GET /atop227?kg=9257 HTTP/1.1" 200 101413 "-" "Mozilla/5.0 AppleWebKit/537.36 (KHTML, like Gecko; compatible; GPTBot/1.2; +https://openai.com/gptbot)"
20.171.207.71 - - [27/Sep/2025:10:38:46 -0600] "GET /whale167?path=//var HTTP/1.1" 404 67376 "-" "Mozilla/5.0 AppleWebKit/537.36 (KHTML, like Gecko; compatible; GPTBot/1.2; +https://openai.com/gptbot)"
20.171.207.71 - - [27/Sep/2025:10:38:48 -0600] "GET /task17?filesrc=/home/tsgmexic/4pie.com.mx/wp-log1n.php&path=/home/tsgmexic/4pie.com.mx HTTP/1.1" 404 46517 "-" "Mozilla/5.0 AppleWebKit/537.36 (KHTML, like Gecko; compatible; GPTBot/1.2; +https://openai.com/gptbot)"
20.171.207.71 - - [27/Sep/2025:10:38:52 -0600] "GET /task17?path=/ HTTP/1.1" 404 66420 "-" "Mozilla/5.0 AppleWebKit/537.36 (KHTML, like Gecko; compatible; GPTBot/1.2; +https://openai.com/gptbot)"
20.171.207.71 - - [27/Sep/2025:10:38:55 -0600] "GET /edge65?path=/ HTTP/1.1" 404 66420 "-" "Mozilla/5.0 AppleWebKit/537.36 (KHTML, like Gecko; compatible; GPTBot/1.2; +https://openai.com/gptbot)"
20.171.207.71 - - [27/Sep/2025:10:38:59 -0600] "GET /edge65?keluar=true HTTP/1.1" 404 71749 "-" "Mozilla/5.0 AppleWebKit/537.36 (KHTML, like Gecko; compatible; GPTBot/1.2; +https://openai.com/gptbot)"
204.12.208.18 - - [27/Sep/2025:10:38:59 -0600] "GET /?sitemapindex.xml HTTP/1.1" 200 113563 "http://4pie.com.mx/?sitemapindex.xml" "Mozilla/5.0 (Macintosh; U; Intel Mac OS X 10_5_5; ja-jp) AppleWebKit/525.26.2 (KHTML, like Gecko) Version/3.2 Safari/525.26.12"
216.244.66.243 - - [27/Sep/2025:10:39:20 -0600] "GET /robots.txt HTTP/1.1" 200 343 "-" "Mozilla/5.0 (compatible; DotBot/1.2; +https://opensiteexplorer.org/dotbot; help@moz.com)"
20.171.207.71 - - [27/Sep/2025:10:39:02 -0600] "GET /evil71?filesrc=/home/tsgmexic/4pie.com.mx/qing2.php&path=/home/tsgmexic/4pie.com.mx HTTP/1.1" 200 44393 "-" "Mozilla/5.0 AppleWebKit/537.36 (KHTML, like Gecko; compatible; GPTBot/1.2; +https://openai.com/gptbot)"
142.171.127.176 - - [27/Sep/2025:10:39:24 -0600] "POST /wp-cron.php?doing_wp_cron=1758991164.8732240200042724609375 HTTP/1.1" 403 23958 "-" "WordPress/6.8; https://4pie.com.mx"
20.171.207.71 - - [27/Sep/2025:10:39:28 -0600] "GET /atop227?path=/ HTTP/1.1" 200 66420 "-" "Mozilla/5.0 AppleWebKit/537.36 (KHTML, like Gecko; compatible; GPTBot/1.2; +https://openai.com/gptbot)"
20.171.207.71 - - [27/Sep/2025:10:39:38 -0600] "GET /evil71?path=/ HTTP/1.1" 404 66420 "-" "Mozilla/5.0 AppleWebKit/537.36 (KHTML, like Gecko; compatible; GPTBot/1.2; +https://openai.com/gptbot)"
20.171.207.71 - - [27/Sep/2025:10:39:43 -0600] "GET /tap276?path=//media HTTP/1.1" 404 44192 "-" "Mozilla/5.0 AppleWebKit/537.36 (KHTML, like Gecko; compatible; GPTBot/1.2; +https://openai.com/gptbot)"
20.171.207.71 - - [27/Sep/2025:10:39:45 -0600] "GET /mean41?kg=17919 HTTP/1.1" 404 101413 "-" "Mozilla/5.0 AppleWebKit/537.36 (KHTML, like Gecko; compatible; GPTBot/1.2; +https://openai.com/gptbot)"
20.171.207.71 - - [27/Sep/2025:10:39:48 -0600] "GET /diary214?filesrc=//lib/os-release&path=//lib HTTP/1.1" 404 44590 "-" "Mozilla/5.0 AppleWebKit/537.36 (KHTML, like Gecko; compatible; GPTBot/1.2; +https://openai.com/gptbot)"
20.171.207.71 - - [27/Sep/2025:10:39:51 -0600] "GET /acid208?filesrc=//sbin/xfsrestore&path=//sbin HTTP/1.1" 200 43841 "-" "Mozilla/5.0 AppleWebKit/537.36 (KHTML, like Gecko; compatible; GPTBot/1.2; +https://openai.com/gptbot)"
173.208.176.202 - - [27/Sep/2025:10:38:23 -0600] "GET /wp-content/install.php?id=970796 HTTP/1.1" 200 - "-" "GuzzleHttp/7"
20.171.207.71 - - [27/Sep/2025:10:39:53 -0600] "GET /diary214?filesrc=//bin/cp&path=//bin HTTP/1.1" 200 43827 "-" "Mozilla/5.0 AppleWebKit/537.36 (KHTML, like Gecko; compatible; GPTBot/1.2; +https://openai.com/gptbot)"
20.171.207.71 - - [27/Sep/2025:10:39:56 -0600] "GET /novel252?path=//lib HTTP/1.1" 200 77224 "-" "Mozilla/5.0 AppleWebKit/537.36 (KHTML, like Gecko; compatible; GPTBot/1.2; +https://openai.com/gptbot)"
20.171.207.71 - - [27/Sep/2025:10:40:00 -0600] "GET /pace139?kg=1773 HTTP/1.1" 200 101413 "-" "Mozilla/5.0 AppleWebKit/537.36 (KHTML, like Gecko; compatible; GPTBot/1.2; +https://openai.com/gptbot)"
20.171.207.71 - - [27/Sep/2025:10:40:04 -0600] "GET /wipe150?kg=5140 HTTP/1.1" 404 101413 "-" "Mozilla/5.0 AppleWebKit/537.36 (KHTML, like Gecko; compatible; GPTBot/1.2; +https://openai.com/gptbot)"
20.171.207.71 - - [27/Sep/2025:10:40:08 -0600] "GET /pill28?kg=15922 HTTP/1.1" 404 71749 "-" "Mozilla/5.0 AppleWebKit/537.36 (KHTML, like Gecko; compatible; GPTBot/1.2; +https://openai.com/gptbot)"
20.171.207.71 - - [27/Sep/2025:10:40:11 -0600] "GET /atop227?info HTTP/1.1" 200 44513 "-" "Mozilla/5.0 AppleWebKit/537.36 (KHTML, like Gecko; compatible; GPTBot/1.2; +https://openai.com/gptbot)"
20.171.207.71 - - [27/Sep/2025:10:40:15 -0600] "GET /atop227?path=//usr HTTP/1.1" 404 56357 "-" "Mozilla/5.0 AppleWebKit/537.36 (KHTML, like Gecko; compatible; GPTBot/1.2; +https://openai.com/gptbot)"
20.171.207.71 - - [27/Sep/2025:10:40:18 -0600] "GET /atop227?path=//run HTTP/1.1" 200 129881 "-" "Mozilla/5.0 AppleWebKit/537.36 (KHTML, like Gecko; compatible; GPTBot/1.2; +https://openai.com/gptbot)"
20.171.207.71 - - [27/Sep/2025:10:40:23 -0600] "GET /atop227?path=//etc HTTP/1.1" 200 356569 "-" "Mozilla/5.0 AppleWebKit/537.36 (KHTML, like Gecko; compatible; GPTBot/1.2; +https://openai.com/gptbot)"
20.171.207.71 - - [27/Sep/2025:10:40:26 -0600] "GET /atop227?path=//bin HTTP/1.1" 200 1293310 "-" "Mozilla/5.0 AppleWebKit/537.36 (KHTML, like Gecko; compatible; GPTBot/1.2; +https://openai.com/gptbot)"
20.171.207.71 - - [27/Sep/2025:10:40:30 -0600] "GET /atop227?path=//proc HTTP/1.1" 404 135749 "-" "Mozilla/5.0 AppleWebKit/537.36 (KHTML, like Gecko; compatible; GPTBot/1.2; +https://openai.com/gptbot)"
142.171.127.176 - - [27/Sep/2025:10:40:31 -0600] "POST /wp-cron.php?doing_wp_cron=1758991231.3359749317169189453125 HTTP/1.1" 403 23958 "-" "WordPress/6.8; https://4pie.com.mx"
20.171.207.71 - - [27/Sep/2025:10:40:34 -0600] "GET /atop227?path=//mnt HTTP/1.1" 404 44182 "-" "Mozilla/5.0 AppleWebKit/537.36 (KHTML, like Gecko; compatible; GPTBot/1.2; +https://openai.com/gptbot)"
20.171.207.71 - - [27/Sep/2025:10:40:37 -0600] "GET /atop227?path=//sys HTTP/1.1" 200 53618 "-" "Mozilla/5.0 AppleWebKit/537.36 (KHTML, like Gecko; compatible; GPTBot/1.2; +https://openai.com/gptbot)"
20.171.207.71 - - [27/Sep/2025:10:40:40 -0600] "GET /atop227?path=//lib HTTP/1.1" 404 71749 "-" "Mozilla/5.0 AppleWebKit/537.36 (KHTML, like Gecko; compatible; GPTBot/1.2; +https://openai.com/gptbot)"
20.171.207.71 - - [27/Sep/2025:10:40:44 -0600] "GET /atop227?path=//run/dovecot HTTP/1.1" 404 49975 "-" "Mozilla/5.0 AppleWebKit/537.36 (KHTML, like Gecko; compatible; GPTBot/1.2; +https://openai.com/gptbot)"
20.171.207.71 - - [27/Sep/2025:10:40:47 -0600] "GET /flee92?kg=26946 HTTP/1.1" 404 101413 "-" "Mozilla/5.0 AppleWebKit/537.36 (KHTML, like Gecko; compatible; GPTBot/1.2; +https://openai.com/gptbot)"
20.171.207.71 - - [27/Sep/2025:10:40:50 -0600] "GET /atop227?path=//srv HTTP/1.1" 404 44182 "-" "Mozilla/5.0 AppleWebKit/537.36 (KHTML, like Gecko; compatible; GPTBot/1.2; +https://openai.com/gptbot)"
20.171.207.71 - - [27/Sep/2025:10:40:53 -0600] "GET /pace139?filesrc=/home/tsgmexic/4pie.com.mx/fr.php&path=/home/tsgmexic/4pie.com.mx HTTP/1.1" 404 63077 "-" "Mozilla/5.0 AppleWebKit/537.36 (KHTML, like Gecko; compatible; GPTBot/1.2; +https://openai.com/gptbot)"
20.171.207.71 - - [27/Sep/2025:10:40:55 -0600] "GET /pace139?path=/ HTTP/1.1" 404 66420 "-" "Mozilla/5.0 AppleWebKit/537.36 (KHTML, like Gecko; compatible; GPTBot/1.2; +https://openai.com/gptbot)"
20.171.207.71 - - [27/Sep/2025:10:40:59 -0600] "GET /pace139?info HTTP/1.1" 404 44513 "-" "Mozilla/5.0 AppleWebKit/537.36 (KHTML, like Gecko; compatible; GPTBot/1.2; +https://openai.com/gptbot)"
20.171.207.71 - - [27/Sep/2025:10:41:02 -0600] "GET /atop227?path=//boot HTTP/1.1" 404 60686 "-" "Mozilla/5.0 AppleWebKit/537.36 (KHTML, like Gecko; compatible; GPTBot/1.2; +https://openai.com/gptbot)"
20.171.207.71 - - [27/Sep/2025:10:41:06 -0600] "GET /harm42?kg=37224 HTTP/1.1" 404 71749 "-" "Mozilla/5.0 AppleWebKit/537.36 (KHTML, like Gecko; compatible; GPTBot/1.2; +https://openai.com/gptbot)"
20.171.207.71 - - [27/Sep/2025:10:41:09 -0600] "GET /lady236?kg=3366 HTTP/1.1" 404 101413 "-" "Mozilla/5.0 AppleWebKit/537.36 (KHTML, like Gecko; compatible; GPTBot/1.2; +https://openai.com/gptbot)"
20.171.207.71 - - [27/Sep/2025:10:41:12 -0600] "GET /aunt225?kg=2171 HTTP/1.1" 404 101413 "-" "Mozilla/5.0 AppleWebKit/537.36 (KHTML, like Gecko; compatible; GPTBot/1.2; +https://openai.com/gptbot)"
20.171.207.71 - - [27/Sep/2025:10:41:15 -0600] "GET /salt22?kg=48084 HTTP/1.1" 404 71749 "-" "Mozilla/5.0 AppleWebKit/537.36 (KHTML, like Gecko; compatible; GPTBot/1.2; +https://openai.com/gptbot)"
20.171.207.71 - - [27/Sep/2025:10:41:18 -0600] "GET /atop227?filesrc=//bin/named-rrchecker&path=//bin HTTP/1.1" 404 43840 "-" "Mozilla/5.0 AppleWebKit/537.36 (KHTML, like Gecko; compatible; GPTBot/1.2; +https://openai.com/gptbot)"
20.171.207.71 - - [27/Sep/2025:10:41:20 -0600] "GET /atop227?filesrc=//bin/convert&path=//bin HTTP/1.1" 200 43832 "-" "Mozilla/5.0 AppleWebKit/537.36 (KHTML, like Gecko; compatible; GPTBot/1.2; +https://openai.com/gptbot)"
173.208.176.202 - - [27/Sep/2025:10:39:51 -0600] "GET /wp-content/install.php?id=970796 HTTP/1.1" 200 - "-" "GuzzleHttp/7"
20.171.207.71 - - [27/Sep/2025:10:41:23 -0600] "GET /film80?kg=45006 HTTP/1.1" 200 101413 "-" "Mozilla/5.0 AppleWebKit/537.36 (KHTML, like Gecko; compatible; GPTBot/1.2; +https://openai.com/gptbot)"
20.171.207.71 - - [27/Sep/2025:10:41:26 -0600] "GET /atop227?filesrc=//bin/zsoelim&path=//bin HTTP/1.1" 404 43832 "-" "Mozilla/5.0 AppleWebKit/537.36 (KHTML, like Gecko; compatible; GPTBot/1.2; +https://openai.com/gptbot)"
20.171.207.71 - - [27/Sep/2025:10:41:29 -0600] "GET /atop227?filesrc=//bin/gpg&path=//bin HTTP/1.1" 404 43828 "-" "Mozilla/5.0 AppleWebKit/537.36 (KHTML, like Gecko; compatible; GPTBot/1.2; +https://openai.com/gptbot)"
20.171.207.71 - - [27/Sep/2025:10:41:32 -0600] "GET /atop227?filesrc=//bin/idn&path=//bin HTTP/1.1" 404 43828 "-" "Mozilla/5.0 AppleWebKit/537.36 (KHTML, like Gecko; compatible; GPTBot/1.2; +https://openai.com/gptbot)"
142.171.127.176 - - [27/Sep/2025:10:41:33 -0600] "POST /wp-cron.php?doing_wp_cron=1758991293.6935939788818359375000 HTTP/1.1" 403 23958 "-" "WordPress/6.8; https://4pie.com.mx"
20.171.207.71 - - [27/Sep/2025:10:41:36 -0600] "GET /atop227?filesrc=//bin/ipcrm&path=//bin HTTP/1.1" 404 43830 "-" "Mozilla/5.0 AppleWebKit/537.36 (KHTML, like Gecko; compatible; GPTBot/1.2; +https://openai.com/gptbot)"
192.241.179.13 - - [27/Sep/2025:10:41:38 -0600] "POST /wp-login.php HTTP/1.1" 200 62691 "http://4pie.com.mx" "Mozilla/5.0 (Macintosh; Intel Mac OS X 14.3) AppleWebKit/614.31.14 (KHTML, like Gecko) Version/17.0.96 Safari/614.31.14"
20.171.207.71 - - [27/Sep/2025:10:41:39 -0600] "GET /atop227?filesrc=//bin/dig&path=//bin HTTP/1.1" 404 43828 "-" "Mozilla/5.0 AppleWebKit/537.36 (KHTML, like Gecko; compatible; GPTBot/1.2; +https://openai.com/gptbot)"
20.171.207.71 - - [27/Sep/2025:10:41:43 -0600] "GET /atop227?filesrc=//bin/post-grohtml&path=//bin HTTP/1.1" 404 43837 "-" "Mozilla/5.0 AppleWebKit/537.36 (KHTML, like Gecko; compatible; GPTBot/1.2; +https://openai.com/gptbot)"
20.171.207.71 - - [27/Sep/2025:10:41:46 -0600] "GET /atop227?filesrc=//bin/lsscsi&path=//bin HTTP/1.1" 404 43831 "-" "Mozilla/5.0 AppleWebKit/537.36 (KHTML, like Gecko; compatible; GPTBot/1.2; +https://openai.com/gptbot)"
20.171.207.71 - - [27/Sep/2025:10:41:49 -0600] "GET /atop227?filesrc=//bin/gss-client&path=//bin HTTP/1.1" 404 43835 "-" "Mozilla/5.0 AppleWebKit/537.36 (KHTML, like Gecko; compatible; GPTBot/1.2; +https://openai.com/gptbot)"
20.171.207.71 - - [27/Sep/2025:10:41:52 -0600] "GET /atop227?filesrc=//bin/bzless&path=//bin HTTP/1.1" 404 45243 "-" "Mozilla/5.0 AppleWebKit/537.36 (KHTML, like Gecko; compatible; GPTBot/1.2; +https://openai.com/gptbot)"
20.171.207.71 - - [27/Sep/2025:10:41:55 -0600] "GET /atop227?filesrc=//bin/mkfontscale&path=//bin HTTP/1.1" 404 43836 "-" "Mozilla/5.0 AppleWebKit/537.36 (KHTML, like Gecko; compatible; GPTBot/1.2; +https://openai.com/gptbot)"
20.171.207.71 - - [27/Sep/2025:10:41:58 -0600] "GET /film80?path=/ HTTP/1.1" 404 66420 "-" "Mozilla/5.0 AppleWebKit/537.36 (KHTML, like Gecko; compatible; GPTBot/1.2; +https://openai.com/gptbot)"
20.171.207.71 - - [27/Sep/2025:10:42:00 -0600] "GET /need82?kg=42926 HTTP/1.1" 200 101413 "-" "Mozilla/5.0 AppleWebKit/537.36 (KHTML, like Gecko; compatible; GPTBot/1.2; +https://openai.com/gptbot)"
20.171.207.71 - - [27/Sep/2025:10:42:03 -0600] "GET /many191?kg=9773 HTTP/1.1" 404 71749 "-" "Mozilla/5.0 AppleWebKit/537.36 (KHTML, like Gecko; compatible; GPTBot/1.2; +https://openai.com/gptbot)"
20.171.207.71 - - [27/Sep/2025:10:42:06 -0600] "GET /plus18?kg=28628 HTTP/1.1" 404 101413 "-" "Mozilla/5.0 AppleWebKit/537.36 (KHTML, like Gecko; compatible; GPTBot/1.2; +https://openai.com/gptbot)"
20.171.207.71 - - [27/Sep/2025:10:42:08 -0600] "GET /golf15?kg=29969 HTTP/1.1" 404 101413 "-" "Mozilla/5.0 AppleWebKit/537.36 (KHTML, like Gecko; compatible; GPTBot/1.2; +https://openai.com/gptbot)"
20.171.207.71 - - [27/Sep/2025:10:42:11 -0600] "GET /gift29?kg=10027 HTTP/1.1" 404 71749 "-" "Mozilla/5.0 AppleWebKit/537.36 (KHTML, like Gecko; compatible; GPTBot/1.2; +https://openai.com/gptbot)"
20.171.207.71 - - [27/Sep/2025:10:42:14 -0600] "GET /pork77?kg=40759 HTTP/1.1" 404 101412 "-" "Mozilla/5.0 AppleWebKit/537.36 (KHTML, like Gecko; compatible; GPTBot/1.2; +https://openai.com/gptbot)"
20.171.207.71 - - [27/Sep/2025:10:42:17 -0600] "GET /disk149?kg=1663 HTTP/1.1" 404 71749 "-" "Mozilla/5.0 AppleWebKit/537.36 (KHTML, like Gecko; compatible; GPTBot/1.2; +https://openai.com/gptbot)"
20.171.207.71 - - [27/Sep/2025:10:42:19 -0600] "GET /high169?kg=7421 HTTP/1.1" 404 101412 "-" "Mozilla/5.0 AppleWebKit/537.36 (KHTML, like Gecko; compatible; GPTBot/1.2; +https://openai.com/gptbot)"
20.171.207.71 - - [27/Sep/2025:10:42:23 -0600] "GET /need82?path=/ HTTP/1.1" 404 66420 "-" "Mozilla/5.0 AppleWebKit/537.36 (KHTML, like Gecko; compatible; GPTBot/1.2; +https://openai.com/gptbot)"
20.171.207.71 - - [27/Sep/2025:10:42:25 -0600] "GET /from144?kg=4726 HTTP/1.1" 404 71749 "-" "Mozilla/5.0 AppleWebKit/537.36 (KHTML, like Gecko; compatible; GPTBot/1.2; +https://openai.com/gptbot)"
20.171.207.71 - - [27/Sep/2025:10:42:29 -0600] "GET /grip39?kg=38733 HTTP/1.1" 200 101413 "-" "Mozilla/5.0 AppleWebKit/537.36 (KHTML, like Gecko; compatible; GPTBot/1.2; +https://openai.com/gptbot)"
20.171.207.71 - - [27/Sep/2025:10:42:32 -0600] "GET /gang37?kg=36241 HTTP/1.1" 200 101413 "-" "Mozilla/5.0 AppleWebKit/537.36 (KHTML, like Gecko; compatible; GPTBot/1.2; +https://openai.com/gptbot)"
20.171.207.71 - - [27/Sep/2025:10:42:35 -0600] "GET /edge78?kg=28816 HTTP/1.1" 404 71749 "-" "Mozilla/5.0 AppleWebKit/537.36 (KHTML, like Gecko; compatible; GPTBot/1.2; +https://openai.com/gptbot)"
142.171.127.176 - - [27/Sep/2025:10:42:37 -0600] "POST /wp-cron.php?doing_wp_cron=1758991357.2429978847503662109375 HTTP/1.1" 404 23749 "-" "WordPress/6.8; https://4pie.com.mx"
20.171.207.71 - - [27/Sep/2025:10:42:39 -0600] "GET /food265?kg=1645 HTTP/1.1" 404 101413 "-" "Mozilla/5.0 AppleWebKit/537.36 (KHTML, like Gecko; compatible; GPTBot/1.2; +https://openai.com/gptbot)"
