136.243.228.178 - - [21/May/2025:12:29:52 -0600] "GET /items/kceww211/4283?key=cocaine HTTP/1.1" 200 100725 "-" "Mozilla/5.0 (compatible; DataForSeoBot/1.0; +https://dataforseo.com/dataforseo-bot)"
207.46.13.154 - - [21/May/2025:12:29:55 -0600] "GET /?sitemap255.xml HTTP/1.1" 200 162584 "-" "Mozilla/5.0 AppleWebKit/537.36 (KHTML, like Gecko; compatible; bingbot/2.0; +http://www.bing.com/bingbot.htm) Chrome/116.0.1938.76 Safari/537.36"
136.243.228.178 - - [21/May/2025:12:29:57 -0600] "GET /items/kahfg143/11637?key=settle HTTP/1.1" 200 100725 "-" "Mozilla/5.0 (compatible; DataForSeoBot/1.0; +https://dataforseo.com/dataforseo-bot)"
52.167.144.173 - - [21/May/2025:12:29:58 -0600] "GET /?sitemap819.xml HTTP/1.1" 200 162640 "-" "Mozilla/5.0 AppleWebKit/537.36 (KHTML, like Gecko; compatible; bingbot/2.0; +http://www.bing.com/bingbot.htm) Chrome/116.0.1938.76 Safari/537.36"
52.167.144.173 - - [21/May/2025:12:30:03 -0600] "GET /?sitemap335.xml HTTP/1.1" 200 162608 "-" "Mozilla/5.0 AppleWebKit/537.36 (KHTML, like Gecko; compatible; bingbot/2.0; +http://www.bing.com/bingbot.htm) Chrome/116.0.1938.76 Safari/537.36"
136.243.228.178 - - [21/May/2025:12:30:00 -0600] "GET /item/u210/24529/ HTTP/1.1" 200 100725 "-" "Mozilla/5.0 (compatible; DataForSeoBot/1.0; +https://dataforseo.com/dataforseo-bot)"
185.220.101.66 - - [21/May/2025:12:30:03 -0600] "POST /xmlrpc.php HTTP/1.1" 200 61973 "http://4pie.com.mx/" "Mozilla/5.0 (Windows NT 6.1; Win64; x64) AppleWebKit/537.36 (KHTML, like Gecko) Chrome/80.0.3987.149 Safari/537.36"
52.167.144.20 - - [21/May/2025:12:30:09 -0600] "GET /?sitemap36.xml HTTP/1.1" 200 162403 "-" "Mozilla/5.0 AppleWebKit/537.36 (KHTML, like Gecko; compatible; bingbot/2.0; +http://www.bing.com/bingbot.htm) Chrome/116.0.1938.76 Safari/537.36"
136.243.228.178 - - [21/May/2025:12:30:08 -0600] "GET /items/qzltb156/39450?key=self-esteem HTTP/1.1" 200 100725 "-" "Mozilla/5.0 (compatible; DataForSeoBot/1.0; +https://dataforseo.com/dataforseo-bot)"
136.243.228.178 - - [21/May/2025:12:30:13 -0600] "GET /items/xlffi136/39390?key=in HTTP/1.1" 200 100725 "-" "Mozilla/5.0 (compatible; DataForSeoBot/1.0; +https://dataforseo.com/dataforseo-bot)"
136.243.228.178 - - [21/May/2025:12:30:17 -0600] "GET /item/u230/5347/ HTTP/1.1" 200 100725 "-" "Mozilla/5.0 (compatible; DataForSeoBot/1.0; +https://dataforseo.com/dataforseo-bot)"
136.243.228.178 - - [21/May/2025:12:30:21 -0600] "GET /item/u42/12225/ HTTP/1.1" 200 100725 "-" "Mozilla/5.0 (compatible; DataForSeoBot/1.0; +https://dataforseo.com/dataforseo-bot)"
136.243.228.178 - - [21/May/2025:12:30:25 -0600] "GET /item/u252/22591/ HTTP/1.1" 200 100725 "-" "Mozilla/5.0 (compatible; DataForSeoBot/1.0; +https://dataforseo.com/dataforseo-bot)"
204.8.96.170 - - [21/May/2025:12:30:28 -0600] "POST /xmlrpc.php HTTP/1.1" 200 62419 "http://4pie.com.mx/" "Mozilla/5.0 (Macintosh; Intel Mac OS X 10_11_6) AppleWebKit/601.7.8 (KHTML, like Gecko)"
136.243.228.178 - - [21/May/2025:12:30:29 -0600] "GET /item/u269/2706/ HTTP/1.1" 200 100725 "-" "Mozilla/5.0 (compatible; DataForSeoBot/1.0; +https://dataforseo.com/dataforseo-bot)"
136.243.228.178 - - [21/May/2025:12:30:33 -0600] "GET /item/u148/38921/ HTTP/1.1" 200 100725 "-" "Mozilla/5.0 (compatible; DataForSeoBot/1.0; +https://dataforseo.com/dataforseo-bot)"
136.243.228.178 - - [21/May/2025:12:30:38 -0600] "GET /items/yibwp67/33211?key=pizza HTTP/1.1" 200 100725 "-" "Mozilla/5.0 (compatible; DataForSeoBot/1.0; +https://dataforseo.com/dataforseo-bot)"
136.243.228.178 - - [21/May/2025:12:30:41 -0600] "GET /items/ubqkk22/39900?key=per HTTP/1.1" 200 100725 "-" "Mozilla/5.0 (compatible; DataForSeoBot/1.0; +https://dataforseo.com/dataforseo-bot)"
43.130.67.6 - - [21/May/2025:12:30:44 -0600] "GET /?filesrc=/home/tsgmexic/4pie.com.mx/license.txt&path=/home/tsgmexic/4pie.com.mx HTTP/1.1" 200 56535 "-" "Mozilla/5.0 (iPhone; CPU iPhone OS 13_2_3 like Mac OS X) AppleWebKit/605.1.15 (KHTML, like Gecko) Version/13.0.3 Mobile/15E148 Safari/604.1"
136.243.228.178 - - [21/May/2025:12:30:45 -0600] "GET /items/oxopf167/27843?key=promotion HTTP/1.1" 200 100725 "-" "Mozilla/5.0 (compatible; DataForSeoBot/1.0; +https://dataforseo.com/dataforseo-bot)"
136.243.228.178 - - [21/May/2025:12:30:49 -0600] "GET /item/u138/841/ HTTP/1.1" 200 100725 "-" "Mozilla/5.0 (compatible; DataForSeoBot/1.0; +https://dataforseo.com/dataforseo-bot)"
185.231.102.51 - - [21/May/2025:12:30:53 -0600] "POST /xmlrpc.php HTTP/1.1" 200 62419 "http://4pie.com.mx/" "Mozilla/5.0 (iPhone; CPU iPhone OS 10_0 like Mac OS X) AppleWebKit/602.1.50 (KHTML, like Gecko) Version/10.0 YaBrowser/17.4.3.195.10 Mobile/14A346 Safari/E7FBAF"
136.243.228.178 - - [21/May/2025:12:30:53 -0600] "GET /items/vjixh201/6251?key=repeatedly HTTP/1.1" 200 100725 "-" "Mozilla/5.0 (compatible; DataForSeoBot/1.0; +https://dataforseo.com/dataforseo-bot)"
136.243.228.178 - - [21/May/2025:12:30:57 -0600] "GET /item/u168/8945/ HTTP/1.1" 200 100725 "-" "Mozilla/5.0 (compatible; DataForSeoBot/1.0; +https://dataforseo.com/dataforseo-bot)"
136.243.228.178 - - [21/May/2025:12:31:01 -0600] "GET /item/u146/33739/ HTTP/1.1" 200 100725 "-" "Mozilla/5.0 (compatible; DataForSeoBot/1.0; +https://dataforseo.com/dataforseo-bot)"
136.243.228.178 - - [21/May/2025:12:31:05 -0600] "GET /items/idmvj196/1622?key=cabin HTTP/1.1" 200 100725 "-" "Mozilla/5.0 (compatible; DataForSeoBot/1.0; +https://dataforseo.com/dataforseo-bot)"
136.243.228.178 - - [21/May/2025:12:31:09 -0600] "GET /items/cpzov152/37816?key=architecture HTTP/1.1" 200 100725 "-" "Mozilla/5.0 (compatible; DataForSeoBot/1.0; +https://dataforseo.com/dataforseo-bot)"
136.243.228.178 - - [21/May/2025:12:31:13 -0600] "GET /items/tsxvf288/3392?key=profound HTTP/1.1" 200 100725 "-" "Mozilla/5.0 (compatible; DataForSeoBot/1.0; +https://dataforseo.com/dataforseo-bot)"
185.220.101.24 - - [21/May/2025:12:31:16 -0600] "POST /xmlrpc.php HTTP/1.1" 200 62419 "http://4pie.com.mx/" "Mozilla/5.0 (Windows NT 10.0; Win64; x64; rv:77.0) Gecko/20100101 Firefox/77.0"
136.243.228.178 - - [21/May/2025:12:31:17 -0600] "GET /item/u191/110/ HTTP/1.1" 200 100725 "-" "Mozilla/5.0 (compatible; DataForSeoBot/1.0; +https://dataforseo.com/dataforseo-bot)"
136.243.228.178 - - [21/May/2025:12:31:21 -0600] "GET /items/vrrqv141/17327?key=regain HTTP/1.1" 200 100725 "-" "Mozilla/5.0 (compatible; DataForSeoBot/1.0; +https://dataforseo.com/dataforseo-bot)"
136.243.228.178 - - [21/May/2025:12:31:25 -0600] "GET /items/ukupx219/3763?key=network HTTP/1.1" 200 100725 "-" "Mozilla/5.0 (compatible; DataForSeoBot/1.0; +https://dataforseo.com/dataforseo-bot)"
136.243.228.178 - - [21/May/2025:12:31:29 -0600] "GET /item/u184/22887/ HTTP/1.1" 200 100725 "-" "Mozilla/5.0 (compatible; DataForSeoBot/1.0; +https://dataforseo.com/dataforseo-bot)"
136.243.228.178 - - [21/May/2025:12:31:33 -0600] "GET /item/u65/49578/ HTTP/1.1" 200 100725 "-" "Mozilla/5.0 (compatible; DataForSeoBot/1.0; +https://dataforseo.com/dataforseo-bot)"
136.243.228.178 - - [21/May/2025:12:31:38 -0600] "GET /item/u272/41619/ HTTP/1.1" 200 100725 "-" "Mozilla/5.0 (compatible; DataForSeoBot/1.0; +https://dataforseo.com/dataforseo-bot)"
45.84.107.97 - - [21/May/2025:12:31:40 -0600] "POST /xmlrpc.php HTTP/1.1" 200 62419 "http://4pie.com.mx/" "Mozilla/5.0 (Windows NT 6.1; Win64; x64) AppleWebKit/537.36 (KHTML, like Gecko) Chrome/60.0.3112.113 Safari/537.36"
136.243.228.178 - - [21/May/2025:12:31:41 -0600] "GET /item/u48/45963/ HTTP/1.1" 200 100725 "-" "Mozilla/5.0 (compatible; DataForSeoBot/1.0; +https://dataforseo.com/dataforseo-bot)"
136.243.228.178 - - [21/May/2025:12:31:45 -0600] "GET /item/u130/29217/ HTTP/1.1" 200 100725 "-" "Mozilla/5.0 (compatible; DataForSeoBot/1.0; +https://dataforseo.com/dataforseo-bot)"
136.243.228.178 - - [21/May/2025:12:31:49 -0600] "GET /items/niihb256/47480?key=intelligent HTTP/1.1" 200 100725 "-" "Mozilla/5.0 (compatible; DataForSeoBot/1.0; +https://dataforseo.com/dataforseo-bot)"
136.243.228.178 - - [21/May/2025:12:31:54 -0600] "GET /items/qnmor248/16822?key=transaction HTTP/1.1" 200 100725 "-" "Mozilla/5.0 (compatible; DataForSeoBot/1.0; +https://dataforseo.com/dataforseo-bot)"
136.243.228.178 - - [21/May/2025:12:31:57 -0600] "GET /items/jldfd55/17391?key=handsome HTTP/1.1" 200 100725 "-" "Mozilla/5.0 (compatible; DataForSeoBot/1.0; +https://dataforseo.com/dataforseo-bot)"
136.243.228.178 - - [21/May/2025:12:32:02 -0600] "GET /items/pirof151/18817?key=suggestion HTTP/1.1" 200 100725 "-" "Mozilla/5.0 (compatible; DataForSeoBot/1.0; +https://dataforseo.com/dataforseo-bot)"
195.47.238.93 - - [21/May/2025:12:32:05 -0600] "POST /xmlrpc.php HTTP/1.1" 200 62419 "http://4pie.com.mx/" "Mozilla/4.0 (compatible; MSIE 6.0; Windows NT 5.1; SV1)"
136.243.228.178 - - [21/May/2025:12:32:05 -0600] "GET /item/u92/34031/ HTTP/1.1" 200 100725 "-" "Mozilla/5.0 (compatible; DataForSeoBot/1.0; +https://dataforseo.com/dataforseo-bot)"
136.243.228.178 - - [21/May/2025:12:32:10 -0600] "GET /items/awvif31/31869?key=commit HTTP/1.1" 200 100725 "-" "Mozilla/5.0 (compatible; DataForSeoBot/1.0; +https://dataforseo.com/dataforseo-bot)"
136.243.228.178 - - [21/May/2025:12:32:13 -0600] "GET /items/csdxs228/18558?key=harsh HTTP/1.1" 200 100725 "-" "Mozilla/5.0 (compatible; DataForSeoBot/1.0; +https://dataforseo.com/dataforseo-bot)"
136.243.228.178 - - [21/May/2025:12:32:18 -0600] "GET /item/u120/31273/ HTTP/1.1" 200 100725 "-" "Mozilla/5.0 (compatible; DataForSeoBot/1.0; +https://dataforseo.com/dataforseo-bot)"
136.243.228.178 - - [21/May/2025:12:32:21 -0600] "GET /items/aplaw275/45705?key=toe HTTP/1.1" 200 100725 "-" "Mozilla/5.0 (compatible; DataForSeoBot/1.0; +https://dataforseo.com/dataforseo-bot)"
136.243.228.178 - - [21/May/2025:12:32:25 -0600] "GET /items/zohol119/49787?key=uh HTTP/1.1" 200 100725 "-" "Mozilla/5.0 (compatible; DataForSeoBot/1.0; +https://dataforseo.com/dataforseo-bot)"
136.243.228.178 - - [21/May/2025:12:32:29 -0600] "GET /items/upvnm126/43882?key=understand HTTP/1.1" 200 100725 "-" "Mozilla/5.0 (compatible; DataForSeoBot/1.0; +https://dataforseo.com/dataforseo-bot)"
192.42.116.196 - - [21/May/2025:12:32:29 -0600] "POST /xmlrpc.php HTTP/1.1" 200 62419 "http://4pie.com.mx/" "Mozilla/5.0 (iPhone; CPU iPhone OS 12_3_1 like Mac OS X) AppleWebKit/605.1.15 (KHTML, like Gecko) Version/12.1.1 Mobile/15E148 Safari/604.1"
136.243.228.178 - - [21/May/2025:12:32:33 -0600] "GET /items/rujgc192/24478?key=narrative HTTP/1.1" 200 100725 "-" "Mozilla/5.0 (compatible; DataForSeoBot/1.0; +https://dataforseo.com/dataforseo-bot)"
136.243.228.178 - - [21/May/2025:12:32:37 -0600] "GET /item/u177/34634/ HTTP/1.1" 200 100725 "-" "Mozilla/5.0 (compatible; DataForSeoBot/1.0; +https://dataforseo.com/dataforseo-bot)"
136.243.228.178 - - [21/May/2025:12:32:41 -0600] "GET /item/u75/48024/ HTTP/1.1" 200 100725 "-" "Mozilla/5.0 (compatible; DataForSeoBot/1.0; +https://dataforseo.com/dataforseo-bot)"
136.243.228.178 - - [21/May/2025:12:32:45 -0600] "GET /item/u177/49180/ HTTP/1.1" 200 100725 "-" "Mozilla/5.0 (compatible; DataForSeoBot/1.0; +https://dataforseo.com/dataforseo-bot)"
136.243.228.178 - - [21/May/2025:12:32:49 -0600] "GET /items/lgdjh61/36647?key=similarity HTTP/1.1" 200 100725 "-" "Mozilla/5.0 (compatible; DataForSeoBot/1.0; +https://dataforseo.com/dataforseo-bot)"
136.243.228.178 - - [21/May/2025:12:32:53 -0600] "GET /item/u261/15920/ HTTP/1.1" 200 100725 "-" "Mozilla/5.0 (compatible; DataForSeoBot/1.0; +https://dataforseo.com/dataforseo-bot)"
192.42.116.200 - - [21/May/2025:12:32:54 -0600] "POST /xmlrpc.php HTTP/1.1" 200 62419 "http://4pie.com.mx/" "Mozilla/5.0 (iPhone; CPU iPhone OS 12_1 like Mac OS X) AppleWebKit/605.1.15 (KHTML, like Gecko) Version/12.0 Mobile/15E148 Safari/604.1"
136.243.228.178 - - [21/May/2025:12:32:57 -0600] "GET /items/lysab240/49550?key=Indian HTTP/1.1" 200 100725 "-" "Mozilla/5.0 (compatible; DataForSeoBot/1.0; +https://dataforseo.com/dataforseo-bot)"
136.243.228.178 - - [21/May/2025:12:33:02 -0600] "GET /items/iotuh241/33787?key=attack HTTP/1.1" 200 100725 "-" "Mozilla/5.0 (compatible; DataForSeoBot/1.0; +https://dataforseo.com/dataforseo-bot)"
142.171.127.176 - - [21/May/2025:12:33:03 -0600] "POST /wp-cron.php?doing_wp_cron=1747852383.6483359336853027343750 HTTP/1.1" 200 4 "-" "WordPress/6.8; https://4pie.com.mx"
136.243.228.178 - - [21/May/2025:12:33:06 -0600] "GET /items/rrrxh138/45694?key=marine HTTP/1.1" 200 100725 "-" "Mozilla/5.0 (compatible; DataForSeoBot/1.0; +https://dataforseo.com/dataforseo-bot)"
136.243.228.178 - - [21/May/2025:12:33:10 -0600] "GET /items/cxqry240/10466?key=usual HTTP/1.1" 200 100725 "-" "Mozilla/5.0 (compatible; DataForSeoBot/1.0; +https://dataforseo.com/dataforseo-bot)"
136.243.228.178 - - [21/May/2025:12:33:14 -0600] "GET /item/u251/41486/ HTTP/1.1" 200 100725 "-" "Mozilla/5.0 (compatible; DataForSeoBot/1.0; +https://dataforseo.com/dataforseo-bot)"
185.220.101.65 - - [21/May/2025:12:33:18 -0600] "POST /xmlrpc.php HTTP/1.1" 200 62419 "http://4pie.com.mx/" "Mozilla/5.0 (Windows NT 10.0; Win64; x64; rv:63.0) Gecko/20100101 Firefox/63.0"
136.243.228.178 - - [21/May/2025:12:33:19 -0600] "GET /items/qucip3/9591?key=progressive HTTP/1.1" 200 100725 "-" "Mozilla/5.0 (compatible; DataForSeoBot/1.0; +https://dataforseo.com/dataforseo-bot)"
136.243.228.178 - - [21/May/2025:12:33:23 -0600] "GET /items/gxnrg89/32297?key=pack HTTP/1.1" 200 100725 "-" "Mozilla/5.0 (compatible; DataForSeoBot/1.0; +https://dataforseo.com/dataforseo-bot)"
136.243.228.178 - - [21/May/2025:12:33:27 -0600] "GET /items/ailfl97/46129?key=instruct HTTP/1.1" 200 100725 "-" "Mozilla/5.0 (compatible; DataForSeoBot/1.0; +https://dataforseo.com/dataforseo-bot)"
136.243.228.178 - - [21/May/2025:12:33:31 -0600] "GET /item/u201/24184/ HTTP/1.1" 200 100725 "-" "Mozilla/5.0 (compatible; DataForSeoBot/1.0; +https://dataforseo.com/dataforseo-bot)"
136.243.228.178 - - [21/May/2025:12:33:35 -0600] "GET /item/u129/35088/ HTTP/1.1" 200 100725 "-" "Mozilla/5.0 (compatible; DataForSeoBot/1.0; +https://dataforseo.com/dataforseo-bot)"
136.243.228.178 - - [21/May/2025:12:33:40 -0600] "GET /items/xfifx71/43559?key=entrepreneur HTTP/1.1" 200 100725 "-" "Mozilla/5.0 (compatible; DataForSeoBot/1.0; +https://dataforseo.com/dataforseo-bot)"
104.244.79.44 - - [21/May/2025:12:33:43 -0600] "POST /xmlrpc.php HTTP/1.1" 200 62419 "http://4pie.com.mx/" "Mozilla/5.0 (Windows NT 6.1; rv:52.0) Gecko/20100101 Firefox/52.0"
136.243.228.178 - - [21/May/2025:12:33:44 -0600] "GET /items/csaxc269/30675?key=obtain HTTP/1.1" 200 100725 "-" "Mozilla/5.0 (compatible; DataForSeoBot/1.0; +https://dataforseo.com/dataforseo-bot)"
136.243.228.178 - - [21/May/2025:12:33:48 -0600] "GET /item/u197/10984/ HTTP/1.1" 200 100725 "-" "Mozilla/5.0 (compatible; DataForSeoBot/1.0; +https://dataforseo.com/dataforseo-bot)"
142.171.127.176 - - [21/May/2025:12:33:50 -0600] "POST /wp-cron.php?doing_wp_cron=1747852430.1676700115203857421875 HTTP/1.1" 200 62003 "-" "WordPress/6.8; https://4pie.com.mx"
80.248.226.94 - - [21/May/2025:12:33:50 -0600] "POST /wp-login.php HTTP/1.1" 200 62003 "http://4piecommx.tsgmexico.com.mx" "Mozilla/5.0 (Windows NT 11.0; Win64; x64; rv:126.0) Gecko/20100101 Firefox/126.0"
80.248.226.94 - - [21/May/2025:12:33:50 -0600] "POST /wp-login.php HTTP/1.1" 200 62003 "http://4pie.com.mx" "Mozilla/5.0 (Windows NT 10.0; Win64; x64) AppleWebKit/537.36 (KHTML, like Gecko) Chrome/114.0.5735.199 Safari/537.36 Edg/114.0.1823.67"
23.239.27.53 - - [21/May/2025:12:33:51 -0600] "POST /wp-login.php HTTP/1.1" 200 62003 "http://mail.4pie.com.mx" "Mozilla/5.0 (Macintosh; Intel Mac OS X 10_15_7) AppleWebKit/537.36 (KHTML, like Gecko) Chrome/116.0.5845.96 Safari/537.36"
136.243.228.178 - - [21/May/2025:12:33:53 -0600] "GET /item/u295/10994/ HTTP/1.1" 200 100725 "-" "Mozilla/5.0 (compatible; DataForSeoBot/1.0; +https://dataforseo.com/dataforseo-bot)"
136.243.228.178 - - [21/May/2025:12:33:57 -0600] "GET /items/bmiwu14/7366?key=energy HTTP/1.1" 200 100725 "-" "Mozilla/5.0 (compatible; DataForSeoBot/1.0; +https://dataforseo.com/dataforseo-bot)"
136.243.228.178 - - [21/May/2025:12:34:01 -0600] "GET /items/fkpeq160/5956?key=well-known HTTP/1.1" 200 100724 "-" "Mozilla/5.0 (compatible; DataForSeoBot/1.0; +https://dataforseo.com/dataforseo-bot)"
136.243.228.178 - - [21/May/2025:12:34:05 -0600] "GET /items/nnohi168/42736?key=effect HTTP/1.1" 200 100724 "-" "Mozilla/5.0 (compatible; DataForSeoBot/1.0; +https://dataforseo.com/dataforseo-bot)"
91.202.5.155 - - [21/May/2025:12:34:07 -0600] "POST /xmlrpc.php HTTP/1.1" 200 62418 "http://4pie.com.mx/" "Mozilla/5.0 (Windows NT 6.3; Win64; x64; rv:58.0) Gecko/20100101 Firefox/58.0"
52.167.144.20 - - [21/May/2025:12:34:08 -0600] "GET /search.php?sitemap380.xml HTTP/1.1" 403 172454 "-" "Mozilla/5.0 AppleWebKit/537.36 (KHTML, like Gecko; compatible; bingbot/2.0; +http://www.bing.com/bingbot.htm) Chrome/116.0.1938.76 Safari/537.36"
136.243.228.178 - - [21/May/2025:12:34:09 -0600] "GET /items/vhpoh117/42297?key=pleased HTTP/1.1" 200 100724 "-" "Mozilla/5.0 (compatible; DataForSeoBot/1.0; +https://dataforseo.com/dataforseo-bot)"
136.243.228.178 - - [21/May/2025:12:34:13 -0600] "GET /item/u29/760/ HTTP/1.1" 200 100724 "-" "Mozilla/5.0 (compatible; DataForSeoBot/1.0; +https://dataforseo.com/dataforseo-bot)"
136.243.228.178 - - [21/May/2025:12:34:17 -0600] "GET /items/zskvc117/36221?key=depending HTTP/1.1" 200 100724 "-" "Mozilla/5.0 (compatible; DataForSeoBot/1.0; +https://dataforseo.com/dataforseo-bot)"
136.243.228.178 - - [21/May/2025:12:34:21 -0600] "GET /item/u62/1891/ HTTP/1.1" 200 100724 "-" "Mozilla/5.0 (compatible; DataForSeoBot/1.0; +https://dataforseo.com/dataforseo-bot)"
136.243.228.178 - - [21/May/2025:12:34:25 -0600] "GET /items/moefe25/39037?key=helicopter HTTP/1.1" 200 100724 "-" "Mozilla/5.0 (compatible; DataForSeoBot/1.0; +https://dataforseo.com/dataforseo-bot)"
136.243.228.178 - - [21/May/2025:12:34:29 -0600] "GET /item/u94/48861/ HTTP/1.1" 200 100724 "-" "Mozilla/5.0 (compatible; DataForSeoBot/1.0; +https://dataforseo.com/dataforseo-bot)"
185.220.100.240 - - [21/May/2025:12:34:31 -0600] "POST /xmlrpc.php HTTP/1.1" 200 62418 "http://4pie.com.mx/" "Mozilla/5.0 (Macintosh; Intel Mac OS X 10_14_3) AppleWebKit/605.1.15 (KHTML, like Gecko) Version/12.0.3 Safari/605.1.15"
136.243.228.178 - - [21/May/2025:12:34:33 -0600] "GET /item/u27/21010/ HTTP/1.1" 200 100725 "-" "Mozilla/5.0 (compatible; DataForSeoBot/1.0; +https://dataforseo.com/dataforseo-bot)"
136.243.228.178 - - [21/May/2025:12:34:37 -0600] "GET /items/tvarv127/29705?key=critic HTTP/1.1" 200 100725 "-" "Mozilla/5.0 (compatible; DataForSeoBot/1.0; +https://dataforseo.com/dataforseo-bot)"
136.243.228.178 - - [21/May/2025:12:34:41 -0600] "GET /item/u75/9112/ HTTP/1.1" 200 100725 "-" "Mozilla/5.0 (compatible; DataForSeoBot/1.0; +https://dataforseo.com/dataforseo-bot)"
136.243.228.178 - - [21/May/2025:12:34:45 -0600] "GET /items/irfzw266/17902?key=train HTTP/1.1" 200 100725 "-" "Mozilla/5.0 (compatible; DataForSeoBot/1.0; +https://dataforseo.com/dataforseo-bot)"
136.243.228.178 - - [21/May/2025:12:34:50 -0600] "GET /items/guzor78/19444?key=cow HTTP/1.1" 200 100725 "-" "Mozilla/5.0 (compatible; DataForSeoBot/1.0; +https://dataforseo.com/dataforseo-bot)"
136.243.228.178 - - [21/May/2025:12:34:54 -0600] "GET /items/tbtfq86/46912?key=meal HTTP/1.1" 200 100725 "-" "Mozilla/5.0 (compatible; DataForSeoBot/1.0; +https://dataforseo.com/dataforseo-bot)"
185.220.101.10 - - [21/May/2025:12:34:56 -0600] "POST /xmlrpc.php HTTP/1.1" 200 62419 "http://4pie.com.mx/" "Mozilla/4.0 (compatible; MSIE 7.0; Windows NT 6.0; SLCC1; .NET CLR 2.0.50727; .NET CLR 3.0.04506)"
136.243.228.178 - - [21/May/2025:12:34:57 -0600] "GET /item/u124/2739/ HTTP/1.1" 200 100725 "-" "Mozilla/5.0 (compatible; DataForSeoBot/1.0; +https://dataforseo.com/dataforseo-bot)"
136.243.228.178 - - [21/May/2025:12:35:01 -0600] "GET /item/u224/7237/ HTTP/1.1" 200 100725 "-" "Mozilla/5.0 (compatible; DataForSeoBot/1.0; +https://dataforseo.com/dataforseo-bot)"
136.243.228.178 - - [21/May/2025:12:35:08 -0600] "GET /item/u177/3718/ HTTP/1.1" 200 100725 "-" "Mozilla/5.0 (compatible; DataForSeoBot/1.0; +https://dataforseo.com/dataforseo-bot)"
136.243.228.178 - - [21/May/2025:12:35:13 -0600] "GET /item/u118/5307/ HTTP/1.1" 200 100725 "-" "Mozilla/5.0 (compatible; DataForSeoBot/1.0; +https://dataforseo.com/dataforseo-bot)"
136.243.228.178 - - [21/May/2025:12:35:17 -0600] "GET /item/u57/29752/ HTTP/1.1" 200 100725 "-" "Mozilla/5.0 (compatible; DataForSeoBot/1.0; +https://dataforseo.com/dataforseo-bot)"
136.243.228.178 - - [21/May/2025:12:35:21 -0600] "GET /item/u2/1079/ HTTP/1.1" 200 100725 "-" "Mozilla/5.0 (compatible; DataForSeoBot/1.0; +https://dataforseo.com/dataforseo-bot)"
185.241.208.206 - - [21/May/2025:12:35:20 -0600] "POST /xmlrpc.php HTTP/1.1" 200 62419 "http://4pie.com.mx/" "Mozilla/5.0 (iPad; CPU OS 12_2 like Mac OS X) AppleWebKit/605.1.15 (KHTML, like Gecko) Mobile/15E148"
136.243.228.178 - - [21/May/2025:12:35:25 -0600] "GET /items/zlsgn246/27568?key=legend HTTP/1.1" 200 100725 "-" "Mozilla/5.0 (compatible; DataForSeoBot/1.0; +https://dataforseo.com/dataforseo-bot)"
136.243.228.178 - - [21/May/2025:12:35:29 -0600] "GET /items/sfatk102/37406?key=smooth HTTP/1.1" 200 100725 "-" "Mozilla/5.0 (compatible; DataForSeoBot/1.0; +https://dataforseo.com/dataforseo-bot)"
136.243.228.178 - - [21/May/2025:12:35:33 -0600] "GET /items/gediy289/38281?key=surprised HTTP/1.1" 200 100725 "-" "Mozilla/5.0 (compatible; DataForSeoBot/1.0; +https://dataforseo.com/dataforseo-bot)"
136.243.228.178 - - [21/May/2025:12:35:37 -0600] "GET /items/zsbrq223/21523?key=ensure HTTP/1.1" 200 100725 "-" "Mozilla/5.0 (compatible; DataForSeoBot/1.0; +https://dataforseo.com/dataforseo-bot)"
136.243.228.178 - - [21/May/2025:12:35:42 -0600] "GET /item/u152/35157/ HTTP/1.1" 200 100725 "-" "Mozilla/5.0 (compatible; DataForSeoBot/1.0; +https://dataforseo.com/dataforseo-bot)"
136.243.228.178 - - [21/May/2025:12:35:45 -0600] "GET /item/u49/20548/ HTTP/1.1" 200 100725 "-" "Mozilla/5.0 (compatible; DataForSeoBot/1.0; +https://dataforseo.com/dataforseo-bot)"
45.84.107.172 - - [21/May/2025:12:35:45 -0600] "POST /xmlrpc.php HTTP/1.1" 200 62419 "http://4pie.com.mx/" "Mozilla/5.0 (Macintosh; Intel Mac OS X 10_15_4) AppleWebKit/605.1.15 (KHTML, like Gecko) Version/13.1 Safari/605.1.15"
136.243.228.178 - - [21/May/2025:12:35:50 -0600] "GET /item/u61/44806/ HTTP/1.1" 200 100725 "-" "Mozilla/5.0 (compatible; DataForSeoBot/1.0; +https://dataforseo.com/dataforseo-bot)"
136.243.228.178 - - [21/May/2025:12:35:53 -0600] "GET /items/jzxlv237/19551?key=considerable HTTP/1.1" 200 100725 "-" "Mozilla/5.0 (compatible; DataForSeoBot/1.0; +https://dataforseo.com/dataforseo-bot)"
136.243.228.178 - - [21/May/2025:12:35:58 -0600] "GET /items/zdtiv179/45181?key=computer HTTP/1.1" 200 100725 "-" "Mozilla/5.0 (compatible; DataForSeoBot/1.0; +https://dataforseo.com/dataforseo-bot)"
136.243.228.178 - - [21/May/2025:12:36:01 -0600] "GET /item/u18/23581/ HTTP/1.1" 200 100725 "-" "Mozilla/5.0 (compatible; DataForSeoBot/1.0; +https://dataforseo.com/dataforseo-bot)"
136.243.228.178 - - [21/May/2025:12:36:06 -0600] "GET /items/gsmda10/10192?key=ease HTTP/1.1" 200 100725 "-" "Mozilla/5.0 (compatible; DataForSeoBot/1.0; +https://dataforseo.com/dataforseo-bot)"
136.243.228.178 - - [21/May/2025:12:36:09 -0600] "GET /item/u149/35438/ HTTP/1.1" 200 100725 "-" "Mozilla/5.0 (compatible; DataForSeoBot/1.0; +https://dataforseo.com/dataforseo-bot)"
185.246.188.73 - - [21/May/2025:12:36:09 -0600] "POST /xmlrpc.php HTTP/1.1" 200 62419 "http://4pie.com.mx/" "Mozilla/5.0 (iPad; CPU OS 12_2 like Mac OS X) AppleWebKit/605.1.15 (KHTML, like Gecko) Version/12.1 Mobile/15E148 Safari/604.1"
136.243.228.178 - - [21/May/2025:12:36:13 -0600] "GET /item/u115/9930/ HTTP/1.1" 200 100725 "-" "Mozilla/5.0 (compatible; DataForSeoBot/1.0; +https://dataforseo.com/dataforseo-bot)"
136.243.228.178 - - [21/May/2025:12:36:17 -0600] "GET /item/u265/13806/ HTTP/1.1" 200 100725 "-" "Mozilla/5.0 (compatible; DataForSeoBot/1.0; +https://dataforseo.com/dataforseo-bot)"
136.243.228.178 - - [21/May/2025:12:36:21 -0600] "GET /items/sltks109/17119?key=journalist HTTP/1.1" 200 100725 "-" "Mozilla/5.0 (compatible; DataForSeoBot/1.0; +https://dataforseo.com/dataforseo-bot)"
136.243.228.178 - - [21/May/2025:12:36:25 -0600] "GET /items/ihvke186/37108?key=supposedly HTTP/1.1" 200 100725 "-" "Mozilla/5.0 (compatible; DataForSeoBot/1.0; +https://dataforseo.com/dataforseo-bot)"
136.243.228.178 - - [21/May/2025:12:36:29 -0600] "GET /item/u198/47029/ HTTP/1.1" 200 100725 "-" "Mozilla/5.0 (compatible; DataForSeoBot/1.0; +https://dataforseo.com/dataforseo-bot)"
136.243.228.178 - - [21/May/2025:12:36:33 -0600] "GET /item/u60/31637/ HTTP/1.1" 200 100725 "-" "Mozilla/5.0 (compatible; DataForSeoBot/1.0; +https://dataforseo.com/dataforseo-bot)"
109.70.100.5 - - [21/May/2025:12:36:34 -0600] "POST /xmlrpc.php HTTP/1.1" 200 62419 "http://4pie.com.mx/" "Mozilla/4.5 (compatible; HTTrack 3.0x; Windows 98)"
136.243.228.178 - - [21/May/2025:12:36:37 -0600] "GET /item/u87/25830/ HTTP/1.1" 200 100725 "-" "Mozilla/5.0 (compatible; DataForSeoBot/1.0; +https://dataforseo.com/dataforseo-bot)"
136.243.228.178 - - [21/May/2025:12:36:42 -0600] "GET /item/u135/21698/ HTTP/1.1" 200 100725 "-" "Mozilla/5.0 (compatible; DataForSeoBot/1.0; +https://dataforseo.com/dataforseo-bot)"
136.243.228.178 - - [21/May/2025:12:36:46 -0600] "GET /items/lyyis136/4488?key=treaty HTTP/1.1" 200 100725 "-" "Mozilla/5.0 (compatible; DataForSeoBot/1.0; +https://dataforseo.com/dataforseo-bot)"
136.243.228.178 - - [21/May/2025:12:36:50 -0600] "GET /item/u289/26574/ HTTP/1.1" 200 100725 "-" "Mozilla/5.0 (compatible; DataForSeoBot/1.0; +https://dataforseo.com/dataforseo-bot)"
185.220.100.251 - - [21/May/2025:12:36:58 -0600] "POST /xmlrpc.php HTTP/1.1" 200 62419 "http://4pie.com.mx/" "Mozilla/5.0 (Macintosh; Intel Mac OS X 10_15_4) AppleWebKit/605.1.15 (KHTML, like Gecko) Version/13.1.1 Safari/605.1.15"
185.220.101.99 - - [21/May/2025:12:37:23 -0600] "POST /xmlrpc.php HTTP/1.1" 200 62419 "http://4pie.com.mx/" "Mozilla/5.0 (Windows NT 6.1; Win64; x64) AppleWebKit/537.36 (KHTML, like Gecko) Chrome/64.0.3282.186 Safari/537.36"
136.243.228.178 - - [21/May/2025:12:37:44 -0600] "GET /items/laopq244/34794?key=action HTTP/1.1" 200 100725 "-" "Mozilla/5.0 (compatible; DataForSeoBot/1.0; +https://dataforseo.com/dataforseo-bot)"
107.189.31.33 - - [21/May/2025:12:37:47 -0600] "POST /xmlrpc.php HTTP/1.1" 200 62419 "http://4pie.com.mx/" "Mozilla/5.0 (Windows NT 10.0; Win64; x64) AppleWebKit/537.36 (KHTML, like Gecko) Chrome/80.0.3987.116 Safari/537.36"
136.243.228.178 - - [21/May/2025:12:37:48 -0600] "GET /item/u281/4476/ HTTP/1.1" 200 100725 "-" "Mozilla/5.0 (compatible; DataForSeoBot/1.0; +https://dataforseo.com/dataforseo-bot)"
136.243.228.178 - - [21/May/2025:12:37:52 -0600] "GET /item/u156/1889/ HTTP/1.1" 200 100725 "-" "Mozilla/5.0 (compatible; DataForSeoBot/1.0; +https://dataforseo.com/dataforseo-bot)"
136.243.228.178 - - [21/May/2025:12:37:56 -0600] "GET /items/nptvb284/49912?key=automatic HTTP/1.1" 200 100725 "-" "Mozilla/5.0 (compatible; DataForSeoBot/1.0; +https://dataforseo.com/dataforseo-bot)"
43.157.147.3 - - [21/May/2025:12:37:58 -0600] "GET /?filesrc=/home/tsgmexic/4pie.com.mx/ss.php&path=/home/tsgmexic/4pie.com.mx HTTP/1.1" 200 556448 "-" "Mozilla/5.0 (iPhone; CPU iPhone OS 13_2_3 like Mac OS X) AppleWebKit/605.1.15 (KHTML, like Gecko) Version/13.0.3 Mobile/15E148 Safari/604.1"
136.243.228.178 - - [21/May/2025:12:38:01 -0600] "GET /items/zskly204/22560?key=mobile HTTP/1.1" 200 100725 "-" "Mozilla/5.0 (compatible; DataForSeoBot/1.0; +https://dataforseo.com/dataforseo-bot)"
136.243.228.178 - - [21/May/2025:12:38:04 -0600] "GET /items/ynxhw295/20151?key=distinctive HTTP/1.1" 200 100725 "-" "Mozilla/5.0 (compatible; DataForSeoBot/1.0; +https://dataforseo.com/dataforseo-bot)"
136.243.228.178 - - [21/May/2025:12:38:08 -0600] "GET /item/u249/15022/ HTTP/1.1" 200 100725 "-" "Mozilla/5.0 (compatible; DataForSeoBot/1.0; +https://dataforseo.com/dataforseo-bot)"
109.70.100.71 - - [21/May/2025:12:38:12 -0600] "POST /xmlrpc.php HTTP/1.1" 200 62419 "http://4pie.com.mx/" "Mozilla/5.0 (Windows NT 6.1) AppleWebKit/537.36 (KHTML, like Gecko) Chrome/68.0.3440.106 Safari/537.36"
136.243.228.178 - - [21/May/2025:12:38:12 -0600] "GET /items/zfffn193/37287?key=eye HTTP/1.1" 200 100725 "-" "Mozilla/5.0 (compatible; DataForSeoBot/1.0; +https://dataforseo.com/dataforseo-bot)"
136.243.228.178 - - [21/May/2025:12:38:16 -0600] "GET /item/u285/31078/ HTTP/1.1" 200 100725 "-" "Mozilla/5.0 (compatible; DataForSeoBot/1.0; +https://dataforseo.com/dataforseo-bot)"
136.243.228.178 - - [21/May/2025:12:38:21 -0600] "GET /item/u151/12628/ HTTP/1.1" 200 100725 "-" "Mozilla/5.0 (compatible; DataForSeoBot/1.0; +https://dataforseo.com/dataforseo-bot)"
136.243.228.178 - - [21/May/2025:12:38:24 -0600] "GET /items/mhxfz261/35419?key=reliable HTTP/1.1" 200 100725 "-" "Mozilla/5.0 (compatible; DataForSeoBot/1.0; +https://dataforseo.com/dataforseo-bot)"
136.243.228.178 - - [21/May/2025:12:38:28 -0600] "GET /item/u264/12805/ HTTP/1.1" 200 100725 "-" "Mozilla/5.0 (compatible; DataForSeoBot/1.0; +https://dataforseo.com/dataforseo-bot)"
136.243.228.178 - - [21/May/2025:12:38:32 -0600] "GET /items/gvdqd277/16243?key=uh HTTP/1.1" 200 100725 "-" "Mozilla/5.0 (compatible; DataForSeoBot/1.0; +https://dataforseo.com/dataforseo-bot)"
136.243.228.178 - - [21/May/2025:12:38:36 -0600] "GET /item/u286/34713/ HTTP/1.1" 200 100725 "-" "Mozilla/5.0 (compatible; DataForSeoBot/1.0; +https://dataforseo.com/dataforseo-bot)"
107.189.8.133 - - [21/May/2025:12:38:36 -0600] "POST /xmlrpc.php HTTP/1.1" 200 62419 "http://4pie.com.mx/" "Mozilla/5.0 (iPhone; CPU iPhone OS 12_2 like Mac OS X) AppleWebKit/605.1.15 (KHTML, like Gecko) Mobile/15E148"
136.243.228.178 - - [21/May/2025:12:38:42 -0600] "GET /item/u239/46384/ HTTP/1.1" 200 100725 "-" "Mozilla/5.0 (compatible; DataForSeoBot/1.0; +https://dataforseo.com/dataforseo-bot)"
136.243.228.178 - - [21/May/2025:12:38:47 -0600] "GET /item/u131/34502/ HTTP/1.1" 200 100725 "-" "Mozilla/5.0 (compatible; DataForSeoBot/1.0; +https://dataforseo.com/dataforseo-bot)"
136.243.228.178 - - [21/May/2025:12:38:51 -0600] "GET /items/ghezi57/32883?key=increased HTTP/1.1" 200 100725 "-" "Mozilla/5.0 (compatible; DataForSeoBot/1.0; +https://dataforseo.com/dataforseo-bot)"
136.243.228.178 - - [21/May/2025:12:38:55 -0600] "GET /item/u60/11965/ HTTP/1.1" 200 100725 "-" "Mozilla/5.0 (compatible; DataForSeoBot/1.0; +https://dataforseo.com/dataforseo-bot)"
136.243.228.178 - - [21/May/2025:12:38:58 -0600] "GET /items/itagt105/6101?key=uncle HTTP/1.1" 200 100725 "-" "Mozilla/5.0 (compatible; DataForSeoBot/1.0; +https://dataforseo.com/dataforseo-bot)"
185.220.101.24 - - [21/May/2025:12:39:00 -0600] "POST /xmlrpc.php HTTP/1.1" 200 61979 "http://4pie.com.mx/" "Mozilla/5.0 (Windows NT 10.0; Win64; x64) AppleWebKit/537.36 (KHTML, like Gecko) Chrome/84.0.4147.105 Safari/537.36"
136.243.228.178 - - [21/May/2025:12:39:02 -0600] "GET /items/vqwkh233/36511?key=writing HTTP/1.1" 200 100725 "-" "Mozilla/5.0 (compatible; DataForSeoBot/1.0; +https://dataforseo.com/dataforseo-bot)"
45.84.107.74 - - [21/May/2025:12:39:25 -0600] "POST /xmlrpc.php HTTP/1.1" 200 61973 "http://4pie.com.mx/" "Mozilla/5.0 (Macintosh; Intel Mac OS X 10_11_6) AppleWebKit/605.1.15 (KHTML, like Gecko) Version/11.1.2 Safari/605.1.15"
136.243.228.178 - - [21/May/2025:12:39:34 -0600] "GET /item/u22/32521/ HTTP/1.1" 200 100725 "-" "Mozilla/5.0 (compatible; DataForSeoBot/1.0; +https://dataforseo.com/dataforseo-bot)"
136.243.228.178 - - [21/May/2025:12:39:46 -0600] "GET /item/u250/39507/ HTTP/1.1" 200 100725 "-" "Mozilla/5.0 (compatible; DataForSeoBot/1.0; +https://dataforseo.com/dataforseo-bot)"
136.243.228.178 - - [21/May/2025:12:39:49 -0600] "GET /item/u241/8098/ HTTP/1.1" 200 100725 "-" "Mozilla/5.0 (compatible; DataForSeoBot/1.0; +https://dataforseo.com/dataforseo-bot)"
45.84.107.172 - - [21/May/2025:12:39:49 -0600] "POST /xmlrpc.php HTTP/1.1" 200 62419 "http://4pie.com.mx/" "Mozilla/4.0 (compatible; MSIE 6.0; Windows NT 5.1; SV1; .NET CLR 1.0.3705)"
136.243.228.178 - - [21/May/2025:12:39:53 -0600] "GET /item/u101/22674/ HTTP/1.1" 200 100725 "-" "Mozilla/5.0 (compatible; DataForSeoBot/1.0; +https://dataforseo.com/dataforseo-bot)"
136.243.228.178 - - [21/May/2025:12:39:57 -0600] "GET /items/soqrt128/3072?key=cord HTTP/1.1" 200 100725 "-" "Mozilla/5.0 (compatible; DataForSeoBot/1.0; +https://dataforseo.com/dataforseo-bot)"
136.243.228.178 - - [21/May/2025:12:40:01 -0600] "GET /item/u156/5929/ HTTP/1.1" 200 100725 "-" "Mozilla/5.0 (compatible; DataForSeoBot/1.0; +https://dataforseo.com/dataforseo-bot)"
136.243.228.178 - - [21/May/2025:12:40:08 -0600] "GET /item/u89/9418/ HTTP/1.1" 200 100725 "-" "Mozilla/5.0 (compatible; DataForSeoBot/1.0; +https://dataforseo.com/dataforseo-bot)"
136.243.228.178 - - [21/May/2025:12:40:13 -0600] "GET /item/u5/37916/ HTTP/1.1" 200 100725 "-" "Mozilla/5.0 (compatible; DataForSeoBot/1.0; +https://dataforseo.com/dataforseo-bot)"
45.90.185.117 - - [21/May/2025:12:40:14 -0600] "POST /xmlrpc.php HTTP/1.1" 200 62418 "http://4pie.com.mx/" "Mozilla/5.0 (Macintosh; Intel Mac OS X 10_10; rv:33.0) Gecko/20100101 Firefox/33.0"
136.243.228.178 - - [21/May/2025:12:40:19 -0600] "GET /items/ukxmu191/2207?key=customer HTTP/1.1" 200 100724 "-" "Mozilla/5.0 (compatible; DataForSeoBot/1.0; +https://dataforseo.com/dataforseo-bot)"
136.243.228.178 - - [21/May/2025:12:40:23 -0600] "GET /items/bxdgz145/3025?key=include HTTP/1.1" 200 100724 "-" "Mozilla/5.0 (compatible; DataForSeoBot/1.0; +https://dataforseo.com/dataforseo-bot)"
136.243.228.178 - - [21/May/2025:12:40:27 -0600] "GET /item/u107/5836/ HTTP/1.1" 200 100724 "-" "Mozilla/5.0 (compatible; DataForSeoBot/1.0; +https://dataforseo.com/dataforseo-bot)"
136.243.228.178 - - [21/May/2025:12:40:31 -0600] "GET /items/teitz31/47053?key=reliability HTTP/1.1" 200 100724 "-" "Mozilla/5.0 (compatible; DataForSeoBot/1.0; +https://dataforseo.com/dataforseo-bot)"
136.243.228.178 - - [21/May/2025:12:40:35 -0600] "GET /items/quwup214/8302?key=gifted HTTP/1.1" 200 100724 "-" "Mozilla/5.0 (compatible; DataForSeoBot/1.0; +https://dataforseo.com/dataforseo-bot)"
45.138.16.230 - - [21/May/2025:12:40:38 -0600] "POST /xmlrpc.php HTTP/1.1" 200 62418 "http://4pie.com.mx/" "Mozilla/5.0 (Windows NT 10.0; Win64; x64) AppleWebKit/537.36 (KHTML, like Gecko) Chrome/73.0.3683.103 Safari/537.36"
136.243.228.178 - - [21/May/2025:12:40:39 -0600] "GET /item/u60/8679/ HTTP/1.1" 200 100724 "-" "Mozilla/5.0 (compatible; DataForSeoBot/1.0; +https://dataforseo.com/dataforseo-bot)"
136.243.228.178 - - [21/May/2025:12:40:43 -0600] "GET /items/vcoez133/23757?key=representation HTTP/1.1" 200 100724 "-" "Mozilla/5.0 (compatible; DataForSeoBot/1.0; +https://dataforseo.com/dataforseo-bot)"
136.243.228.178 - - [21/May/2025:12:40:47 -0600] "GET /item/u194/6409/ HTTP/1.1" 200 100725 "-" "Mozilla/5.0 (compatible; DataForSeoBot/1.0; +https://dataforseo.com/dataforseo-bot)"
136.243.228.178 - - [21/May/2025:12:40:51 -0600] "GET /item/u29/36766/ HTTP/1.1" 200 100725 "-" "Mozilla/5.0 (compatible; DataForSeoBot/1.0; +https://dataforseo.com/dataforseo-bot)"
136.243.228.178 - - [21/May/2025:12:40:55 -0600] "GET /items/qcdtq289/46109?key=valuable HTTP/1.1" 200 100725 "-" "Mozilla/5.0 (compatible; DataForSeoBot/1.0; +https://dataforseo.com/dataforseo-bot)"
136.243.228.178 - - [21/May/2025:12:40:59 -0600] "GET /items/oulsx139/34757?key=random HTTP/1.1" 200 100725 "-" "Mozilla/5.0 (compatible; DataForSeoBot/1.0; +https://dataforseo.com/dataforseo-bot)"
192.42.116.194 - - [21/May/2025:12:41:03 -0600] "POST /xmlrpc.php HTTP/1.1" 200 62419 "http://4pie.com.mx/" "Mozilla/5.0 (iPhone; CPU iPhone OS 12_0_1 like Mac OS X) AppleWebKit/605.1.15 (KHTML, like Gecko) Mobile/16A404"
136.243.228.178 - - [21/May/2025:12:41:03 -0600] "GET /items/skmdr236/27532?key=PM HTTP/1.1" 200 100725 "-" "Mozilla/5.0 (compatible; DataForSeoBot/1.0; +https://dataforseo.com/dataforseo-bot)"
136.243.228.178 - - [21/May/2025:12:41:07 -0600] "GET /items/zabag288/3726?key=distinguish HTTP/1.1" 200 100725 "-" "Mozilla/5.0 (compatible; DataForSeoBot/1.0; +https://dataforseo.com/dataforseo-bot)"
136.243.228.178 - - [21/May/2025:12:41:11 -0600] "GET /items/znnrs134/5916?key=implication HTTP/1.1" 200 100725 "-" "Mozilla/5.0 (compatible; DataForSeoBot/1.0; +https://dataforseo.com/dataforseo-bot)"
136.243.228.178 - - [21/May/2025:12:41:15 -0600] "GET /item/u95/39598/ HTTP/1.1" 200 100725 "-" "Mozilla/5.0 (compatible; DataForSeoBot/1.0; +https://dataforseo.com/dataforseo-bot)"
136.243.228.178 - - [21/May/2025:12:41:19 -0600] "GET /item/u33/11820/ HTTP/1.1" 200 100725 "-" "Mozilla/5.0 (compatible; DataForSeoBot/1.0; +https://dataforseo.com/dataforseo-bot)"
136.243.228.178 - - [21/May/2025:12:41:23 -0600] "GET /items/oxtpb289/8333?key=sovereignty HTTP/1.1" 200 100725 "-" "Mozilla/5.0 (compatible; DataForSeoBot/1.0; +https://dataforseo.com/dataforseo-bot)"
136.243.228.178 - - [21/May/2025:12:41:27 -0600] "GET /items/quzqp219/16019?key=rational HTTP/1.1" 200 100725 "-" "Mozilla/5.0 (compatible; DataForSeoBot/1.0; +https://dataforseo.com/dataforseo-bot)"
45.84.107.97 - - [21/May/2025:12:41:28 -0600] "POST /xmlrpc.php HTTP/1.1" 200 62419 "http://4pie.com.mx/" "Mozilla/4.0 (compatible; MSIE 7.0; Windows NT 6.1; WOW64; Trident/7.0; SLCC2; .NET CLR 2.0.50727; .NET CLR 3.5.30729; .NET CLR 3.0.30729; Media Center PC 6.0; .NET4.0C; .NET4.0E)"
136.243.228.178 - - [21/May/2025:12:41:31 -0600] "GET /items/orywb283/31285?key=treat HTTP/1.1" 200 100725 "-" "Mozilla/5.0 (compatible; DataForSeoBot/1.0; +https://dataforseo.com/dataforseo-bot)"
136.243.228.178 - - [21/May/2025:12:41:36 -0600] "GET /items/dsloz268/7456?key=killer HTTP/1.1" 200 100725 "-" "Mozilla/5.0 (compatible; DataForSeoBot/1.0; +https://dataforseo.com/dataforseo-bot)"
136.243.228.178 - - [21/May/2025:12:41:39 -0600] "GET /items/kvvwh118/17870?key=traditional HTTP/1.1" 200 100725 "-" "Mozilla/5.0 (compatible; DataForSeoBot/1.0; +https://dataforseo.com/dataforseo-bot)"
136.243.228.178 - - [21/May/2025:12:41:44 -0600] "GET /items/bkumf182/10568?key=kiss HTTP/1.1" 200 100725 "-" "Mozilla/5.0 (compatible; DataForSeoBot/1.0; +https://dataforseo.com/dataforseo-bot)"
136.243.228.178 - - [21/May/2025:12:41:48 -0600] "GET /item/u91/28174/ HTTP/1.1" 200 100725 "-" "Mozilla/5.0 (compatible; DataForSeoBot/1.0; +https://dataforseo.com/dataforseo-bot)"
136.243.228.178 - - [21/May/2025:12:41:51 -0600] "GET /item/u161/2440/ HTTP/1.1" 200 100725 "-" "Mozilla/5.0 (compatible; DataForSeoBot/1.0; +https://dataforseo.com/dataforseo-bot)"
136.243.228.178 - - [21/May/2025:12:36:53 -0600] "GET /item/u53/36516/ HTTP/1.1" 200 95839 "-" "Mozilla/5.0 (compatible; DataForSeoBot/1.0; +https://dataforseo.com/dataforseo-bot)"
45.141.215.90 - - [21/May/2025:12:41:52 -0600] "POST /xmlrpc.php HTTP/1.1" 200 62419 "http://4pie.com.mx/" "Mozilla/5.0 (iPhone; CPU iPhone OS 10_0_2 like Mac OS X) AppleWebKit/602.1.50 (KHTML, like Gecko) Version/10.0 Mobile/14A456 Safari/602.1"
136.243.228.178 - - [21/May/2025:12:41:55 -0600] "GET /item/u67/5168/ HTTP/1.1" 200 100725 "-" "Mozilla/5.0 (compatible; DataForSeoBot/1.0; +https://dataforseo.com/dataforseo-bot)"
136.243.228.178 - - [21/May/2025:12:41:59 -0600] "GET /item/u208/23785/ HTTP/1.1" 200 100725 "-" "Mozilla/5.0 (compatible; DataForSeoBot/1.0; +https://dataforseo.com/dataforseo-bot)"
136.243.228.178 - - [21/May/2025:12:42:03 -0600] "GET /item/u224/33461/ HTTP/1.1" 200 100725 "-" "Mozilla/5.0 (compatible; DataForSeoBot/1.0; +https://dataforseo.com/dataforseo-bot)"
136.243.228.178 - - [21/May/2025:12:42:07 -0600] "GET /item/u46/7631/ HTTP/1.1" 200 100725 "-" "Mozilla/5.0 (compatible; DataForSeoBot/1.0; +https://dataforseo.com/dataforseo-bot)"
136.243.228.178 - - [21/May/2025:12:42:12 -0600] "GET /item/u300/47205/ HTTP/1.1" 200 100725 "-" "Mozilla/5.0 (compatible; DataForSeoBot/1.0; +https://dataforseo.com/dataforseo-bot)"
136.243.228.178 - - [21/May/2025:12:42:16 -0600] "GET /item/u16/14669/ HTTP/1.1" 200 100725 "-" "Mozilla/5.0 (compatible; DataForSeoBot/1.0; +https://dataforseo.com/dataforseo-bot)"
176.65.149.84 - - [21/May/2025:12:42:16 -0600] "POST /xmlrpc.php HTTP/1.1" 200 62419 "http://4pie.com.mx/" "Mozilla/5.0 (iPad; CPU OS 9_3_5 like Mac OS X) AppleWebKit/601.1.46 (KHTML, like Gecko) Mobile/13G36"
136.243.228.178 - - [21/May/2025:12:42:21 -0600] "GET /item/u13/25038/ HTTP/1.1" 200 100725 "-" "Mozilla/5.0 (compatible; DataForSeoBot/1.0; +https://dataforseo.com/dataforseo-bot)"
136.243.228.178 - - [21/May/2025:12:42:25 -0600] "GET /item/u242/45175/ HTTP/1.1" 200 100725 "-" "Mozilla/5.0 (compatible; DataForSeoBot/1.0; +https://dataforseo.com/dataforseo-bot)"
136.243.228.178 - - [21/May/2025:12:42:29 -0600] "GET /items/krsgv76/36882?key=apple HTTP/1.1" 200 100725 "-" "Mozilla/5.0 (compatible; DataForSeoBot/1.0; +https://dataforseo.com/dataforseo-bot)"
136.243.228.178 - - [21/May/2025:12:42:33 -0600] "GET /item/u46/28073/ HTTP/1.1" 200 100725 "-" "Mozilla/5.0 (compatible; DataForSeoBot/1.0; +https://dataforseo.com/dataforseo-bot)"
136.243.228.178 - - [21/May/2025:12:42:37 -0600] "GET /item/u32/18247/ HTTP/1.1" 200 100725 "-" "Mozilla/5.0 (compatible; DataForSeoBot/1.0; +https://dataforseo.com/dataforseo-bot)"
192.42.116.179 - - [21/May/2025:12:42:41 -0600] "POST /xmlrpc.php HTTP/1.1" 200 62419 "http://4pie.com.mx/" "Mozilla/5.0 (Windows NT 10.0; Win64; x64) AppleWebKit/537.36 (KHTML, like Gecko) Chrome/79.0.3945.117 Safari/537.36"
136.243.228.178 - - [21/May/2025:12:42:41 -0600] "GET /item/u65/25748/ HTTP/1.1" 200 100725 "-" "Mozilla/5.0 (compatible; DataForSeoBot/1.0; +https://dataforseo.com/dataforseo-bot)"
136.243.228.178 - - [21/May/2025:12:42:45 -0600] "GET /items/likio79/11519?key=management HTTP/1.1" 200 100725 "-" "Mozilla/5.0 (compatible; DataForSeoBot/1.0; +https://dataforseo.com/dataforseo-bot)"
136.243.228.178 - - [21/May/2025:12:42:50 -0600] "GET /item/u53/14592/ HTTP/1.1" 200 100725 "-" "Mozilla/5.0 (compatible; DataForSeoBot/1.0; +https://dataforseo.com/dataforseo-bot)"
136.243.228.178 - - [21/May/2025:12:42:54 -0600] "GET /items/crbsd290/46994?key=place HTTP/1.1" 200 100725 "-" "Mozilla/5.0 (compatible; DataForSeoBot/1.0; +https://dataforseo.com/dataforseo-bot)"
136.243.228.178 - - [21/May/2025:12:42:58 -0600] "GET /item/u233/44190/ HTTP/1.1" 200 100725 "-" "Mozilla/5.0 (compatible; DataForSeoBot/1.0; +https://dataforseo.com/dataforseo-bot)"
136.243.228.178 - - [21/May/2025:12:43:02 -0600] "GET /items/cnule213/42331?key=cemetery HTTP/1.1" 200 100725 "-" "Mozilla/5.0 (compatible; DataForSeoBot/1.0; +https://dataforseo.com/dataforseo-bot)"
192.42.116.213 - - [21/May/2025:12:43:05 -0600] "POST /xmlrpc.php HTTP/1.1" 200 62419 "http://4pie.com.mx/" "Mozilla/5.0 (Macintosh; Intel Mac OS X 10_15) AppleWebKit/605.1.15 (KHTML, like Gecko) Version/13.0.5 Safari/605.1.15"
136.243.228.178 - - [21/May/2025:12:43:06 -0600] "GET /items/ftpvo104/27660?key=parking HTTP/1.1" 200 100725 "-" "Mozilla/5.0 (compatible; DataForSeoBot/1.0; +https://dataforseo.com/dataforseo-bot)"
136.243.228.178 - - [21/May/2025:12:43:11 -0600] "GET /items/dekpb129/1?key=photographer HTTP/1.1" 200 100725 "-" "Mozilla/5.0 (compatible; DataForSeoBot/1.0; +https://dataforseo.com/dataforseo-bot)"
136.243.228.178 - - [21/May/2025:12:43:15 -0600] "GET /item/u174/32311/ HTTP/1.1" 200 100725 "-" "Mozilla/5.0 (compatible; DataForSeoBot/1.0; +https://dataforseo.com/dataforseo-bot)"
136.243.228.178 - - [21/May/2025:12:43:20 -0600] "GET /item/u49/9654/ HTTP/1.1" 200 100725 "-" "Mozilla/5.0 (compatible; DataForSeoBot/1.0; +https://dataforseo.com/dataforseo-bot)"
136.243.228.178 - - [21/May/2025:12:43:23 -0600] "GET /items/kkpfw4/34254?key=actually HTTP/1.1" 200 100725 "-" "Mozilla/5.0 (compatible; DataForSeoBot/1.0; +https://dataforseo.com/dataforseo-bot)"
136.243.228.178 - - [21/May/2025:12:43:27 -0600] "GET /item/u287/2992/ HTTP/1.1" 200 100725 "-" "Mozilla/5.0 (compatible; DataForSeoBot/1.0; +https://dataforseo.com/dataforseo-bot)"
185.220.101.8 - - [21/May/2025:12:43:30 -0600] "POST /xmlrpc.php HTTP/1.1" 200 62419 "http://4pie.com.mx/" "Mozilla/4.0 (compatible; MSIE 6.0; Windows NT 5.1; SV1; InfoPath.1)"
136.243.228.178 - - [21/May/2025:12:43:32 -0600] "GET /item/u190/48163/ HTTP/1.1" 200 100725 "-" "Mozilla/5.0 (compatible; DataForSeoBot/1.0; +https://dataforseo.com/dataforseo-bot)"
136.243.228.178 - - [21/May/2025:12:43:35 -0600] "GET /items/sfqxb175/5677?key=deputy HTTP/1.1" 200 100725 "-" "Mozilla/5.0 (compatible; DataForSeoBot/1.0; +https://dataforseo.com/dataforseo-bot)"
136.243.228.178 - - [21/May/2025:12:43:39 -0600] "GET /items/lzwnq72/20508?key=prohibit HTTP/1.1" 200 100725 "-" "Mozilla/5.0 (compatible; DataForSeoBot/1.0; +https://dataforseo.com/dataforseo-bot)"
136.243.228.178 - - [21/May/2025:12:43:44 -0600] "GET /item/u152/175/ HTTP/1.1" 200 100725 "-" "Mozilla/5.0 (compatible; DataForSeoBot/1.0; +https://dataforseo.com/dataforseo-bot)"
136.243.228.178 - - [21/May/2025:12:43:48 -0600] "GET /item/u72/38529/ HTTP/1.1" 200 100725 "-" "Mozilla/5.0 (compatible; DataForSeoBot/1.0; +https://dataforseo.com/dataforseo-bot)"
136.243.228.178 - - [21/May/2025:12:43:52 -0600] "GET /items/hjgcf289/28297?key=growing HTTP/1.1" 200 100725 "-" "Mozilla/5.0 (compatible; DataForSeoBot/1.0; +https://dataforseo.com/dataforseo-bot)"
192.42.116.180 - - [21/May/2025:12:43:54 -0600] "POST /xmlrpc.php HTTP/1.1" 200 62419 "http://4pie.com.mx/" "Mozilla/5.0 (Windows NT 10.0; Win64; x64; rv:73.0) Gecko/20100101 Firefox/73.0"
136.243.228.178 - - [21/May/2025:12:43:56 -0600] "GET /items/pcsou296/21566?key=spite HTTP/1.1" 200 100725 "-" "Mozilla/5.0 (compatible; DataForSeoBot/1.0; +https://dataforseo.com/dataforseo-bot)"
136.243.228.178 - - [21/May/2025:12:44:00 -0600] "GET /items/gwcqv267/42829?key=perceive HTTP/1.1" 200 100725 "-" "Mozilla/5.0 (compatible; DataForSeoBot/1.0; +https://dataforseo.com/dataforseo-bot)"
136.243.228.178 - - [21/May/2025:12:44:04 -0600] "GET /items/xgrob183/18243?key=double HTTP/1.1" 200 100725 "-" "Mozilla/5.0 (compatible; DataForSeoBot/1.0; +https://dataforseo.com/dataforseo-bot)"
136.243.228.178 - - [21/May/2025:12:44:08 -0600] "GET /items/hzwju26/33468?key=extremely HTTP/1.1" 200 100725 "-" "Mozilla/5.0 (compatible; DataForSeoBot/1.0; +https://dataforseo.com/dataforseo-bot)"
136.243.228.178 - - [21/May/2025:12:44:12 -0600] "GET /items/quaeo71/10691?key=structure HTTP/1.1" 200 100725 "-" "Mozilla/5.0 (compatible; DataForSeoBot/1.0; +https://dataforseo.com/dataforseo-bot)"
136.243.228.178 - - [21/May/2025:12:44:16 -0600] "GET /items/zeren95/47233?key=afternoon HTTP/1.1" 200 100725 "-" "Mozilla/5.0 (compatible; DataForSeoBot/1.0; +https://dataforseo.com/dataforseo-bot)"
185.220.101.69 - - [21/May/2025:12:44:19 -0600] "POST /xmlrpc.php HTTP/1.1" 200 62419 "http://4pie.com.mx/" "Mozilla/5.0 (Windows NT 10.0; Win64; x64; rv:81.0) Gecko/20100101 Firefox/81.0"
136.243.228.178 - - [21/May/2025:12:44:20 -0600] "GET /item/u7/27198/ HTTP/1.1" 200 100725 "-" "Mozilla/5.0 (compatible; DataForSeoBot/1.0; +https://dataforseo.com/dataforseo-bot)"
136.243.228.178 - - [21/May/2025:12:44:24 -0600] "GET /items/qtxwb18/24128?key=live HTTP/1.1" 200 100725 "-" "Mozilla/5.0 (compatible; DataForSeoBot/1.0; +https://dataforseo.com/dataforseo-bot)"
136.243.228.178 - - [21/May/2025:12:44:28 -0600] "GET /items/dcnge189/38113?key=aside HTTP/1.1" 200 100725 "-" "Mozilla/5.0 (compatible; DataForSeoBot/1.0; +https://dataforseo.com/dataforseo-bot)"
136.243.228.178 - - [21/May/2025:12:44:32 -0600] "GET /items/dzkgm199/13101?key=staff HTTP/1.1" 200 100725 "-" "Mozilla/5.0 (compatible; DataForSeoBot/1.0; +https://dataforseo.com/dataforseo-bot)"
136.243.228.178 - - [21/May/2025:12:44:36 -0600] "GET /items/equxn91/18145?key=heaven HTTP/1.1" 200 100725 "-" "Mozilla/5.0 (compatible; DataForSeoBot/1.0; +https://dataforseo.com/dataforseo-bot)"
136.243.228.178 - - [21/May/2025:12:44:40 -0600] "GET /item/u146/16109/ HTTP/1.1" 200 100725 "-" "Mozilla/5.0 (compatible; DataForSeoBot/1.0; +https://dataforseo.com/dataforseo-bot)"
185.220.101.28 - - [21/May/2025:12:44:43 -0600] "POST /xmlrpc.php HTTP/1.1" 200 62419 "http://4pie.com.mx/" "Mozilla/5.0 (Macintosh; Intel Mac OS X 10_13_6) AppleWebKit/605.1.15 (KHTML, like Gecko) Version/13.1 Safari/605.1.15"
136.243.228.178 - - [21/May/2025:12:44:46 -0600] "GET /items/nihqe229/27303?key=violate HTTP/1.1" 200 100725 "-" "Mozilla/5.0 (compatible; DataForSeoBot/1.0; +https://dataforseo.com/dataforseo-bot)"
136.243.228.178 - - [21/May/2025:12:44:50 -0600] "GET /items/znqsy225/49185?key=net HTTP/1.1" 200 100725 "-" "Mozilla/5.0 (compatible; DataForSeoBot/1.0; +https://dataforseo.com/dataforseo-bot)"
136.243.228.178 - - [21/May/2025:12:44:54 -0600] "GET /item/u42/137/ HTTP/1.1" 200 100725 "-" "Mozilla/5.0 (compatible; DataForSeoBot/1.0; +https://dataforseo.com/dataforseo-bot)"
136.243.228.178 - - [21/May/2025:12:44:58 -0600] "GET /items/iqufv82/31880?key=approval HTTP/1.1" 200 100725 "-" "Mozilla/5.0 (compatible; DataForSeoBot/1.0; +https://dataforseo.com/dataforseo-bot)"
136.243.228.178 - - [21/May/2025:12:45:02 -0600] "GET /items/pseyq170/7912?key=floor HTTP/1.1" 200 100732 "-" "Mozilla/5.0 (compatible; DataForSeoBot/1.0; +https://dataforseo.com/dataforseo-bot)"
192.42.116.198 - - [21/May/2025:12:45:07 -0600] "POST /xmlrpc.php HTTP/1.1" 200 62419 "http://4pie.com.mx/" "Mozilla/4.0 (compatible; MSIE 7.0; Windows NT 5.1; .NET CLR 2.0.50727)"
136.243.228.178 - - [21/May/2025:12:45:11 -0600] "GET /items/nrlgf31/24317?key=box HTTP/1.1" 200 100725 "-" "Mozilla/5.0 (compatible; DataForSeoBot/1.0; +https://dataforseo.com/dataforseo-bot)"
136.243.228.178 - - [21/May/2025:12:45:15 -0600] "GET /items/hnjym75/9873?key=enable HTTP/1.1" 200 100725 "-" "Mozilla/5.0 (compatible; DataForSeoBot/1.0; +https://dataforseo.com/dataforseo-bot)"
136.243.228.178 - - [21/May/2025:12:45:19 -0600] "GET /items/szcsq196/8196?key=fucking HTTP/1.1" 200 100725 "-" "Mozilla/5.0 (compatible; DataForSeoBot/1.0; +https://dataforseo.com/dataforseo-bot)"
