136.243.228.178 - - [21/May/2025:15:07:03 -0600] "GET /item/u63/16008/ HTTP/1.1" 200 100725 "-" "Mozilla/5.0 (compatible; DataForSeoBot/1.0; +https://dataforseo.com/dataforseo-bot)"
136.243.228.178 - - [21/May/2025:15:07:07 -0600] "GET /items/udsux71/6199?key=pop HTTP/1.1" 200 100724 "-" "Mozilla/5.0 (compatible; DataForSeoBot/1.0; +https://dataforseo.com/dataforseo-bot)"
136.243.228.178 - - [21/May/2025:15:07:11 -0600] "GET /items/bnwpf132/2060?key=drunk HTTP/1.1" 200 100724 "-" "Mozilla/5.0 (compatible; DataForSeoBot/1.0; +https://dataforseo.com/dataforseo-bot)"
136.243.228.178 - - [21/May/2025:15:07:15 -0600] "GET /items/enlor25/28597?key=departure HTTP/1.1" 200 100724 "-" "Mozilla/5.0 (compatible; DataForSeoBot/1.0; +https://dataforseo.com/dataforseo-bot)"
124.198.131.108 - - [21/May/2025:15:07:19 -0600] "POST /xmlrpc.php HTTP/1.1" 200 62418 "http://4pie.com.mx/" "Mozilla/5.0 (Windows NT 10.0; Win64; x64) AppleWebKit/537.36 (KHTML, like Gecko) Chrome/66.0.3359.181 Safari/537.36"
136.243.228.178 - - [21/May/2025:15:07:20 -0600] "GET /items/btilm154/16344?key=forgive HTTP/1.1" 200 100724 "-" "Mozilla/5.0 (compatible; DataForSeoBot/1.0; +https://dataforseo.com/dataforseo-bot)"
136.243.228.178 - - [21/May/2025:15:07:24 -0600] "GET /item/u95/37172/ HTTP/1.1" 200 100724 "-" "Mozilla/5.0 (compatible; DataForSeoBot/1.0; +https://dataforseo.com/dataforseo-bot)"
136.243.228.178 - - [21/May/2025:15:07:27 -0600] "GET /item/u214/27705/ HTTP/1.1" 200 100725 "-" "Mozilla/5.0 (compatible; DataForSeoBot/1.0; +https://dataforseo.com/dataforseo-bot)"
136.243.228.178 - - [21/May/2025:15:07:32 -0600] "GET /item/u295/34414/ HTTP/1.1" 200 100725 "-" "Mozilla/5.0 (compatible; DataForSeoBot/1.0; +https://dataforseo.com/dataforseo-bot)"
136.243.228.178 - - [21/May/2025:15:07:36 -0600] "GET /item/u119/41718/ HTTP/1.1" 200 100725 "-" "Mozilla/5.0 (compatible; DataForSeoBot/1.0; +https://dataforseo.com/dataforseo-bot)"
136.243.228.178 - - [21/May/2025:15:07:40 -0600] "GET /item/u79/48744/ HTTP/1.1" 200 100725 "-" "Mozilla/5.0 (compatible; DataForSeoBot/1.0; +https://dataforseo.com/dataforseo-bot)"
89.58.41.156 - - [21/May/2025:15:07:44 -0600] "POST /xmlrpc.php HTTP/1.1" 200 62419 "http://4pie.com.mx/" "Mozilla/5.0 (Windows; U; Windows NT 5.1; en-US; rv:1.7.5) Gecko/20041107 Firefox/1.0"
136.243.228.178 - - [21/May/2025:15:07:44 -0600] "GET /item/u221/29566/ HTTP/1.1" 200 100725 "-" "Mozilla/5.0 (compatible; DataForSeoBot/1.0; +https://dataforseo.com/dataforseo-bot)"
136.243.228.178 - - [21/May/2025:15:07:48 -0600] "GET /item/u115/31224/ HTTP/1.1" 200 100725 "-" "Mozilla/5.0 (compatible; DataForSeoBot/1.0; +https://dataforseo.com/dataforseo-bot)"
136.243.228.178 - - [21/May/2025:15:07:52 -0600] "GET /items/zpksy274/39408?key=Iraqi HTTP/1.1" 200 100725 "-" "Mozilla/5.0 (compatible; DataForSeoBot/1.0; +https://dataforseo.com/dataforseo-bot)"
136.243.228.178 - - [21/May/2025:15:07:56 -0600] "GET /item/u67/48584/ HTTP/1.1" 200 100725 "-" "Mozilla/5.0 (compatible; DataForSeoBot/1.0; +https://dataforseo.com/dataforseo-bot)"
136.243.228.178 - - [21/May/2025:15:08:00 -0600] "GET /items/sexvh130/47032?key=champion HTTP/1.1" 200 100725 "-" "Mozilla/5.0 (compatible; DataForSeoBot/1.0; +https://dataforseo.com/dataforseo-bot)"
136.243.228.178 - - [21/May/2025:15:08:04 -0600] "GET /item/u220/10077/ HTTP/1.1" 200 100725 "-" "Mozilla/5.0 (compatible; DataForSeoBot/1.0; +https://dataforseo.com/dataforseo-bot)"
136.243.228.178 - - [21/May/2025:15:08:08 -0600] "GET /item/u17/4308/ HTTP/1.1" 200 100725 "-" "Mozilla/5.0 (compatible; DataForSeoBot/1.0; +https://dataforseo.com/dataforseo-bot)"
185.220.101.148 - - [21/May/2025:15:08:08 -0600] "POST /xmlrpc.php HTTP/1.1" 200 62419 "http://4pie.com.mx/" "Mozilla/5.0 (Windows NT 6.3; WOW64) AppleWebKit/537.36 (KHTML, like Gecko) Chrome/41.0.2226.0 Safari/537.36"
136.243.228.178 - - [21/May/2025:15:08:13 -0600] "GET /item/u172/20853/ HTTP/1.1" 200 100725 "-" "Mozilla/5.0 (compatible; DataForSeoBot/1.0; +https://dataforseo.com/dataforseo-bot)"
136.243.228.178 - - [21/May/2025:15:08:16 -0600] "GET /items/euqge291/39017?key=determine HTTP/1.1" 200 100725 "-" "Mozilla/5.0 (compatible; DataForSeoBot/1.0; +https://dataforseo.com/dataforseo-bot)"
136.243.228.178 - - [21/May/2025:15:08:20 -0600] "GET /item/u113/46242/ HTTP/1.1" 200 100725 "-" "Mozilla/5.0 (compatible; DataForSeoBot/1.0; +https://dataforseo.com/dataforseo-bot)"
136.243.228.178 - - [21/May/2025:15:08:25 -0600] "GET /items/rkgee27/2509?key=classroom HTTP/1.1" 200 100725 "-" "Mozilla/5.0 (compatible; DataForSeoBot/1.0; +https://dataforseo.com/dataforseo-bot)"
136.243.228.178 - - [21/May/2025:15:08:29 -0600] "GET /items/pwild134/7418?key=biological HTTP/1.1" 200 100725 "-" "Mozilla/5.0 (compatible; DataForSeoBot/1.0; +https://dataforseo.com/dataforseo-bot)"
185.220.101.76 - - [21/May/2025:15:08:32 -0600] "POST /xmlrpc.php HTTP/1.1" 200 62419 "http://4pie.com.mx/" "Mozilla/5.0 (iPhone; CPU iPhone OS 12_1_4 like Mac OS X) AppleWebKit/605.1.15 (KHTML, like Gecko) Version/12.0 Mobile/15E148 Safari/604.1"
136.243.228.178 - - [21/May/2025:15:08:33 -0600] "GET /items/musyf67/16177?key=cup HTTP/1.1" 200 100725 "-" "Mozilla/5.0 (compatible; DataForSeoBot/1.0; +https://dataforseo.com/dataforseo-bot)"
136.243.228.178 - - [21/May/2025:15:08:37 -0600] "GET /item/u277/13864/ HTTP/1.1" 200 100725 "-" "Mozilla/5.0 (compatible; DataForSeoBot/1.0; +https://dataforseo.com/dataforseo-bot)"
136.243.228.178 - - [21/May/2025:15:08:41 -0600] "GET /items/clnez81/4437?key=melt HTTP/1.1" 200 100725 "-" "Mozilla/5.0 (compatible; DataForSeoBot/1.0; +https://dataforseo.com/dataforseo-bot)"
136.243.228.178 - - [21/May/2025:15:08:45 -0600] "GET /item/u89/9548/ HTTP/1.1" 200 100725 "-" "Mozilla/5.0 (compatible; DataForSeoBot/1.0; +https://dataforseo.com/dataforseo-bot)"
136.243.228.178 - - [21/May/2025:15:08:49 -0600] "GET /item/u172/16947/ HTTP/1.1" 200 100725 "-" "Mozilla/5.0 (compatible; DataForSeoBot/1.0; +https://dataforseo.com/dataforseo-bot)"
136.243.228.178 - - [21/May/2025:15:08:54 -0600] "GET /items/wxfwq144/40978?key=criminal HTTP/1.1" 200 100725 "-" "Mozilla/5.0 (compatible; DataForSeoBot/1.0; +https://dataforseo.com/dataforseo-bot)"
192.42.116.208 - - [21/May/2025:15:08:56 -0600] "POST /xmlrpc.php HTTP/1.1" 200 62419 "http://4pie.com.mx/" "Mozilla/5.0 (Windows NT 6.1) AppleWebKit/537.36 (KHTML, like Gecko) Chrome/78.0.3904.108 Safari/537.36"
136.243.228.178 - - [21/May/2025:15:08:57 -0600] "GET /item/u228/11719/ HTTP/1.1" 200 100725 "-" "Mozilla/5.0 (compatible; DataForSeoBot/1.0; +https://dataforseo.com/dataforseo-bot)"
136.243.228.178 - - [21/May/2025:15:09:01 -0600] "GET /item/u282/32681/ HTTP/1.1" 200 100725 "-" "Mozilla/5.0 (compatible; DataForSeoBot/1.0; +https://dataforseo.com/dataforseo-bot)"
185.107.57.65 - - [21/May/2025:15:09:21 -0600] "POST /xmlrpc.php HTTP/1.1" 200 61987 "http://4pie.com.mx/" "Mozilla/4.0 (compatible; MSIE 5.5; Windows 98; Win 9x 4.90)"
136.243.228.178 - - [21/May/2025:15:09:22 -0600] "GET /items/dofmm160/18248?key=winner HTTP/1.1" 200 100725 "-" "Mozilla/5.0 (compatible; DataForSeoBot/1.0; +https://dataforseo.com/dataforseo-bot)"
136.243.228.178 - - [21/May/2025:15:09:32 -0600] "GET /item/u32/9815/ HTTP/1.1" 200 100725 "-" "Mozilla/5.0 (compatible; DataForSeoBot/1.0; +https://dataforseo.com/dataforseo-bot)"
136.243.228.178 - - [21/May/2025:15:09:37 -0600] "GET /item/u84/4039/ HTTP/1.1" 200 100725 "-" "Mozilla/5.0 (compatible; DataForSeoBot/1.0; +https://dataforseo.com/dataforseo-bot)"
136.243.228.178 - - [21/May/2025:15:09:41 -0600] "GET /items/atbqw200/5358?key=silence HTTP/1.1" 200 100725 "-" "Mozilla/5.0 (compatible; DataForSeoBot/1.0; +https://dataforseo.com/dataforseo-bot)"
136.243.228.178 - - [21/May/2025:15:09:45 -0600] "GET /item/u210/4479/ HTTP/1.1" 200 100725 "-" "Mozilla/5.0 (compatible; DataForSeoBot/1.0; +https://dataforseo.com/dataforseo-bot)"
45.90.185.113 - - [21/May/2025:15:09:46 -0600] "POST /xmlrpc.php HTTP/1.1" 200 62419 "http://4pie.com.mx/" "Mozilla/5.0 (Windows NT 10.0; Win64; x64) AppleWebKit/537.36 (KHTML, like Gecko) Chrome/70.0.3538.102 Safari/537.36 Edge/18.18363"
136.243.228.178 - - [21/May/2025:15:09:50 -0600] "GET /items/gzece192/40976?key=boy HTTP/1.1" 200 100725 "-" "Mozilla/5.0 (compatible; DataForSeoBot/1.0; +https://dataforseo.com/dataforseo-bot)"
136.243.228.178 - - [21/May/2025:15:09:53 -0600] "GET /item/u55/11300/ HTTP/1.1" 200 100725 "-" "Mozilla/5.0 (compatible; DataForSeoBot/1.0; +https://dataforseo.com/dataforseo-bot)"
136.243.228.178 - - [21/May/2025:15:09:58 -0600] "GET /item/u148/25465/ HTTP/1.1" 200 100725 "-" "Mozilla/5.0 (compatible; DataForSeoBot/1.0; +https://dataforseo.com/dataforseo-bot)"
136.243.228.178 - - [21/May/2025:15:10:01 -0600] "GET /items/wuugn42/39306?key=panic HTTP/1.1" 200 100725 "-" "Mozilla/5.0 (compatible; DataForSeoBot/1.0; +https://dataforseo.com/dataforseo-bot)"
136.243.228.178 - - [21/May/2025:15:10:08 -0600] "GET /items/yqaoy43/39489?key=study HTTP/1.1" 200 100725 "-" "Mozilla/5.0 (compatible; DataForSeoBot/1.0; +https://dataforseo.com/dataforseo-bot)"
192.42.116.192 - - [21/May/2025:15:10:11 -0600] "POST /xmlrpc.php HTTP/1.1" 200 62419 "http://4pie.com.mx/" "Mozilla/5.0 (Windows NT 10.0; Win64; x64) AppleWebKit/537.36 (KHTML, like Gecko) Chrome/80.0.3987.163 Safari/537.36"
136.243.228.178 - - [21/May/2025:15:10:13 -0600] "GET /item/u16/1919/ HTTP/1.1" 200 100725 "-" "Mozilla/5.0 (compatible; DataForSeoBot/1.0; +https://dataforseo.com/dataforseo-bot)"
136.243.228.178 - - [21/May/2025:15:10:17 -0600] "GET /item/u277/23228/ HTTP/1.1" 200 100725 "-" "Mozilla/5.0 (compatible; DataForSeoBot/1.0; +https://dataforseo.com/dataforseo-bot)"
136.243.228.178 - - [21/May/2025:15:10:21 -0600] "GET /items/yppgz125/27413?key=painter HTTP/1.1" 200 100725 "-" "Mozilla/5.0 (compatible; DataForSeoBot/1.0; +https://dataforseo.com/dataforseo-bot)"
136.243.228.178 - - [21/May/2025:15:10:25 -0600] "GET /items/dekxu222/40290?key=gradually HTTP/1.1" 200 100725 "-" "Mozilla/5.0 (compatible; DataForSeoBot/1.0; +https://dataforseo.com/dataforseo-bot)"
136.243.228.178 - - [21/May/2025:15:10:30 -0600] "GET /item/u131/39980/ HTTP/1.1" 200 100725 "-" "Mozilla/5.0 (compatible; DataForSeoBot/1.0; +https://dataforseo.com/dataforseo-bot)"
136.243.228.178 - - [21/May/2025:15:10:33 -0600] "GET /item/u24/21393/ HTTP/1.1" 200 100725 "-" "Mozilla/5.0 (compatible; DataForSeoBot/1.0; +https://dataforseo.com/dataforseo-bot)"
185.150.28.13 - - [21/May/2025:15:10:34 -0600] "POST /xmlrpc.php HTTP/1.1" 200 62419 "http://4pie.com.mx/" "Mozilla/5.0 (Windows; U; Windows NT 5.1; en-US; rv:1.7.12) Gecko/20050915 Firefox/1.0.7"
136.243.228.178 - - [21/May/2025:15:10:37 -0600] "GET /item/u285/1920/ HTTP/1.1" 200 100725 "-" "Mozilla/5.0 (compatible; DataForSeoBot/1.0; +https://dataforseo.com/dataforseo-bot)"
136.243.228.178 - - [21/May/2025:15:10:41 -0600] "GET /item/u20/29711/ HTTP/1.1" 200 100725 "-" "Mozilla/5.0 (compatible; DataForSeoBot/1.0; +https://dataforseo.com/dataforseo-bot)"
45.90.185.67 - - [21/May/2025:15:10:59 -0600] "POST /xmlrpc.php HTTP/1.1" 200 62419 "http://4pie.com.mx/" "Mozilla/5.0 (compatible, MSIE 11, Windows NT 6.3; Trident/7.0; rv:11.0) like Gecko"
204.12.252.98 - - [21/May/2025:15:11:14 -0600] "GET /wp-content/install.php HTTP/1.1" 403 100725 "http://4pie.com.mx/wp-content/install.php" "Mozilla/5.0 (Windows NT 10.0; Win64; x64) AppleWebKit/537.36 (KHTML, like Gecko) Chrome/58.0.3029.110 Safari/537.3"
104.244.78.233 - - [21/May/2025:15:11:23 -0600] "POST /xmlrpc.php HTTP/1.1" 200 62419 "http://4pie.com.mx/" "Mozilla/5.0 (Windows NT 6.1; WOW64; rv:44.0) Gecko/20100101 Firefox/44.0"
136.243.228.178 - - [21/May/2025:15:11:32 -0600] "GET /items/vueyu78/32396?key=bias HTTP/1.1" 200 100724 "-" "Mozilla/5.0 (compatible; DataForSeoBot/1.0; +https://dataforseo.com/dataforseo-bot)"
136.243.228.178 - - [21/May/2025:15:11:37 -0600] "GET /items/moxkr186/42304?key=assessment HTTP/1.1" 200 100724 "-" "Mozilla/5.0 (compatible; DataForSeoBot/1.0; +https://dataforseo.com/dataforseo-bot)"
136.243.228.178 - - [21/May/2025:15:11:40 -0600] "GET /item/u196/10367/ HTTP/1.1" 200 100724 "-" "Mozilla/5.0 (compatible; DataForSeoBot/1.0; +https://dataforseo.com/dataforseo-bot)"
136.243.228.178 - - [21/May/2025:15:11:44 -0600] "GET /items/xztsf192/15088?key=continue HTTP/1.1" 200 100724 "-" "Mozilla/5.0 (compatible; DataForSeoBot/1.0; +https://dataforseo.com/dataforseo-bot)"
93.95.231.88 - - [21/May/2025:15:11:48 -0600] "POST /xmlrpc.php HTTP/1.1" 200 62418 "http://4pie.com.mx/" "Mozilla/4.0 (compatible; MSIE 5.0; Windows 98; DigExt)"
136.243.228.178 - - [21/May/2025:15:11:49 -0600] "GET /item/u170/21375/ HTTP/1.1" 200 100724 "-" "Mozilla/5.0 (compatible; DataForSeoBot/1.0; +https://dataforseo.com/dataforseo-bot)"
136.243.228.178 - - [21/May/2025:15:11:52 -0600] "GET /item/u290/13697/ HTTP/1.1" 200 100724 "-" "Mozilla/5.0 (compatible; DataForSeoBot/1.0; +https://dataforseo.com/dataforseo-bot)"
136.243.228.178 - - [21/May/2025:15:11:57 -0600] "GET /item/u54/41257/ HTTP/1.1" 200 100725 "-" "Mozilla/5.0 (compatible; DataForSeoBot/1.0; +https://dataforseo.com/dataforseo-bot)"
136.243.228.178 - - [21/May/2025:15:12:00 -0600] "GET /items/cuhcg34/2722?key=punishment HTTP/1.1" 200 100725 "-" "Mozilla/5.0 (compatible; DataForSeoBot/1.0; +https://dataforseo.com/dataforseo-bot)"
136.243.228.178 - - [21/May/2025:15:12:05 -0600] "GET /item/u35/36932/ HTTP/1.1" 200 100725 "-" "Mozilla/5.0 (compatible; DataForSeoBot/1.0; +https://dataforseo.com/dataforseo-bot)"
136.243.228.178 - - [21/May/2025:15:12:08 -0600] "GET /items/gscde105/23271?key=lunch HTTP/1.1" 200 100725 "-" "Mozilla/5.0 (compatible; DataForSeoBot/1.0; +https://dataforseo.com/dataforseo-bot)"
136.243.228.178 - - [21/May/2025:15:12:12 -0600] "GET /items/detfs135/23253?key=shark HTTP/1.1" 200 100725 "-" "Mozilla/5.0 (compatible; DataForSeoBot/1.0; +https://dataforseo.com/dataforseo-bot)"
185.220.101.63 - - [21/May/2025:15:12:12 -0600] "POST /xmlrpc.php HTTP/1.1" 200 62419 "http://4pie.com.mx/" "Mozilla/5.0 (iPhone; CPU iPhone OS 9_1 like Mac OS X) AppleWebKit/601.1.46 (KHTML, like Gecko) Version/9.0 Mobile/13B143 Safari/601.1"
136.243.228.178 - - [21/May/2025:15:12:16 -0600] "GET /items/vdyvd107/23545?key=wait HTTP/1.1" 200 100725 "-" "Mozilla/5.0 (compatible; DataForSeoBot/1.0; +https://dataforseo.com/dataforseo-bot)"
136.243.228.178 - - [21/May/2025:15:12:20 -0600] "GET /item/u51/4058/ HTTP/1.1" 200 100725 "-" "Mozilla/5.0 (compatible; DataForSeoBot/1.0; +https://dataforseo.com/dataforseo-bot)"
136.243.228.178 - - [21/May/2025:15:12:24 -0600] "GET /item/u191/40058/ HTTP/1.1" 200 100725 "-" "Mozilla/5.0 (compatible; DataForSeoBot/1.0; +https://dataforseo.com/dataforseo-bot)"
136.243.228.178 - - [21/May/2025:15:12:28 -0600] "GET /item/u181/49058/ HTTP/1.1" 200 100725 "-" "Mozilla/5.0 (compatible; DataForSeoBot/1.0; +https://dataforseo.com/dataforseo-bot)"
198.186.130.214 - - [21/May/2025:15:12:29 -0600] "POST /wp-login.php HTTP/1.1" 200 62003 "http://4piecommx.tsgmexico.com.mx" "Mozilla/5.0 (Windows NT 10.0; Win64; x64) AppleWebKit/537.36 (KHTML, like Gecko) Chrome/112.0.5615.138 Safari/537.36 Edg/112.0.1722.68"
198.186.130.214 - - [21/May/2025:15:12:29 -0600] "POST /wp-login.php HTTP/1.1" 200 62003 "http://4pie.com.mx" "Mozilla/5.0 (Windows NT 10.0; Win64; x64) AppleWebKit/537.36 (KHTML, like Gecko) Chrome/114.0.5735.134 Safari/537.36"
103.92.235.17 - - [21/May/2025:15:12:30 -0600] "POST /wp-login.php HTTP/1.1" 200 62003 "http://mail.4pie.com.mx" "Mozilla/5.0 (Macintosh; Intel Mac OS X 10_15_7) AppleWebKit/537.36 (KHTML, like Gecko) Chrome/112.0.5615.138 Safari/537.36"
185.220.101.101 - - [21/May/2025:15:12:37 -0600] "POST /xmlrpc.php HTTP/1.1" 200 62419 "http://4pie.com.mx/" "Mozilla/5.0 (Windows NT 6.1; WOW64; rv:49.0) Gecko/20100101 Firefox/49.0"
185.220.101.160 - - [21/May/2025:15:13:01 -0600] "POST /xmlrpc.php HTTP/1.1" 200 62419 "http://4pie.com.mx/" "Mozilla/5.0 (Windows NT 10.0; Win64; x64) AppleWebKit/537.36 (KHTML, like Gecko) Chrome/63.0.3239.132 Safari/537.36"
136.243.228.178 - - [21/May/2025:15:13:23 -0600] "GET /item/u213/16832/ HTTP/1.1" 200 100725 "-" "Mozilla/5.0 (compatible; DataForSeoBot/1.0; +https://dataforseo.com/dataforseo-bot)"
171.25.193.234 - - [21/May/2025:15:13:26 -0600] "POST /xmlrpc.php HTTP/1.1" 200 62419 "http://4pie.com.mx/" "Mozilla/5.0 (Windows NT 10.0; WOW64; rv:50.0) Gecko/20100101 Firefox/50.0"
136.243.228.178 - - [21/May/2025:15:13:28 -0600] "GET /item/u272/29703/ HTTP/1.1" 200 100725 "-" "Mozilla/5.0 (compatible; DataForSeoBot/1.0; +https://dataforseo.com/dataforseo-bot)"
136.243.228.178 - - [21/May/2025:15:13:32 -0600] "GET /items/vqsto20/10548?key=monitor HTTP/1.1" 200 100725 "-" "Mozilla/5.0 (compatible; DataForSeoBot/1.0; +https://dataforseo.com/dataforseo-bot)"
136.243.228.178 - - [21/May/2025:15:13:35 -0600] "GET /item/u182/6057/ HTTP/1.1" 200 100725 "-" "Mozilla/5.0 (compatible; DataForSeoBot/1.0; +https://dataforseo.com/dataforseo-bot)"
136.243.228.178 - - [21/May/2025:15:13:40 -0600] "GET /item/u14/2415/ HTTP/1.1" 200 100725 "-" "Mozilla/5.0 (compatible; DataForSeoBot/1.0; +https://dataforseo.com/dataforseo-bot)"
136.243.228.178 - - [21/May/2025:15:13:43 -0600] "GET /item/u154/7171/ HTTP/1.1" 200 100725 "-" "Mozilla/5.0 (compatible; DataForSeoBot/1.0; +https://dataforseo.com/dataforseo-bot)"
136.243.228.178 - - [21/May/2025:15:13:48 -0600] "GET /items/cwyjv184/23436?key=hunter HTTP/1.1" 200 100725 "-" "Mozilla/5.0 (compatible; DataForSeoBot/1.0; +https://dataforseo.com/dataforseo-bot)"
185.220.101.145 - - [21/May/2025:15:13:50 -0600] "POST /xmlrpc.php HTTP/1.1" 200 62419 "http://4pie.com.mx/" "Mozilla/5.0 (Windows NT 10.0; Win64; x64) AppleWebKit/537.36 (KHTML, like Gecko) Chrome/63.0.3239.84 Safari/537.36"
136.243.228.178 - - [21/May/2025:15:13:51 -0600] "GET /items/nssey144/39438?key=fault HTTP/1.1" 200 100725 "-" "Mozilla/5.0 (compatible; DataForSeoBot/1.0; +https://dataforseo.com/dataforseo-bot)"
136.243.228.178 - - [21/May/2025:15:13:56 -0600] "GET /item/u113/49892/ HTTP/1.1" 200 100725 "-" "Mozilla/5.0 (compatible; DataForSeoBot/1.0; +https://dataforseo.com/dataforseo-bot)"
136.243.228.178 - - [21/May/2025:15:14:00 -0600] "GET /items/pwckh169/42585?key=holy HTTP/1.1" 200 100725 "-" "Mozilla/5.0 (compatible; DataForSeoBot/1.0; +https://dataforseo.com/dataforseo-bot)"
136.243.228.178 - - [21/May/2025:15:14:04 -0600] "GET /item/u37/39032/ HTTP/1.1" 200 100725 "-" "Mozilla/5.0 (compatible; DataForSeoBot/1.0; +https://dataforseo.com/dataforseo-bot)"
136.243.228.178 - - [21/May/2025:15:14:09 -0600] "GET /item/u92/15843/ HTTP/1.1" 200 100725 "-" "Mozilla/5.0 (compatible; DataForSeoBot/1.0; +https://dataforseo.com/dataforseo-bot)"
136.243.228.178 - - [21/May/2025:15:14:13 -0600] "GET /item/u238/20429/ HTTP/1.1" 200 100725 "-" "Mozilla/5.0 (compatible; DataForSeoBot/1.0; +https://dataforseo.com/dataforseo-bot)"
45.94.31.68 - - [21/May/2025:15:14:15 -0600] "POST /xmlrpc.php HTTP/1.1" 200 62419 "http://4pie.com.mx/" "Mozilla/5.0 (Windows NT 10.0; Win64; x64) AppleWebKit/537.36 (KHTML, like Gecko) Chrome/78.0.3904.97 Safari/537.36"
136.243.228.178 - - [21/May/2025:15:14:16 -0600] "GET /item/u35/22250/ HTTP/1.1" 200 100725 "-" "Mozilla/5.0 (compatible; DataForSeoBot/1.0; +https://dataforseo.com/dataforseo-bot)"
136.243.228.178 - - [21/May/2025:15:14:20 -0600] "GET /items/nfrrs13/28875?key=steel HTTP/1.1" 200 100725 "-" "Mozilla/5.0 (compatible; DataForSeoBot/1.0; +https://dataforseo.com/dataforseo-bot)"
136.243.228.178 - - [21/May/2025:15:14:24 -0600] "GET /item/u265/20130/ HTTP/1.1" 200 100725 "-" "Mozilla/5.0 (compatible; DataForSeoBot/1.0; +https://dataforseo.com/dataforseo-bot)"
136.243.228.178 - - [21/May/2025:15:14:28 -0600] "GET /items/huvvn222/23322?key=T-shirt HTTP/1.1" 200 100747 "-" "Mozilla/5.0 (compatible; DataForSeoBot/1.0; +https://dataforseo.com/dataforseo-bot)"
136.243.228.178 - - [21/May/2025:15:14:32 -0600] "GET /items/ocxyk241/30995?key=otherwise HTTP/1.1" 200 100725 "-" "Mozilla/5.0 (compatible; DataForSeoBot/1.0; +https://dataforseo.com/dataforseo-bot)"
136.243.228.178 - - [21/May/2025:15:14:37 -0600] "GET /item/u59/35884/ HTTP/1.1" 200 100725 "-" "Mozilla/5.0 (compatible; DataForSeoBot/1.0; +https://dataforseo.com/dataforseo-bot)"
192.42.116.193 - - [21/May/2025:15:14:40 -0600] "POST /xmlrpc.php HTTP/1.1" 200 62419 "http://4pie.com.mx/" "Mozilla/5.0 (Windows NT 10.0; Win64; x64; rv:79.0) Gecko/20100101 Firefox/79.0"
136.243.228.178 - - [21/May/2025:15:14:40 -0600] "GET /item/u199/38162/ HTTP/1.1" 200 100725 "-" "Mozilla/5.0 (compatible; DataForSeoBot/1.0; +https://dataforseo.com/dataforseo-bot)"
136.243.228.178 - - [21/May/2025:15:14:44 -0600] "GET /item/u261/14610/ HTTP/1.1" 200 100725 "-" "Mozilla/5.0 (compatible; DataForSeoBot/1.0; +https://dataforseo.com/dataforseo-bot)"
136.243.228.178 - - [21/May/2025:15:14:49 -0600] "GET /item/u269/25942/ HTTP/1.1" 200 100725 "-" "Mozilla/5.0 (compatible; DataForSeoBot/1.0; +https://dataforseo.com/dataforseo-bot)"
136.243.228.178 - - [21/May/2025:15:14:53 -0600] "GET /items/pmseb126/1880?key=typically HTTP/1.1" 200 100725 "-" "Mozilla/5.0 (compatible; DataForSeoBot/1.0; +https://dataforseo.com/dataforseo-bot)"
136.243.228.178 - - [21/May/2025:15:14:57 -0600] "GET /items/wkscf51/4187?key=attendance HTTP/1.1" 200 100725 "-" "Mozilla/5.0 (compatible; DataForSeoBot/1.0; +https://dataforseo.com/dataforseo-bot)"
136.243.228.178 - - [21/May/2025:15:15:02 -0600] "GET /items/lzkcr262/23412?key=legally HTTP/1.1" 200 100725 "-" "Mozilla/5.0 (compatible; DataForSeoBot/1.0; +https://dataforseo.com/dataforseo-bot)"
45.90.185.106 - - [21/May/2025:15:15:04 -0600] "POST /xmlrpc.php HTTP/1.1" 200 62419 "http://4pie.com.mx/" "Mozilla/5.0 (Windows NT 10.0; Win64; x64) AppleWebKit/537.36 (KHTML, like Gecko) Chrome/83.0.4103.106 Safari/537.36"
136.243.228.178 - - [21/May/2025:15:15:06 -0600] "GET /item/u44/8979/ HTTP/1.1" 200 100725 "-" "Mozilla/5.0 (compatible; DataForSeoBot/1.0; +https://dataforseo.com/dataforseo-bot)"
136.243.228.178 - - [21/May/2025:15:15:10 -0600] "GET /item/u181/36894/ HTTP/1.1" 200 100725 "-" "Mozilla/5.0 (compatible; DataForSeoBot/1.0; +https://dataforseo.com/dataforseo-bot)"
136.243.228.178 - - [21/May/2025:15:15:14 -0600] "GET /items/yslkh132/25384?key=few HTTP/1.1" 200 100725 "-" "Mozilla/5.0 (compatible; DataForSeoBot/1.0; +https://dataforseo.com/dataforseo-bot)"
136.243.228.178 - - [21/May/2025:15:15:18 -0600] "GET /item/u220/49701/ HTTP/1.1" 200 100725 "-" "Mozilla/5.0 (compatible; DataForSeoBot/1.0; +https://dataforseo.com/dataforseo-bot)"
69.197.182.50 - - [21/May/2025:15:15:19 -0600] "GET /wp-content/install.php HTTP/1.1" 403 100725 "http://4pie.com.mx/wp-content/install.php" "Mozilla/5.0 (Windows NT 10.0; Win64; x64) AppleWebKit/537.36 (KHTML, like Gecko) Chrome/58.0.3029.110 Safari/537.3"
136.243.228.178 - - [21/May/2025:15:15:22 -0600] "GET /item/u123/19186/ HTTP/1.1" 200 100725 "-" "Mozilla/5.0 (compatible; DataForSeoBot/1.0; +https://dataforseo.com/dataforseo-bot)"
136.243.228.178 - - [21/May/2025:15:15:27 -0600] "GET /items/tnthh60/35244?key=inherent HTTP/1.1" 200 100725 "-" "Mozilla/5.0 (compatible; DataForSeoBot/1.0; +https://dataforseo.com/dataforseo-bot)"
192.42.116.200 - - [21/May/2025:15:15:28 -0600] "POST /xmlrpc.php HTTP/1.1" 200 62419 "http://4pie.com.mx/" "Mozilla/5.0 (Windows NT 10.0; Win64; x64) AppleWebKit/537.36 (KHTML, like Gecko) Chrome/88.0.4324.150 Safari/537.36 Edg/88.0.705.68"
136.243.228.178 - - [21/May/2025:15:15:33 -0600] "GET /item/u283/28954/ HTTP/1.1" 200 100725 "-" "Mozilla/5.0 (compatible; DataForSeoBot/1.0; +https://dataforseo.com/dataforseo-bot)"
136.243.228.178 - - [21/May/2025:15:15:38 -0600] "GET /items/kuiaf42/35078?key=commonly HTTP/1.1" 200 100725 "-" "Mozilla/5.0 (compatible; DataForSeoBot/1.0; +https://dataforseo.com/dataforseo-bot)"
136.243.228.178 - - [21/May/2025:15:15:41 -0600] "GET /items/uopso112/48748?key=orbit HTTP/1.1" 200 100725 "-" "Mozilla/5.0 (compatible; DataForSeoBot/1.0; +https://dataforseo.com/dataforseo-bot)"
136.243.228.178 - - [21/May/2025:15:15:45 -0600] "GET /items/zetai278/44854?key=roughly HTTP/1.1" 200 100725 "-" "Mozilla/5.0 (compatible; DataForSeoBot/1.0; +https://dataforseo.com/dataforseo-bot)"
136.243.228.178 - - [21/May/2025:15:15:49 -0600] "GET /items/urefq275/21127?key=unusual HTTP/1.1" 200 100725 "-" "Mozilla/5.0 (compatible; DataForSeoBot/1.0; +https://dataforseo.com/dataforseo-bot)"
95.168.173.143 - - [21/May/2025:15:15:52 -0600] "POST /xmlrpc.php HTTP/1.1" 200 62419 "http://4pie.com.mx/" "Mozilla/5.0 (iPhone; CPU iPhone OS 10_2 like Mac OS X) AppleWebKit/602.3.12 (KHTML, like Gecko) Version/10.0 Mobile/14C92 Safari/602.1"
136.243.228.178 - - [21/May/2025:15:15:53 -0600] "GET /items/ncsyt106/17890?key=simple HTTP/1.1" 200 100724 "-" "Mozilla/5.0 (compatible; DataForSeoBot/1.0; +https://dataforseo.com/dataforseo-bot)"
136.243.228.178 - - [21/May/2025:15:15:57 -0600] "GET /item/u116/16225/ HTTP/1.1" 200 100724 "-" "Mozilla/5.0 (compatible; DataForSeoBot/1.0; +https://dataforseo.com/dataforseo-bot)"
136.243.228.178 - - [21/May/2025:15:16:01 -0600] "GET /item/u289/16110/ HTTP/1.1" 200 100724 "-" "Mozilla/5.0 (compatible; DataForSeoBot/1.0; +https://dataforseo.com/dataforseo-bot)"
136.243.228.178 - - [21/May/2025:15:16:05 -0600] "GET /items/qrkoa217/15179?key=health HTTP/1.1" 200 100724 "-" "Mozilla/5.0 (compatible; DataForSeoBot/1.0; +https://dataforseo.com/dataforseo-bot)"
136.243.228.178 - - [21/May/2025:15:16:10 -0600] "GET /item/u173/15162/ HTTP/1.1" 200 100724 "-" "Mozilla/5.0 (compatible; DataForSeoBot/1.0; +https://dataforseo.com/dataforseo-bot)"
136.243.228.178 - - [21/May/2025:15:16:13 -0600] "GET /item/u93/23182/ HTTP/1.1" 200 100724 "-" "Mozilla/5.0 (compatible; DataForSeoBot/1.0; +https://dataforseo.com/dataforseo-bot)"
45.138.16.231 - - [21/May/2025:15:16:17 -0600] "POST /xmlrpc.php HTTP/1.1" 200 62418 "http://4pie.com.mx/" "Mozilla/5.0 (Windows NT 10.0; Win64; x64) AppleWebKit/537.36 (KHTML, like Gecko) Chrome/69.0.3497.100 Safari/537.36"
136.243.228.178 - - [21/May/2025:15:16:18 -0600] "GET /item/u187/28582/ HTTP/1.1" 200 100724 "-" "Mozilla/5.0 (compatible; DataForSeoBot/1.0; +https://dataforseo.com/dataforseo-bot)"
136.243.228.178 - - [21/May/2025:15:16:21 -0600] "GET /item/u282/5305/ HTTP/1.1" 200 100725 "-" "Mozilla/5.0 (compatible; DataForSeoBot/1.0; +https://dataforseo.com/dataforseo-bot)"
136.243.228.178 - - [21/May/2025:15:16:25 -0600] "GET /items/btgyt292/14340?key=hang HTTP/1.1" 200 100725 "-" "Mozilla/5.0 (compatible; DataForSeoBot/1.0; +https://dataforseo.com/dataforseo-bot)"
136.243.228.178 - - [21/May/2025:15:16:29 -0600] "GET /items/gftox95/33597?key=voter HTTP/1.1" 200 100725 "-" "Mozilla/5.0 (compatible; DataForSeoBot/1.0; +https://dataforseo.com/dataforseo-bot)"
136.243.228.178 - - [21/May/2025:15:16:33 -0600] "GET /items/uwtcc196/38978?key=readily HTTP/1.1" 200 100725 "-" "Mozilla/5.0 (compatible; DataForSeoBot/1.0; +https://dataforseo.com/dataforseo-bot)"
136.243.228.178 - - [21/May/2025:15:16:37 -0600] "GET /items/heyot227/21459?key=selected HTTP/1.1" 200 100725 "-" "Mozilla/5.0 (compatible; DataForSeoBot/1.0; +https://dataforseo.com/dataforseo-bot)"
185.220.101.53 - - [21/May/2025:15:16:41 -0600] "POST /xmlrpc.php HTTP/1.1" 200 62419 "http://4pie.com.mx/" "Mozilla/5.0 (Windows NT 10.0; Win64; x64) AppleWebKit/537.36 (KHTML, like Gecko) Chrome/86.0.4240.198 Safari/537.36"
136.243.228.178 - - [21/May/2025:15:16:42 -0600] "GET /item/u264/35111/ HTTP/1.1" 200 100725 "-" "Mozilla/5.0 (compatible; DataForSeoBot/1.0; +https://dataforseo.com/dataforseo-bot)"
136.243.228.178 - - [21/May/2025:15:16:46 -0600] "GET /item/u22/45049/ HTTP/1.1" 200 100725 "-" "Mozilla/5.0 (compatible; DataForSeoBot/1.0; +https://dataforseo.com/dataforseo-bot)"
136.243.228.178 - - [21/May/2025:15:16:50 -0600] "GET /items/mleos141/43411?key=sector HTTP/1.1" 200 100725 "-" "Mozilla/5.0 (compatible; DataForSeoBot/1.0; +https://dataforseo.com/dataforseo-bot)"
136.243.228.178 - - [21/May/2025:15:16:55 -0600] "GET /item/u292/36525/ HTTP/1.1" 200 100725 "-" "Mozilla/5.0 (compatible; DataForSeoBot/1.0; +https://dataforseo.com/dataforseo-bot)"
136.243.228.178 - - [21/May/2025:15:16:59 -0600] "GET /item/u146/25163/ HTTP/1.1" 200 100725 "-" "Mozilla/5.0 (compatible; DataForSeoBot/1.0; +https://dataforseo.com/dataforseo-bot)"
136.243.228.178 - - [21/May/2025:15:17:04 -0600] "GET /items/kvvlh227/44341?key=moral HTTP/1.1" 200 100725 "-" "Mozilla/5.0 (compatible; DataForSeoBot/1.0; +https://dataforseo.com/dataforseo-bot)"
136.243.228.178 - - [21/May/2025:15:17:07 -0600] "GET /item/u286/8885/ HTTP/1.1" 200 100725 "-" "Mozilla/5.0 (compatible; DataForSeoBot/1.0; +https://dataforseo.com/dataforseo-bot)"
136.243.228.178 - - [21/May/2025:15:17:11 -0600] "GET /item/u45/5102/ HTTP/1.1" 200 100725 "-" "Mozilla/5.0 (compatible; DataForSeoBot/1.0; +https://dataforseo.com/dataforseo-bot)"
136.243.228.178 - - [21/May/2025:15:17:16 -0600] "GET /item/u17/29358/ HTTP/1.1" 200 100725 "-" "Mozilla/5.0 (compatible; DataForSeoBot/1.0; +https://dataforseo.com/dataforseo-bot)"
136.243.228.178 - - [21/May/2025:15:17:19 -0600] "GET /item/u223/39898/ HTTP/1.1" 200 100725 "-" "Mozilla/5.0 (compatible; DataForSeoBot/1.0; +https://dataforseo.com/dataforseo-bot)"
136.243.228.178 - - [21/May/2025:15:17:23 -0600] "GET /items/jkhhb165/11609?key=band HTTP/1.1" 200 100725 "-" "Mozilla/5.0 (compatible; DataForSeoBot/1.0; +https://dataforseo.com/dataforseo-bot)"
136.243.228.178 - - [21/May/2025:15:17:27 -0600] "GET /items/smjtz28/16282?key=execution HTTP/1.1" 200 100725 "-" "Mozilla/5.0 (compatible; DataForSeoBot/1.0; +https://dataforseo.com/dataforseo-bot)"
109.70.100.69 - - [21/May/2025:15:17:30 -0600] "POST /xmlrpc.php HTTP/1.1" 200 62419 "http://4pie.com.mx/" "Mozilla/5.0 (Windows NT 10.0; Win64; x64) AppleWebKit/537.36 (KHTML, like Gecko) Chrome/81.0.4044.122 Safari/537.36"
136.243.228.178 - - [21/May/2025:15:17:31 -0600] "GET /items/moigw173/39117?key=restriction HTTP/1.1" 200 100725 "-" "Mozilla/5.0 (compatible; DataForSeoBot/1.0; +https://dataforseo.com/dataforseo-bot)"
136.243.228.178 - - [21/May/2025:15:12:32 -0600] "GET /item/u7/27806/ HTTP/1.1" 200 61971 "-" "Mozilla/5.0 (compatible; DataForSeoBot/1.0; +https://dataforseo.com/dataforseo-bot)"
136.243.228.178 - - [21/May/2025:15:17:36 -0600] "GET /items/gkslt251/47699?key=reverse HTTP/1.1" 200 100725 "-" "Mozilla/5.0 (compatible; DataForSeoBot/1.0; +https://dataforseo.com/dataforseo-bot)"
136.243.228.178 - - [21/May/2025:15:17:39 -0600] "GET /item/u270/5159/ HTTP/1.1" 200 100725 "-" "Mozilla/5.0 (compatible; DataForSeoBot/1.0; +https://dataforseo.com/dataforseo-bot)"
136.243.228.178 - - [21/May/2025:15:17:43 -0600] "GET /item/u219/34508/ HTTP/1.1" 200 100725 "-" "Mozilla/5.0 (compatible; DataForSeoBot/1.0; +https://dataforseo.com/dataforseo-bot)"
136.243.228.178 - - [21/May/2025:15:17:47 -0600] "GET /items/qbzda30/15408?key=technological HTTP/1.1" 200 100725 "-" "Mozilla/5.0 (compatible; DataForSeoBot/1.0; +https://dataforseo.com/dataforseo-bot)"
136.243.228.178 - - [21/May/2025:15:17:52 -0600] "GET /item/u300/8725/ HTTP/1.1" 200 100725 "-" "Mozilla/5.0 (compatible; DataForSeoBot/1.0; +https://dataforseo.com/dataforseo-bot)"
192.42.116.191 - - [21/May/2025:15:17:54 -0600] "POST /xmlrpc.php HTTP/1.1" 200 62419 "http://4pie.com.mx/" "Mozilla/5.0 (Windows IoT 10.0; Android 6.0.1; WebView/3.0) AppleWebKit/537.36 (KHTML, like Gecko) Chrome/64.0.3282.140 Mobile Safari/537.36 Edge/17.17134"
136.243.228.178 - - [21/May/2025:15:17:55 -0600] "GET /item/u201/10878/ HTTP/1.1" 200 100725 "-" "Mozilla/5.0 (compatible; DataForSeoBot/1.0; +https://dataforseo.com/dataforseo-bot)"
136.243.228.178 - - [21/May/2025:15:18:00 -0600] "GET /item/u123/848/ HTTP/1.1" 200 100725 "-" "Mozilla/5.0 (compatible; DataForSeoBot/1.0; +https://dataforseo.com/dataforseo-bot)"
136.243.228.178 - - [21/May/2025:15:18:03 -0600] "GET /item/u79/36904/ HTTP/1.1" 200 100725 "-" "Mozilla/5.0 (compatible; DataForSeoBot/1.0; +https://dataforseo.com/dataforseo-bot)"
136.243.228.178 - - [21/May/2025:15:18:07 -0600] "GET /item/u128/23755/ HTTP/1.1" 200 100725 "-" "Mozilla/5.0 (compatible; DataForSeoBot/1.0; +https://dataforseo.com/dataforseo-bot)"
136.243.228.178 - - [21/May/2025:15:18:11 -0600] "GET /items/vltmy49/1929?key=thread HTTP/1.1" 200 100725 "-" "Mozilla/5.0 (compatible; DataForSeoBot/1.0; +https://dataforseo.com/dataforseo-bot)"
136.243.228.178 - - [21/May/2025:15:18:15 -0600] "GET /item/u9/16866/ HTTP/1.1" 200 100725 "-" "Mozilla/5.0 (compatible; DataForSeoBot/1.0; +https://dataforseo.com/dataforseo-bot)"
69.197.182.50 - - [21/May/2025:15:18:19 -0600] "GET /wp-content/install.php HTTP/1.1" 403 100725 "http://4pie.com.mx/wp-content/install.php" "Mozilla/5.0 (Windows NT 10.0; Win64; x64) AppleWebKit/537.36 (KHTML, like Gecko) Chrome/58.0.3029.110 Safari/537.3"
136.243.228.178 - - [21/May/2025:15:18:20 -0600] "GET /item/u257/47884/ HTTP/1.1" 200 100725 "-" "Mozilla/5.0 (compatible; DataForSeoBot/1.0; +https://dataforseo.com/dataforseo-bot)"
185.231.102.51 - - [21/May/2025:15:18:19 -0600] "POST /xmlrpc.php HTTP/1.1" 200 62419 "http://4pie.com.mx/" "Mozilla/4.0 (compatible; MSIE 6.0; Windows NT 5.1; SV1; .NET CLR 1.1.4322; InfoPath.1; .NET CLR 2.0.50727)"
136.243.228.178 - - [21/May/2025:15:18:24 -0600] "GET /items/azlxp33/18315?key=mine HTTP/1.1" 200 100725 "-" "Mozilla/5.0 (compatible; DataForSeoBot/1.0; +https://dataforseo.com/dataforseo-bot)"
136.243.228.178 - - [21/May/2025:15:18:29 -0600] "GET /items/bjvyq2/38278?key=dam HTTP/1.1" 200 100725 "-" "Mozilla/5.0 (compatible; DataForSeoBot/1.0; +https://dataforseo.com/dataforseo-bot)"
136.243.228.178 - - [21/May/2025:15:18:32 -0600] "GET /items/njcqy73/30255?key=sixth HTTP/1.1" 200 100725 "-" "Mozilla/5.0 (compatible; DataForSeoBot/1.0; +https://dataforseo.com/dataforseo-bot)"
136.243.228.178 - - [21/May/2025:15:18:36 -0600] "GET /item/u10/18433/ HTTP/1.1" 200 100725 "-" "Mozilla/5.0 (compatible; DataForSeoBot/1.0; +https://dataforseo.com/dataforseo-bot)"
136.243.228.178 - - [21/May/2025:15:18:40 -0600] "GET /item/u146/23509/ HTTP/1.1" 200 100725 "-" "Mozilla/5.0 (compatible; DataForSeoBot/1.0; +https://dataforseo.com/dataforseo-bot)"
178.162.175.5 - - [21/May/2025:15:18:43 -0600] "POST /xmlrpc.php HTTP/1.1" 200 62419 "http://4pie.com.mx/" "Mozilla/5.0 (Windows NT 10.0; Win64; x64) AppleWebKit/537.36 (KHTML, like Gecko) Chrome/84.0.4147.125 Safari/537.36 Edg/84.0.522.59"
136.243.228.178 - - [21/May/2025:15:18:44 -0600] "GET /item/u4/42733/ HTTP/1.1" 200 100725 "-" "Mozilla/5.0 (compatible; DataForSeoBot/1.0; +https://dataforseo.com/dataforseo-bot)"
136.243.228.178 - - [21/May/2025:15:18:48 -0600] "GET /item/u173/12518/ HTTP/1.1" 200 100725 "-" "Mozilla/5.0 (compatible; DataForSeoBot/1.0; +https://dataforseo.com/dataforseo-bot)"
136.243.228.178 - - [21/May/2025:15:18:52 -0600] "GET /item/u98/10295/ HTTP/1.1" 200 100725 "-" "Mozilla/5.0 (compatible; DataForSeoBot/1.0; +https://dataforseo.com/dataforseo-bot)"
136.243.228.178 - - [21/May/2025:15:18:56 -0600] "GET /item/u78/37537/ HTTP/1.1" 200 100725 "-" "Mozilla/5.0 (compatible; DataForSeoBot/1.0; +https://dataforseo.com/dataforseo-bot)"
136.243.228.178 - - [21/May/2025:15:19:00 -0600] "GET /items/cvapr174/1968?key=respond HTTP/1.1" 200 100725 "-" "Mozilla/5.0 (compatible; DataForSeoBot/1.0; +https://dataforseo.com/dataforseo-bot)"
136.243.228.178 - - [21/May/2025:15:19:04 -0600] "GET /items/ukzkd193/30967?key=tight HTTP/1.1" 200 100725 "-" "Mozilla/5.0 (compatible; DataForSeoBot/1.0; +https://dataforseo.com/dataforseo-bot)"
45.84.107.33 - - [21/May/2025:15:19:08 -0600] "POST /xmlrpc.php HTTP/1.1" 200 62419 "http://4pie.com.mx/" "Mozilla/5.0 (Macintosh; Intel Mac OS X 10_14_6) AppleWebKit/605.1.15 (KHTML, like Gecko) Version/14.0.1 Safari/605.1.15"
136.243.228.178 - - [21/May/2025:15:19:08 -0600] "GET /items/dxquj34/35524?key=dining HTTP/1.1" 200 100725 "-" "Mozilla/5.0 (compatible; DataForSeoBot/1.0; +https://dataforseo.com/dataforseo-bot)"
136.243.228.178 - - [21/May/2025:15:19:12 -0600] "GET /item/u39/48672/ HTTP/1.1" 200 100725 "-" "Mozilla/5.0 (compatible; DataForSeoBot/1.0; +https://dataforseo.com/dataforseo-bot)"
136.243.228.178 - - [21/May/2025:15:19:16 -0600] "GET /item/u284/19893/ HTTP/1.1" 200 100725 "-" "Mozilla/5.0 (compatible; DataForSeoBot/1.0; +https://dataforseo.com/dataforseo-bot)"
136.243.228.178 - - [21/May/2025:15:19:20 -0600] "GET /items/ouppp4/11142?key=accept HTTP/1.1" 200 100725 "-" "Mozilla/5.0 (compatible; DataForSeoBot/1.0; +https://dataforseo.com/dataforseo-bot)"
136.243.228.178 - - [21/May/2025:15:19:24 -0600] "GET /items/tiwrq6/35080?key=grief HTTP/1.1" 200 100725 "-" "Mozilla/5.0 (compatible; DataForSeoBot/1.0; +https://dataforseo.com/dataforseo-bot)"
136.243.228.178 - - [21/May/2025:15:19:28 -0600] "GET /item/u63/4830/ HTTP/1.1" 200 100725 "-" "Mozilla/5.0 (compatible; DataForSeoBot/1.0; +https://dataforseo.com/dataforseo-bot)"
45.90.185.100 - - [21/May/2025:15:19:32 -0600] "POST /xmlrpc.php HTTP/1.1" 200 62419 "http://4pie.com.mx/" "Mozilla/5.0 (Windows NT 5.1) AppleWebKit/537.36 (KHTML, like Gecko) Chrome/46.0.2490.71 Safari/537.36"
136.243.228.178 - - [21/May/2025:15:19:32 -0600] "GET /items/zaqep183/23045?key=rarely HTTP/1.1" 200 100725 "-" "Mozilla/5.0 (compatible; DataForSeoBot/1.0; +https://dataforseo.com/dataforseo-bot)"
136.243.228.178 - - [21/May/2025:15:19:37 -0600] "GET /item/u39/45622/ HTTP/1.1" 200 100725 "-" "Mozilla/5.0 (compatible; DataForSeoBot/1.0; +https://dataforseo.com/dataforseo-bot)"
136.243.228.178 - - [21/May/2025:15:19:41 -0600] "GET /item/u199/14384/ HTTP/1.1" 200 100725 "-" "Mozilla/5.0 (compatible; DataForSeoBot/1.0; +https://dataforseo.com/dataforseo-bot)"
136.243.228.178 - - [21/May/2025:15:19:45 -0600] "GET /items/ycssm23/23359?key=transfer HTTP/1.1" 200 100725 "-" "Mozilla/5.0 (compatible; DataForSeoBot/1.0; +https://dataforseo.com/dataforseo-bot)"
136.243.228.178 - - [21/May/2025:15:19:49 -0600] "GET /items/beowg23/45233?key=beef HTTP/1.1" 200 100725 "-" "Mozilla/5.0 (compatible; DataForSeoBot/1.0; +https://dataforseo.com/dataforseo-bot)"
136.243.228.178 - - [21/May/2025:15:19:53 -0600] "GET /item/u97/40020/ HTTP/1.1" 200 100725 "-" "Mozilla/5.0 (compatible; DataForSeoBot/1.0; +https://dataforseo.com/dataforseo-bot)"
192.42.116.203 - - [21/May/2025:15:19:57 -0600] "POST /xmlrpc.php HTTP/1.1" 200 62419 "http://4pie.com.mx/" "Mozilla/5.0 (Windows NT 6.1; Win64; x64) AppleWebKit/537.36 (KHTML, like Gecko) Chrome/79.0.3945.88 Safari/537.36"
136.243.228.178 - - [21/May/2025:15:19:57 -0600] "GET /items/tddxf248/4174?key=neighborhood HTTP/1.1" 200 100724 "-" "Mozilla/5.0 (compatible; DataForSeoBot/1.0; +https://dataforseo.com/dataforseo-bot)"
136.243.228.178 - - [21/May/2025:15:20:02 -0600] "GET /item/u35/36800/ HTTP/1.1" 200 100724 "-" "Mozilla/5.0 (compatible; DataForSeoBot/1.0; +https://dataforseo.com/dataforseo-bot)"
136.243.228.178 - - [21/May/2025:15:20:09 -0600] "GET /items/klpsi61/5913?key=Canadian HTTP/1.1" 200 100724 "-" "Mozilla/5.0 (compatible; DataForSeoBot/1.0; +https://dataforseo.com/dataforseo-bot)"
136.243.228.178 - - [21/May/2025:15:20:12 -0600] "GET /item/u87/40140/ HTTP/1.1" 200 100724 "-" "Mozilla/5.0 (compatible; DataForSeoBot/1.0; +https://dataforseo.com/dataforseo-bot)"
136.243.228.178 - - [21/May/2025:15:20:16 -0600] "GET /item/u201/15788/ HTTP/1.1" 200 100724 "-" "Mozilla/5.0 (compatible; DataForSeoBot/1.0; +https://dataforseo.com/dataforseo-bot)"
136.243.228.178 - - [21/May/2025:15:20:20 -0600] "GET /item/u267/38316/ HTTP/1.1" 200 100724 "-" "Mozilla/5.0 (compatible; DataForSeoBot/1.0; +https://dataforseo.com/dataforseo-bot)"
185.220.101.9 - - [21/May/2025:15:20:21 -0600] "POST /xmlrpc.php HTTP/1.1" 200 62418 "http://4pie.com.mx/" "Mozilla/5.0 (Windows NT 10.0; Win64; x64) AppleWebKit/537.36 (KHTML, like Gecko) Chrome/75.0.3770.100 Safari/537.36"
136.243.228.178 - - [21/May/2025:15:20:24 -0600] "GET /item/u108/42869/ HTTP/1.1" 200 100724 "-" "Mozilla/5.0 (compatible; DataForSeoBot/1.0; +https://dataforseo.com/dataforseo-bot)"
136.243.228.178 - - [21/May/2025:15:20:28 -0600] "GET /items/fmjtf180/3076?key=sell HTTP/1.1" 200 100725 "-" "Mozilla/5.0 (compatible; DataForSeoBot/1.0; +https://dataforseo.com/dataforseo-bot)"
136.243.228.178 - - [21/May/2025:15:20:32 -0600] "GET /item/u94/13665/ HTTP/1.1" 200 100725 "-" "Mozilla/5.0 (compatible; DataForSeoBot/1.0; +https://dataforseo.com/dataforseo-bot)"
136.243.228.178 - - [21/May/2025:15:20:36 -0600] "GET /items/lxgcq45/17785?key=unit HTTP/1.1" 200 100725 "-" "Mozilla/5.0 (compatible; DataForSeoBot/1.0; +https://dataforseo.com/dataforseo-bot)"
136.243.228.178 - - [21/May/2025:15:20:40 -0600] "GET /items/npwvp34/26800?key=chemistry HTTP/1.1" 200 100725 "-" "Mozilla/5.0 (compatible; DataForSeoBot/1.0; +https://dataforseo.com/dataforseo-bot)"
136.243.228.178 - - [21/May/2025:15:20:44 -0600] "GET /item/u200/10199/ HTTP/1.1" 200 100725 "-" "Mozilla/5.0 (compatible; DataForSeoBot/1.0; +https://dataforseo.com/dataforseo-bot)"
179.43.159.196 - - [21/May/2025:15:20:45 -0600] "POST /xmlrpc.php HTTP/1.1" 200 62419 "http://4pie.com.mx/" "Mozilla/5.0 (Windows NT 6.1; Win64; x64) AppleWebKit/537.36 (KHTML, like Gecko) Chrome/61.0.3163.100 Safari/537.36"
136.243.228.178 - - [21/May/2025:15:20:48 -0600] "GET /items/hhxqi265/46753?key=preliminary HTTP/1.1" 200 100725 "-" "Mozilla/5.0 (compatible; DataForSeoBot/1.0; +https://dataforseo.com/dataforseo-bot)"
136.243.228.178 - - [21/May/2025:15:20:52 -0600] "GET /items/jtrpg282/430?key=accept HTTP/1.1" 200 100725 "-" "Mozilla/5.0 (compatible; DataForSeoBot/1.0; +https://dataforseo.com/dataforseo-bot)"
136.243.228.178 - - [21/May/2025:15:20:56 -0600] "GET /items/dbkif243/26711?key=portrait HTTP/1.1" 200 100725 "-" "Mozilla/5.0 (compatible; DataForSeoBot/1.0; +https://dataforseo.com/dataforseo-bot)"
136.243.228.178 - - [21/May/2025:15:21:00 -0600] "GET /items/wbwfd138/35820?key=license HTTP/1.1" 200 100725 "-" "Mozilla/5.0 (compatible; DataForSeoBot/1.0; +https://dataforseo.com/dataforseo-bot)"
136.243.228.178 - - [21/May/2025:15:21:04 -0600] "GET /item/u132/25609/ HTTP/1.1" 200 100725 "-" "Mozilla/5.0 (compatible; DataForSeoBot/1.0; +https://dataforseo.com/dataforseo-bot)"
136.243.228.178 - - [21/May/2025:15:21:08 -0600] "GET /item/u29/13818/ HTTP/1.1" 200 100725 "-" "Mozilla/5.0 (compatible; DataForSeoBot/1.0; +https://dataforseo.com/dataforseo-bot)"
45.138.16.42 - - [21/May/2025:15:21:10 -0600] "POST /xmlrpc.php HTTP/1.1" 200 62419 "http://4pie.com.mx/" "Mozilla/5.0 (Windows NT 10.0; Win64; x64; rv:85.0) Gecko/20100101 Firefox/85.0"
136.243.228.178 - - [21/May/2025:15:21:12 -0600] "GET /items/ppdha126/40358?key=weekend HTTP/1.1" 200 100725 "-" "Mozilla/5.0 (compatible; DataForSeoBot/1.0; +https://dataforseo.com/dataforseo-bot)"
170.106.65.93 - - [21/May/2025:15:21:16 -0600] "GET /wp-content/themes/twentytwentythree/assets/fonts/dm-sans/DMSans-Regular-Italic.woff2 HTTP/1.1" 200 19004 "-" "Mozilla/5.0 (iPhone; CPU iPhone OS 13_2_3 like Mac OS X) AppleWebKit/605.1.15 (KHTML, like Gecko) Version/13.0.3 Mobile/15E148 Safari/604.1"
136.243.228.178 - - [21/May/2025:15:21:16 -0600] "GET /item/u79/6280/ HTTP/1.1" 200 100725 "-" "Mozilla/5.0 (compatible; DataForSeoBot/1.0; +https://dataforseo.com/dataforseo-bot)"
136.243.228.178 - - [21/May/2025:15:21:20 -0600] "GET /items/vxafc298/12402?key=white HTTP/1.1" 200 100725 "-" "Mozilla/5.0 (compatible; DataForSeoBot/1.0; +https://dataforseo.com/dataforseo-bot)"
136.243.228.178 - - [21/May/2025:15:21:24 -0600] "GET /items/zjled224/3224?key=authorize HTTP/1.1" 200 100725 "-" "Mozilla/5.0 (compatible; DataForSeoBot/1.0; +https://dataforseo.com/dataforseo-bot)"
136.243.228.178 - - [21/May/2025:15:21:28 -0600] "GET /item/u207/35154/ HTTP/1.1" 200 100725 "-" "Mozilla/5.0 (compatible; DataForSeoBot/1.0; +https://dataforseo.com/dataforseo-bot)"
136.243.228.178 - - [21/May/2025:15:21:32 -0600] "GET /items/uhaks167/49701?key=appreciate HTTP/1.1" 200 100725 "-" "Mozilla/5.0 (compatible; DataForSeoBot/1.0; +https://dataforseo.com/dataforseo-bot)"
204.8.96.145 - - [21/May/2025:15:21:34 -0600] "POST /xmlrpc.php HTTP/1.1" 200 62419 "http://4pie.com.mx/" "Mozilla/5.0 (Windows NT 6.1; Win64; x64) AppleWebKit/537.36 (KHTML, like Gecko) Chrome/62.0.3202.94 Safari/537.36"
136.243.228.178 - - [21/May/2025:15:21:36 -0600] "GET /item/u136/17821/ HTTP/1.1" 200 100725 "-" "Mozilla/5.0 (compatible; DataForSeoBot/1.0; +https://dataforseo.com/dataforseo-bot)"
136.243.228.178 - - [21/May/2025:15:21:40 -0600] "GET /item/u73/4708/ HTTP/1.1" 200 100725 "-" "Mozilla/5.0 (compatible; DataForSeoBot/1.0; +https://dataforseo.com/dataforseo-bot)"
136.243.228.178 - - [21/May/2025:15:21:44 -0600] "GET /item/u271/39132/ HTTP/1.1" 200 100725 "-" "Mozilla/5.0 (compatible; DataForSeoBot/1.0; +https://dataforseo.com/dataforseo-bot)"
136.243.228.178 - - [21/May/2025:15:21:48 -0600] "GET /item/u209/20794/ HTTP/1.1" 200 100725 "-" "Mozilla/5.0 (compatible; DataForSeoBot/1.0; +https://dataforseo.com/dataforseo-bot)"
136.243.228.178 - - [21/May/2025:15:21:52 -0600] "GET /items/xflze98/7340?key=regain HTTP/1.1" 200 100725 "-" "Mozilla/5.0 (compatible; DataForSeoBot/1.0; +https://dataforseo.com/dataforseo-bot)"
136.243.228.178 - - [21/May/2025:15:21:56 -0600] "GET /item/u20/23443/ HTTP/1.1" 200 100725 "-" "Mozilla/5.0 (compatible; DataForSeoBot/1.0; +https://dataforseo.com/dataforseo-bot)"
136.243.228.178 - - [21/May/2025:15:22:00 -0600] "GET /items/kjbbm269/42627?key=one HTTP/1.1" 200 100725 "-" "Mozilla/5.0 (compatible; DataForSeoBot/1.0; +https://dataforseo.com/dataforseo-bot)"
86.54.28.49 - - [21/May/2025:15:22:01 -0600] "POST /xmlrpc.php HTTP/1.1" 200 62419 "http://4pie.com.mx/" "Mozilla/4.0 (compatible; MSIE 7.0; Windows NT 5.1; .NET CLR 1.1.4322; .NET CLR 2.0.50727; .NET CLR 3.0.04506.30)"
136.243.228.178 - - [21/May/2025:15:22:04 -0600] "GET /item/u198/40939/ HTTP/1.1" 200 100725 "-" "Mozilla/5.0 (compatible; DataForSeoBot/1.0; +https://dataforseo.com/dataforseo-bot)"
136.243.228.178 - - [21/May/2025:15:22:08 -0600] "GET /items/zbkee116/17350?key=continuous HTTP/1.1" 200 100725 "-" "Mozilla/5.0 (compatible; DataForSeoBot/1.0; +https://dataforseo.com/dataforseo-bot)"
136.243.228.178 - - [21/May/2025:15:22:12 -0600] "GET /item/u178/2539/ HTTP/1.1" 200 100725 "-" "Mozilla/5.0 (compatible; DataForSeoBot/1.0; +https://dataforseo.com/dataforseo-bot)"
136.243.228.178 - - [21/May/2025:15:22:16 -0600] "GET /items/rwchc206/26672?key=nor HTTP/1.1" 200 100725 "-" "Mozilla/5.0 (compatible; DataForSeoBot/1.0; +https://dataforseo.com/dataforseo-bot)"
136.243.228.178 - - [21/May/2025:15:22:20 -0600] "GET /items/qqked138/26226?key=dirty HTTP/1.1" 200 100725 "-" "Mozilla/5.0 (compatible; DataForSeoBot/1.0; +https://dataforseo.com/dataforseo-bot)"
45.84.107.74 - - [21/May/2025:15:22:23 -0600] "POST /xmlrpc.php HTTP/1.1" 200 62419 "http://4pie.com.mx/" "Mozilla/5.0 (X11; Linux x86_64) AppleWebKit/537.36 (KHTML, like Gecko) HeadlessChrome/79.0.3945.88 Safari/537.36"
136.243.228.178 - - [21/May/2025:15:22:24 -0600] "GET /item/u159/42550/ HTTP/1.1" 200 100725 "-" "Mozilla/5.0 (compatible; DataForSeoBot/1.0; +https://dataforseo.com/dataforseo-bot)"
222.255.214.45 - - [21/May/2025:15:22:26 -0600] "POST /wp-login.php HTTP/1.1" 200 62003 "http://mail.4pie.com.mx" "Mozilla/5.0 (Windows NT 10.0; Win64; x64; rv:125.0.1) Gecko/20100101 Firefox/125.0.1"
136.243.228.178 - - [21/May/2025:15:22:29 -0600] "GET /item/u204/31729/ HTTP/1.1" 200 100725 "-" "Mozilla/5.0 (compatible; DataForSeoBot/1.0; +https://dataforseo.com/dataforseo-bot)"
136.243.228.178 - - [21/May/2025:15:22:33 -0600] "GET /item/u170/14809/ HTTP/1.1" 200 100725 "-" "Mozilla/5.0 (compatible; DataForSeoBot/1.0; +https://dataforseo.com/dataforseo-bot)"
136.243.228.178 - - [21/May/2025:15:22:37 -0600] "GET /items/hthtm118/36586?key=tax HTTP/1.1" 200 100725 "-" "Mozilla/5.0 (compatible; DataForSeoBot/1.0; +https://dataforseo.com/dataforseo-bot)"
136.243.228.178 - - [21/May/2025:15:22:41 -0600] "GET /items/nztkf260/28730?key=spot HTTP/1.1" 200 100725 "-" "Mozilla/5.0 (compatible; DataForSeoBot/1.0; +https://dataforseo.com/dataforseo-bot)"
136.243.228.178 - - [21/May/2025:15:22:45 -0600] "GET /item/u25/17272/ HTTP/1.1" 200 100725 "-" "Mozilla/5.0 (compatible; DataForSeoBot/1.0; +https://dataforseo.com/dataforseo-bot)"
45.84.107.33 - - [21/May/2025:15:22:47 -0600] "POST /xmlrpc.php HTTP/1.1" 200 62419 "http://4pie.com.mx/" "Mozilla/5.0 (iPhone; CPU iPhone OS 12_3 like Mac OS X) AppleWebKit/605.1.15 (KHTML, like Gecko) Mobile/15E148"
136.243.228.178 - - [21/May/2025:15:22:49 -0600] "GET /item/u241/39684/ HTTP/1.1" 200 100725 "-" "Mozilla/5.0 (compatible; DataForSeoBot/1.0; +https://dataforseo.com/dataforseo-bot)"
136.243.228.178 - - [21/May/2025:15:22:53 -0600] "GET /items/psrpl205/20301?key=estate HTTP/1.1" 200 100725 "-" "Mozilla/5.0 (compatible; DataForSeoBot/1.0; +https://dataforseo.com/dataforseo-bot)"
136.243.228.178 - - [21/May/2025:15:22:57 -0600] "GET /items/zuqbn3/22789?key=mentally HTTP/1.1" 200 100725 "-" "Mozilla/5.0 (compatible; DataForSeoBot/1.0; +https://dataforseo.com/dataforseo-bot)"
136.243.228.178 - - [21/May/2025:15:23:01 -0600] "GET /items/uywne57/8269?key=publicity HTTP/1.1" 200 100725 "-" "Mozilla/5.0 (compatible; DataForSeoBot/1.0; +https://dataforseo.com/dataforseo-bot)"
136.243.228.178 - - [21/May/2025:15:23:05 -0600] "GET /items/hktoo19/31037?key=walk HTTP/1.1" 200 100725 "-" "Mozilla/5.0 (compatible; DataForSeoBot/1.0; +https://dataforseo.com/dataforseo-bot)"
136.243.228.178 - - [21/May/2025:15:23:09 -0600] "GET /items/odwbd248/9668?key=overwhelming HTTP/1.1" 200 100725 "-" "Mozilla/5.0 (compatible; DataForSeoBot/1.0; +https://dataforseo.com/dataforseo-bot)"
185.220.100.243 - - [21/May/2025:15:23:12 -0600] "POST /xmlrpc.php HTTP/1.1" 200 62419 "http://4pie.com.mx/" "Mozilla/4.0 (compatible; MSIE 7.0; Windows NT 5.1; .NET CLR 1.1.4322)"
136.243.228.178 - - [21/May/2025:15:23:13 -0600] "GET /items/tscjo194/8924?key=adventure HTTP/1.1" 200 100725 "-" "Mozilla/5.0 (compatible; DataForSeoBot/1.0; +https://dataforseo.com/dataforseo-bot)"
