185.220.101.6 - - [21/May/2025:09:40:32 -0600] "POST /xmlrpc.php HTTP/1.1" 200 62418 "http://4pie.com.mx/" "Mozilla/5.0 (Windows NT 6.1; WOW64; rv:36.0) Gecko/20100101 Firefox/36.0"
136.243.228.178 - - [21/May/2025:09:40:36 -0600] "GET /items/kpybe70/45734?key=cash HTTP/1.1" 200 100724 "-" "Mozilla/5.0 (compatible; DataForSeoBot/1.0; +https://dataforseo.com/dataforseo-bot)"
136.243.228.178 - - [21/May/2025:09:40:40 -0600] "GET /item/u214/38849/ HTTP/1.1" 200 100724 "-" "Mozilla/5.0 (compatible; DataForSeoBot/1.0; +https://dataforseo.com/dataforseo-bot)"
136.243.228.178 - - [21/May/2025:09:40:44 -0600] "GET /item/u22/35193/ HTTP/1.1" 200 100724 "-" "Mozilla/5.0 (compatible; DataForSeoBot/1.0; +https://dataforseo.com/dataforseo-bot)"
136.243.228.178 - - [21/May/2025:09:40:49 -0600] "GET /items/tawzl182/198?key=write HTTP/1.1" 200 100725 "-" "Mozilla/5.0 (compatible; DataForSeoBot/1.0; +https://dataforseo.com/dataforseo-bot)"
136.243.228.178 - - [21/May/2025:09:40:52 -0600] "GET /item/u280/24945/ HTTP/1.1" 200 100725 "-" "Mozilla/5.0 (compatible; DataForSeoBot/1.0; +https://dataforseo.com/dataforseo-bot)"
136.243.228.178 - - [21/May/2025:09:40:56 -0600] "GET /item/u7/4442/ HTTP/1.1" 200 100725 "-" "Mozilla/5.0 (compatible; DataForSeoBot/1.0; +https://dataforseo.com/dataforseo-bot)"
109.70.100.2 - - [21/May/2025:09:40:56 -0600] "POST /xmlrpc.php HTTP/1.1" 200 62419 "http://4pie.com.mx/" "Mozilla/5.0 (Windows NT 10.0; Win64; x64) AppleWebKit/537.36 (KHTML, like Gecko) Chrome/56.0.2924.87 Safari/537.36"
136.243.228.178 - - [21/May/2025:09:41:01 -0600] "GET /item/u181/5522/ HTTP/1.1" 200 100725 "-" "Mozilla/5.0 (compatible; DataForSeoBot/1.0; +https://dataforseo.com/dataforseo-bot)"
136.243.228.178 - - [21/May/2025:09:41:05 -0600] "GET /items/sqluh246/47688?key=shake HTTP/1.1" 200 100725 "-" "Mozilla/5.0 (compatible; DataForSeoBot/1.0; +https://dataforseo.com/dataforseo-bot)"
136.243.228.178 - - [21/May/2025:09:41:09 -0600] "GET /item/u50/2479/ HTTP/1.1" 200 100725 "-" "Mozilla/5.0 (compatible; DataForSeoBot/1.0; +https://dataforseo.com/dataforseo-bot)"
136.243.228.178 - - [21/May/2025:09:41:13 -0600] "GET /item/u52/27957/ HTTP/1.1" 200 100725 "-" "Mozilla/5.0 (compatible; DataForSeoBot/1.0; +https://dataforseo.com/dataforseo-bot)"
136.243.228.178 - - [21/May/2025:09:41:17 -0600] "GET /item/u237/28818/ HTTP/1.1" 200 100725 "-" "Mozilla/5.0 (compatible; DataForSeoBot/1.0; +https://dataforseo.com/dataforseo-bot)"
185.220.101.9 - - [21/May/2025:09:41:21 -0600] "POST /xmlrpc.php HTTP/1.1" 200 62419 "http://4pie.com.mx/" "Mozilla/5.0 (Windows NT 6.3; WOW64; rv:43.0) Gecko/20100101 Firefox/43.0"
136.243.228.178 - - [21/May/2025:09:41:21 -0600] "GET /items/zdpgg99/35783?key=swear HTTP/1.1" 200 100725 "-" "Mozilla/5.0 (compatible; DataForSeoBot/1.0; +https://dataforseo.com/dataforseo-bot)"
136.243.228.178 - - [21/May/2025:09:41:26 -0600] "GET /item/u270/1115/ HTTP/1.1" 200 100725 "-" "Mozilla/5.0 (compatible; DataForSeoBot/1.0; +https://dataforseo.com/dataforseo-bot)"
136.243.228.178 - - [21/May/2025:09:41:30 -0600] "GET /item/u187/37046/ HTTP/1.1" 200 100725 "-" "Mozilla/5.0 (compatible; DataForSeoBot/1.0; +https://dataforseo.com/dataforseo-bot)"
136.243.228.178 - - [21/May/2025:09:41:35 -0600] "GET /items/wozvf15/26797?key=bullet HTTP/1.1" 200 100725 "-" "Mozilla/5.0 (compatible; DataForSeoBot/1.0; +https://dataforseo.com/dataforseo-bot)"
136.243.228.178 - - [21/May/2025:09:41:38 -0600] "GET /item/u30/48497/ HTTP/1.1" 200 100725 "-" "Mozilla/5.0 (compatible; DataForSeoBot/1.0; +https://dataforseo.com/dataforseo-bot)"
136.243.228.178 - - [21/May/2025:09:41:42 -0600] "GET /items/runod236/43116?key=office HTTP/1.1" 200 100725 "-" "Mozilla/5.0 (compatible; DataForSeoBot/1.0; +https://dataforseo.com/dataforseo-bot)"
193.189.100.206 - - [21/May/2025:09:41:45 -0600] "POST /xmlrpc.php HTTP/1.1" 200 62419 "http://4pie.com.mx/" "Mozilla/4.0 (compatible; MSIE 9.0; Windows NT 6.1)"
136.243.228.178 - - [21/May/2025:09:41:46 -0600] "GET /items/fqiym190/15900?key=pension HTTP/1.1" 200 100725 "-" "Mozilla/5.0 (compatible; DataForSeoBot/1.0; +https://dataforseo.com/dataforseo-bot)"
136.243.228.178 - - [21/May/2025:09:41:51 -0600] "GET /items/wqdqq84/21536?key=exam HTTP/1.1" 200 100725 "-" "Mozilla/5.0 (compatible; DataForSeoBot/1.0; +https://dataforseo.com/dataforseo-bot)"
136.243.228.178 - - [21/May/2025:09:41:55 -0600] "GET /items/vjjpz118/39672?key=skull HTTP/1.1" 200 100725 "-" "Mozilla/5.0 (compatible; DataForSeoBot/1.0; +https://dataforseo.com/dataforseo-bot)"
136.243.228.178 - - [21/May/2025:09:41:59 -0600] "GET /items/ledbl133/40887?key=tone HTTP/1.1" 200 100725 "-" "Mozilla/5.0 (compatible; DataForSeoBot/1.0; +https://dataforseo.com/dataforseo-bot)"
136.243.228.178 - - [21/May/2025:09:42:03 -0600] "GET /item/u119/21706/ HTTP/1.1" 200 100725 "-" "Mozilla/5.0 (compatible; DataForSeoBot/1.0; +https://dataforseo.com/dataforseo-bot)"
136.243.228.178 - - [21/May/2025:09:42:07 -0600] "GET /item/u102/14611/ HTTP/1.1" 200 100725 "-" "Mozilla/5.0 (compatible; DataForSeoBot/1.0; +https://dataforseo.com/dataforseo-bot)"
185.220.100.242 - - [21/May/2025:09:42:10 -0600] "POST /xmlrpc.php HTTP/1.1" 200 62419 "http://4pie.com.mx/" "Mozilla/5.0 (Macintosh; Intel Mac OS X 10_15_5) AppleWebKit/605.1.15 (KHTML, like Gecko) Version/13.1.1 Safari/605.1.15"
136.243.228.178 - - [21/May/2025:09:42:11 -0600] "GET /item/u136/18003/ HTTP/1.1" 200 100725 "-" "Mozilla/5.0 (compatible; DataForSeoBot/1.0; +https://dataforseo.com/dataforseo-bot)"
136.243.228.178 - - [21/May/2025:09:42:15 -0600] "GET /item/u218/26423/ HTTP/1.1" 200 100725 "-" "Mozilla/5.0 (compatible; DataForSeoBot/1.0; +https://dataforseo.com/dataforseo-bot)"
136.243.228.178 - - [21/May/2025:09:42:19 -0600] "GET /item/u188/22807/ HTTP/1.1" 200 100725 "-" "Mozilla/5.0 (compatible; DataForSeoBot/1.0; +https://dataforseo.com/dataforseo-bot)"
136.243.228.178 - - [21/May/2025:09:42:24 -0600] "GET /items/bzhls212/30320?key=season HTTP/1.1" 200 100725 "-" "Mozilla/5.0 (compatible; DataForSeoBot/1.0; +https://dataforseo.com/dataforseo-bot)"
136.243.228.178 - - [21/May/2025:09:42:27 -0600] "GET /items/azhop121/8469?key=undergo HTTP/1.1" 200 100725 "-" "Mozilla/5.0 (compatible; DataForSeoBot/1.0; +https://dataforseo.com/dataforseo-bot)"
136.243.228.178 - - [21/May/2025:09:42:31 -0600] "GET /item/u270/9767/ HTTP/1.1" 200 100725 "-" "Mozilla/5.0 (compatible; DataForSeoBot/1.0; +https://dataforseo.com/dataforseo-bot)"
23.191.200.11 - - [21/May/2025:09:42:34 -0600] "POST /xmlrpc.php HTTP/1.1" 200 62419 "http://4pie.com.mx/" "Mozilla/5.0 (iPhone; CPU iPhone OS 14_0_1 like Mac OS X) AppleWebKit/605.1.15 (KHTML, like Gecko) Version/14.0 Mobile/15E148 Safari/604.1"
136.243.228.178 - - [21/May/2025:09:42:35 -0600] "GET /item/u178/22449/ HTTP/1.1" 200 100725 "-" "Mozilla/5.0 (compatible; DataForSeoBot/1.0; +https://dataforseo.com/dataforseo-bot)"
136.243.228.178 - - [21/May/2025:09:42:39 -0600] "GET /items/xbpap83/27883?key=interior HTTP/1.1" 200 100725 "-" "Mozilla/5.0 (compatible; DataForSeoBot/1.0; +https://dataforseo.com/dataforseo-bot)"
69.197.135.226 - - [21/May/2025:09:42:41 -0600] "GET /wp-content/install.php HTTP/1.1" 403 100725 "http://4pie.com.mx/wp-content/install.php" "Mozilla/5.0 (Windows NT 10.0; Win64; x64) AppleWebKit/537.36 (KHTML, like Gecko) Chrome/58.0.3029.110 Safari/537.3"
185.104.44.170 - - [21/May/2025:09:42:43 -0600] "POST /wp-login.php HTTP/1.1" 200 62003 "http://4pie.com.mx" "Mozilla/5.0 (Windows NT 10.0; Win64; x64; rv:129.0) Gecko/20100101 Firefox/129.0"
136.243.228.178 - - [21/May/2025:09:42:43 -0600] "GET /item/u241/39346/ HTTP/1.1" 200 100725 "-" "Mozilla/5.0 (compatible; DataForSeoBot/1.0; +https://dataforseo.com/dataforseo-bot)"
185.104.44.170 - - [21/May/2025:09:42:43 -0600] "POST /wp-login.php HTTP/1.1" 200 62003 "http://4piecommx.tsgmexico.com.mx" "Mozilla/5.0 (Macintosh; Intel Mac OS X 10_15_7; rv:129.0) Gecko/20100101 Firefox/129.0"
164.160.91.40 - - [21/May/2025:09:42:46 -0600] "POST /wp-login.php HTTP/1.1" 200 62003 "http://mail.4pie.com.mx" "Mozilla/5.0 (Macintosh; Intel Mac OS X 10_15_7) AppleWebKit/537.36 (KHTML, like Gecko) Chrome/112.0.5615.138 Safari/537.36"
136.243.228.178 - - [21/May/2025:09:42:51 -0600] "GET /item/u30/4141/ HTTP/1.1" 200 100725 "-" "Mozilla/5.0 (compatible; DataForSeoBot/1.0; +https://dataforseo.com/dataforseo-bot)"
136.243.228.178 - - [21/May/2025:09:42:55 -0600] "GET /item/u41/43584/ HTTP/1.1" 200 100725 "-" "Mozilla/5.0 (compatible; DataForSeoBot/1.0; +https://dataforseo.com/dataforseo-bot)"
45.84.107.33 - - [21/May/2025:09:42:58 -0600] "POST /xmlrpc.php HTTP/1.1" 200 62419 "http://4pie.com.mx/" "Mozilla/5.0 (Windows NT 6.1; Win64; x64; rv:61.0) Gecko/20100101 Firefox/61.0"
136.243.228.178 - - [21/May/2025:09:42:59 -0600] "GET /items/mqopc283/22701?key=disappointment HTTP/1.1" 200 100725 "-" "Mozilla/5.0 (compatible; DataForSeoBot/1.0; +https://dataforseo.com/dataforseo-bot)"
136.243.228.178 - - [21/May/2025:09:43:06 -0600] "GET /item/u264/6765/ HTTP/1.1" 200 100725 "-" "Mozilla/5.0 (compatible; DataForSeoBot/1.0; +https://dataforseo.com/dataforseo-bot)"
136.243.228.178 - - [21/May/2025:09:43:09 -0600] "GET /item/u195/21340/ HTTP/1.1" 200 100725 "-" "Mozilla/5.0 (compatible; DataForSeoBot/1.0; +https://dataforseo.com/dataforseo-bot)"
136.243.228.178 - - [21/May/2025:09:43:14 -0600] "GET /item/u34/15849/ HTTP/1.1" 200 100724 "-" "Mozilla/5.0 (compatible; DataForSeoBot/1.0; +https://dataforseo.com/dataforseo-bot)"
136.243.228.178 - - [21/May/2025:09:43:18 -0600] "GET /items/zpmno181/42449?key=deem HTTP/1.1" 200 100724 "-" "Mozilla/5.0 (compatible; DataForSeoBot/1.0; +https://dataforseo.com/dataforseo-bot)"
45.141.215.88 - - [21/May/2025:09:43:23 -0600] "POST /xmlrpc.php HTTP/1.1" 200 62418 "http://4pie.com.mx/" "Mozilla/5.0 (Macintosh; Intel Mac OS X 10_11_6) AppleWebKit/601.7.7 (KHTML, like Gecko) Version/9.1.2 Safari/601.7.7"
136.243.228.178 - - [21/May/2025:09:43:22 -0600] "GET /item/u71/34356/ HTTP/1.1" 200 100724 "-" "Mozilla/5.0 (compatible; DataForSeoBot/1.0; +https://dataforseo.com/dataforseo-bot)"
136.243.228.178 - - [21/May/2025:09:43:30 -0600] "GET /item/u10/40979/ HTTP/1.1" 200 100724 "-" "Mozilla/5.0 (compatible; DataForSeoBot/1.0; +https://dataforseo.com/dataforseo-bot)"
136.243.228.178 - - [21/May/2025:09:43:34 -0600] "GET /item/u243/36846/ HTTP/1.1" 200 100725 "-" "Mozilla/5.0 (compatible; DataForSeoBot/1.0; +https://dataforseo.com/dataforseo-bot)"
136.243.228.178 - - [21/May/2025:09:43:40 -0600] "GET /item/u67/9972/ HTTP/1.1" 200 100725 "-" "Mozilla/5.0 (compatible; DataForSeoBot/1.0; +https://dataforseo.com/dataforseo-bot)"
136.243.228.178 - - [21/May/2025:09:43:45 -0600] "GET /item/u136/28321/ HTTP/1.1" 200 100725 "-" "Mozilla/5.0 (compatible; DataForSeoBot/1.0; +https://dataforseo.com/dataforseo-bot)"
185.220.101.36 - - [21/May/2025:09:43:47 -0600] "POST /xmlrpc.php HTTP/1.1" 200 62419 "http://4pie.com.mx/" "Mozilla/5.0 (Windows NT 10.0; WOW64; rv:47.0) Gecko/20100101 Firefox/47.0"
136.243.228.178 - - [21/May/2025:09:43:49 -0600] "GET /items/ejvtm12/13336?key=extension HTTP/1.1" 200 100725 "-" "Mozilla/5.0 (compatible; DataForSeoBot/1.0; +https://dataforseo.com/dataforseo-bot)"
136.243.228.178 - - [21/May/2025:09:43:53 -0600] "GET /items/hmwvz186/35250?key=favorable HTTP/1.1" 200 100725 "-" "Mozilla/5.0 (compatible; DataForSeoBot/1.0; +https://dataforseo.com/dataforseo-bot)"
136.243.228.178 - - [21/May/2025:09:43:57 -0600] "GET /items/zymxp167/34485?key=Soviet HTTP/1.1" 200 100725 "-" "Mozilla/5.0 (compatible; DataForSeoBot/1.0; +https://dataforseo.com/dataforseo-bot)"
136.243.228.178 - - [21/May/2025:09:44:01 -0600] "GET /items/laovk160/45696?key=operate HTTP/1.1" 200 100725 "-" "Mozilla/5.0 (compatible; DataForSeoBot/1.0; +https://dataforseo.com/dataforseo-bot)"
185.231.102.51 - - [21/May/2025:09:44:12 -0600] "POST /xmlrpc.php HTTP/1.1" 200 62419 "http://4pie.com.mx/" "Mozilla/5.0 (Windows NT 6.1; WOW64) AppleWebKit/537.36 (KHTML, like Gecko) Chrome/46.0.2490.80 Safari/537.36"
109.70.100.4 - - [21/May/2025:09:44:36 -0600] "POST /xmlrpc.php HTTP/1.1" 200 62419 "http://4pie.com.mx/" "Mozilla/5.0 (Windows NT 10.0; Win64; x64) AppleWebKit/537.36 (KHTML, like Gecko) Chrome/87.0.4280.88 Safari/537.36 Edg/87.0.664.66"
136.243.228.178 - - [21/May/2025:09:44:58 -0600] "GET /items/hbvnb145/41573?key=resume HTTP/1.1" 200 100725 "-" "Mozilla/5.0 (compatible; DataForSeoBot/1.0; +https://dataforseo.com/dataforseo-bot)"
193.239.232.102 - - [21/May/2025:09:45:00 -0600] "POST /xmlrpc.php HTTP/1.1" 200 61979 "http://4pie.com.mx/" "Mozilla/5.0 (iPhone; CPU iPhone OS 12_2 like Mac OS X) AppleWebKit/605.1.15 (KHTML, like Gecko)"
136.243.228.178 - - [21/May/2025:09:44:06 -0600] "GET /items/abibo232/32230?key=refugee HTTP/1.1" 200 61971 "-" "Mozilla/5.0 (compatible; DataForSeoBot/1.0; +https://dataforseo.com/dataforseo-bot)"
136.243.228.178 - - [21/May/2025:09:45:01 -0600] "GET /items/mracb184/48672?key=tide HTTP/1.1" 200 100725 "-" "Mozilla/5.0 (compatible; DataForSeoBot/1.0; +https://dataforseo.com/dataforseo-bot)"
136.243.228.178 - - [21/May/2025:09:45:10 -0600] "GET /item/u291/25464/ HTTP/1.1" 200 100725 "-" "Mozilla/5.0 (compatible; DataForSeoBot/1.0; +https://dataforseo.com/dataforseo-bot)"
136.243.228.178 - - [21/May/2025:09:45:15 -0600] "GET /item/u71/1716/ HTTP/1.1" 200 100725 "-" "Mozilla/5.0 (compatible; DataForSeoBot/1.0; +https://dataforseo.com/dataforseo-bot)"
136.243.228.178 - - [21/May/2025:09:45:21 -0600] "GET /items/omxou140/24284?key=huh HTTP/1.1" 200 100725 "-" "Mozilla/5.0 (compatible; DataForSeoBot/1.0; +https://dataforseo.com/dataforseo-bot)"
45.138.16.107 - - [21/May/2025:09:45:25 -0600] "POST /xmlrpc.php HTTP/1.1" 200 62419 "http://4pie.com.mx/" "Mozilla/5.0 (Windows NT 10.0; Win64; x64) AppleWebKit/537.36 (KHTML, like Gecko) Chrome/84.0.4147.135 Safari/537.36"
136.243.228.178 - - [21/May/2025:09:45:28 -0600] "GET /item/u96/37/ HTTP/1.1" 200 100725 "-" "Mozilla/5.0 (compatible; DataForSeoBot/1.0; +https://dataforseo.com/dataforseo-bot)"
136.243.228.178 - - [21/May/2025:09:45:33 -0600] "GET /item/u195/30664/ HTTP/1.1" 200 100725 "-" "Mozilla/5.0 (compatible; DataForSeoBot/1.0; +https://dataforseo.com/dataforseo-bot)"
136.243.228.178 - - [21/May/2025:09:45:38 -0600] "GET /item/u11/18296/ HTTP/1.1" 200 100725 "-" "Mozilla/5.0 (compatible; DataForSeoBot/1.0; +https://dataforseo.com/dataforseo-bot)"
136.243.228.178 - - [21/May/2025:09:45:42 -0600] "GET /item/u129/4928/ HTTP/1.1" 200 100725 "-" "Mozilla/5.0 (compatible; DataForSeoBot/1.0; +https://dataforseo.com/dataforseo-bot)"
136.243.228.178 - - [21/May/2025:09:45:45 -0600] "GET /items/nhzdz49/46947?key=instructional HTTP/1.1" 200 100725 "-" "Mozilla/5.0 (compatible; DataForSeoBot/1.0; +https://dataforseo.com/dataforseo-bot)"
2.58.56.35 - - [21/May/2025:09:45:50 -0600] "POST /xmlrpc.php HTTP/1.1" 200 62419 "http://4pie.com.mx/" "Mozilla/5.0 (Windows NT 10.0; Win64; x64) AppleWebKit/537.36 (KHTML, like Gecko) Chrome/83.0.4103.61 Safari/537.36"
136.243.228.178 - - [21/May/2025:09:45:50 -0600] "GET /item/u149/22786/ HTTP/1.1" 200 100725 "-" "Mozilla/5.0 (compatible; DataForSeoBot/1.0; +https://dataforseo.com/dataforseo-bot)"
136.243.228.178 - - [21/May/2025:09:45:57 -0600] "GET /item/u31/8832/ HTTP/1.1" 200 100725 "-" "Mozilla/5.0 (compatible; DataForSeoBot/1.0; +https://dataforseo.com/dataforseo-bot)"
185.241.208.115 - - [21/May/2025:09:46:14 -0600] "POST /xmlrpc.php HTTP/1.1" 200 62419 "http://4pie.com.mx/" "Mozilla/5.0 (Windows NT 10.0; Win64; x64) AppleWebKit/537.36 (KHTML, like Gecko) Chrome/88.0.4324.96 Safari/537.36 Edg/88.0.705.56"
45.90.185.117 - - [21/May/2025:09:46:38 -0600] "POST /xmlrpc.php HTTP/1.1" 200 62419 "http://4pie.com.mx/" "Mozilla/5.0 (Windows NT 10.0; Win64; x64) AppleWebKit/537.36 (KHTML, like Gecko) Chrome/81.0.4044.113 Safari/537.36"
136.243.228.178 - - [21/May/2025:09:46:52 -0600] "GET /item/u287/16022/ HTTP/1.1" 200 100725 "-" "Mozilla/5.0 (compatible; DataForSeoBot/1.0; +https://dataforseo.com/dataforseo-bot)"
136.243.228.178 - - [21/May/2025:09:46:56 -0600] "GET /items/olwoe117/2787?key=slice HTTP/1.1" 200 100725 "-" "Mozilla/5.0 (compatible; DataForSeoBot/1.0; +https://dataforseo.com/dataforseo-bot)"
136.243.228.178 - - [21/May/2025:09:47:00 -0600] "GET /item/u69/21068/ HTTP/1.1" 200 100725 "-" "Mozilla/5.0 (compatible; DataForSeoBot/1.0; +https://dataforseo.com/dataforseo-bot)"
185.220.100.247 - - [21/May/2025:09:47:03 -0600] "POST /xmlrpc.php HTTP/1.1" 200 62419 "http://4pie.com.mx/" "Mozilla/5.0 (Windows NT 6.1; Win64; x64; rv:60.0) Gecko/20100101 Firefox/60.0"
185.220.101.18 - - [21/May/2025:09:47:27 -0600] "POST /xmlrpc.php HTTP/1.1" 200 62419 "http://4pie.com.mx/" "Mozilla/5.0 (Windows NT 6.1; WOW64) AppleWebKit/537.36 (KHTML, like Gecko) Chrome/57.0.2987.133 Safari/537.36"
192.42.116.200 - - [21/May/2025:09:47:52 -0600] "POST /xmlrpc.php HTTP/1.1" 200 62419 "http://4pie.com.mx/" "Mozilla/5.0 (Macintosh; Intel Mac OS X 10_10_3) AppleWebKit/600.5.17 (KHTML, like Gecko) Version/8.0.5 Safari/600.5.17"
136.243.228.178 - - [21/May/2025:09:47:05 -0600] "GET /items/dwzbj268/22322?key=mirror HTTP/1.1" 200 100725 "-" "Mozilla/5.0 (compatible; DataForSeoBot/1.0; +https://dataforseo.com/dataforseo-bot)"
136.243.228.178 - - [21/May/2025:09:47:57 -0600] "GET /items/bznbd142/13328?key=hopefully HTTP/1.1" 200 100725 "-" "Mozilla/5.0 (compatible; DataForSeoBot/1.0; +https://dataforseo.com/dataforseo-bot)"
136.243.228.178 - - [21/May/2025:09:48:00 -0600] "GET /items/idony77/19667?key=warrior HTTP/1.1" 200 100725 "-" "Mozilla/5.0 (compatible; DataForSeoBot/1.0; +https://dataforseo.com/dataforseo-bot)"
136.243.228.178 - - [21/May/2025:09:48:04 -0600] "GET /items/matnt215/22763?key=inherent HTTP/1.1" 200 100725 "-" "Mozilla/5.0 (compatible; DataForSeoBot/1.0; +https://dataforseo.com/dataforseo-bot)"
136.243.228.178 - - [21/May/2025:09:48:09 -0600] "GET /item/u117/106/ HTTP/1.1" 200 100725 "-" "Mozilla/5.0 (compatible; DataForSeoBot/1.0; +https://dataforseo.com/dataforseo-bot)"
136.243.228.178 - - [21/May/2025:09:48:13 -0600] "GET /items/lxrsz245/14757?key=complain HTTP/1.1" 200 100725 "-" "Mozilla/5.0 (compatible; DataForSeoBot/1.0; +https://dataforseo.com/dataforseo-bot)"
45.128.133.242 - - [21/May/2025:09:48:16 -0600] "POST /xmlrpc.php HTTP/1.1" 200 62419 "http://4pie.com.mx/" "Mozilla/5.0 (Windows NT 6.1; WOW64) AppleWebKit/537.1 (KHTML, like Gecko) Chrome/21.0.1180.83 Safari/537.1"
136.243.228.178 - - [21/May/2025:09:48:17 -0600] "GET /items/ctebw125/30509?key=hip HTTP/1.1" 200 100725 "-" "Mozilla/5.0 (compatible; DataForSeoBot/1.0; +https://dataforseo.com/dataforseo-bot)"
136.243.228.178 - - [21/May/2025:09:48:22 -0600] "GET /item/u106/6897/ HTTP/1.1" 200 100725 "-" "Mozilla/5.0 (compatible; DataForSeoBot/1.0; +https://dataforseo.com/dataforseo-bot)"
136.243.228.178 - - [21/May/2025:09:48:26 -0600] "GET /items/ellkh288/7632?key=ancient HTTP/1.1" 200 100725 "-" "Mozilla/5.0 (compatible; DataForSeoBot/1.0; +https://dataforseo.com/dataforseo-bot)"
136.243.228.178 - - [21/May/2025:09:48:30 -0600] "GET /items/zntry122/7476?key=else HTTP/1.1" 200 100725 "-" "Mozilla/5.0 (compatible; DataForSeoBot/1.0; +https://dataforseo.com/dataforseo-bot)"
136.243.228.178 - - [21/May/2025:09:46:01 -0600] "GET /item/u165/12592/ HTTP/1.1" 200 41181 "-" "Mozilla/5.0 (compatible; DataForSeoBot/1.0; +https://dataforseo.com/dataforseo-bot)"
136.243.228.178 - - [21/May/2025:09:48:34 -0600] "GET /item/u217/4724/ HTTP/1.1" 200 100725 "-" "Mozilla/5.0 (compatible; DataForSeoBot/1.0; +https://dataforseo.com/dataforseo-bot)"
136.243.228.178 - - [21/May/2025:09:48:39 -0600] "GET /items/lxdik125/10021?key=interact HTTP/1.1" 200 100725 "-" "Mozilla/5.0 (compatible; DataForSeoBot/1.0; +https://dataforseo.com/dataforseo-bot)"
192.99.149.111 - - [21/May/2025:09:48:40 -0600] "POST /xmlrpc.php HTTP/1.1" 200 62419 "http://4pie.com.mx/" "Mozilla/5.0 (compatible; MSIE 10.0; Windows NT 6.2)"
136.243.228.178 - - [21/May/2025:09:48:42 -0600] "GET /item/u22/47567/ HTTP/1.1" 200 100725 "-" "Mozilla/5.0 (compatible; DataForSeoBot/1.0; +https://dataforseo.com/dataforseo-bot)"
136.243.228.178 - - [21/May/2025:09:48:49 -0600] "GET /items/iyzbt152/32490?key=active HTTP/1.1" 200 100725 "-" "Mozilla/5.0 (compatible; DataForSeoBot/1.0; +https://dataforseo.com/dataforseo-bot)"
136.243.228.178 - - [21/May/2025:09:48:52 -0600] "GET /item/u257/4390/ HTTP/1.1" 200 100725 "-" "Mozilla/5.0 (compatible; DataForSeoBot/1.0; +https://dataforseo.com/dataforseo-bot)"
136.243.228.178 - - [21/May/2025:09:48:56 -0600] "GET /items/qvckr157/8983?key=approach HTTP/1.1" 200 100725 "-" "Mozilla/5.0 (compatible; DataForSeoBot/1.0; +https://dataforseo.com/dataforseo-bot)"
136.243.228.178 - - [21/May/2025:09:49:01 -0600] "GET /items/ruzix262/10170?key=youth HTTP/1.1" 200 100725 "-" "Mozilla/5.0 (compatible; DataForSeoBot/1.0; +https://dataforseo.com/dataforseo-bot)"
82.221.128.191 - - [21/May/2025:09:49:05 -0600] "POST /xmlrpc.php HTTP/1.1" 200 62419 "http://4pie.com.mx/" "Mozilla/5.0 (iPhone; CPU iPhone OS 11_3 like Mac OS X) AppleWebKit/605.1.15 (KHTML, like Gecko) Version/11.0 Mobile/15E148 Safari/604.1"
136.243.228.178 - - [21/May/2025:09:49:06 -0600] "GET /items/erajd225/2137?key=by HTTP/1.1" 200 100725 "-" "Mozilla/5.0 (compatible; DataForSeoBot/1.0; +https://dataforseo.com/dataforseo-bot)"
136.243.228.178 - - [21/May/2025:09:49:10 -0600] "GET /items/hdjxr7/583?key=expect HTTP/1.1" 200 100725 "-" "Mozilla/5.0 (compatible; DataForSeoBot/1.0; +https://dataforseo.com/dataforseo-bot)"
136.243.228.178 - - [21/May/2025:09:49:14 -0600] "GET /item/u256/5855/ HTTP/1.1" 200 100725 "-" "Mozilla/5.0 (compatible; DataForSeoBot/1.0; +https://dataforseo.com/dataforseo-bot)"
136.243.228.178 - - [21/May/2025:09:49:18 -0600] "GET /items/dqpbc109/32283?key=alongside HTTP/1.1" 200 100724 "-" "Mozilla/5.0 (compatible; DataForSeoBot/1.0; +https://dataforseo.com/dataforseo-bot)"
136.243.228.178 - - [21/May/2025:09:49:22 -0600] "GET /items/oqaqb292/10522?key=drinking HTTP/1.1" 200 100724 "-" "Mozilla/5.0 (compatible; DataForSeoBot/1.0; +https://dataforseo.com/dataforseo-bot)"
136.243.228.178 - - [21/May/2025:09:49:27 -0600] "GET /item/u7/37330/ HTTP/1.1" 200 100724 "-" "Mozilla/5.0 (compatible; DataForSeoBot/1.0; +https://dataforseo.com/dataforseo-bot)"
185.220.100.245 - - [21/May/2025:09:49:30 -0600] "POST /xmlrpc.php HTTP/1.1" 200 62418 "http://4pie.com.mx/" "Mozilla/5.0 (X11; OpenBSD i386) AppleWebKit/537.36 (KHTML, like Gecko) Chrome/36.0.1985.125 Safari/537.36"
136.243.228.178 - - [21/May/2025:09:49:32 -0600] "GET /item/u129/14110/ HTTP/1.1" 200 100725 "-" "Mozilla/5.0 (compatible; DataForSeoBot/1.0; +https://dataforseo.com/dataforseo-bot)"
136.243.228.178 - - [21/May/2025:09:49:36 -0600] "GET /items/jsalx74/22066?key=expand HTTP/1.1" 200 100725 "-" "Mozilla/5.0 (compatible; DataForSeoBot/1.0; +https://dataforseo.com/dataforseo-bot)"
136.243.228.178 - - [21/May/2025:09:49:41 -0600] "GET /items/grihx40/32756?key=fail HTTP/1.1" 200 100725 "-" "Mozilla/5.0 (compatible; DataForSeoBot/1.0; +https://dataforseo.com/dataforseo-bot)"
136.243.228.178 - - [21/May/2025:09:49:45 -0600] "GET /items/whbbb88/16974?key=union HTTP/1.1" 200 100725 "-" "Mozilla/5.0 (compatible; DataForSeoBot/1.0; +https://dataforseo.com/dataforseo-bot)"
136.243.228.178 - - [21/May/2025:09:49:49 -0600] "GET /item/u226/28937/ HTTP/1.1" 200 100725 "-" "Mozilla/5.0 (compatible; DataForSeoBot/1.0; +https://dataforseo.com/dataforseo-bot)"
136.243.228.178 - - [21/May/2025:09:49:54 -0600] "GET /items/rilgk221/14755?key=clean HTTP/1.1" 200 100725 "-" "Mozilla/5.0 (compatible; DataForSeoBot/1.0; +https://dataforseo.com/dataforseo-bot)"
104.244.79.61 - - [21/May/2025:09:49:54 -0600] "POST /xmlrpc.php HTTP/1.1" 200 62419 "http://4pie.com.mx/" "Mozilla/5.0 (Windows NT 6.1; WOW64) AppleWebKit/537.36 (KHTML, like Gecko) Chrome/47.0.2526.106 Safari/537.36"
136.243.228.178 - - [21/May/2025:09:49:58 -0600] "GET /items/yscac235/45159?key=structural HTTP/1.1" 200 100725 "-" "Mozilla/5.0 (compatible; DataForSeoBot/1.0; +https://dataforseo.com/dataforseo-bot)"
136.243.228.178 - - [21/May/2025:09:50:02 -0600] "GET /items/llusv97/1329?key=aircraft HTTP/1.1" 200 100752 "-" "Mozilla/5.0 (compatible; DataForSeoBot/1.0; +https://dataforseo.com/dataforseo-bot)"
136.243.228.178 - - [21/May/2025:09:50:10 -0600] "GET /items/ailfl10/46216?key=screening HTTP/1.1" 200 100725 "-" "Mozilla/5.0 (compatible; DataForSeoBot/1.0; +https://dataforseo.com/dataforseo-bot)"
136.243.228.178 - - [21/May/2025:09:50:14 -0600] "GET /item/u9/37768/ HTTP/1.1" 200 100725 "-" "Mozilla/5.0 (compatible; DataForSeoBot/1.0; +https://dataforseo.com/dataforseo-bot)"
136.243.228.178 - - [21/May/2025:09:50:18 -0600] "GET /item/u275/33624/ HTTP/1.1" 200 100725 "-" "Mozilla/5.0 (compatible; DataForSeoBot/1.0; +https://dataforseo.com/dataforseo-bot)"
185.220.101.73 - - [21/May/2025:09:50:18 -0600] "POST /xmlrpc.php HTTP/1.1" 200 62419 "http://4pie.com.mx/" "Mozilla/5.0 (Macintosh; Intel Mac OS X 10_12_6) AppleWebKit/603.3.8 (KHTML, like Gecko) Version/10.1.2 Safari/603.3.8"
136.243.228.178 - - [21/May/2025:09:50:22 -0600] "GET /item/u98/21049/ HTTP/1.1" 200 100725 "-" "Mozilla/5.0 (compatible; DataForSeoBot/1.0; +https://dataforseo.com/dataforseo-bot)"
136.243.228.178 - - [21/May/2025:09:50:28 -0600] "GET /item/u130/37579/ HTTP/1.1" 200 100725 "-" "Mozilla/5.0 (compatible; DataForSeoBot/1.0; +https://dataforseo.com/dataforseo-bot)"
136.243.228.178 - - [21/May/2025:09:50:32 -0600] "GET /item/u286/24527/ HTTP/1.1" 200 100725 "-" "Mozilla/5.0 (compatible; DataForSeoBot/1.0; +https://dataforseo.com/dataforseo-bot)"
136.243.228.178 - - [21/May/2025:09:50:36 -0600] "GET /items/ocezy197/49681?key=entitle HTTP/1.1" 200 100725 "-" "Mozilla/5.0 (compatible; DataForSeoBot/1.0; +https://dataforseo.com/dataforseo-bot)"
136.243.228.178 - - [21/May/2025:09:50:40 -0600] "GET /item/u247/11712/ HTTP/1.1" 200 100725 "-" "Mozilla/5.0 (compatible; DataForSeoBot/1.0; +https://dataforseo.com/dataforseo-bot)"
185.40.4.150 - - [21/May/2025:09:50:43 -0600] "POST /xmlrpc.php HTTP/1.1" 200 62419 "http://4pie.com.mx/" "Mozilla/5.0 (Windows NT 6.3; WOW64; rv:50.0) Gecko/20100101 Firefox/50.0"
136.243.228.178 - - [21/May/2025:09:50:46 -0600] "GET /item/u58/23167/ HTTP/1.1" 200 100725 "-" "Mozilla/5.0 (compatible; DataForSeoBot/1.0; +https://dataforseo.com/dataforseo-bot)"
136.243.228.178 - - [21/May/2025:09:50:51 -0600] "GET /item/u223/546/ HTTP/1.1" 200 100725 "-" "Mozilla/5.0 (compatible; DataForSeoBot/1.0; +https://dataforseo.com/dataforseo-bot)"
136.243.228.178 - - [21/May/2025:09:50:55 -0600] "GET /items/vaitf120/48614?key=error HTTP/1.1" 200 100725 "-" "Mozilla/5.0 (compatible; DataForSeoBot/1.0; +https://dataforseo.com/dataforseo-bot)"
136.243.228.178 - - [21/May/2025:09:51:00 -0600] "GET /item/u75/44396/ HTTP/1.1" 200 100725 "-" "Mozilla/5.0 (compatible; DataForSeoBot/1.0; +https://dataforseo.com/dataforseo-bot)"
136.243.228.178 - - [21/May/2025:09:51:04 -0600] "GET /items/pwlzn32/5130?key=gentleman HTTP/1.1" 200 100725 "-" "Mozilla/5.0 (compatible; DataForSeoBot/1.0; +https://dataforseo.com/dataforseo-bot)"
45.95.169.230 - - [21/May/2025:09:51:07 -0600] "POST /xmlrpc.php HTTP/1.1" 200 62419 "http://4pie.com.mx/" "Mozilla/5.0 (Windows NT 10.0; Win64; x64) AppleWebKit/537.36 (KHTML, like Gecko) Chrome/66.0.3359.117 Safari/537.36"
136.243.228.178 - - [21/May/2025:09:51:09 -0600] "GET /item/u122/47683/ HTTP/1.1" 200 100725 "-" "Mozilla/5.0 (compatible; DataForSeoBot/1.0; +https://dataforseo.com/dataforseo-bot)"
136.243.228.178 - - [21/May/2025:09:51:13 -0600] "GET /items/zjqry176/15046?key=signal HTTP/1.1" 200 100725 "-" "Mozilla/5.0 (compatible; DataForSeoBot/1.0; +https://dataforseo.com/dataforseo-bot)"
69.197.135.226 - - [21/May/2025:09:51:13 -0600] "GET /wp-content/install.php HTTP/1.1" 403 100725 "http://4pie.com.mx/wp-content/install.php" "Mozilla/5.0 (Windows NT 10.0; Win64; x64) AppleWebKit/537.36 (KHTML, like Gecko) Chrome/58.0.3029.110 Safari/537.3"
136.243.228.178 - - [21/May/2025:09:51:17 -0600] "GET /item/u6/34643/ HTTP/1.1" 200 100725 "-" "Mozilla/5.0 (compatible; DataForSeoBot/1.0; +https://dataforseo.com/dataforseo-bot)"
185.220.100.251 - - [21/May/2025:09:51:32 -0600] "POST /xmlrpc.php HTTP/1.1" 200 62419 "http://4pie.com.mx/" "Mozilla/4.0 (compatible; MSIE 6.0; Windows NT 5.0)"
192.42.116.194 - - [21/May/2025:09:51:56 -0600] "POST /xmlrpc.php HTTP/1.1" 200 62419 "http://4pie.com.mx/" "Mozilla/5.0 (Windows NT 10.0; Win64; x64; rv:66.0) Gecko/20100101 Firefox/66.0"
136.243.228.178 - - [21/May/2025:09:52:12 -0600] "GET /items/ngflg269/15833?key=hey HTTP/1.1" 200 100724 "-" "Mozilla/5.0 (compatible; DataForSeoBot/1.0; +https://dataforseo.com/dataforseo-bot)"
136.243.228.178 - - [21/May/2025:09:52:16 -0600] "GET /items/zhhzp207/24645?key=excitement HTTP/1.1" 200 100724 "-" "Mozilla/5.0 (compatible; DataForSeoBot/1.0; +https://dataforseo.com/dataforseo-bot)"
136.243.228.178 - - [21/May/2025:09:51:21 -0600] "GET /item/u143/49610/ HTTP/1.1" 200 41911 "-" "Mozilla/5.0 (compatible; DataForSeoBot/1.0; +https://dataforseo.com/dataforseo-bot)"
107.189.1.9 - - [21/May/2025:09:52:21 -0600] "POST /xmlrpc.php HTTP/1.1" 200 62418 "http://4pie.com.mx/" "Mozilla/5.0 (Windows NT 6.1; WOW64) AppleWebKit/537.36 (KHTML, like Gecko) Chrome/36.0.1985.143 Safari/537.36"
51.81.207.12 - - [21/May/2025:09:52:21 -0600] "POST /wp-login.php HTTP/1.1" 200 62002 "http://mail.4pie.com.mx" "Mozilla/5.0 (Windows NT 10.0; Win64; x64; rv:126.0) Gecko/20100101 Firefox/126.0"
136.243.228.178 - - [21/May/2025:09:52:20 -0600] "GET /items/fihbl179/29171?key=optimistic HTTP/1.1" 200 100724 "-" "Mozilla/5.0 (compatible; DataForSeoBot/1.0; +https://dataforseo.com/dataforseo-bot)"
136.243.228.178 - - [21/May/2025:09:52:29 -0600] "GET /item/u149/20210/ HTTP/1.1" 200 100725 "-" "Mozilla/5.0 (compatible; DataForSeoBot/1.0; +https://dataforseo.com/dataforseo-bot)"
136.243.228.178 - - [21/May/2025:09:52:33 -0600] "GET /item/u92/1113/ HTTP/1.1" 200 100725 "-" "Mozilla/5.0 (compatible; DataForSeoBot/1.0; +https://dataforseo.com/dataforseo-bot)"
136.243.228.178 - - [21/May/2025:09:52:37 -0600] "GET /items/blzvh40/24740?key=forbid HTTP/1.1" 200 100725 "-" "Mozilla/5.0 (compatible; DataForSeoBot/1.0; +https://dataforseo.com/dataforseo-bot)"
136.243.228.178 - - [21/May/2025:09:52:43 -0600] "GET /item/u117/18154/ HTTP/1.1" 200 100725 "-" "Mozilla/5.0 (compatible; DataForSeoBot/1.0; +https://dataforseo.com/dataforseo-bot)"
86.54.28.49 - - [21/May/2025:09:52:45 -0600] "POST /xmlrpc.php HTTP/1.1" 200 62419 "http://4pie.com.mx/" "Mozilla/4.0 (compatible; MSIE 7.0; Windows NT 5.1; .NET CLR 1.1.4322; .NET CLR 2.0.50727)"
136.243.228.178 - - [21/May/2025:09:52:48 -0600] "GET /item/u24/45887/ HTTP/1.1" 200 100725 "-" "Mozilla/5.0 (compatible; DataForSeoBot/1.0; +https://dataforseo.com/dataforseo-bot)"
136.243.228.178 - - [21/May/2025:09:52:51 -0600] "GET /item/u137/31240/ HTTP/1.1" 200 100725 "-" "Mozilla/5.0 (compatible; DataForSeoBot/1.0; +https://dataforseo.com/dataforseo-bot)"
136.243.228.178 - - [21/May/2025:09:52:56 -0600] "GET /items/nflmz179/18781?key=psychological HTTP/1.1" 200 100725 "-" "Mozilla/5.0 (compatible; DataForSeoBot/1.0; +https://dataforseo.com/dataforseo-bot)"
136.243.228.178 - - [21/May/2025:09:52:59 -0600] "GET /items/flvau27/40633?key=weigh HTTP/1.1" 200 100725 "-" "Mozilla/5.0 (compatible; DataForSeoBot/1.0; +https://dataforseo.com/dataforseo-bot)"
136.243.228.178 - - [21/May/2025:09:53:03 -0600] "GET /items/fhyex42/12670?key=envelope HTTP/1.1" 200 100725 "-" "Mozilla/5.0 (compatible; DataForSeoBot/1.0; +https://dataforseo.com/dataforseo-bot)"
136.243.228.178 - - [21/May/2025:09:53:07 -0600] "GET /items/snsjx67/47431?key=company HTTP/1.1" 200 100725 "-" "Mozilla/5.0 (compatible; DataForSeoBot/1.0; +https://dataforseo.com/dataforseo-bot)"
185.220.101.31 - - [21/May/2025:09:53:10 -0600] "POST /xmlrpc.php HTTP/1.1" 200 62419 "http://4pie.com.mx/" "Mozilla/4.0 (compatible; MSIE 6.0; Windows NT 5.1; SV1; FunWebProducts; .NET CLR 1.1.4322)"
136.243.228.178 - - [21/May/2025:09:53:11 -0600] "GET /items/rbfrd68/8458?key=one HTTP/1.1" 200 100725 "-" "Mozilla/5.0 (compatible; DataForSeoBot/1.0; +https://dataforseo.com/dataforseo-bot)"
136.243.228.178 - - [21/May/2025:09:53:15 -0600] "GET /items/jnwsr132/19274?key=impress HTTP/1.1" 200 100725 "-" "Mozilla/5.0 (compatible; DataForSeoBot/1.0; +https://dataforseo.com/dataforseo-bot)"
136.243.228.178 - - [21/May/2025:09:53:20 -0600] "GET /item/u32/24475/ HTTP/1.1" 200 100725 "-" "Mozilla/5.0 (compatible; DataForSeoBot/1.0; +https://dataforseo.com/dataforseo-bot)"
136.243.228.178 - - [21/May/2025:09:53:24 -0600] "GET /items/ktqsp290/7944?key=undergraduate HTTP/1.1" 200 100725 "-" "Mozilla/5.0 (compatible; DataForSeoBot/1.0; +https://dataforseo.com/dataforseo-bot)"
136.243.228.178 - - [21/May/2025:09:53:29 -0600] "GET /items/kescg197/45179?key=mall HTTP/1.1" 200 100725 "-" "Mozilla/5.0 (compatible; DataForSeoBot/1.0; +https://dataforseo.com/dataforseo-bot)"
136.243.228.178 - - [21/May/2025:09:53:32 -0600] "GET /item/u70/41757/ HTTP/1.1" 200 100725 "-" "Mozilla/5.0 (compatible; DataForSeoBot/1.0; +https://dataforseo.com/dataforseo-bot)"
80.67.172.162 - - [21/May/2025:09:53:34 -0600] "POST /xmlrpc.php HTTP/1.1" 200 62419 "http://4pie.com.mx/" "Mozilla/4.0 (compatible; MSIE 7.0; Windows NT 5.1; .NET CLR 2.0.50727; .NET CLR 1.1.4322)"
136.243.228.178 - - [21/May/2025:09:53:36 -0600] "GET /item/u20/27765/ HTTP/1.1" 200 100725 "-" "Mozilla/5.0 (compatible; DataForSeoBot/1.0; +https://dataforseo.com/dataforseo-bot)"
136.243.228.178 - - [21/May/2025:09:53:40 -0600] "GET /items/uirqm171/7867?key=minister HTTP/1.1" 200 100725 "-" "Mozilla/5.0 (compatible; DataForSeoBot/1.0; +https://dataforseo.com/dataforseo-bot)"
136.243.228.178 - - [21/May/2025:09:53:44 -0600] "GET /items/dxgyu214/14528?key=cooperation HTTP/1.1" 200 100725 "-" "Mozilla/5.0 (compatible; DataForSeoBot/1.0; +https://dataforseo.com/dataforseo-bot)"
136.243.228.178 - - [21/May/2025:09:53:48 -0600] "GET /items/ihklt24/18314?key=sauce HTTP/1.1" 200 100725 "-" "Mozilla/5.0 (compatible; DataForSeoBot/1.0; +https://dataforseo.com/dataforseo-bot)"
136.243.228.178 - - [21/May/2025:09:53:52 -0600] "GET /item/u254/34575/ HTTP/1.1" 200 100725 "-" "Mozilla/5.0 (compatible; DataForSeoBot/1.0; +https://dataforseo.com/dataforseo-bot)"
136.243.228.178 - - [21/May/2025:09:53:56 -0600] "GET /item/u295/43222/ HTTP/1.1" 200 100725 "-" "Mozilla/5.0 (compatible; DataForSeoBot/1.0; +https://dataforseo.com/dataforseo-bot)"
45.84.107.128 - - [21/May/2025:09:53:59 -0600] "POST /xmlrpc.php HTTP/1.1" 200 62419 "http://4pie.com.mx/" "Mozilla/5.0 (Windows NT 6.1; WOW64) AppleWebKit/537.36 (KHTML, like Gecko) Chrome/34.0.1847.131 Safari/537.36"
136.243.228.178 - - [21/May/2025:09:54:00 -0600] "GET /item/u80/10633/ HTTP/1.1" 200 100725 "-" "Mozilla/5.0 (compatible; DataForSeoBot/1.0; +https://dataforseo.com/dataforseo-bot)"
136.243.228.178 - - [21/May/2025:09:54:04 -0600] "GET /item/u47/310/ HTTP/1.1" 200 100725 "-" "Mozilla/5.0 (compatible; DataForSeoBot/1.0; +https://dataforseo.com/dataforseo-bot)"
136.243.228.178 - - [21/May/2025:09:54:08 -0600] "GET /item/u258/22285/ HTTP/1.1" 200 100725 "-" "Mozilla/5.0 (compatible; DataForSeoBot/1.0; +https://dataforseo.com/dataforseo-bot)"
136.243.228.178 - - [21/May/2025:09:54:12 -0600] "GET /items/trxyn133/38839?key=worker HTTP/1.1" 200 100725 "-" "Mozilla/5.0 (compatible; DataForSeoBot/1.0; +https://dataforseo.com/dataforseo-bot)"
136.243.228.178 - - [21/May/2025:09:54:16 -0600] "GET /items/xmvep44/31388?key=get HTTP/1.1" 200 100725 "-" "Mozilla/5.0 (compatible; DataForSeoBot/1.0; +https://dataforseo.com/dataforseo-bot)"
136.243.228.178 - - [21/May/2025:09:54:20 -0600] "GET /items/edyxa130/31044?key=ash HTTP/1.1" 200 100725 "-" "Mozilla/5.0 (compatible; DataForSeoBot/1.0; +https://dataforseo.com/dataforseo-bot)"
192.42.116.185 - - [21/May/2025:09:54:23 -0600] "POST /xmlrpc.php HTTP/1.1" 200 62419 "http://4pie.com.mx/" "Mozilla/5.0 (Windows; U; Windows NT 5.1; en-US) AppleWebKit/533.4 (KHTML, like Gecko) Chrome/5.0.375.99 Safari/533.4"
136.243.228.178 - - [21/May/2025:09:54:25 -0600] "GET /item/u175/15022/ HTTP/1.1" 200 100725 "-" "Mozilla/5.0 (compatible; DataForSeoBot/1.0; +https://dataforseo.com/dataforseo-bot)"
136.243.228.178 - - [21/May/2025:09:54:29 -0600] "GET /item/u91/17808/ HTTP/1.1" 200 100725 "-" "Mozilla/5.0 (compatible; DataForSeoBot/1.0; +https://dataforseo.com/dataforseo-bot)"
136.243.228.178 - - [21/May/2025:09:54:33 -0600] "GET /item/u190/46561/ HTTP/1.1" 200 100725 "-" "Mozilla/5.0 (compatible; DataForSeoBot/1.0; +https://dataforseo.com/dataforseo-bot)"
136.243.228.178 - - [21/May/2025:09:54:38 -0600] "GET /items/ohowb14/4882?key=punishment HTTP/1.1" 200 100725 "-" "Mozilla/5.0 (compatible; DataForSeoBot/1.0; +https://dataforseo.com/dataforseo-bot)"
136.243.228.178 - - [21/May/2025:09:54:42 -0600] "GET /item/u38/16149/ HTTP/1.1" 200 100725 "-" "Mozilla/5.0 (compatible; DataForSeoBot/1.0; +https://dataforseo.com/dataforseo-bot)"
136.243.228.178 - - [21/May/2025:09:54:46 -0600] "GET /item/u82/46883/ HTTP/1.1" 200 100725 "-" "Mozilla/5.0 (compatible; DataForSeoBot/1.0; +https://dataforseo.com/dataforseo-bot)"
80.67.167.81 - - [21/May/2025:09:54:48 -0600] "POST /xmlrpc.php HTTP/1.1" 200 62419 "http://4pie.com.mx/" "Mozilla/5.0 (Windows NT 10.0; Win64; x64) AppleWebKit/537.36 (KHTML, like Gecko) Chrome/70.0.3538.102 Safari/537.36 Edge/18.18362"
136.243.228.178 - - [21/May/2025:09:54:50 -0600] "GET /items/odvya16/14792?key=beside HTTP/1.1" 200 100725 "-" "Mozilla/5.0 (compatible; DataForSeoBot/1.0; +https://dataforseo.com/dataforseo-bot)"
136.243.228.178 - - [21/May/2025:09:54:54 -0600] "GET /item/u255/4024/ HTTP/1.1" 200 100724 "-" "Mozilla/5.0 (compatible; DataForSeoBot/1.0; +https://dataforseo.com/dataforseo-bot)"
136.243.228.178 - - [21/May/2025:09:54:59 -0600] "GET /item/u23/23682/ HTTP/1.1" 200 100724 "-" "Mozilla/5.0 (compatible; DataForSeoBot/1.0; +https://dataforseo.com/dataforseo-bot)"
136.243.228.178 - - [21/May/2025:09:55:02 -0600] "GET /items/hwnro196/6670?key=knee HTTP/1.1" 200 100724 "-" "Mozilla/5.0 (compatible; DataForSeoBot/1.0; +https://dataforseo.com/dataforseo-bot)"
136.243.228.178 - - [21/May/2025:09:55:08 -0600] "GET /item/u202/13147/ HTTP/1.1" 200 100724 "-" "Mozilla/5.0 (compatible; DataForSeoBot/1.0; +https://dataforseo.com/dataforseo-bot)"
185.241.208.206 - - [21/May/2025:09:55:12 -0600] "POST /xmlrpc.php HTTP/1.1" 200 62419 "http://4pie.com.mx/" "Mozilla/5.0 (Windows NT 10.0; Win64; x64) AppleWebKit/537.36 (KHTML, like Gecko) Chrome/86.0.4240.198 Safari/537.36 Edg/86.0.622.69"
136.243.228.178 - - [21/May/2025:09:55:13 -0600] "GET /item/u226/25453/ HTTP/1.1" 200 100725 "-" "Mozilla/5.0 (compatible; DataForSeoBot/1.0; +https://dataforseo.com/dataforseo-bot)"
136.243.228.178 - - [21/May/2025:09:55:22 -0600] "GET /items/pufez95/947?key=real HTTP/1.1" 200 100725 "-" "Mozilla/5.0 (compatible; DataForSeoBot/1.0; +https://dataforseo.com/dataforseo-bot)"
136.243.228.178 - - [21/May/2025:09:55:26 -0600] "GET /items/axyff245/23817?key=lens HTTP/1.1" 200 100725 "-" "Mozilla/5.0 (compatible; DataForSeoBot/1.0; +https://dataforseo.com/dataforseo-bot)"
136.243.228.178 - - [21/May/2025:09:55:30 -0600] "GET /item/u191/20362/ HTTP/1.1" 200 100725 "-" "Mozilla/5.0 (compatible; DataForSeoBot/1.0; +https://dataforseo.com/dataforseo-bot)"
136.243.228.178 - - [21/May/2025:09:55:34 -0600] "GET /item/u131/6140/ HTTP/1.1" 200 100725 "-" "Mozilla/5.0 (compatible; DataForSeoBot/1.0; +https://dataforseo.com/dataforseo-bot)"
107.189.5.7 - - [21/May/2025:09:55:36 -0600] "POST /xmlrpc.php HTTP/1.1" 200 62419 "http://4pie.com.mx/" "Mozilla/5.0 (Macintosh; Intel Mac OS X 10_15_6) AppleWebKit/605.1.15 (KHTML, like Gecko) Version/14.0 Safari/605.1.15"
136.243.228.178 - - [21/May/2025:09:55:38 -0600] "GET /items/fvywi277/35193?key=butt HTTP/1.1" 200 100725 "-" "Mozilla/5.0 (compatible; DataForSeoBot/1.0; +https://dataforseo.com/dataforseo-bot)"
136.243.228.178 - - [21/May/2025:09:55:43 -0600] "GET /items/dpurr6/42172?key=apartment HTTP/1.1" 200 100725 "-" "Mozilla/5.0 (compatible; DataForSeoBot/1.0; +https://dataforseo.com/dataforseo-bot)"
136.243.228.178 - - [21/May/2025:09:55:48 -0600] "GET /item/u292/46147/ HTTP/1.1" 200 100725 "-" "Mozilla/5.0 (compatible; DataForSeoBot/1.0; +https://dataforseo.com/dataforseo-bot)"
136.243.228.178 - - [21/May/2025:09:55:52 -0600] "GET /items/fvfpw39/12965?key=painting HTTP/1.1" 200 100725 "-" "Mozilla/5.0 (compatible; DataForSeoBot/1.0; +https://dataforseo.com/dataforseo-bot)"
136.243.228.178 - - [21/May/2025:09:55:56 -0600] "GET /items/rtqpm50/41250?key=reporting HTTP/1.1" 200 100725 "-" "Mozilla/5.0 (compatible; DataForSeoBot/1.0; +https://dataforseo.com/dataforseo-bot)"
136.243.228.178 - - [21/May/2025:09:56:00 -0600] "GET /items/qmckw273/42573?key=fleet HTTP/1.1" 200 100725 "-" "Mozilla/5.0 (compatible; DataForSeoBot/1.0; +https://dataforseo.com/dataforseo-bot)"
171.25.193.80 - - [21/May/2025:09:56:01 -0600] "POST /xmlrpc.php HTTP/1.1" 200 62419 "http://4pie.com.mx/" "Mozilla/5.0 (Windows NT 6.1; WOW64; rv:42.0) Gecko/20100101 Firefox/42.0"
136.243.228.178 - - [21/May/2025:09:56:04 -0600] "GET /item/u135/10864/ HTTP/1.1" 200 100725 "-" "Mozilla/5.0 (compatible; DataForSeoBot/1.0; +https://dataforseo.com/dataforseo-bot)"
136.243.228.178 - - [21/May/2025:09:56:08 -0600] "GET /item/u36/39577/ HTTP/1.1" 200 100725 "-" "Mozilla/5.0 (compatible; DataForSeoBot/1.0; +https://dataforseo.com/dataforseo-bot)"
136.243.228.178 - - [21/May/2025:09:56:13 -0600] "GET /items/xulnw54/2448?key=offense HTTP/1.1" 200 100725 "-" "Mozilla/5.0 (compatible; DataForSeoBot/1.0; +https://dataforseo.com/dataforseo-bot)"
136.243.228.178 - - [21/May/2025:09:56:17 -0600] "GET /item/u199/44486/ HTTP/1.1" 200 100725 "-" "Mozilla/5.0 (compatible; DataForSeoBot/1.0; +https://dataforseo.com/dataforseo-bot)"
136.243.228.178 - - [21/May/2025:09:56:21 -0600] "GET /item/u177/45578/ HTTP/1.1" 200 100725 "-" "Mozilla/5.0 (compatible; DataForSeoBot/1.0; +https://dataforseo.com/dataforseo-bot)"
45.84.107.182 - - [21/May/2025:09:56:25 -0600] "POST /xmlrpc.php HTTP/1.1" 200 62419 "http://4pie.com.mx/" "Mozilla/5.0 (Linux; Android 6.0; LG-H631 Build/MRA58K) AppleWebKit/537.36 (KHTML, like Gecko) Version/4.0 Chrome/38.0.2125.102 Mobile Safari/537.36"
136.243.228.178 - - [21/May/2025:09:56:25 -0600] "GET /items/mjisb57/41081?key=inform HTTP/1.1" 200 100725 "-" "Mozilla/5.0 (compatible; DataForSeoBot/1.0; +https://dataforseo.com/dataforseo-bot)"
136.243.228.178 - - [21/May/2025:09:56:30 -0600] "GET /items/ofqtn146/20806?key=nearby HTTP/1.1" 200 100725 "-" "Mozilla/5.0 (compatible; DataForSeoBot/1.0; +https://dataforseo.com/dataforseo-bot)"
136.243.228.178 - - [21/May/2025:09:56:33 -0600] "GET /items/aeziu281/17267?key=adolescent HTTP/1.1" 200 100725 "-" "Mozilla/5.0 (compatible; DataForSeoBot/1.0; +https://dataforseo.com/dataforseo-bot)"
136.243.228.178 - - [21/May/2025:09:56:38 -0600] "GET /items/vcgbs283/43163?key=telephone HTTP/1.1" 200 100725 "-" "Mozilla/5.0 (compatible; DataForSeoBot/1.0; +https://dataforseo.com/dataforseo-bot)"
136.243.228.178 - - [21/May/2025:09:56:42 -0600] "GET /items/bdxmu109/5259?key=explosion HTTP/1.1" 200 100725 "-" "Mozilla/5.0 (compatible; DataForSeoBot/1.0; +https://dataforseo.com/dataforseo-bot)"
136.243.228.178 - - [21/May/2025:09:56:45 -0600] "GET /items/iktft75/4615?key=exercise HTTP/1.1" 200 100725 "-" "Mozilla/5.0 (compatible; DataForSeoBot/1.0; +https://dataforseo.com/dataforseo-bot)"
136.243.228.178 - - [21/May/2025:09:56:49 -0600] "GET /item/u123/192/ HTTP/1.1" 200 100725 "-" "Mozilla/5.0 (compatible; DataForSeoBot/1.0; +https://dataforseo.com/dataforseo-bot)"
136.243.228.178 - - [21/May/2025:09:56:54 -0600] "GET /items/yfiql6/48790?key=man HTTP/1.1" 200 100725 "-" "Mozilla/5.0 (compatible; DataForSeoBot/1.0; +https://dataforseo.com/dataforseo-bot)"
136.243.228.178 - - [21/May/2025:09:56:57 -0600] "GET /item/u202/2899/ HTTP/1.1" 200 100725 "-" "Mozilla/5.0 (compatible; DataForSeoBot/1.0; +https://dataforseo.com/dataforseo-bot)"
136.243.228.178 - - [21/May/2025:09:57:02 -0600] "GET /item/u212/32005/ HTTP/1.1" 200 100725 "-" "Mozilla/5.0 (compatible; DataForSeoBot/1.0; +https://dataforseo.com/dataforseo-bot)"
136.243.228.178 - - [21/May/2025:09:57:06 -0600] "GET /items/ftqbg287/3811?key=estate HTTP/1.1" 200 100725 "-" "Mozilla/5.0 (compatible; DataForSeoBot/1.0; +https://dataforseo.com/dataforseo-bot)"
136.243.228.178 - - [21/May/2025:09:57:10 -0600] "GET /items/adxvf294/43472?key=weather HTTP/1.1" 200 100725 "-" "Mozilla/5.0 (compatible; DataForSeoBot/1.0; +https://dataforseo.com/dataforseo-bot)"
171.25.193.79 - - [21/May/2025:09:57:15 -0600] "POST /xmlrpc.php HTTP/1.1" 200 62419 "http://4pie.com.mx/" "Mozilla/5.0 (compatible; MSIE 9.0; Windows NT 6.1; WOW64; Trident/6.0)"
136.243.228.178 - - [21/May/2025:09:57:15 -0600] "GET /items/mxfvl193/34269?key=fifteen HTTP/1.1" 200 100725 "-" "Mozilla/5.0 (compatible; DataForSeoBot/1.0; +https://dataforseo.com/dataforseo-bot)"
136.243.228.178 - - [21/May/2025:09:57:19 -0600] "GET /item/u72/43613/ HTTP/1.1" 200 100725 "-" "Mozilla/5.0 (compatible; DataForSeoBot/1.0; +https://dataforseo.com/dataforseo-bot)"
136.243.228.178 - - [21/May/2025:09:57:23 -0600] "GET /item/u148/42765/ HTTP/1.1" 200 100725 "-" "Mozilla/5.0 (compatible; DataForSeoBot/1.0; +https://dataforseo.com/dataforseo-bot)"
136.243.228.178 - - [21/May/2025:09:57:27 -0600] "GET /items/ccard204/48006?key=Hispanic HTTP/1.1" 200 100725 "-" "Mozilla/5.0 (compatible; DataForSeoBot/1.0; +https://dataforseo.com/dataforseo-bot)"
136.243.228.178 - - [21/May/2025:09:57:31 -0600] "GET /items/clawi36/37250?key=freeze HTTP/1.1" 200 100725 "-" "Mozilla/5.0 (compatible; DataForSeoBot/1.0; +https://dataforseo.com/dataforseo-bot)"
136.243.228.178 - - [21/May/2025:09:57:35 -0600] "GET /items/xhgfa119/48185?key=hook HTTP/1.1" 200 100725 "-" "Mozilla/5.0 (compatible; DataForSeoBot/1.0; +https://dataforseo.com/dataforseo-bot)"
185.220.101.80 - - [21/May/2025:09:57:38 -0600] "POST /xmlrpc.php HTTP/1.1" 200 62419 "http://4pie.com.mx/" "Mozilla/5.0 (Windows NT 6.3) AppleWebKit/537.36 (KHTML, like Gecko) Chrome/58.0.3029.110 YaBrowser/17.6.1.749 Yowser/2.5 Safari/537.36"
136.243.228.178 - - [21/May/2025:09:57:39 -0600] "GET /item/u208/13893/ HTTP/1.1" 200 100725 "-" "Mozilla/5.0 (compatible; DataForSeoBot/1.0; +https://dataforseo.com/dataforseo-bot)"
136.243.228.178 - - [21/May/2025:09:57:43 -0600] "GET /items/hakot266/30024?key=layer HTTP/1.1" 200 100725 "-" "Mozilla/5.0 (compatible; DataForSeoBot/1.0; +https://dataforseo.com/dataforseo-bot)"
136.243.228.178 - - [21/May/2025:09:57:47 -0600] "GET /item/u18/6003/ HTTP/1.1" 200 100725 "-" "Mozilla/5.0 (compatible; DataForSeoBot/1.0; +https://dataforseo.com/dataforseo-bot)"
136.243.228.178 - - [21/May/2025:09:57:51 -0600] "GET /item/u174/39621/ HTTP/1.1" 200 100725 "-" "Mozilla/5.0 (compatible; DataForSeoBot/1.0; +https://dataforseo.com/dataforseo-bot)"
136.243.228.178 - - [21/May/2025:09:57:55 -0600] "GET /items/hbepo258/49762?key=rapid HTTP/1.1" 200 100725 "-" "Mozilla/5.0 (compatible; DataForSeoBot/1.0; +https://dataforseo.com/dataforseo-bot)"
136.243.228.178 - - [21/May/2025:09:57:59 -0600] "GET /items/znvua235/1301?key=impress HTTP/1.1" 200 100725 "-" "Mozilla/5.0 (compatible; DataForSeoBot/1.0; +https://dataforseo.com/dataforseo-bot)"
136.243.228.178 - - [21/May/2025:09:58:03 -0600] "GET /item/u289/1006/ HTTP/1.1" 200 100725 "-" "Mozilla/5.0 (compatible; DataForSeoBot/1.0; +https://dataforseo.com/dataforseo-bot)"
136.243.228.178 - - [21/May/2025:09:58:07 -0600] "GET /item/u140/8977/ HTTP/1.1" 200 100725 "-" "Mozilla/5.0 (compatible; DataForSeoBot/1.0; +https://dataforseo.com/dataforseo-bot)"
136.243.228.178 - - [21/May/2025:09:58:11 -0600] "GET /items/yqgrk52/32282?key=refer HTTP/1.1" 200 100725 "-" "Mozilla/5.0 (compatible; DataForSeoBot/1.0; +https://dataforseo.com/dataforseo-bot)"
136.243.228.178 - - [21/May/2025:09:58:15 -0600] "GET /item/u74/15539/ HTTP/1.1" 200 100725 "-" "Mozilla/5.0 (compatible; DataForSeoBot/1.0; +https://dataforseo.com/dataforseo-bot)"
208.110.64.178 - - [21/May/2025:09:58:17 -0600] "GET /wp-content/install.php HTTP/1.1" 403 100725 "http://4pie.com.mx/wp-content/install.php" "Mozilla/5.0 (Windows NT 10.0; Win64; x64) AppleWebKit/537.36 (KHTML, like Gecko) Chrome/58.0.3029.110 Safari/537.3"
136.243.228.178 - - [21/May/2025:09:58:19 -0600] "GET /items/jpmdd222/20940?key=table HTTP/1.1" 200 100725 "-" "Mozilla/5.0 (compatible; DataForSeoBot/1.0; +https://dataforseo.com/dataforseo-bot)"
136.243.228.178 - - [21/May/2025:09:58:23 -0600] "GET /item/u175/19898/ HTTP/1.1" 200 100725 "-" "Mozilla/5.0 (compatible; DataForSeoBot/1.0; +https://dataforseo.com/dataforseo-bot)"
136.243.228.178 - - [21/May/2025:09:58:27 -0600] "GET /items/rtoca28/17718?key=fuel HTTP/1.1" 200 100725 "-" "Mozilla/5.0 (compatible; DataForSeoBot/1.0; +https://dataforseo.com/dataforseo-bot)"
109.70.100.1 - - [21/May/2025:09:58:27 -0600] "POST /xmlrpc.php HTTP/1.1" 200 62419 "http://4pie.com.mx/" "Mozilla/5.0 (Windows NT 10.0; Win64; x64) AppleWebKit/537.36 (KHTML, like Gecko) Chrome/85.0.4183.102 Safari/537.36"
136.243.228.178 - - [21/May/2025:09:58:31 -0600] "GET /items/lormq242/9648?key=translation HTTP/1.1" 200 100725 "-" "Mozilla/5.0 (compatible; DataForSeoBot/1.0; +https://dataforseo.com/dataforseo-bot)"
136.243.228.178 - - [21/May/2025:09:58:35 -0600] "GET /items/ikllx155/417?key=tightly HTTP/1.1" 200 100725 "-" "Mozilla/5.0 (compatible; DataForSeoBot/1.0; +https://dataforseo.com/dataforseo-bot)"
136.243.228.178 - - [21/May/2025:09:58:39 -0600] "GET /items/zzymh122/32048?key=ceremony HTTP/1.1" 200 100725 "-" "Mozilla/5.0 (compatible; DataForSeoBot/1.0; +https://dataforseo.com/dataforseo-bot)"
136.243.228.178 - - [21/May/2025:09:58:43 -0600] "GET /items/kzrqk69/21391?key=significance HTTP/1.1" 200 100724 "-" "Mozilla/5.0 (compatible; DataForSeoBot/1.0; +https://dataforseo.com/dataforseo-bot)"
