84.239.42.138 - - [21/May/2025:15:37:20 -0600] "POST /xmlrpc.php/xmlrpc.php HTTP/1.1" 200 62182 "-" "Mozilla/5.0 (X11; Linux x86_64) AppleWebKit/537.36 (KHTML, like Gecko) Chrome/80.0.3987.149 Safari/537.36"
136.243.228.178 - - [21/May/2025:15:37:21 -0600] "GET /items/wwdor115/22821?key=possess HTTP/1.1" 200 100725 "-" "Mozilla/5.0 (compatible; DataForSeoBot/1.0; +https://dataforseo.com/dataforseo-bot)"
84.239.42.138 - - [21/May/2025:15:37:24 -0600] "POST /xmlrpc.php/xmlrpc.php HTTP/1.1" 200 67407 "-" "Mozilla/5.0 (X11; Linux x86_64) AppleWebKit/537.36 (KHTML, like Gecko) Chrome/80.0.3987.149 Safari/537.36"
136.243.228.178 - - [21/May/2025:15:37:25 -0600] "GET /items/vxkyk150/33644?key=heavy HTTP/1.1" 200 100725 "-" "Mozilla/5.0 (compatible; DataForSeoBot/1.0; +https://dataforseo.com/dataforseo-bot)"
84.239.42.138 - - [21/May/2025:15:37:27 -0600] "POST /xmlrpc.php/xmlrpc.php HTTP/1.1" 200 62182 "-" "Mozilla/5.0 (X11; Linux x86_64) AppleWebKit/537.36 (KHTML, like Gecko) Chrome/80.0.3987.149 Safari/537.36"
185.220.101.101 - - [21/May/2025:15:37:28 -0600] "POST /xmlrpc.php HTTP/1.1" 200 62419 "http://4pie.com.mx/" "Mozilla/5.0 (Windows NT 10.0; Win64; x64; rv:62.0) Gecko/20100101 Firefox/62.0"
136.243.228.178 - - [21/May/2025:15:37:30 -0600] "GET /items/vatrx125/6605?key=potential HTTP/1.1" 200 100725 "-" "Mozilla/5.0 (compatible; DataForSeoBot/1.0; +https://dataforseo.com/dataforseo-bot)"
142.171.127.176 - - [21/May/2025:15:37:31 -0600] "POST /wp-cron.php?doing_wp_cron=1747863451.7422230243682861328125 HTTP/1.1" 200 61975 "-" "WordPress/6.8; https://4pie.com.mx"
84.239.42.138 - - [21/May/2025:15:37:29 -0600] "POST /xmlrpc.php/xmlrpc.php HTTP/1.1" 200 70060 "-" "Mozilla/5.0 (X11; Linux x86_64) AppleWebKit/537.36 (KHTML, like Gecko) Chrome/80.0.3987.149 Safari/537.36"
136.243.228.178 - - [21/May/2025:15:37:33 -0600] "GET /items/syfew212/8988?key=establishment HTTP/1.1" 200 100725 "-" "Mozilla/5.0 (compatible; DataForSeoBot/1.0; +https://dataforseo.com/dataforseo-bot)"
84.239.42.138 - - [21/May/2025:15:37:33 -0600] "POST /xmlrpc.php/xmlrpc.php HTTP/1.1" 200 62182 "-" "Mozilla/5.0 (X11; Linux x86_64) AppleWebKit/537.36 (KHTML, like Gecko) Chrome/80.0.3987.149 Safari/537.36"
136.243.228.178 - - [21/May/2025:15:37:37 -0600] "GET /item/u52/7749/ HTTP/1.1" 200 100725 "-" "Mozilla/5.0 (compatible; DataForSeoBot/1.0; +https://dataforseo.com/dataforseo-bot)"
142.171.127.176 - - [21/May/2025:15:37:38 -0600] "POST /wp-cron.php?doing_wp_cron=1747863458.6157391071319580078125 HTTP/1.1" 200 12774 "-" "WordPress/6.8; https://4pie.com.mx"
84.239.42.138 - - [21/May/2025:15:37:36 -0600] "POST /xmlrpc.php/xmlrpc.php HTTP/1.1" 200 66954 "-" "Mozilla/5.0 (X11; Linux x86_64) AppleWebKit/537.36 (KHTML, like Gecko) Chrome/80.0.3987.149 Safari/537.36"
84.239.42.138 - - [21/May/2025:15:37:40 -0600] "POST /xmlrpc.php/xmlrpc.php HTTP/1.1" 200 62182 "-" "Mozilla/5.0 (X11; Linux x86_64) AppleWebKit/537.36 (KHTML, like Gecko) Chrome/80.0.3987.149 Safari/537.36"
136.243.228.178 - - [21/May/2025:15:37:41 -0600] "GET /items/zufkt173/19029?key=gesture HTTP/1.1" 200 100725 "-" "Mozilla/5.0 (compatible; DataForSeoBot/1.0; +https://dataforseo.com/dataforseo-bot)"
84.239.42.138 - - [21/May/2025:15:37:43 -0600] "POST /xmlrpc.php/xmlrpc.php HTTP/1.1" 200 71710 "-" "Mozilla/5.0 (X11; Linux x86_64) AppleWebKit/537.36 (KHTML, like Gecko) Chrome/80.0.3987.149 Safari/537.36"
142.171.127.176 - - [21/May/2025:15:37:44 -0600] "POST /wp-cron.php?doing_wp_cron=1747863464.9223780632019042968750 HTTP/1.1" 200 20801 "-" "WordPress/6.8; https://4pie.com.mx"
136.243.228.178 - - [21/May/2025:15:37:46 -0600] "GET /item/u180/15737/ HTTP/1.1" 200 100725 "-" "Mozilla/5.0 (compatible; DataForSeoBot/1.0; +https://dataforseo.com/dataforseo-bot)"
84.239.42.138 - - [21/May/2025:15:37:47 -0600] "POST /xmlrpc.php/xmlrpc.php HTTP/1.1" 200 62182 "-" "Mozilla/5.0 (X11; Linux x86_64) AppleWebKit/537.36 (KHTML, like Gecko) Chrome/80.0.3987.149 Safari/537.36"
136.243.228.178 - - [21/May/2025:15:37:50 -0600] "GET /item/u293/17524/ HTTP/1.1" 200 100725 "-" "Mozilla/5.0 (compatible; DataForSeoBot/1.0; +https://dataforseo.com/dataforseo-bot)"
84.239.42.138 - - [21/May/2025:15:37:50 -0600] "POST /xmlrpc.php/xmlrpc.php HTTP/1.1" 200 70574 "-" "Mozilla/5.0 (X11; Linux x86_64) AppleWebKit/537.36 (KHTML, like Gecko) Chrome/80.0.3987.149 Safari/537.36"
142.171.127.176 - - [21/May/2025:15:37:52 -0600] "POST /wp-cron.php?doing_wp_cron=1747863472.2532839775085449218750 HTTP/1.1" 200 23865 "-" "WordPress/6.8; https://4pie.com.mx"
192.42.116.215 - - [21/May/2025:15:37:52 -0600] "POST /xmlrpc.php HTTP/1.1" 200 62419 "http://4pie.com.mx/" "Mozilla/5.0 (Windows NT 10.0; Win64; x64; rv:68.0) Gecko/20100101 Firefox/68.0"
84.239.42.138 - - [21/May/2025:15:37:54 -0600] "POST /xmlrpc.php/xmlrpc.php HTTP/1.1" 200 62182 "-" "Mozilla/5.0 (X11; Linux x86_64) AppleWebKit/537.36 (KHTML, like Gecko) Chrome/80.0.3987.149 Safari/537.36"
136.243.228.178 - - [21/May/2025:15:37:55 -0600] "GET /item/u82/14591/ HTTP/1.1" 200 100725 "-" "Mozilla/5.0 (compatible; DataForSeoBot/1.0; +https://dataforseo.com/dataforseo-bot)"
142.171.127.176 - - [21/May/2025:15:37:59 -0600] "POST /wp-cron.php?doing_wp_cron=1747863479.2493159770965576171875 HTTP/1.1" 200 23865 "-" "WordPress/6.8; https://4pie.com.mx"
84.239.42.138 - - [21/May/2025:15:37:58 -0600] "POST /xmlrpc.php/xmlrpc.php HTTP/1.1" 200 69907 "-" "Mozilla/5.0 (X11; Linux x86_64) AppleWebKit/537.36 (KHTML, like Gecko) Chrome/80.0.3987.149 Safari/537.36"
136.243.228.178 - - [21/May/2025:15:38:00 -0600] "GET /item/u13/31626/ HTTP/1.1" 200 100725 "-" "Mozilla/5.0 (compatible; DataForSeoBot/1.0; +https://dataforseo.com/dataforseo-bot)"
84.239.42.138 - - [21/May/2025:15:38:01 -0600] "POST /xmlrpc.php/xmlrpc.php HTTP/1.1" 200 62182 "-" "Mozilla/5.0 (X11; Linux x86_64) AppleWebKit/537.36 (KHTML, like Gecko) Chrome/80.0.3987.149 Safari/537.36"
84.239.42.138 - - [21/May/2025:15:38:04 -0600] "POST /xmlrpc.php/xmlrpc.php HTTP/1.1" 200 67695 "-" "Mozilla/5.0 (X11; Linux x86_64) AppleWebKit/537.36 (KHTML, like Gecko) Chrome/80.0.3987.149 Safari/537.36"
136.243.228.178 - - [21/May/2025:15:38:04 -0600] "GET /items/miqmo280/44400?key=fur HTTP/1.1" 200 100725 "-" "Mozilla/5.0 (compatible; DataForSeoBot/1.0; +https://dataforseo.com/dataforseo-bot)"
136.243.228.178 - - [21/May/2025:15:38:09 -0600] "GET /item/u47/25052/ HTTP/1.1" 200 100725 "-" "Mozilla/5.0 (compatible; DataForSeoBot/1.0; +https://dataforseo.com/dataforseo-bot)"
136.243.228.178 - - [21/May/2025:15:38:13 -0600] "GET /item/u230/10115/ HTTP/1.1" 200 100725 "-" "Mozilla/5.0 (compatible; DataForSeoBot/1.0; +https://dataforseo.com/dataforseo-bot)"
185.220.101.42 - - [21/May/2025:15:38:17 -0600] "POST /xmlrpc.php HTTP/1.1" 200 62419 "http://4pie.com.mx/" "Mozilla/5.0 (iPad; CPU OS 12_4_1 like Mac OS X) AppleWebKit/605.1.15 (KHTML, like Gecko) Version/12.1.2 Mobile/15E148 Safari/604.1"
136.243.228.178 - - [21/May/2025:15:38:17 -0600] "GET /item/u283/25298/ HTTP/1.1" 200 100725 "-" "Mozilla/5.0 (compatible; DataForSeoBot/1.0; +https://dataforseo.com/dataforseo-bot)"
136.243.228.178 - - [21/May/2025:15:38:21 -0600] "GET /item/u288/1713/ HTTP/1.1" 200 100725 "-" "Mozilla/5.0 (compatible; DataForSeoBot/1.0; +https://dataforseo.com/dataforseo-bot)"
136.243.228.178 - - [21/May/2025:15:38:25 -0600] "GET /item/u147/4258/ HTTP/1.1" 200 100725 "-" "Mozilla/5.0 (compatible; DataForSeoBot/1.0; +https://dataforseo.com/dataforseo-bot)"
136.243.228.178 - - [21/May/2025:15:38:30 -0600] "GET /items/plepl20/46878?key=respectively HTTP/1.1" 200 100725 "-" "Mozilla/5.0 (compatible; DataForSeoBot/1.0; +https://dataforseo.com/dataforseo-bot)"
136.243.228.178 - - [21/May/2025:15:38:33 -0600] "GET /items/ovjyc201/1849?key=advantage HTTP/1.1" 200 100725 "-" "Mozilla/5.0 (compatible; DataForSeoBot/1.0; +https://dataforseo.com/dataforseo-bot)"
136.243.228.178 - - [21/May/2025:15:38:37 -0600] "GET /items/zwjil241/24187?key=carbon HTTP/1.1" 200 100725 "-" "Mozilla/5.0 (compatible; DataForSeoBot/1.0; +https://dataforseo.com/dataforseo-bot)"
205.185.116.34 - - [21/May/2025:15:38:41 -0600] "POST /xmlrpc.php HTTP/1.1" 200 62419 "http://4pie.com.mx/" "Mozilla/5.0 (Macintosh; Intel Mac OS X 10.6; rv:16.0) Gecko/20100101 Firefox/16.0"
136.243.228.178 - - [21/May/2025:15:38:42 -0600] "GET /item/u107/43582/ HTTP/1.1" 200 100725 "-" "Mozilla/5.0 (compatible; DataForSeoBot/1.0; +https://dataforseo.com/dataforseo-bot)"
136.243.228.178 - - [21/May/2025:15:38:46 -0600] "GET /item/u278/4941/ HTTP/1.1" 200 100725 "-" "Mozilla/5.0 (compatible; DataForSeoBot/1.0; +https://dataforseo.com/dataforseo-bot)"
136.243.228.178 - - [21/May/2025:15:38:50 -0600] "GET /item/u156/33993/ HTTP/1.1" 200 100725 "-" "Mozilla/5.0 (compatible; DataForSeoBot/1.0; +https://dataforseo.com/dataforseo-bot)"
136.243.228.178 - - [21/May/2025:15:38:54 -0600] "GET /items/xpuby200/39560?key=clear HTTP/1.1" 200 100725 "-" "Mozilla/5.0 (compatible; DataForSeoBot/1.0; +https://dataforseo.com/dataforseo-bot)"
136.243.228.178 - - [21/May/2025:15:38:58 -0600] "GET /item/u269/37710/ HTTP/1.1" 200 100725 "-" "Mozilla/5.0 (compatible; DataForSeoBot/1.0; +https://dataforseo.com/dataforseo-bot)"
109.70.100.1 - - [21/May/2025:15:39:06 -0600] "POST /xmlrpc.php HTTP/1.1" 200 61987 "http://4pie.com.mx/" "Mozilla/5.0 (Windows NT 6.1; WOW64; rv:40.0) Gecko/20100101 Firefox/40.1"
136.243.228.178 - - [21/May/2025:15:39:02 -0600] "GET /items/djbjm51/7777?key=successfully HTTP/1.1" 200 100725 "-" "Mozilla/5.0 (compatible; DataForSeoBot/1.0; +https://dataforseo.com/dataforseo-bot)"
136.243.228.178 - - [21/May/2025:15:39:26 -0600] "GET /items/pbode194/35080?key=behavioral HTTP/1.1" 200 100725 "-" "Mozilla/5.0 (compatible; DataForSeoBot/1.0; +https://dataforseo.com/dataforseo-bot)"
45.66.35.20 - - [21/May/2025:15:39:30 -0600] "POST /xmlrpc.php HTTP/1.1" 200 62419 "http://4pie.com.mx/" "Mozilla/5.0 (Windows NT 10.0; Win64; x64) AppleWebKit/537.36 (KHTML, like Gecko) Chrome/58.0.3029.110 Safari/537.36 Edge/16.16299"
136.243.228.178 - - [21/May/2025:15:39:32 -0600] "GET /item/u137/33370/ HTTP/1.1" 200 100725 "-" "Mozilla/5.0 (compatible; DataForSeoBot/1.0; +https://dataforseo.com/dataforseo-bot)"
136.243.228.178 - - [21/May/2025:15:39:38 -0600] "GET /item/u248/38551/ HTTP/1.1" 200 100725 "-" "Mozilla/5.0 (compatible; DataForSeoBot/1.0; +https://dataforseo.com/dataforseo-bot)"
136.243.228.178 - - [21/May/2025:15:39:41 -0600] "GET /items/zhgrh55/3453?key=essay HTTP/1.1" 200 100725 "-" "Mozilla/5.0 (compatible; DataForSeoBot/1.0; +https://dataforseo.com/dataforseo-bot)"
136.243.228.178 - - [21/May/2025:15:39:46 -0600] "GET /items/korxw166/9646?key=those HTTP/1.1" 200 100725 "-" "Mozilla/5.0 (compatible; DataForSeoBot/1.0; +https://dataforseo.com/dataforseo-bot)"
136.243.228.178 - - [21/May/2025:15:39:50 -0600] "GET /items/krahm176/19750?key=rate HTTP/1.1" 200 100725 "-" "Mozilla/5.0 (compatible; DataForSeoBot/1.0; +https://dataforseo.com/dataforseo-bot)"
136.243.228.178 - - [21/May/2025:15:39:54 -0600] "GET /item/u191/26964/ HTTP/1.1" 200 100725 "-" "Mozilla/5.0 (compatible; DataForSeoBot/1.0; +https://dataforseo.com/dataforseo-bot)"
185.220.101.46 - - [21/May/2025:15:39:54 -0600] "POST /xmlrpc.php HTTP/1.1" 200 62419 "http://4pie.com.mx/" "Mozilla/4.0 (compatible; MSIE 7.0; Windows NT 5.1)"
136.243.228.178 - - [21/May/2025:15:39:58 -0600] "GET /item/u142/45979/ HTTP/1.1" 200 100724 "-" "Mozilla/5.0 (compatible; DataForSeoBot/1.0; +https://dataforseo.com/dataforseo-bot)"
69.197.182.50 - - [21/May/2025:15:40:00 -0600] "GET /wp-content/install.php HTTP/1.1" 403 61986 "http://4pie.com.mx/wp-content/install.php" "Mozilla/5.0 (Windows NT 10.0; Win64; x64) AppleWebKit/537.36 (KHTML, like Gecko) Chrome/58.0.3029.110 Safari/537.3"
69.197.182.50 - - [21/May/2025:15:40:02 -0600] "GET /wp-content/install.php HTTP/1.1" 403 61986 "http://4pie.com.mx/wp-content/install.php" "Mozilla/5.0 (Windows NT 10.0; Win64; x64) AppleWebKit/537.36 (KHTML, like Gecko) Chrome/58.0.3029.110 Safari/537.3"
136.243.228.178 - - [21/May/2025:15:40:02 -0600] "GET /items/yyszy78/25090?key=in HTTP/1.1" 200 100724 "-" "Mozilla/5.0 (compatible; DataForSeoBot/1.0; +https://dataforseo.com/dataforseo-bot)"
136.243.228.178 - - [21/May/2025:15:40:10 -0600] "GET /items/klrae197/17531?key=milk HTTP/1.1" 200 100724 "-" "Mozilla/5.0 (compatible; DataForSeoBot/1.0; +https://dataforseo.com/dataforseo-bot)"
136.243.228.178 - - [21/May/2025:15:40:14 -0600] "GET /items/fbwcx181/25625?key=early HTTP/1.1" 200 100724 "-" "Mozilla/5.0 (compatible; DataForSeoBot/1.0; +https://dataforseo.com/dataforseo-bot)"
136.243.228.178 - - [21/May/2025:15:40:18 -0600] "GET /item/u300/761/ HTTP/1.1" 200 100724 "-" "Mozilla/5.0 (compatible; DataForSeoBot/1.0; +https://dataforseo.com/dataforseo-bot)"
179.43.159.198 - - [21/May/2025:15:40:19 -0600] "POST /xmlrpc.php HTTP/1.1" 200 62418 "http://4pie.com.mx/" "Mozilla/5.0 (Macintosh; Intel Mac OS X 10_13_6) AppleWebKit/605.1.15 (KHTML, like Gecko) Version/12.0.1 Safari/605.1.15"
136.243.228.178 - - [21/May/2025:15:40:22 -0600] "GET /items/ubqtk10/23538?key=capable HTTP/1.1" 200 100725 "-" "Mozilla/5.0 (compatible; DataForSeoBot/1.0; +https://dataforseo.com/dataforseo-bot)"
136.243.228.178 - - [21/May/2025:15:40:26 -0600] "GET /item/u57/31106/ HTTP/1.1" 200 100725 "-" "Mozilla/5.0 (compatible; DataForSeoBot/1.0; +https://dataforseo.com/dataforseo-bot)"
136.243.228.178 - - [21/May/2025:15:40:30 -0600] "GET /item/u75/12630/ HTTP/1.1" 200 100725 "-" "Mozilla/5.0 (compatible; DataForSeoBot/1.0; +https://dataforseo.com/dataforseo-bot)"
192.42.116.192 - - [21/May/2025:15:40:43 -0600] "POST /xmlrpc.php HTTP/1.1" 200 62419 "http://4pie.com.mx/" "Mozilla/5.0 (Windows NT 10.0; Win64; x64) AppleWebKit/537.36 (KHTML, like Gecko) Chrome/86.0.4240.183 Safari/537.36"
178.218.144.18 - - [21/May/2025:15:41:08 -0600] "POST /xmlrpc.php HTTP/1.1" 200 62419 "http://4pie.com.mx/" "Mozilla/5.0 (Macintosh; Intel Mac OS X 10_14_6) AppleWebKit/605.1.15 (KHTML, like Gecko) Version/13.1.2 Safari/605.1.15"
136.243.228.178 - - [21/May/2025:15:41:25 -0600] "GET /item/u254/13777/ HTTP/1.1" 200 100725 "-" "Mozilla/5.0 (compatible; DataForSeoBot/1.0; +https://dataforseo.com/dataforseo-bot)"
136.243.228.178 - - [21/May/2025:15:41:29 -0600] "GET /item/u146/41501/ HTTP/1.1" 200 100725 "-" "Mozilla/5.0 (compatible; DataForSeoBot/1.0; +https://dataforseo.com/dataforseo-bot)"
195.47.238.87 - - [21/May/2025:15:41:32 -0600] "POST /xmlrpc.php HTTP/1.1" 200 62419 "http://4pie.com.mx/" "Mozilla/4.0 (compatible; MSIE 6.0; AOL 9.0; Windows NT 5.1; SV1; .NET CLR 1.1.4322)"
136.243.228.178 - - [21/May/2025:15:41:33 -0600] "GET /item/u240/9591/ HTTP/1.1" 200 100725 "-" "Mozilla/5.0 (compatible; DataForSeoBot/1.0; +https://dataforseo.com/dataforseo-bot)"
192.42.116.193 - - [21/May/2025:15:41:56 -0600] "POST /xmlrpc.php HTTP/1.1" 200 62419 "http://4pie.com.mx/" "Mozilla/5.0 (Windows NT 10.0; Win64; x64; rv:86.0) Gecko/20100101 Firefox/86.0"
209.172.2.50 - - [21/May/2025:15:42:04 -0600] "POST /wp-login.php HTTP/1.1" 200 62003 "http://4pie.com.mx" "Mozilla/5.0 (Macintosh; Intel Mac OS X 10_15_7) AppleWebKit/537.36 (KHTML, like Gecko) Chrome/116.0.5845.96 Safari/537.36"
209.172.2.50 - - [21/May/2025:15:42:03 -0600] "POST /wp-login.php HTTP/1.1" 200 62003 "http://4piecommx.tsgmexico.com.mx" "Mozilla/5.0 (Windows NT 10.0; Win64; x64) AppleWebKit/537.36 (KHTML, like Gecko) Chrome/112.0.5615.138 Safari/537.36 Edg/112.0.1722.68"
89.45.83.89 - - [21/May/2025:15:42:06 -0600] "POST /wp-login.php HTTP/1.1" 200 62003 "http://mail.4pie.com.mx" "Mozilla/5.0 (Windows NT 10.0; Win64; x64) AppleWebKit/537.36 (KHTML, like Gecko) Chrome/113.0.5672.93 Safari/537.36"
195.47.238.89 - - [21/May/2025:15:42:21 -0600] "POST /xmlrpc.php HTTP/1.1" 200 62419 "http://4pie.com.mx/" "Mozilla/5.0 (Windows NT 5.1; rv:7.0.1) Gecko/20100101 Firefox/7.0.1"
136.243.228.178 - - [21/May/2025:15:41:37 -0600] "GET /items/jkqhv131/8349?key=Internet HTTP/1.1" 200 100725 "-" "Mozilla/5.0 (compatible; DataForSeoBot/1.0; +https://dataforseo.com/dataforseo-bot)"
136.243.228.178 - - [21/May/2025:15:42:28 -0600] "GET /items/xgycy150/26198?key=break HTTP/1.1" 200 100725 "-" "Mozilla/5.0 (compatible; DataForSeoBot/1.0; +https://dataforseo.com/dataforseo-bot)"
136.243.228.178 - - [21/May/2025:15:42:33 -0600] "GET /items/bbowf230/10970?key=lesson HTTP/1.1" 200 100725 "-" "Mozilla/5.0 (compatible; DataForSeoBot/1.0; +https://dataforseo.com/dataforseo-bot)"
69.197.182.50 - - [21/May/2025:15:42:34 -0600] "GET /wp-content/install.php HTTP/1.1" 403 100725 "http://4pie.com.mx/wp-content/install.php" "Mozilla/5.0 (Windows NT 10.0; Win64; x64) AppleWebKit/537.36 (KHTML, like Gecko) Chrome/58.0.3029.110 Safari/537.3"
136.243.228.178 - - [21/May/2025:15:42:36 -0600] "GET /item/u216/23773/ HTTP/1.1" 200 100725 "-" "Mozilla/5.0 (compatible; DataForSeoBot/1.0; +https://dataforseo.com/dataforseo-bot)"
136.243.228.178 - - [21/May/2025:15:42:41 -0600] "GET /item/u82/11251/ HTTP/1.1" 200 100725 "-" "Mozilla/5.0 (compatible; DataForSeoBot/1.0; +https://dataforseo.com/dataforseo-bot)"
136.243.228.178 - - [21/May/2025:15:42:44 -0600] "GET /items/qefjm227/15857?key=civilization HTTP/1.1" 200 100725 "-" "Mozilla/5.0 (compatible; DataForSeoBot/1.0; +https://dataforseo.com/dataforseo-bot)"
185.220.101.84 - - [21/May/2025:15:42:45 -0600] "POST /xmlrpc.php HTTP/1.1" 200 62419 "http://4pie.com.mx/" "Mozilla/5.0 (Windows NT 10.0; Win64; x64) AppleWebKit/537.36 (KHTML, like Gecko) Chrome/88.0.4324.104 Safari/537.36"
136.243.228.178 - - [21/May/2025:15:42:48 -0600] "GET /items/zqvez51/31973?key=test HTTP/1.1" 200 100725 "-" "Mozilla/5.0 (compatible; DataForSeoBot/1.0; +https://dataforseo.com/dataforseo-bot)"
136.243.228.178 - - [21/May/2025:15:42:52 -0600] "GET /items/wncef299/34333?key=usual HTTP/1.1" 200 100725 "-" "Mozilla/5.0 (compatible; DataForSeoBot/1.0; +https://dataforseo.com/dataforseo-bot)"
136.243.228.178 - - [21/May/2025:15:42:56 -0600] "GET /items/uxsdj285/38637?key=hall HTTP/1.1" 200 100725 "-" "Mozilla/5.0 (compatible; DataForSeoBot/1.0; +https://dataforseo.com/dataforseo-bot)"
136.243.228.178 - - [21/May/2025:15:43:00 -0600] "GET /item/u226/26013/ HTTP/1.1" 200 100725 "-" "Mozilla/5.0 (compatible; DataForSeoBot/1.0; +https://dataforseo.com/dataforseo-bot)"
136.243.228.178 - - [21/May/2025:15:43:04 -0600] "GET /item/u256/6233/ HTTP/1.1" 200 100725 "-" "Mozilla/5.0 (compatible; DataForSeoBot/1.0; +https://dataforseo.com/dataforseo-bot)"
136.243.228.178 - - [21/May/2025:15:43:08 -0600] "GET /item/u185/34504/ HTTP/1.1" 200 100725 "-" "Mozilla/5.0 (compatible; DataForSeoBot/1.0; +https://dataforseo.com/dataforseo-bot)"
45.83.104.137 - - [21/May/2025:15:43:10 -0600] "POST /xmlrpc.php HTTP/1.1" 200 62419 "http://4pie.com.mx/" "Mozilla/5.0 (Windows NT 6.1; WOW64; rv:43.0) Gecko/20100101 Firefox/43.0"
136.243.228.178 - - [21/May/2025:15:43:12 -0600] "GET /items/cxbfj263/47257?key=effect HTTP/1.1" 200 100725 "-" "Mozilla/5.0 (compatible; DataForSeoBot/1.0; +https://dataforseo.com/dataforseo-bot)"
136.243.228.178 - - [21/May/2025:15:43:16 -0600] "GET /item/u9/8880/ HTTP/1.1" 200 100725 "-" "Mozilla/5.0 (compatible; DataForSeoBot/1.0; +https://dataforseo.com/dataforseo-bot)"
136.243.228.178 - - [21/May/2025:15:43:20 -0600] "GET /item/u102/12659/ HTTP/1.1" 200 100725 "-" "Mozilla/5.0 (compatible; DataForSeoBot/1.0; +https://dataforseo.com/dataforseo-bot)"
136.243.228.178 - - [21/May/2025:15:43:24 -0600] "GET /item/u17/10420/ HTTP/1.1" 200 100725 "-" "Mozilla/5.0 (compatible; DataForSeoBot/1.0; +https://dataforseo.com/dataforseo-bot)"
136.243.228.178 - - [21/May/2025:15:43:28 -0600] "GET /items/hgpbq269/18513?key=greatest HTTP/1.1" 200 100725 "-" "Mozilla/5.0 (compatible; DataForSeoBot/1.0; +https://dataforseo.com/dataforseo-bot)"
136.243.228.178 - - [21/May/2025:15:43:32 -0600] "GET /item/u199/35352/ HTTP/1.1" 200 100725 "-" "Mozilla/5.0 (compatible; DataForSeoBot/1.0; +https://dataforseo.com/dataforseo-bot)"
192.42.116.197 - - [21/May/2025:15:43:35 -0600] "POST /xmlrpc.php HTTP/1.1" 200 62419 "http://4pie.com.mx/" "Mozilla/5.0 (Macintosh; Intel Mac OS X 10_10_5) AppleWebKit/603.3.8 (KHTML, like Gecko) Version/10.1.2 Safari/603.3.8"
136.243.228.178 - - [21/May/2025:15:43:37 -0600] "GET /items/sbsix172/4214?key=under HTTP/1.1" 200 100725 "-" "Mozilla/5.0 (compatible; DataForSeoBot/1.0; +https://dataforseo.com/dataforseo-bot)"
136.243.228.178 - - [21/May/2025:15:43:40 -0600] "GET /items/wcxgh246/1708?key=business HTTP/1.1" 200 100725 "-" "Mozilla/5.0 (compatible; DataForSeoBot/1.0; +https://dataforseo.com/dataforseo-bot)"
136.243.228.178 - - [21/May/2025:15:43:44 -0600] "GET /item/u279/2104/ HTTP/1.1" 200 100725 "-" "Mozilla/5.0 (compatible; DataForSeoBot/1.0; +https://dataforseo.com/dataforseo-bot)"
136.243.228.178 - - [21/May/2025:15:43:48 -0600] "GET /item/u267/5030/ HTTP/1.1" 200 100725 "-" "Mozilla/5.0 (compatible; DataForSeoBot/1.0; +https://dataforseo.com/dataforseo-bot)"
136.243.228.178 - - [21/May/2025:15:43:52 -0600] "GET /items/sqlso239/27133?key=chase HTTP/1.1" 200 100725 "-" "Mozilla/5.0 (compatible; DataForSeoBot/1.0; +https://dataforseo.com/dataforseo-bot)"
136.243.228.178 - - [21/May/2025:15:43:57 -0600] "GET /item/u45/41440/ HTTP/1.1" 200 100725 "-" "Mozilla/5.0 (compatible; DataForSeoBot/1.0; +https://dataforseo.com/dataforseo-bot)"
185.220.101.11 - - [21/May/2025:15:43:59 -0600] "POST /xmlrpc.php HTTP/1.1" 200 62419 "http://4pie.com.mx/" "Mozilla/5.0 (iPad; CPU OS 6_0 like Mac OS X) AppleWebKit/536.26 (KHTML, like Gecko) Version/6.0 Mobile/10A5355d Safari/8536.25"
136.243.228.178 - - [21/May/2025:15:44:00 -0600] "GET /items/axnje104/4358?key=tone HTTP/1.1" 200 15958 "-" "Mozilla/5.0 (compatible; DataForSeoBot/1.0; +https://dataforseo.com/dataforseo-bot)"
185.220.100.243 - - [21/May/2025:15:44:23 -0600] "POST /xmlrpc.php HTTP/1.1" 200 62419 "http://4pie.com.mx/" "Mozilla/5.0 (Windows NT 10.0; Win64; x64; rv:71.0) Gecko/20100101 Firefox/71.0"
204.8.96.79 - - [21/May/2025:15:44:48 -0600] "POST /xmlrpc.php HTTP/1.1" 200 62419 "http://4pie.com.mx/" "Mozilla/5.0 (Windows NT 10.0; WOW64) AppleWebKit/537.36 (KHTML, like Gecko) Chrome/51.0.2704.103 Safari/537.36"
136.243.228.178 - - [21/May/2025:15:44:51 -0600] "GET /items/xelxq186/7870?key=shortly HTTP/1.1" 200 100724 "-" "Mozilla/5.0 (compatible; DataForSeoBot/1.0; +https://dataforseo.com/dataforseo-bot)"
136.243.228.178 - - [21/May/2025:15:44:55 -0600] "GET /item/u68/23071/ HTTP/1.1" 200 100724 "-" "Mozilla/5.0 (compatible; DataForSeoBot/1.0; +https://dataforseo.com/dataforseo-bot)"
136.243.228.178 - - [21/May/2025:15:44:59 -0600] "GET /items/jwpuu286/37574?key=skilled HTTP/1.1" 200 100724 "-" "Mozilla/5.0 (compatible; DataForSeoBot/1.0; +https://dataforseo.com/dataforseo-bot)"
136.243.228.178 - - [21/May/2025:15:45:03 -0600] "GET /item/u114/12579/ HTTP/1.1" 200 100724 "-" "Mozilla/5.0 (compatible; DataForSeoBot/1.0; +https://dataforseo.com/dataforseo-bot)"
136.243.228.178 - - [21/May/2025:15:45:07 -0600] "GET /item/u51/10866/ HTTP/1.1" 200 100724 "-" "Mozilla/5.0 (compatible; DataForSeoBot/1.0; +https://dataforseo.com/dataforseo-bot)"
136.243.228.178 - - [21/May/2025:15:45:11 -0600] "GET /item/u70/21329/ HTTP/1.1" 200 100724 "-" "Mozilla/5.0 (compatible; DataForSeoBot/1.0; +https://dataforseo.com/dataforseo-bot)"
23.191.200.17 - - [21/May/2025:15:45:12 -0600] "POST /xmlrpc.php HTTP/1.1" 200 62418 "http://4pie.com.mx/" "Mozilla/5.0 (Windows NT 10.0; Win64; x64) AppleWebKit/537.36 (KHTML, like Gecko) Chrome/70.0.3538.67 Safari/537.36"
136.243.228.178 - - [21/May/2025:15:45:15 -0600] "GET /item/u14/9387/ HTTP/1.1" 200 100725 "-" "Mozilla/5.0 (compatible; DataForSeoBot/1.0; +https://dataforseo.com/dataforseo-bot)"
136.243.228.178 - - [21/May/2025:15:45:19 -0600] "GET /item/u66/21157/ HTTP/1.1" 200 100725 "-" "Mozilla/5.0 (compatible; DataForSeoBot/1.0; +https://dataforseo.com/dataforseo-bot)"
136.243.228.178 - - [21/May/2025:15:45:24 -0600] "GET /item/u191/28396/ HTTP/1.1" 200 100725 "-" "Mozilla/5.0 (compatible; DataForSeoBot/1.0; +https://dataforseo.com/dataforseo-bot)"
136.243.228.178 - - [21/May/2025:15:45:28 -0600] "GET /item/u250/12345/ HTTP/1.1" 200 100725 "-" "Mozilla/5.0 (compatible; DataForSeoBot/1.0; +https://dataforseo.com/dataforseo-bot)"
136.243.228.178 - - [21/May/2025:15:45:32 -0600] "GET /item/u237/30482/ HTTP/1.1" 200 100725 "-" "Mozilla/5.0 (compatible; DataForSeoBot/1.0; +https://dataforseo.com/dataforseo-bot)"
136.243.228.178 - - [21/May/2025:15:40:35 -0600] "GET /item/u243/41656/ HTTP/1.1" 200 61971 "-" "Mozilla/5.0 (compatible; DataForSeoBot/1.0; +https://dataforseo.com/dataforseo-bot)"
136.243.228.178 - - [21/May/2025:15:45:36 -0600] "GET /item/u151/4112/ HTTP/1.1" 200 100725 "-" "Mozilla/5.0 (compatible; DataForSeoBot/1.0; +https://dataforseo.com/dataforseo-bot)"
45.9.168.103 - - [21/May/2025:15:45:37 -0600] "POST /xmlrpc.php HTTP/1.1" 200 62419 "http://4pie.com.mx/" "Mozilla/5.0 (Windows NT 10.0; Win64; x64) AppleWebKit/537.36 (KHTML, like Gecko) Chrome/64.0.3282.140 Safari/537.36 Edge/17.17134"
136.243.228.178 - - [21/May/2025:15:45:41 -0600] "GET /item/u29/15848/ HTTP/1.1" 200 100725 "-" "Mozilla/5.0 (compatible; DataForSeoBot/1.0; +https://dataforseo.com/dataforseo-bot)"
136.243.228.178 - - [21/May/2025:15:45:45 -0600] "GET /item/u1/38008/ HTTP/1.1" 200 100725 "-" "Mozilla/5.0 (compatible; DataForSeoBot/1.0; +https://dataforseo.com/dataforseo-bot)"
136.243.228.178 - - [21/May/2025:15:45:49 -0600] "GET /item/u191/20792/ HTTP/1.1" 200 100725 "-" "Mozilla/5.0 (compatible; DataForSeoBot/1.0; +https://dataforseo.com/dataforseo-bot)"
136.243.228.178 - - [21/May/2025:15:45:53 -0600] "GET /item/u95/21648/ HTTP/1.1" 200 100725 "-" "Mozilla/5.0 (compatible; DataForSeoBot/1.0; +https://dataforseo.com/dataforseo-bot)"
136.243.228.178 - - [21/May/2025:15:45:57 -0600] "GET /item/u224/5387/ HTTP/1.1" 200 100725 "-" "Mozilla/5.0 (compatible; DataForSeoBot/1.0; +https://dataforseo.com/dataforseo-bot)"
196.251.87.240 - - [21/May/2025:15:46:02 -0600] "GET /wp-content/plugins/fix/up.php HTTP/1.1" 403 100725 "-" "Mozilla/5.0 (Windows NT 10.0; Win64; x64) AppleWebKit/537.36 (KHTML, like Gecko) Chrome/85.0.4183.102 Safari/537.36"
136.243.228.178 - - [21/May/2025:15:46:01 -0600] "GET /items/ztqqd161/22679?key=quarterback HTTP/1.1" 200 100725 "-" "Mozilla/5.0 (compatible; DataForSeoBot/1.0; +https://dataforseo.com/dataforseo-bot)"
196.251.87.240 - - [21/May/2025:15:46:02 -0600] "GET / HTTP/1.1" 200 113160 "-" "Mozlila/5.0 (Linux; Android 7.0; SM-G892A Bulid/NRD90M; wv) AppleWebKit/537.36 (KHTML, like Gecko) Version/4.0 Chrome/60.0.3112.107 Moblie Safari/537.36"
45.80.158.167 - - [21/May/2025:15:46:01 -0600] "POST /xmlrpc.php HTTP/1.1" 200 62419 "http://4pie.com.mx/" "Mozilla/5.0 (Windows NT 5.1; rv:36.0) Gecko/20100101 Firefox/36.0"
196.251.87.240 - - [21/May/2025:15:46:02 -0600] "POST /wp-plain.php HTTP/1.1" 403 100725 "www.google.com" "Mozilla/5.0 (Linux; Android 7.0; SM-G892A Bulid/NRD90M; wv) AppleWebKit/537.36 (KHTML, like Gecko) Version/4.0 Chrome/60.0.3112.107 Moblie Safari/537.36"
196.251.87.240 - - [21/May/2025:15:46:02 -0600] "GET /wp-content/themes/seotheme/db.php?u HTTP/1.1" 200 100725 "www.google.com" "Mozlila/5.0 (Linux; Android 7.0; SM-G892A Bulid/NRD90M; wv) AppleWebKit/537.36 (KHTML, like Gecko) Version/4.0 Chrome/60.0.3112.107 Moblie Safari/537.36"
196.251.87.240 - - [21/May/2025:15:46:02 -0600] "POST /ALFA_DATA/alfacgiapi/perl.alfa HTTP/1.1" 200 100725 "www.google.com" "Mozlila/5.0 (Linux; Android 7.0; SM-G892A Bulid/NRD90M; wv) AppleWebKit/537.36 (KHTML, like Gecko) Version/4.0 Chrome/60.0.3112.107 Moblie Safari/537.36"
136.243.228.178 - - [21/May/2025:15:46:09 -0600] "GET /items/vutje210/41206?key=bill HTTP/1.1" 200 100725 "-" "Mozilla/5.0 (compatible; DataForSeoBot/1.0; +https://dataforseo.com/dataforseo-bot)"
196.251.87.240 - - [21/May/2025:15:46:08 -0600] "GET /eauftgqt.php?Fox=d3wL7 HTTP/1.1" 403 100725 "www.google.com" "Mozilla/5.0 (Linux; Android 7.0; SM-G892A Bulid/NRD90M; wv) AppleWebKit/537.36 (KHTML, like Gecko) Version/4.0 Chrome/60.0.3112.107 Moblie Safari/537.36"
196.251.87.240 - - [21/May/2025:15:46:08 -0600] "GET /wp-content/plugins/apikey/apikey.php?test=hello HTTP/1.1" 200 100725 "-" "Mozlila/5.0 (Linux; Android 7.0; SM-G892A Bulid/NRD90M; wv) AppleWebKit/537.36 (KHTML, like Gecko) Version/4.0 Chrome/60.0.3112.107 Moblie Safari/537.36"
196.251.87.240 - - [21/May/2025:15:46:10 -0600] "GET /wp-content/themes/seotheme/db.php?u HTTP/1.1" 200 100725 "www.google.com" "Mozlila/5.0 (Linux; Android 7.0; SM-G892A Bulid/NRD90M; wv) AppleWebKit/537.36 (KHTML, like Gecko) Version/4.0 Chrome/60.0.3112.107 Moblie Safari/537.36"
196.251.87.240 - - [21/May/2025:15:46:12 -0600] "POST /alfacgiapi/perl.alfa HTTP/1.1" 200 100725 "www.google.com" "Mozlila/5.0 (Linux; Android 7.0; SM-G892A Bulid/NRD90M; wv) AppleWebKit/537.36 (KHTML, like Gecko) Version/4.0 Chrome/60.0.3112.107 Moblie Safari/537.36"
196.251.87.240 - - [21/May/2025:15:46:15 -0600] "GET /plugins/content/apismtp/apismtp.php?test=hello HTTP/1.1" 200 100725 "-" "Mozlila/5.0 (Linux; Android 7.0; SM-G892A Bulid/NRD90M; wv) AppleWebKit/537.36 (KHTML, like Gecko) Version/4.0 Chrome/60.0.3112.107 Moblie Safari/537.36"
136.243.228.178 - - [21/May/2025:15:46:14 -0600] "GET /item/u64/31695/ HTTP/1.1" 200 100725 "-" "Mozilla/5.0 (compatible; DataForSeoBot/1.0; +https://dataforseo.com/dataforseo-bot)"
196.251.87.240 - - [21/May/2025:15:46:21 -0600] "GET /wp-content/plugins/apikey/apikey.php.suspected?test=hello HTTP/1.1" 200 100725 "-" "Mozlila/5.0 (Linux; Android 7.0; SM-G892A Bulid/NRD90M; wv) AppleWebKit/537.36 (KHTML, like Gecko) Version/4.0 Chrome/60.0.3112.107 Moblie Safari/537.36"
136.243.228.178 - - [21/May/2025:15:46:24 -0600] "GET /items/syqxa132/24306?key=course HTTP/1.1" 200 100725 "-" "Mozilla/5.0 (compatible; DataForSeoBot/1.0; +https://dataforseo.com/dataforseo-bot)"
196.251.87.240 - - [21/May/2025:15:46:25 -0600] "GET /plugins/content/apismtp/apismtp.php.suspected?test=hello HTTP/1.1" 200 100725 "-" "Mozlila/5.0 (Linux; Android 7.0; SM-G892A Bulid/NRD90M; wv) AppleWebKit/537.36 (KHTML, like Gecko) Version/4.0 Chrome/60.0.3112.107 Moblie Safari/537.36"
109.70.100.3 - - [21/May/2025:15:46:25 -0600] "POST /xmlrpc.php HTTP/1.1" 200 62419 "http://4pie.com.mx/" "Mozilla/5.0 (Windows NT 10.0; Win64; x64) AppleWebKit/537.36 (KHTML, like Gecko) Chrome/58.0.3029.110 Safari/537.36"
136.243.228.178 - - [21/May/2025:15:46:28 -0600] "GET /item/u219/31090/ HTTP/1.1" 200 100725 "-" "Mozilla/5.0 (compatible; DataForSeoBot/1.0; +https://dataforseo.com/dataforseo-bot)"
136.243.228.178 - - [21/May/2025:15:46:32 -0600] "GET /items/dqazi62/24916?key=fund HTTP/1.1" 200 100725 "-" "Mozilla/5.0 (compatible; DataForSeoBot/1.0; +https://dataforseo.com/dataforseo-bot)"
136.243.228.178 - - [21/May/2025:15:46:36 -0600] "GET /item/u289/26654/ HTTP/1.1" 200 100725 "-" "Mozilla/5.0 (compatible; DataForSeoBot/1.0; +https://dataforseo.com/dataforseo-bot)"
136.243.228.178 - - [21/May/2025:15:46:40 -0600] "GET /items/ycwex269/6225?key=second HTTP/1.1" 200 100725 "-" "Mozilla/5.0 (compatible; DataForSeoBot/1.0; +https://dataforseo.com/dataforseo-bot)"
69.197.182.50 - - [21/May/2025:15:46:42 -0600] "GET /wp-content/install.php HTTP/1.1" 403 100725 "http://4pie.com.mx/wp-content/install.php" "Mozilla/5.0 (Windows NT 10.0; Win64; x64) AppleWebKit/537.36 (KHTML, like Gecko) Chrome/58.0.3029.110 Safari/537.3"
136.243.228.178 - - [21/May/2025:15:46:44 -0600] "GET /item/u144/31535/ HTTP/1.1" 200 100725 "-" "Mozilla/5.0 (compatible; DataForSeoBot/1.0; +https://dataforseo.com/dataforseo-bot)"
136.243.228.178 - - [21/May/2025:15:46:49 -0600] "GET /items/bsrnw215/19753?key=sometimes HTTP/1.1" 200 100725 "-" "Mozilla/5.0 (compatible; DataForSeoBot/1.0; +https://dataforseo.com/dataforseo-bot)"
192.42.116.191 - - [21/May/2025:15:46:50 -0600] "POST /xmlrpc.php HTTP/1.1" 200 62419 "http://4pie.com.mx/" "Mozilla/5.0 (Windows NT 6.1; Win64; x64) AppleWebKit/537.36 (KHTML, like Gecko) Chrome/80.0.3987.149 Safari/537.36"
136.243.228.178 - - [21/May/2025:15:46:53 -0600] "GET /item/u246/18929/ HTTP/1.1" 200 100725 "-" "Mozilla/5.0 (compatible; DataForSeoBot/1.0; +https://dataforseo.com/dataforseo-bot)"
136.243.228.178 - - [21/May/2025:15:46:56 -0600] "GET /item/u42/7965/ HTTP/1.1" 200 100725 "-" "Mozilla/5.0 (compatible; DataForSeoBot/1.0; +https://dataforseo.com/dataforseo-bot)"
136.243.228.178 - - [21/May/2025:15:47:00 -0600] "GET /items/vrxes273/45259?key=math HTTP/1.1" 200 100725 "-" "Mozilla/5.0 (compatible; DataForSeoBot/1.0; +https://dataforseo.com/dataforseo-bot)"
136.243.228.178 - - [21/May/2025:15:47:05 -0600] "GET /items/lgoog129/11421?key=editor HTTP/1.1" 200 100725 "-" "Mozilla/5.0 (compatible; DataForSeoBot/1.0; +https://dataforseo.com/dataforseo-bot)"
136.243.228.178 - - [21/May/2025:15:47:08 -0600] "GET /item/u53/35520/ HTTP/1.1" 200 100725 "-" "Mozilla/5.0 (compatible; DataForSeoBot/1.0; +https://dataforseo.com/dataforseo-bot)"
136.243.228.178 - - [21/May/2025:15:47:12 -0600] "GET /item/u123/45350/ HTTP/1.1" 200 100725 "-" "Mozilla/5.0 (compatible; DataForSeoBot/1.0; +https://dataforseo.com/dataforseo-bot)"
185.220.100.243 - - [21/May/2025:15:47:14 -0600] "POST /xmlrpc.php HTTP/1.1" 200 62419 "http://4pie.com.mx/" "Mozilla/5.0 (Macintosh; Intel Mac OS X 10_11_6) AppleWebKit/601.7.8 (KHTML, like Gecko)"
136.243.228.178 - - [21/May/2025:15:47:16 -0600] "GET /item/u45/40664/ HTTP/1.1" 200 100725 "-" "Mozilla/5.0 (compatible; DataForSeoBot/1.0; +https://dataforseo.com/dataforseo-bot)"
136.243.228.178 - - [21/May/2025:15:47:20 -0600] "GET /item/u66/3329/ HTTP/1.1" 200 100725 "-" "Mozilla/5.0 (compatible; DataForSeoBot/1.0; +https://dataforseo.com/dataforseo-bot)"
136.243.228.178 - - [21/May/2025:15:47:24 -0600] "GET /item/u160/345/ HTTP/1.1" 200 100725 "-" "Mozilla/5.0 (compatible; DataForSeoBot/1.0; +https://dataforseo.com/dataforseo-bot)"
136.243.228.178 - - [21/May/2025:15:47:28 -0600] "GET /items/pbxzm243/6785?key=drag HTTP/1.1" 200 100725 "-" "Mozilla/5.0 (compatible; DataForSeoBot/1.0; +https://dataforseo.com/dataforseo-bot)"
136.243.228.178 - - [21/May/2025:15:47:32 -0600] "GET /items/dqwzy68/46000?key=marble HTTP/1.1" 200 100725 "-" "Mozilla/5.0 (compatible; DataForSeoBot/1.0; +https://dataforseo.com/dataforseo-bot)"
136.243.228.178 - - [21/May/2025:15:47:36 -0600] "GET /items/keudf270/36814?key=donor HTTP/1.1" 200 100725 "-" "Mozilla/5.0 (compatible; DataForSeoBot/1.0; +https://dataforseo.com/dataforseo-bot)"
109.70.100.4 - - [21/May/2025:15:47:39 -0600] "POST /xmlrpc.php HTTP/1.1" 200 62419 "http://4pie.com.mx/" "Mozilla/5.0 (iPhone; CPU iPhone OS 10_0 like Mac OS X) AppleWebKit/602.1.50 (KHTML, like Gecko) Version/10.0 YaBrowser/17.4.3.195.10 Mobile/14A346 Safari/E7FBAF"
136.243.228.178 - - [21/May/2025:15:47:40 -0600] "GET /items/ykpig299/29777?key=risky HTTP/1.1" 200 100725 "-" "Mozilla/5.0 (compatible; DataForSeoBot/1.0; +https://dataforseo.com/dataforseo-bot)"
136.243.228.178 - - [21/May/2025:15:47:45 -0600] "GET /item/u181/15738/ HTTP/1.1" 200 100725 "-" "Mozilla/5.0 (compatible; DataForSeoBot/1.0; +https://dataforseo.com/dataforseo-bot)"
136.243.228.178 - - [21/May/2025:15:47:48 -0600] "GET /items/uitpy288/17908?key=valley HTTP/1.1" 200 100725 "-" "Mozilla/5.0 (compatible; DataForSeoBot/1.0; +https://dataforseo.com/dataforseo-bot)"
136.243.228.178 - - [21/May/2025:15:47:52 -0600] "GET /item/u191/36922/ HTTP/1.1" 200 100725 "-" "Mozilla/5.0 (compatible; DataForSeoBot/1.0; +https://dataforseo.com/dataforseo-bot)"
136.243.228.178 - - [21/May/2025:15:47:56 -0600] "GET /item/u170/15047/ HTTP/1.1" 200 100725 "-" "Mozilla/5.0 (compatible; DataForSeoBot/1.0; +https://dataforseo.com/dataforseo-bot)"
136.243.228.178 - - [21/May/2025:15:48:00 -0600] "GET /items/gflbq37/17269?key=marry HTTP/1.1" 200 100725 "-" "Mozilla/5.0 (compatible; DataForSeoBot/1.0; +https://dataforseo.com/dataforseo-bot)"
107.189.5.188 - - [21/May/2025:15:48:03 -0600] "POST /xmlrpc.php HTTP/1.1" 200 62419 "http://4pie.com.mx/" "Mozilla/5.0 (Windows NT 10.0; Win64; x64; rv:77.0) Gecko/20100101 Firefox/77.0"
136.243.228.178 - - [21/May/2025:15:48:05 -0600] "GET /item/u294/37889/ HTTP/1.1" 200 100725 "-" "Mozilla/5.0 (compatible; DataForSeoBot/1.0; +https://dataforseo.com/dataforseo-bot)"
136.243.228.178 - - [21/May/2025:15:48:09 -0600] "GET /items/aauvq91/47799?key=rip HTTP/1.1" 200 100725 "-" "Mozilla/5.0 (compatible; DataForSeoBot/1.0; +https://dataforseo.com/dataforseo-bot)"
136.243.228.178 - - [21/May/2025:15:48:14 -0600] "GET /items/lihrd114/19634?key=violent HTTP/1.1" 200 100725 "-" "Mozilla/5.0 (compatible; DataForSeoBot/1.0; +https://dataforseo.com/dataforseo-bot)"
136.243.228.178 - - [21/May/2025:15:48:17 -0600] "GET /items/atrsn293/39435?key=activity HTTP/1.1" 200 100725 "-" "Mozilla/5.0 (compatible; DataForSeoBot/1.0; +https://dataforseo.com/dataforseo-bot)"
136.243.228.178 - - [21/May/2025:15:48:21 -0600] "GET /items/rtfvx3/23571?key=pig HTTP/1.1" 200 100725 "-" "Mozilla/5.0 (compatible; DataForSeoBot/1.0; +https://dataforseo.com/dataforseo-bot)"
136.243.228.178 - - [21/May/2025:15:48:25 -0600] "GET /items/zhnda252/10568?key=burden HTTP/1.1" 200 100725 "-" "Mozilla/5.0 (compatible; DataForSeoBot/1.0; +https://dataforseo.com/dataforseo-bot)"
45.84.107.182 - - [21/May/2025:15:48:28 -0600] "POST /xmlrpc.php HTTP/1.1" 200 62419 "http://4pie.com.mx/" "Mozilla/5.0 (Windows NT 6.1; WOW64; rv:35.0) Gecko/20100101 Firefox/35.0"
136.243.228.178 - - [21/May/2025:15:48:29 -0600] "GET /items/odvya100/14708?key=egg HTTP/1.1" 200 100725 "-" "Mozilla/5.0 (compatible; DataForSeoBot/1.0; +https://dataforseo.com/dataforseo-bot)"
136.243.228.178 - - [21/May/2025:15:48:34 -0600] "GET /item/u61/40510/ HTTP/1.1" 200 100725 "-" "Mozilla/5.0 (compatible; DataForSeoBot/1.0; +https://dataforseo.com/dataforseo-bot)"
136.243.228.178 - - [21/May/2025:15:48:38 -0600] "GET /item/u264/31447/ HTTP/1.1" 200 100725 "-" "Mozilla/5.0 (compatible; DataForSeoBot/1.0; +https://dataforseo.com/dataforseo-bot)"
136.243.228.178 - - [21/May/2025:15:48:42 -0600] "GET /item/u160/28907/ HTTP/1.1" 200 100725 "-" "Mozilla/5.0 (compatible; DataForSeoBot/1.0; +https://dataforseo.com/dataforseo-bot)"
136.243.228.178 - - [21/May/2025:15:48:46 -0600] "GET /items/yjden110/29570?key=adult HTTP/1.1" 200 100725 "-" "Mozilla/5.0 (compatible; DataForSeoBot/1.0; +https://dataforseo.com/dataforseo-bot)"
136.243.228.178 - - [21/May/2025:15:48:51 -0600] "GET /items/xelvz142/16044?key=survey HTTP/1.1" 200 100724 "-" "Mozilla/5.0 (compatible; DataForSeoBot/1.0; +https://dataforseo.com/dataforseo-bot)"
185.220.101.3 - - [21/May/2025:15:48:53 -0600] "POST /xmlrpc.php HTTP/1.1" 200 62418 "http://4pie.com.mx/" "Mozilla/5.0 (Windows NT 10.0; Win64; x64) AppleWebKit/537.36 (KHTML, like Gecko) Chrome/60.0.3112.113 Safari/537.36"
136.243.228.178 - - [21/May/2025:15:48:55 -0600] "GET /items/npxkt103/43655?key=chain HTTP/1.1" 200 100724 "-" "Mozilla/5.0 (compatible; DataForSeoBot/1.0; +https://dataforseo.com/dataforseo-bot)"
136.243.228.178 - - [21/May/2025:15:48:58 -0600] "GET /item/u288/40399/ HTTP/1.1" 200 100724 "-" "Mozilla/5.0 (compatible; DataForSeoBot/1.0; +https://dataforseo.com/dataforseo-bot)"
136.243.228.178 - - [21/May/2025:15:49:02 -0600] "GET /items/jkgpm239/49423?key=status HTTP/1.1" 200 100724 "-" "Mozilla/5.0 (compatible; DataForSeoBot/1.0; +https://dataforseo.com/dataforseo-bot)"
136.243.228.178 - - [21/May/2025:15:49:06 -0600] "GET /items/dwsgp66/1988?key=Korean HTTP/1.1" 200 100724 "-" "Mozilla/5.0 (compatible; DataForSeoBot/1.0; +https://dataforseo.com/dataforseo-bot)"
136.243.228.178 - - [21/May/2025:15:49:10 -0600] "GET /item/u153/48706/ HTTP/1.1" 200 100724 "-" "Mozilla/5.0 (compatible; DataForSeoBot/1.0; +https://dataforseo.com/dataforseo-bot)"
136.243.228.178 - - [21/May/2025:15:49:14 -0600] "GET /item/u114/33523/ HTTP/1.1" 200 100724 "-" "Mozilla/5.0 (compatible; DataForSeoBot/1.0; +https://dataforseo.com/dataforseo-bot)"
109.70.100.66 - - [21/May/2025:15:49:17 -0600] "POST /xmlrpc.php HTTP/1.1" 200 62419 "http://4pie.com.mx/" "Mozilla/5.0 (Windows NT 6.3; WOW64; Trident/7.0; rv:11.0) like Gecko"
136.243.228.178 - - [21/May/2025:15:49:18 -0600] "GET /items/zacoy149/44829?key=sense HTTP/1.1" 200 100725 "-" "Mozilla/5.0 (compatible; DataForSeoBot/1.0; +https://dataforseo.com/dataforseo-bot)"
136.243.228.178 - - [21/May/2025:15:49:23 -0600] "GET /items/dizsz106/8798?key=African-American HTTP/1.1" 200 100725 "-" "Mozilla/5.0 (compatible; DataForSeoBot/1.0; +https://dataforseo.com/dataforseo-bot)"
136.243.228.178 - - [21/May/2025:15:49:27 -0600] "GET /items/lounv19/12739?key=whip HTTP/1.1" 200 100725 "-" "Mozilla/5.0 (compatible; DataForSeoBot/1.0; +https://dataforseo.com/dataforseo-bot)"
136.243.228.178 - - [21/May/2025:15:49:30 -0600] "GET /items/pkdxe111/44469?key=pack HTTP/1.1" 200 100725 "-" "Mozilla/5.0 (compatible; DataForSeoBot/1.0; +https://dataforseo.com/dataforseo-bot)"
136.243.228.178 - - [21/May/2025:15:49:34 -0600] "GET /items/whzkt249/38903?key=reservation HTTP/1.1" 200 100725 "-" "Mozilla/5.0 (compatible; DataForSeoBot/1.0; +https://dataforseo.com/dataforseo-bot)"
136.243.228.178 - - [21/May/2025:15:49:38 -0600] "GET /items/sjptu101/20257?key=somewhat HTTP/1.1" 200 100725 "-" "Mozilla/5.0 (compatible; DataForSeoBot/1.0; +https://dataforseo.com/dataforseo-bot)"
45.84.107.55 - - [21/May/2025:15:49:41 -0600] "POST /xmlrpc.php HTTP/1.1" 200 62419 "http://4pie.com.mx/" "Mozilla/5.0 (Windows NT 10.0; Win64; x64) AppleWebKit/537.36 (KHTML, like Gecko) Chrome/84.0.4147.125 Safari/537.36"
136.243.228.178 - - [21/May/2025:15:49:42 -0600] "GET /item/u288/5161/ HTTP/1.1" 200 100725 "-" "Mozilla/5.0 (compatible; DataForSeoBot/1.0; +https://dataforseo.com/dataforseo-bot)"
136.243.228.178 - - [21/May/2025:15:49:46 -0600] "GET /items/mdcdw247/3627?key=leather HTTP/1.1" 200 100725 "-" "Mozilla/5.0 (compatible; DataForSeoBot/1.0; +https://dataforseo.com/dataforseo-bot)"
136.243.228.178 - - [21/May/2025:15:49:50 -0600] "GET /items/znjdj275/10973?key=mouth HTTP/1.1" 200 100725 "-" "Mozilla/5.0 (compatible; DataForSeoBot/1.0; +https://dataforseo.com/dataforseo-bot)"
136.243.228.178 - - [21/May/2025:15:49:54 -0600] "GET /items/iohns250/16666?key=experience HTTP/1.1" 200 100725 "-" "Mozilla/5.0 (compatible; DataForSeoBot/1.0; +https://dataforseo.com/dataforseo-bot)"
136.243.228.178 - - [21/May/2025:15:49:58 -0600] "GET /items/szbwk234/48088?key=sink HTTP/1.1" 200 100725 "-" "Mozilla/5.0 (compatible; DataForSeoBot/1.0; +https://dataforseo.com/dataforseo-bot)"
136.243.228.178 - - [21/May/2025:15:50:02 -0600] "GET /item/u108/21459/ HTTP/1.1" 200 100725 "-" "Mozilla/5.0 (compatible; DataForSeoBot/1.0; +https://dataforseo.com/dataforseo-bot)"
185.220.100.245 - - [21/May/2025:15:50:06 -0600] "POST /xmlrpc.php HTTP/1.1" 200 62419 "http://4pie.com.mx/" "Mozilla/5.0 (Windows NT 10.0; Win64; x64; rv:65.0) Gecko/20100101 Firefox/65.0"
136.243.228.178 - - [21/May/2025:15:50:08 -0600] "GET /items/oawcf27/5855?key=disk HTTP/1.1" 200 100725 "-" "Mozilla/5.0 (compatible; DataForSeoBot/1.0; +https://dataforseo.com/dataforseo-bot)"
136.243.228.178 - - [21/May/2025:15:50:12 -0600] "GET /item/u63/36282/ HTTP/1.1" 200 100725 "-" "Mozilla/5.0 (compatible; DataForSeoBot/1.0; +https://dataforseo.com/dataforseo-bot)"
136.243.228.178 - - [21/May/2025:15:50:16 -0600] "GET /items/ydzqq113/8439?key=pass HTTP/1.1" 200 100725 "-" "Mozilla/5.0 (compatible; DataForSeoBot/1.0; +https://dataforseo.com/dataforseo-bot)"
136.243.228.178 - - [21/May/2025:15:50:20 -0600] "GET /items/oevbv186/41804?key=shine HTTP/1.1" 200 100725 "-" "Mozilla/5.0 (compatible; DataForSeoBot/1.0; +https://dataforseo.com/dataforseo-bot)"
136.243.228.178 - - [21/May/2025:15:50:25 -0600] "GET /items/bkkcv199/41807?key=endless HTTP/1.1" 200 100725 "-" "Mozilla/5.0 (compatible; DataForSeoBot/1.0; +https://dataforseo.com/dataforseo-bot)"
136.243.228.178 - - [21/May/2025:15:50:29 -0600] "GET /items/uuhic193/43625?key=cook HTTP/1.1" 200 100725 "-" "Mozilla/5.0 (compatible; DataForSeoBot/1.0; +https://dataforseo.com/dataforseo-bot)"
185.220.101.55 - - [21/May/2025:15:50:30 -0600] "POST /xmlrpc.php HTTP/1.1" 200 62419 "http://4pie.com.mx/" "Mozilla/5.0 (Windows NT 6.1; Win64; x64; rv:25.0) Gecko/20100101 Firefox/29.0"
136.243.228.178 - - [21/May/2025:15:50:33 -0600] "GET /items/ndzzq185/17913?key=shelf HTTP/1.1" 200 100725 "-" "Mozilla/5.0 (compatible; DataForSeoBot/1.0; +https://dataforseo.com/dataforseo-bot)"
136.243.228.178 - - [21/May/2025:15:50:37 -0600] "GET /items/abzjp120/48976?key=testing HTTP/1.1" 200 100725 "-" "Mozilla/5.0 (compatible; DataForSeoBot/1.0; +https://dataforseo.com/dataforseo-bot)"
192.42.116.186 - - [21/May/2025:15:50:55 -0600] "POST /xmlrpc.php HTTP/1.1" 200 62419 "http://4pie.com.mx/" "Mozilla/5.0 (Windows NT 6.1) AppleWebKit/537.36 (KHTML, like Gecko) Chrome/69.0.3497.100 Safari/537.36"
185.220.101.166 - - [21/May/2025:15:51:19 -0600] "POST /xmlrpc.php HTTP/1.1" 200 62419 "http://4pie.com.mx/" "Mozilla/5.0 (Windows NT 10.0; Win64; x64) AppleWebKit/537.36 (KHTML, like Gecko) Chrome/89.0.4389.128 Safari/537.36"
136.243.228.178 - - [21/May/2025:15:50:41 -0600] "GET /items/lamks8/33144?key=emphasis HTTP/1.1" 200 98297 "-" "Mozilla/5.0 (compatible; DataForSeoBot/1.0; +https://dataforseo.com/dataforseo-bot)"
136.243.228.178 - - [21/May/2025:15:51:32 -0600] "GET /item/u46/20275/ HTTP/1.1" 200 100725 "-" "Mozilla/5.0 (compatible; DataForSeoBot/1.0; +https://dataforseo.com/dataforseo-bot)"
136.243.228.178 - - [21/May/2025:15:51:36 -0600] "GET /items/wphif253/21635?key=county HTTP/1.1" 200 100725 "-" "Mozilla/5.0 (compatible; DataForSeoBot/1.0; +https://dataforseo.com/dataforseo-bot)"
35.238.203.213 - - [21/May/2025:15:51:38 -0600] "POST /wp-login.php HTTP/1.1" 200 62003 "http://mail.4pie.com.mx" "Mozilla/5.0 (Windows NT 10.0; Win64; x64; rv:128.0) Gecko/20100101 Firefox/128.0"
199.188.201.234 - - [21/May/2025:15:51:38 -0600] "POST /wp-login.php HTTP/1.1" 200 62003 "http://4pie.com.mx" "Mozilla/5.0 (Macintosh; Intel Mac OS X 10_15_7) AppleWebKit/537.36 (KHTML, like Gecko) Chrome/112.0.5615.138 Safari/537.36"
199.188.201.234 - - [21/May/2025:15:51:38 -0600] "POST /wp-login.php HTTP/1.1" 200 62003 "http://4piecommx.tsgmexico.com.mx" "Mozilla/5.0 (Windows NT 10.0; Win64; x64) AppleWebKit/537.36 (KHTML, like Gecko) Chrome/116.0.5845.96 Safari/537.36 Edg/116.0.1938.62"
136.243.228.178 - - [21/May/2025:15:51:40 -0600] "GET /item/u216/42611/ HTTP/1.1" 200 100725 "-" "Mozilla/5.0 (compatible; DataForSeoBot/1.0; +https://dataforseo.com/dataforseo-bot)"
109.70.100.65 - - [21/May/2025:15:51:44 -0600] "POST /xmlrpc.php HTTP/1.1" 200 62419 "http://4pie.com.mx/" "Mozilla/5.0 (Windows NT 6.1; WOW64; rv:53.0) Gecko/20100101 Firefox/53.0"
136.243.228.178 - - [21/May/2025:15:51:45 -0600] "GET /items/qqsdj296/46832?key=approve HTTP/1.1" 200 100725 "-" "Mozilla/5.0 (compatible; DataForSeoBot/1.0; +https://dataforseo.com/dataforseo-bot)"
136.243.228.178 - - [21/May/2025:15:51:49 -0600] "GET /item/u24/1385/ HTTP/1.1" 200 100725 "-" "Mozilla/5.0 (compatible; DataForSeoBot/1.0; +https://dataforseo.com/dataforseo-bot)"
136.243.228.178 - - [21/May/2025:15:51:53 -0600] "GET /items/rgkot95/35939?key=spell HTTP/1.1" 200 100725 "-" "Mozilla/5.0 (compatible; DataForSeoBot/1.0; +https://dataforseo.com/dataforseo-bot)"
136.243.228.178 - - [21/May/2025:15:51:57 -0600] "GET /items/nztkf226/28764?key=rifle HTTP/1.1" 200 100725 "-" "Mozilla/5.0 (compatible; DataForSeoBot/1.0; +https://dataforseo.com/dataforseo-bot)"
136.243.228.178 - - [21/May/2025:15:52:01 -0600] "GET /item/u296/12427/ HTTP/1.1" 200 100725 "-" "Mozilla/5.0 (compatible; DataForSeoBot/1.0; +https://dataforseo.com/dataforseo-bot)"
136.243.228.178 - - [21/May/2025:15:52:05 -0600] "GET /item/u116/13157/ HTTP/1.1" 200 100725 "-" "Mozilla/5.0 (compatible; DataForSeoBot/1.0; +https://dataforseo.com/dataforseo-bot)"
109.70.100.68 - - [21/May/2025:15:52:08 -0600] "POST /xmlrpc.php HTTP/1.1" 200 62419 "http://4pie.com.mx/" "Mozilla/5.0 (Windows NT 10.0; Win64; x64) AppleWebKit/537.36 (KHTML, like Gecko) Chrome/74.0.3729.157 Safari/537.36"
136.243.228.178 - - [21/May/2025:15:52:09 -0600] "GET /items/jfoik79/47671?key=reportedly HTTP/1.1" 200 100725 "-" "Mozilla/5.0 (compatible; DataForSeoBot/1.0; +https://dataforseo.com/dataforseo-bot)"
136.243.228.178 - - [21/May/2025:15:52:13 -0600] "GET /items/edocq157/8567?key=accurately HTTP/1.1" 200 100725 "-" "Mozilla/5.0 (compatible; DataForSeoBot/1.0; +https://dataforseo.com/dataforseo-bot)"
136.243.228.178 - - [21/May/2025:15:52:18 -0600] "GET /item/u215/41500/ HTTP/1.1" 200 100725 "-" "Mozilla/5.0 (compatible; DataForSeoBot/1.0; +https://dataforseo.com/dataforseo-bot)"
136.243.228.178 - - [21/May/2025:15:52:21 -0600] "GET /items/lzxqk10/37186?key=tolerance HTTP/1.1" 200 100725 "-" "Mozilla/5.0 (compatible; DataForSeoBot/1.0; +https://dataforseo.com/dataforseo-bot)"
136.243.228.178 - - [21/May/2025:15:52:26 -0600] "GET /item/u125/15002/ HTTP/1.1" 200 100725 "-" "Mozilla/5.0 (compatible; DataForSeoBot/1.0; +https://dataforseo.com/dataforseo-bot)"
136.243.228.178 - - [21/May/2025:15:52:29 -0600] "GET /items/uwlob73/35823?key=nerve HTTP/1.1" 200 100725 "-" "Mozilla/5.0 (compatible; DataForSeoBot/1.0; +https://dataforseo.com/dataforseo-bot)"
185.100.87.174 - - [21/May/2025:15:52:32 -0600] "POST /xmlrpc.php HTTP/1.1" 200 62419 "http://4pie.com.mx/" "Mozilla/5.0 (Macintosh; Intel Mac OS X 10_15_4) AppleWebKit/605.1.15 (KHTML, like Gecko) Version/13.1 Safari/605.1.15"
136.243.228.178 - - [21/May/2025:15:52:33 -0600] "GET /item/u84/33813/ HTTP/1.1" 200 100725 "-" "Mozilla/5.0 (compatible; DataForSeoBot/1.0; +https://dataforseo.com/dataforseo-bot)"
136.243.228.178 - - [21/May/2025:15:52:38 -0600] "GET /item/u148/39611/ HTTP/1.1" 200 100725 "-" "Mozilla/5.0 (compatible; DataForSeoBot/1.0; +https://dataforseo.com/dataforseo-bot)"
136.243.228.178 - - [21/May/2025:15:52:42 -0600] "GET /items/cqavz115/17447?key=pose HTTP/1.1" 200 100725 "-" "Mozilla/5.0 (compatible; DataForSeoBot/1.0; +https://dataforseo.com/dataforseo-bot)"
