136.243.228.178 - - [21/May/2025:07:25:06 -0600] "GET /items/exvqt251/15455?key=makeup HTTP/1.1" 200 100725 "-" "Mozilla/5.0 (compatible; DataForSeoBot/1.0; +https://dataforseo.com/dataforseo-bot)"
136.243.228.178 - - [21/May/2025:07:25:10 -0600] "GET /items/zbomd235/17637?key=on HTTP/1.1" 200 100725 "-" "Mozilla/5.0 (compatible; DataForSeoBot/1.0; +https://dataforseo.com/dataforseo-bot)"
136.243.228.178 - - [21/May/2025:07:25:14 -0600] "GET /items/tpphm60/23522?key=return HTTP/1.1" 200 100725 "-" "Mozilla/5.0 (compatible; DataForSeoBot/1.0; +https://dataforseo.com/dataforseo-bot)"
195.47.238.83 - - [21/May/2025:07:25:15 -0600] "POST /xmlrpc.php HTTP/1.1" 200 62419 "http://4pie.com.mx/" "Mozilla/5.0 (Linux; Android 7.1.2; AFTMM Build/NS6265; wv) AppleWebKit/537.36 (KHTML, like Gecko) Version/4.0 Chrome/70.0.3538.110 Mobile Safari/537.36"
136.243.228.178 - - [21/May/2025:07:25:18 -0600] "GET /item/u18/16047/ HTTP/1.1" 200 100725 "-" "Mozilla/5.0 (compatible; DataForSeoBot/1.0; +https://dataforseo.com/dataforseo-bot)"
136.243.228.178 - - [21/May/2025:07:25:22 -0600] "GET /items/kussx300/23858?key=creation HTTP/1.1" 200 100725 "-" "Mozilla/5.0 (compatible; DataForSeoBot/1.0; +https://dataforseo.com/dataforseo-bot)"
136.243.228.178 - - [21/May/2025:07:25:26 -0600] "GET /item/u245/47118/ HTTP/1.1" 200 100725 "-" "Mozilla/5.0 (compatible; DataForSeoBot/1.0; +https://dataforseo.com/dataforseo-bot)"
136.243.228.178 - - [21/May/2025:07:25:30 -0600] "GET /items/ovbpa6/2962?key=feed HTTP/1.1" 200 100725 "-" "Mozilla/5.0 (compatible; DataForSeoBot/1.0; +https://dataforseo.com/dataforseo-bot)"
136.243.228.178 - - [21/May/2025:07:25:34 -0600] "GET /items/mamxt249/21883?key=application HTTP/1.1" 200 100725 "-" "Mozilla/5.0 (compatible; DataForSeoBot/1.0; +https://dataforseo.com/dataforseo-bot)"
136.243.228.178 - - [21/May/2025:07:25:38 -0600] "GET /item/u13/16300/ HTTP/1.1" 200 100725 "-" "Mozilla/5.0 (compatible; DataForSeoBot/1.0; +https://dataforseo.com/dataforseo-bot)"
185.220.101.99 - - [21/May/2025:07:25:40 -0600] "POST /xmlrpc.php HTTP/1.1" 200 62419 "http://4pie.com.mx/" "Mozilla/5.0 (Windows NT 6.3; WOW64; rv:57.0) Gecko/20100101 Firefox/57.0"
136.243.228.178 - - [21/May/2025:07:25:42 -0600] "GET /item/u83/43324/ HTTP/1.1" 200 100725 "-" "Mozilla/5.0 (compatible; DataForSeoBot/1.0; +https://dataforseo.com/dataforseo-bot)"
136.243.228.178 - - [21/May/2025:07:25:46 -0600] "GET /item/u256/41909/ HTTP/1.1" 200 100725 "-" "Mozilla/5.0 (compatible; DataForSeoBot/1.0; +https://dataforseo.com/dataforseo-bot)"
136.243.228.178 - - [21/May/2025:07:25:50 -0600] "GET /items/cxsqg23/18443?key=tap HTTP/1.1" 200 100725 "-" "Mozilla/5.0 (compatible; DataForSeoBot/1.0; +https://dataforseo.com/dataforseo-bot)"
136.243.228.178 - - [21/May/2025:07:25:55 -0600] "GET /items/eazqk130/36066?key=select HTTP/1.1" 200 100725 "-" "Mozilla/5.0 (compatible; DataForSeoBot/1.0; +https://dataforseo.com/dataforseo-bot)"
136.243.228.178 - - [21/May/2025:07:25:58 -0600] "GET /item/u210/20511/ HTTP/1.1" 200 100725 "-" "Mozilla/5.0 (compatible; DataForSeoBot/1.0; +https://dataforseo.com/dataforseo-bot)"
136.243.228.178 - - [21/May/2025:07:26:02 -0600] "GET /item/u149/22174/ HTTP/1.1" 200 100725 "-" "Mozilla/5.0 (compatible; DataForSeoBot/1.0; +https://dataforseo.com/dataforseo-bot)"
185.220.101.76 - - [21/May/2025:07:26:04 -0600] "POST /xmlrpc.php HTTP/1.1" 200 62419 "http://4pie.com.mx/" "Mozilla/5.0 (Windows NT 10.0; Win64; x64; rv:74.0) Gecko/20100101 Firefox/74.0"
136.243.228.178 - - [21/May/2025:07:26:06 -0600] "GET /items/avdcv109/10609?key=result HTTP/1.1" 200 100725 "-" "Mozilla/5.0 (compatible; DataForSeoBot/1.0; +https://dataforseo.com/dataforseo-bot)"
136.243.228.178 - - [21/May/2025:07:26:10 -0600] "GET /item/u45/378/ HTTP/1.1" 200 100725 "-" "Mozilla/5.0 (compatible; DataForSeoBot/1.0; +https://dataforseo.com/dataforseo-bot)"
136.243.228.178 - - [21/May/2025:07:26:14 -0600] "GET /item/u24/22265/ HTTP/1.1" 200 100725 "-" "Mozilla/5.0 (compatible; DataForSeoBot/1.0; +https://dataforseo.com/dataforseo-bot)"
136.243.228.178 - - [21/May/2025:07:26:18 -0600] "GET /items/vobxl300/15028?key=though HTTP/1.1" 200 100725 "-" "Mozilla/5.0 (compatible; DataForSeoBot/1.0; +https://dataforseo.com/dataforseo-bot)"
136.243.228.178 - - [21/May/2025:07:26:22 -0600] "GET /items/wfhgw231/39781?key=fluid HTTP/1.1" 200 100725 "-" "Mozilla/5.0 (compatible; DataForSeoBot/1.0; +https://dataforseo.com/dataforseo-bot)"
136.243.228.178 - - [21/May/2025:07:26:26 -0600] "GET /items/acdkb191/17477?key=compliance HTTP/1.1" 200 100725 "-" "Mozilla/5.0 (compatible; DataForSeoBot/1.0; +https://dataforseo.com/dataforseo-bot)"
185.220.101.3 - - [21/May/2025:07:26:29 -0600] "POST /xmlrpc.php HTTP/1.1" 200 62419 "http://4pie.com.mx/" "Mozilla/5.0 (Windows NT 6.1; Win64; x64) AppleWebKit/537.36 (KHTML, like Gecko) Chrome/66.0.3359.139 Safari/537.36"
136.243.228.178 - - [21/May/2025:07:26:30 -0600] "GET /item/u147/9338/ HTTP/1.1" 200 100725 "-" "Mozilla/5.0 (compatible; DataForSeoBot/1.0; +https://dataforseo.com/dataforseo-bot)"
136.243.228.178 - - [21/May/2025:07:26:35 -0600] "GET /items/onviw140/23126?key=graduate HTTP/1.1" 200 100725 "-" "Mozilla/5.0 (compatible; DataForSeoBot/1.0; +https://dataforseo.com/dataforseo-bot)"
136.243.228.178 - - [21/May/2025:07:26:38 -0600] "GET /item/u106/28343/ HTTP/1.1" 200 100725 "-" "Mozilla/5.0 (compatible; DataForSeoBot/1.0; +https://dataforseo.com/dataforseo-bot)"
136.243.228.178 - - [21/May/2025:07:26:42 -0600] "GET /item/u184/29519/ HTTP/1.1" 200 100725 "-" "Mozilla/5.0 (compatible; DataForSeoBot/1.0; +https://dataforseo.com/dataforseo-bot)"
136.243.228.178 - - [21/May/2025:07:26:47 -0600] "GET /items/sodab90/19388?key=population HTTP/1.1" 200 100725 "-" "Mozilla/5.0 (compatible; DataForSeoBot/1.0; +https://dataforseo.com/dataforseo-bot)"
136.243.228.178 - - [21/May/2025:07:26:50 -0600] "GET /item/u108/40451/ HTTP/1.1" 200 100725 "-" "Mozilla/5.0 (compatible; DataForSeoBot/1.0; +https://dataforseo.com/dataforseo-bot)"
185.220.101.84 - - [21/May/2025:07:26:53 -0600] "POST /xmlrpc.php HTTP/1.1" 200 62419 "http://4pie.com.mx/" "Mozilla/5.0 (Macintosh; Intel Mac OS X 10_14_6) AppleWebKit/605.1.15 (KHTML, like Gecko) Version/13.1.1 Safari/605.1.15"
136.243.228.178 - - [21/May/2025:07:26:55 -0600] "GET /items/llnxf210/33406?key=disclose HTTP/1.1" 200 100724 "-" "Mozilla/5.0 (compatible; DataForSeoBot/1.0; +https://dataforseo.com/dataforseo-bot)"
136.243.228.178 - - [21/May/2025:07:26:58 -0600] "GET /item/u264/47981/ HTTP/1.1" 200 100724 "-" "Mozilla/5.0 (compatible; DataForSeoBot/1.0; +https://dataforseo.com/dataforseo-bot)"
136.243.228.178 - - [21/May/2025:07:27:02 -0600] "GET /item/u113/42062/ HTTP/1.1" 200 100724 "-" "Mozilla/5.0 (compatible; DataForSeoBot/1.0; +https://dataforseo.com/dataforseo-bot)"
136.243.228.178 - - [21/May/2025:07:27:06 -0600] "GET /item/u46/42441/ HTTP/1.1" 200 100724 "-" "Mozilla/5.0 (compatible; DataForSeoBot/1.0; +https://dataforseo.com/dataforseo-bot)"
136.243.228.178 - - [21/May/2025:07:27:11 -0600] "GET /items/ebvhj103/48377?key=blanket HTTP/1.1" 200 100724 "-" "Mozilla/5.0 (compatible; DataForSeoBot/1.0; +https://dataforseo.com/dataforseo-bot)"
136.243.228.178 - - [21/May/2025:07:27:14 -0600] "GET /items/puyrs19/29673?key=classify HTTP/1.1" 200 100724 "-" "Mozilla/5.0 (compatible; DataForSeoBot/1.0; +https://dataforseo.com/dataforseo-bot)"
185.220.101.23 - - [21/May/2025:07:27:17 -0600] "POST /xmlrpc.php HTTP/1.1" 200 62418 "http://4pie.com.mx/" "Mozilla/5.0 (iPhone; CPU iPhone OS 14_2 like Mac OS X) AppleWebKit/605.1.15 (KHTML, like Gecko) Version/14.0.1 Mobile/15E148 Safari/604.1"
136.243.228.178 - - [21/May/2025:07:27:18 -0600] "GET /item/u41/26716/ HTTP/1.1" 200 100724 "-" "Mozilla/5.0 (compatible; DataForSeoBot/1.0; +https://dataforseo.com/dataforseo-bot)"
136.243.228.178 - - [21/May/2025:07:27:22 -0600] "GET /item/u17/17594/ HTTP/1.1" 200 100724 "-" "Mozilla/5.0 (compatible; DataForSeoBot/1.0; +https://dataforseo.com/dataforseo-bot)"
136.243.228.178 - - [21/May/2025:07:27:26 -0600] "GET /items/tgirb192/6510?key=pen HTTP/1.1" 200 100724 "-" "Mozilla/5.0 (compatible; DataForSeoBot/1.0; +https://dataforseo.com/dataforseo-bot)"
136.243.228.178 - - [21/May/2025:07:27:30 -0600] "GET /items/culhx165/19565?key=training HTTP/1.1" 200 100725 "-" "Mozilla/5.0 (compatible; DataForSeoBot/1.0; +https://dataforseo.com/dataforseo-bot)"
69.197.182.50 - - [21/May/2025:07:27:31 -0600] "GET /wp-content/install.php HTTP/1.1" 403 100725 "http://4pie.com.mx/wp-content/install.php" "Mozilla/5.0 (Windows NT 10.0; Win64; x64) AppleWebKit/537.36 (KHTML, like Gecko) Chrome/58.0.3029.110 Safari/537.3"
136.243.228.178 - - [21/May/2025:07:27:34 -0600] "GET /item/u16/4139/ HTTP/1.1" 200 100725 "-" "Mozilla/5.0 (compatible; DataForSeoBot/1.0; +https://dataforseo.com/dataforseo-bot)"
136.243.228.178 - - [21/May/2025:07:27:38 -0600] "GET /item/u189/13196/ HTTP/1.1" 200 100725 "-" "Mozilla/5.0 (compatible; DataForSeoBot/1.0; +https://dataforseo.com/dataforseo-bot)"
185.40.4.29 - - [21/May/2025:07:27:42 -0600] "POST /xmlrpc.php HTTP/1.1" 200 62419 "http://4pie.com.mx/" "Mozilla/5.0 (Windows NT 10.0; Win64; x64) AppleWebKit/537.36 (KHTML, like Gecko) Chrome/64.0.3282.186 Safari/537.36"
136.243.228.178 - - [21/May/2025:07:27:43 -0600] "GET /items/xkglm125/41073?key=dip HTTP/1.1" 200 100725 "-" "Mozilla/5.0 (compatible; DataForSeoBot/1.0; +https://dataforseo.com/dataforseo-bot)"
136.243.228.178 - - [21/May/2025:07:27:46 -0600] "GET /items/hbrki26/40240?key=inquiry HTTP/1.1" 200 100725 "-" "Mozilla/5.0 (compatible; DataForSeoBot/1.0; +https://dataforseo.com/dataforseo-bot)"
41.217.220.5 - - [21/May/2025:07:27:58 -0600] "POST /wp-login.php HTTP/1.1" 200 62003 "http://4pie.com.mx" "Mozilla/5.0 (Macintosh; Intel Mac OS X 13_3) AppleWebKit/537.36 (KHTML, like Gecko) Chrome/126.0.0.0 Safari/537.36 Edg/126.0.0.0"
209.172.2.50 - - [21/May/2025:07:27:58 -0600] "POST /wp-login.php HTTP/1.1" 200 62003 "http://mail.4pie.com.mx" "Mozilla/5.0 (Macintosh; Intel Mac OS X 10_15_7; rv:128.0) Gecko/20100101 Firefox/128.0"
41.217.220.5 - - [21/May/2025:07:27:58 -0600] "POST /wp-login.php HTTP/1.1" 200 62003 "http://4piecommx.tsgmexico.com.mx" "Mozilla/5.0 (Windows NT 10.0; Win64; x64) AppleWebKit/537.36 (KHTML, like Gecko) Chrome/115.0.5790.171 Safari/537.36 Edg/115.0.1901.203"
171.25.193.80 - - [21/May/2025:07:28:06 -0600] "POST /xmlrpc.php HTTP/1.1" 200 62419 "http://4pie.com.mx/" "Mozilla/5.0 (Windows NT 6.3; Win64; x64; rv:73.0) Gecko/20100101 Firefox/73.0"
109.70.100.4 - - [21/May/2025:07:28:31 -0600] "POST /xmlrpc.php HTTP/1.1" 200 62419 "http://4pie.com.mx/" "Mozilla/5.0 (Windows NT 10.0; Win64; x64; rv:60.0) Gecko/20100101 Firefox/60.0"
136.243.228.178 - - [21/May/2025:07:28:41 -0600] "GET /items/lhwwj280/41214?key=root HTTP/1.1" 200 100725 "-" "Mozilla/5.0 (compatible; DataForSeoBot/1.0; +https://dataforseo.com/dataforseo-bot)"
136.243.228.178 - - [21/May/2025:07:28:45 -0600] "GET /items/hdvnv3/44327?key=casualty HTTP/1.1" 200 100725 "-" "Mozilla/5.0 (compatible; DataForSeoBot/1.0; +https://dataforseo.com/dataforseo-bot)"
136.243.228.178 - - [21/May/2025:07:28:49 -0600] "GET /items/gbppa249/44571?key=international HTTP/1.1" 200 100725 "-" "Mozilla/5.0 (compatible; DataForSeoBot/1.0; +https://dataforseo.com/dataforseo-bot)"
136.243.228.178 - - [21/May/2025:07:28:53 -0600] "GET /item/u197/25128/ HTTP/1.1" 200 100725 "-" "Mozilla/5.0 (compatible; DataForSeoBot/1.0; +https://dataforseo.com/dataforseo-bot)"
185.220.101.102 - - [21/May/2025:07:28:57 -0600] "POST /xmlrpc.php HTTP/1.1" 200 62419 "http://4pie.com.mx/" "Mozilla/5.0 (Windows NT 10.0; Win64; x64) AppleWebKit/537.36 (KHTML, like Gecko) Chrome/84.0.4147.105 Safari/537.36 Edg/84.0.522.52"
136.243.228.178 - - [21/May/2025:07:28:57 -0600] "GET /item/u248/1893/ HTTP/1.1" 200 100725 "-" "Mozilla/5.0 (compatible; DataForSeoBot/1.0; +https://dataforseo.com/dataforseo-bot)"
136.243.228.178 - - [21/May/2025:07:29:01 -0600] "GET /item/u111/42596/ HTTP/1.1" 200 100725 "-" "Mozilla/5.0 (compatible; DataForSeoBot/1.0; +https://dataforseo.com/dataforseo-bot)"
136.243.228.178 - - [21/May/2025:07:29:05 -0600] "GET /item/u278/44471/ HTTP/1.1" 200 100725 "-" "Mozilla/5.0 (compatible; DataForSeoBot/1.0; +https://dataforseo.com/dataforseo-bot)"
136.243.228.178 - - [21/May/2025:07:29:10 -0600] "GET /item/u45/45868/ HTTP/1.1" 200 100725 "-" "Mozilla/5.0 (compatible; DataForSeoBot/1.0; +https://dataforseo.com/dataforseo-bot)"
136.243.228.178 - - [21/May/2025:07:29:13 -0600] "GET /items/gsnut188/1620?key=canvas HTTP/1.1" 200 100725 "-" "Mozilla/5.0 (compatible; DataForSeoBot/1.0; +https://dataforseo.com/dataforseo-bot)"
136.243.228.178 - - [21/May/2025:07:29:17 -0600] "GET /item/u192/18327/ HTTP/1.1" 200 100725 "-" "Mozilla/5.0 (compatible; DataForSeoBot/1.0; +https://dataforseo.com/dataforseo-bot)"
107.189.2.108 - - [21/May/2025:07:29:20 -0600] "POST /xmlrpc.php HTTP/1.1" 200 62419 "http://4pie.com.mx/" "Mozilla/5.0 (Windows NT 5.1; rv:43.0) Gecko/20100101 Firefox/43.0"
136.243.228.178 - - [21/May/2025:07:29:22 -0600] "GET /items/niyub18/30872?key=bee HTTP/1.1" 200 100725 "-" "Mozilla/5.0 (compatible; DataForSeoBot/1.0; +https://dataforseo.com/dataforseo-bot)"
136.243.228.178 - - [21/May/2025:07:29:25 -0600] "GET /items/gukst261/49691?key=bar HTTP/1.1" 200 100725 "-" "Mozilla/5.0 (compatible; DataForSeoBot/1.0; +https://dataforseo.com/dataforseo-bot)"
136.243.228.178 - - [21/May/2025:07:29:29 -0600] "GET /item/u107/8462/ HTTP/1.1" 200 100725 "-" "Mozilla/5.0 (compatible; DataForSeoBot/1.0; +https://dataforseo.com/dataforseo-bot)"
136.243.228.178 - - [21/May/2025:07:29:33 -0600] "GET /items/zpzbe230/5350?key=nation HTTP/1.1" 200 100725 "-" "Mozilla/5.0 (compatible; DataForSeoBot/1.0; +https://dataforseo.com/dataforseo-bot)"
136.243.228.178 - - [21/May/2025:07:29:37 -0600] "GET /items/cykmw105/16111?key=badly HTTP/1.1" 200 100725 "-" "Mozilla/5.0 (compatible; DataForSeoBot/1.0; +https://dataforseo.com/dataforseo-bot)"
136.243.228.178 - - [21/May/2025:07:29:41 -0600] "GET /items/ijyzz124/38184?key=create HTTP/1.1" 200 100725 "-" "Mozilla/5.0 (compatible; DataForSeoBot/1.0; +https://dataforseo.com/dataforseo-bot)"
204.12.252.98 - - [21/May/2025:07:29:43 -0600] "GET /wp-content/install.php HTTP/1.1" 403 100725 "http://4pie.com.mx/wp-content/install.php" "Mozilla/5.0 (Windows NT 10.0; Win64; x64) AppleWebKit/537.36 (KHTML, like Gecko) Chrome/58.0.3029.110 Safari/537.3"
84.239.46.144 - - [21/May/2025:07:29:44 -0600] "POST /xmlrpc.php HTTP/1.1" 200 62419 "http://4pie.com.mx/" "Mozilla/5.0 (iPad; CPU OS 12_3_1 like Mac OS X) AppleWebKit/605.1.15 (KHTML, like Gecko) Version/12.1.1 Mobile/15E148 Safari/604.1"
136.243.228.178 - - [21/May/2025:07:29:45 -0600] "GET /items/ciqfe227/22239?key=rubber HTTP/1.1" 200 100725 "-" "Mozilla/5.0 (compatible; DataForSeoBot/1.0; +https://dataforseo.com/dataforseo-bot)"
136.243.228.178 - - [21/May/2025:07:29:50 -0600] "GET /items/uqtgj156/9592?key=regime HTTP/1.1" 200 100725 "-" "Mozilla/5.0 (compatible; DataForSeoBot/1.0; +https://dataforseo.com/dataforseo-bot)"
136.243.228.178 - - [21/May/2025:07:29:53 -0600] "GET /items/frebo37/12951?key=genius HTTP/1.1" 200 100725 "-" "Mozilla/5.0 (compatible; DataForSeoBot/1.0; +https://dataforseo.com/dataforseo-bot)"
136.243.228.178 - - [21/May/2025:07:29:58 -0600] "GET /item/u40/19273/ HTTP/1.1" 200 100725 "-" "Mozilla/5.0 (compatible; DataForSeoBot/1.0; +https://dataforseo.com/dataforseo-bot)"
136.243.228.178 - - [21/May/2025:07:30:01 -0600] "GET /item/u36/42965/ HTTP/1.1" 200 100725 "-" "Mozilla/5.0 (compatible; DataForSeoBot/1.0; +https://dataforseo.com/dataforseo-bot)"
136.243.228.178 - - [21/May/2025:07:30:07 -0600] "GET /item/u31/32364/ HTTP/1.1" 200 100725 "-" "Mozilla/5.0 (compatible; DataForSeoBot/1.0; +https://dataforseo.com/dataforseo-bot)"
45.91.250.107 - - [21/May/2025:07:30:09 -0600] "POST /xmlrpc.php HTTP/1.1" 200 62419 "http://4pie.com.mx/" "Mozilla/5.0 (iPhone; CPU iPhone OS 14_3 like Mac OS X) AppleWebKit/605.1.15 (KHTML, like Gecko) Mobile/15E148"
136.243.228.178 - - [21/May/2025:07:30:11 -0600] "GET /items/aitdc113/21731?key=politician HTTP/1.1" 200 100725 "-" "Mozilla/5.0 (compatible; DataForSeoBot/1.0; +https://dataforseo.com/dataforseo-bot)"
136.243.228.178 - - [21/May/2025:07:30:15 -0600] "GET /items/mqnqe201/39793?key=citizen HTTP/1.1" 200 100725 "-" "Mozilla/5.0 (compatible; DataForSeoBot/1.0; +https://dataforseo.com/dataforseo-bot)"
136.243.228.178 - - [21/May/2025:07:30:19 -0600] "GET /items/qoinb7/1431?key=plea HTTP/1.1" 200 100725 "-" "Mozilla/5.0 (compatible; DataForSeoBot/1.0; +https://dataforseo.com/dataforseo-bot)"
136.243.228.178 - - [21/May/2025:07:30:23 -0600] "GET /item/u67/37800/ HTTP/1.1" 200 100725 "-" "Mozilla/5.0 (compatible; DataForSeoBot/1.0; +https://dataforseo.com/dataforseo-bot)"
136.243.228.178 - - [21/May/2025:07:30:28 -0600] "GET /item/u177/45452/ HTTP/1.1" 200 100725 "-" "Mozilla/5.0 (compatible; DataForSeoBot/1.0; +https://dataforseo.com/dataforseo-bot)"
136.243.228.178 - - [21/May/2025:07:30:31 -0600] "GET /item/u94/12931/ HTTP/1.1" 200 100725 "-" "Mozilla/5.0 (compatible; DataForSeoBot/1.0; +https://dataforseo.com/dataforseo-bot)"
45.84.107.33 - - [21/May/2025:07:30:33 -0600] "POST /xmlrpc.php HTTP/1.1" 200 62419 "http://4pie.com.mx/" "Mozilla/5.0 (Windows NT 10.0; Win64; x64) AppleWebKit/537.36 (KHTML, like Gecko) Chrome/78.0.3904.108 Safari/537.36"
185.40.4.22 - - [21/May/2025:07:30:58 -0600] "POST /xmlrpc.php HTTP/1.1" 200 62419 "http://4pie.com.mx/" "Mozilla/5.0 (Windows NT 10.0; Win64; x64; rv:67.0) Gecko/20100101 Firefox/67.0"
45.90.185.106 - - [21/May/2025:07:31:22 -0600] "POST /xmlrpc.php HTTP/1.1" 200 62419 "http://4pie.com.mx/" "Mozilla/5.0 (Windows NT 6.1; WOW64; rv:17.0) Gecko/20100101 Firefox/17.0"
136.243.228.178 - - [21/May/2025:07:31:26 -0600] "GET /item/u1/11894/ HTTP/1.1" 200 100725 "-" "Mozilla/5.0 (compatible; DataForSeoBot/1.0; +https://dataforseo.com/dataforseo-bot)"
136.243.228.178 - - [21/May/2025:07:31:31 -0600] "GET /item/u164/8489/ HTTP/1.1" 200 100725 "-" "Mozilla/5.0 (compatible; DataForSeoBot/1.0; +https://dataforseo.com/dataforseo-bot)"
136.243.228.178 - - [21/May/2025:07:31:34 -0600] "GET /items/soyvh53/16421?key=ought HTTP/1.1" 200 100725 "-" "Mozilla/5.0 (compatible; DataForSeoBot/1.0; +https://dataforseo.com/dataforseo-bot)"
136.243.228.178 - - [21/May/2025:07:30:35 -0600] "GET /items/wtbny260/46910?key=grain HTTP/1.1" 200 61971 "-" "Mozilla/5.0 (compatible; DataForSeoBot/1.0; +https://dataforseo.com/dataforseo-bot)"
136.243.228.178 - - [21/May/2025:07:31:38 -0600] "GET /items/atimn92/32932?key=fantasy HTTP/1.1" 200 100725 "-" "Mozilla/5.0 (compatible; DataForSeoBot/1.0; +https://dataforseo.com/dataforseo-bot)"
136.243.228.178 - - [21/May/2025:07:31:42 -0600] "GET /items/pnjpx136/14128?key=ethics HTTP/1.1" 200 100725 "-" "Mozilla/5.0 (compatible; DataForSeoBot/1.0; +https://dataforseo.com/dataforseo-bot)"
185.220.101.74 - - [21/May/2025:07:31:46 -0600] "POST /xmlrpc.php HTTP/1.1" 200 62419 "http://4pie.com.mx/" "Mozilla/5.0 (compatible; MSIE 10.0; Windows NT 6.2; WOW64; Trident/6.0)"
136.243.228.178 - - [21/May/2025:07:31:47 -0600] "GET /items/vunvh116/8576?key=participant HTTP/1.1" 200 100725 "-" "Mozilla/5.0 (compatible; DataForSeoBot/1.0; +https://dataforseo.com/dataforseo-bot)"
136.243.228.178 - - [21/May/2025:07:31:50 -0600] "GET /items/xkcnq24/23492?key=game HTTP/1.1" 200 100725 "-" "Mozilla/5.0 (compatible; DataForSeoBot/1.0; +https://dataforseo.com/dataforseo-bot)"
136.243.228.178 - - [21/May/2025:07:31:54 -0600] "GET /items/xogko227/30611?key=ruin HTTP/1.1" 200 100725 "-" "Mozilla/5.0 (compatible; DataForSeoBot/1.0; +https://dataforseo.com/dataforseo-bot)"
136.243.228.178 - - [21/May/2025:07:31:58 -0600] "GET /items/xvauw209/6135?key=others HTTP/1.1" 200 100725 "-" "Mozilla/5.0 (compatible; DataForSeoBot/1.0; +https://dataforseo.com/dataforseo-bot)"
136.243.228.178 - - [21/May/2025:07:32:02 -0600] "GET /items/rxddz42/23882?key=failure HTTP/1.1" 200 100725 "-" "Mozilla/5.0 (compatible; DataForSeoBot/1.0; +https://dataforseo.com/dataforseo-bot)"
136.243.228.178 - - [21/May/2025:07:32:06 -0600] "GET /items/prznk11/93?key=encounter HTTP/1.1" 200 100725 "-" "Mozilla/5.0 (compatible; DataForSeoBot/1.0; +https://dataforseo.com/dataforseo-bot)"
136.243.228.178 - - [21/May/2025:07:32:10 -0600] "GET /item/u179/9008/ HTTP/1.1" 200 100725 "-" "Mozilla/5.0 (compatible; DataForSeoBot/1.0; +https://dataforseo.com/dataforseo-bot)"
192.42.116.179 - - [21/May/2025:07:32:11 -0600] "POST /xmlrpc.php HTTP/1.1" 200 62419 "http://4pie.com.mx/" "Mozilla/5.0 (Windows NT 10.0; WOW64) AppleWebKit/537.36 (KHTML, like Gecko) Chrome/52.0.2743.116 Safari/537.36"
136.243.228.178 - - [21/May/2025:07:32:14 -0600] "GET /items/pnigl288/16900?key=liberty HTTP/1.1" 200 100725 "-" "Mozilla/5.0 (compatible; DataForSeoBot/1.0; +https://dataforseo.com/dataforseo-bot)"
136.243.228.178 - - [21/May/2025:07:32:19 -0600] "GET /item/u3/27634/ HTTP/1.1" 200 100725 "-" "Mozilla/5.0 (compatible; DataForSeoBot/1.0; +https://dataforseo.com/dataforseo-bot)"
136.243.228.178 - - [21/May/2025:07:32:22 -0600] "GET /items/donmk283/44217?key=disc HTTP/1.1" 200 100725 "-" "Mozilla/5.0 (compatible; DataForSeoBot/1.0; +https://dataforseo.com/dataforseo-bot)"
136.243.228.178 - - [21/May/2025:07:32:26 -0600] "GET /items/osgei39/20323?key=flash HTTP/1.1" 200 100725 "-" "Mozilla/5.0 (compatible; DataForSeoBot/1.0; +https://dataforseo.com/dataforseo-bot)"
136.243.228.178 - - [21/May/2025:07:32:30 -0600] "GET /item/u63/5526/ HTTP/1.1" 200 100725 "-" "Mozilla/5.0 (compatible; DataForSeoBot/1.0; +https://dataforseo.com/dataforseo-bot)"
136.243.228.178 - - [21/May/2025:07:32:34 -0600] "GET /item/u29/906/ HTTP/1.1" 200 100725 "-" "Mozilla/5.0 (compatible; DataForSeoBot/1.0; +https://dataforseo.com/dataforseo-bot)"
185.246.188.73 - - [21/May/2025:07:32:35 -0600] "POST /xmlrpc.php HTTP/1.1" 200 62419 "http://4pie.com.mx/" "Mozilla/4.0 (compatible; MSIE 6.0; Windows NT 5.1; SV1; FunWebProducts)"
136.243.228.178 - - [21/May/2025:07:32:38 -0600] "GET /items/lyqki115/48043?key=sake HTTP/1.1" 200 100725 "-" "Mozilla/5.0 (compatible; DataForSeoBot/1.0; +https://dataforseo.com/dataforseo-bot)"
136.243.228.178 - - [21/May/2025:07:32:42 -0600] "GET /items/wfrhy80/26918?key=happily HTTP/1.1" 200 100725 "-" "Mozilla/5.0 (compatible; DataForSeoBot/1.0; +https://dataforseo.com/dataforseo-bot)"
136.243.228.178 - - [21/May/2025:07:32:46 -0600] "GET /item/u191/14914/ HTTP/1.1" 200 100725 "-" "Mozilla/5.0 (compatible; DataForSeoBot/1.0; +https://dataforseo.com/dataforseo-bot)"
136.243.228.178 - - [21/May/2025:07:32:50 -0600] "GET /item/u29/7674/ HTTP/1.1" 200 100725 "-" "Mozilla/5.0 (compatible; DataForSeoBot/1.0; +https://dataforseo.com/dataforseo-bot)"
136.243.228.178 - - [21/May/2025:07:32:54 -0600] "GET /item/u23/22470/ HTTP/1.1" 200 100725 "-" "Mozilla/5.0 (compatible; DataForSeoBot/1.0; +https://dataforseo.com/dataforseo-bot)"
136.243.228.178 - - [21/May/2025:07:32:58 -0600] "GET /item/u100/35141/ HTTP/1.1" 200 100725 "-" "Mozilla/5.0 (compatible; DataForSeoBot/1.0; +https://dataforseo.com/dataforseo-bot)"
142.171.127.176 - - [21/May/2025:07:33:03 -0600] "POST /wp-cron.php?doing_wp_cron=1747834383.0856280326843261718750 HTTP/1.1" 200 23865 "-" "WordPress/6.8; https://4pie.com.mx"
185.220.101.59 - - [21/May/2025:07:33:01 -0600] "POST /xmlrpc.php HTTP/1.1" 200 62419 "http://4pie.com.mx/" "Mozilla/5.0 (Macintosh; Intel Mac OS X 10_15_7) AppleWebKit/605.1.15 (KHTML, like Gecko) Version/14.0.1 Safari/605.1.15"
136.243.228.178 - - [21/May/2025:07:33:02 -0600] "GET /item/u140/38209/ HTTP/1.1" 200 100725 "-" "Mozilla/5.0 (compatible; DataForSeoBot/1.0; +https://dataforseo.com/dataforseo-bot)"
136.243.228.178 - - [21/May/2025:07:33:06 -0600] "GET /items/zaggi201/37549?key=notebook HTTP/1.1" 200 100725 "-" "Mozilla/5.0 (compatible; DataForSeoBot/1.0; +https://dataforseo.com/dataforseo-bot)"
136.243.228.178 - - [21/May/2025:07:33:10 -0600] "GET /item/u283/14792/ HTTP/1.1" 200 100725 "-" "Mozilla/5.0 (compatible; DataForSeoBot/1.0; +https://dataforseo.com/dataforseo-bot)"
136.243.228.178 - - [21/May/2025:07:33:14 -0600] "GET /items/uviya9/35471?key=programming HTTP/1.1" 200 100725 "-" "Mozilla/5.0 (compatible; DataForSeoBot/1.0; +https://dataforseo.com/dataforseo-bot)"
136.243.228.178 - - [21/May/2025:07:33:18 -0600] "GET /item/u255/43694/ HTTP/1.1" 200 100724 "-" "Mozilla/5.0 (compatible; DataForSeoBot/1.0; +https://dataforseo.com/dataforseo-bot)"
136.243.228.178 - - [21/May/2025:07:33:22 -0600] "GET /item/u185/19894/ HTTP/1.1" 200 100724 "-" "Mozilla/5.0 (compatible; DataForSeoBot/1.0; +https://dataforseo.com/dataforseo-bot)"
192.42.116.197 - - [21/May/2025:07:33:24 -0600] "POST /xmlrpc.php HTTP/1.1" 200 62418 "http://4pie.com.mx/" "Mozilla/5.0 (Windows NT 6.1; WOW64; rv:37.0) Gecko/20100101 Firefox/37.0"
136.243.228.178 - - [21/May/2025:07:33:27 -0600] "GET /items/kicou149/7187?key=argue HTTP/1.1" 200 100724 "-" "Mozilla/5.0 (compatible; DataForSeoBot/1.0; +https://dataforseo.com/dataforseo-bot)"
136.243.228.178 - - [21/May/2025:07:33:30 -0600] "GET /items/xjoli153/5775?key=risky HTTP/1.1" 200 100724 "-" "Mozilla/5.0 (compatible; DataForSeoBot/1.0; +https://dataforseo.com/dataforseo-bot)"
136.243.228.178 - - [21/May/2025:07:33:34 -0600] "GET /items/qijlj4/1438?key=passing HTTP/1.1" 200 100724 "-" "Mozilla/5.0 (compatible; DataForSeoBot/1.0; +https://dataforseo.com/dataforseo-bot)"
136.243.228.178 - - [21/May/2025:07:33:39 -0600] "GET /items/cwioy10/14720?key=give HTTP/1.1" 200 100724 "-" "Mozilla/5.0 (compatible; DataForSeoBot/1.0; +https://dataforseo.com/dataforseo-bot)"
136.243.228.178 - - [21/May/2025:07:33:42 -0600] "GET /items/kybom62/18462?key=identity HTTP/1.1" 200 100724 "-" "Mozilla/5.0 (compatible; DataForSeoBot/1.0; +https://dataforseo.com/dataforseo-bot)"
136.243.228.178 - - [21/May/2025:07:33:46 -0600] "GET /item/u256/30801/ HTTP/1.1" 200 100724 "-" "Mozilla/5.0 (compatible; DataForSeoBot/1.0; +https://dataforseo.com/dataforseo-bot)"
185.220.101.48 - - [21/May/2025:07:33:49 -0600] "POST /xmlrpc.php HTTP/1.1" 200 62418 "http://4pie.com.mx/" "Mozilla/5.0 (Windows NT 10.0; Win64; x64) AppleWebKit/537.36 (KHTML, like Gecko) Chrome/80.0.3987.149 Safari/537.36"
142.171.127.176 - - [21/May/2025:07:33:50 -0600] "POST /wp-cron.php?doing_wp_cron=1747834430.8847470283508300781250 HTTP/1.1" 200 62002 "-" "WordPress/6.8; https://4pie.com.mx"
136.243.228.178 - - [21/May/2025:07:33:51 -0600] "GET /item/u85/36852/ HTTP/1.1" 200 100724 "-" "Mozilla/5.0 (compatible; DataForSeoBot/1.0; +https://dataforseo.com/dataforseo-bot)"
136.243.228.178 - - [21/May/2025:07:33:54 -0600] "GET /items/vccii2/41032?key=chance HTTP/1.1" 200 100725 "-" "Mozilla/5.0 (compatible; DataForSeoBot/1.0; +https://dataforseo.com/dataforseo-bot)"
136.243.228.178 - - [21/May/2025:07:33:58 -0600] "GET /items/kbnks145/29623?key=incentive HTTP/1.1" 200 100725 "-" "Mozilla/5.0 (compatible; DataForSeoBot/1.0; +https://dataforseo.com/dataforseo-bot)"
136.243.228.178 - - [21/May/2025:07:34:02 -0600] "GET /item/u130/24983/ HTTP/1.1" 200 100725 "-" "Mozilla/5.0 (compatible; DataForSeoBot/1.0; +https://dataforseo.com/dataforseo-bot)"
136.243.228.178 - - [21/May/2025:07:34:07 -0600] "GET /item/u19/38518/ HTTP/1.1" 200 100725 "-" "Mozilla/5.0 (compatible; DataForSeoBot/1.0; +https://dataforseo.com/dataforseo-bot)"
136.243.228.178 - - [21/May/2025:07:34:10 -0600] "GET /items/uhttl266/18304?key=implement HTTP/1.1" 200 100725 "-" "Mozilla/5.0 (compatible; DataForSeoBot/1.0; +https://dataforseo.com/dataforseo-bot)"
45.90.185.105 - - [21/May/2025:07:34:13 -0600] "POST /xmlrpc.php HTTP/1.1" 200 62419 "http://4pie.com.mx/" "Mozilla/5.0 (Macintosh; Intel Mac OS X 10_15_7) AppleWebKit/605.1.15 (KHTML, like Gecko) Version/14.0 Safari/605.1.15"
136.243.228.178 - - [21/May/2025:07:34:14 -0600] "GET /item/u298/45969/ HTTP/1.1" 200 100725 "-" "Mozilla/5.0 (compatible; DataForSeoBot/1.0; +https://dataforseo.com/dataforseo-bot)"
136.243.228.178 - - [21/May/2025:07:34:18 -0600] "GET /items/kaorl220/41176?key=rip HTTP/1.1" 200 100725 "-" "Mozilla/5.0 (compatible; DataForSeoBot/1.0; +https://dataforseo.com/dataforseo-bot)"
136.243.228.178 - - [21/May/2025:07:34:22 -0600] "GET /items/oyebo256/37258?key=plunge HTTP/1.1" 200 100725 "-" "Mozilla/5.0 (compatible; DataForSeoBot/1.0; +https://dataforseo.com/dataforseo-bot)"
136.243.228.178 - - [21/May/2025:07:34:26 -0600] "GET /items/sjgll253/38961?key=bounce HTTP/1.1" 200 100725 "-" "Mozilla/5.0 (compatible; DataForSeoBot/1.0; +https://dataforseo.com/dataforseo-bot)"
136.243.228.178 - - [21/May/2025:07:34:30 -0600] "GET /item/u230/14423/ HTTP/1.1" 200 100725 "-" "Mozilla/5.0 (compatible; DataForSeoBot/1.0; +https://dataforseo.com/dataforseo-bot)"
136.243.228.178 - - [21/May/2025:07:34:34 -0600] "GET /items/qjanw96/40958?key=fiscal HTTP/1.1" 200 100725 "-" "Mozilla/5.0 (compatible; DataForSeoBot/1.0; +https://dataforseo.com/dataforseo-bot)"
185.40.4.132 - - [21/May/2025:07:34:38 -0600] "POST /xmlrpc.php HTTP/1.1" 200 62419 "http://4pie.com.mx/" "Mozilla/5.0 (Windows NT 10.0; Win64; x64) AppleWebKit/537.36 (KHTML, like Gecko) Chrome/59.0.3071.115 Safari/537.36"
136.243.228.178 - - [21/May/2025:07:34:38 -0600] "GET /items/zlqpu99/39309?key=strategic HTTP/1.1" 200 100725 "-" "Mozilla/5.0 (compatible; DataForSeoBot/1.0; +https://dataforseo.com/dataforseo-bot)"
136.243.228.178 - - [21/May/2025:07:34:42 -0600] "GET /item/u212/36521/ HTTP/1.1" 200 100725 "-" "Mozilla/5.0 (compatible; DataForSeoBot/1.0; +https://dataforseo.com/dataforseo-bot)"
136.243.228.178 - - [21/May/2025:07:34:47 -0600] "GET /item/u284/33789/ HTTP/1.1" 200 100725 "-" "Mozilla/5.0 (compatible; DataForSeoBot/1.0; +https://dataforseo.com/dataforseo-bot)"
136.243.228.178 - - [21/May/2025:07:34:50 -0600] "GET /item/u280/12895/ HTTP/1.1" 200 100725 "-" "Mozilla/5.0 (compatible; DataForSeoBot/1.0; +https://dataforseo.com/dataforseo-bot)"
136.243.228.178 - - [21/May/2025:07:34:54 -0600] "GET /item/u232/20565/ HTTP/1.1" 200 100725 "-" "Mozilla/5.0 (compatible; DataForSeoBot/1.0; +https://dataforseo.com/dataforseo-bot)"
136.243.228.178 - - [21/May/2025:07:34:59 -0600] "GET /items/vuqwj134/8938?key=counsel HTTP/1.1" 200 100725 "-" "Mozilla/5.0 (compatible; DataForSeoBot/1.0; +https://dataforseo.com/dataforseo-bot)"
212.38.189.186 - - [21/May/2025:07:35:02 -0600] "POST /xmlrpc.php HTTP/1.1" 200 61989 "http://4pie.com.mx/" "Mozilla/5.0 (Windows NT 6.1; Win64; x64) AppleWebKit/537.36 (KHTML, like Gecko) Chrome/51.0.2704.79 Safari/537.36 Edge/14.14393"
208.110.64.178 - - [21/May/2025:07:35:05 -0600] "GET /wp-content/install.php HTTP/1.1" 403 61987 "http://4pie.com.mx/wp-content/install.php" "Mozilla/5.0 (Windows NT 10.0; Win64; x64) AppleWebKit/537.36 (KHTML, like Gecko) Chrome/58.0.3029.110 Safari/537.3"
136.243.228.178 - - [21/May/2025:07:35:03 -0600] "GET /items/qccxy73/46423?key=outline HTTP/1.1" 200 100725 "-" "Mozilla/5.0 (compatible; DataForSeoBot/1.0; +https://dataforseo.com/dataforseo-bot)"
208.110.64.178 - - [21/May/2025:07:35:07 -0600] "GET /wp-content/install.php HTTP/1.1" 403 61979 "http://4pie.com.mx/wp-content/install.php" "Mozilla/5.0 (Windows NT 10.0; Win64; x64) AppleWebKit/537.36 (KHTML, like Gecko) Chrome/58.0.3029.110 Safari/537.3"
136.243.228.178 - - [21/May/2025:07:35:11 -0600] "GET /items/owcmo243/46593?key=seldom HTTP/1.1" 200 100725 "-" "Mozilla/5.0 (compatible; DataForSeoBot/1.0; +https://dataforseo.com/dataforseo-bot)"
136.243.228.178 - - [21/May/2025:07:35:15 -0600] "GET /items/zupop79/16477?key=elephant HTTP/1.1" 200 100725 "-" "Mozilla/5.0 (compatible; DataForSeoBot/1.0; +https://dataforseo.com/dataforseo-bot)"
136.243.228.178 - - [21/May/2025:07:35:20 -0600] "GET /items/ojiup297/4149?key=clothes HTTP/1.1" 200 100725 "-" "Mozilla/5.0 (compatible; DataForSeoBot/1.0; +https://dataforseo.com/dataforseo-bot)"
136.243.228.178 - - [21/May/2025:07:35:23 -0600] "GET /item/u50/20913/ HTTP/1.1" 200 100725 "-" "Mozilla/5.0 (compatible; DataForSeoBot/1.0; +https://dataforseo.com/dataforseo-bot)"
185.220.101.31 - - [21/May/2025:07:35:26 -0600] "POST /xmlrpc.php HTTP/1.1" 200 62419 "http://4pie.com.mx/" "Mozilla/5.0 (Windows NT 6.1; Win64; x64; rv:58.0) Gecko/20100101 Firefox/58.0"
136.243.228.178 - - [21/May/2025:07:35:27 -0600] "GET /item/u11/604/ HTTP/1.1" 200 100725 "-" "Mozilla/5.0 (compatible; DataForSeoBot/1.0; +https://dataforseo.com/dataforseo-bot)"
136.243.228.178 - - [21/May/2025:07:35:31 -0600] "GET /item/u298/32025/ HTTP/1.1" 200 100725 "-" "Mozilla/5.0 (compatible; DataForSeoBot/1.0; +https://dataforseo.com/dataforseo-bot)"
136.243.228.178 - - [21/May/2025:07:35:35 -0600] "GET /item/u141/21748/ HTTP/1.1" 200 100725 "-" "Mozilla/5.0 (compatible; DataForSeoBot/1.0; +https://dataforseo.com/dataforseo-bot)"
136.243.228.178 - - [21/May/2025:07:35:39 -0600] "GET /items/hhbmf178/3394?key=cause HTTP/1.1" 200 100725 "-" "Mozilla/5.0 (compatible; DataForSeoBot/1.0; +https://dataforseo.com/dataforseo-bot)"
136.243.228.178 - - [21/May/2025:07:35:44 -0600] "GET /items/dgnli168/9770?key=crush HTTP/1.1" 200 100725 "-" "Mozilla/5.0 (compatible; DataForSeoBot/1.0; +https://dataforseo.com/dataforseo-bot)"
136.243.228.178 - - [21/May/2025:07:35:47 -0600] "GET /item/u108/47587/ HTTP/1.1" 200 100725 "-" "Mozilla/5.0 (compatible; DataForSeoBot/1.0; +https://dataforseo.com/dataforseo-bot)"
109.70.100.71 - - [21/May/2025:07:35:51 -0600] "POST /xmlrpc.php HTTP/1.1" 200 62419 "http://4pie.com.mx/" "Mozilla/5.0 (Windows NT 6.1; WOW64; rv:36.0) Gecko/20100101 Firefox/36.0"
136.243.228.178 - - [21/May/2025:07:35:51 -0600] "GET /item/u139/7030/ HTTP/1.1" 200 100725 "-" "Mozilla/5.0 (compatible; DataForSeoBot/1.0; +https://dataforseo.com/dataforseo-bot)"
136.243.228.178 - - [21/May/2025:07:35:55 -0600] "GET /item/u162/35165/ HTTP/1.1" 200 100725 "-" "Mozilla/5.0 (compatible; DataForSeoBot/1.0; +https://dataforseo.com/dataforseo-bot)"
136.243.228.178 - - [21/May/2025:07:35:59 -0600] "GET /items/gsiud219/21995?key=anxious HTTP/1.1" 200 100725 "-" "Mozilla/5.0 (compatible; DataForSeoBot/1.0; +https://dataforseo.com/dataforseo-bot)"
136.243.228.178 - - [21/May/2025:07:36:03 -0600] "GET /items/apskj265/21659?key=entry HTTP/1.1" 200 100725 "-" "Mozilla/5.0 (compatible; DataForSeoBot/1.0; +https://dataforseo.com/dataforseo-bot)"
136.243.228.178 - - [21/May/2025:07:36:07 -0600] "GET /item/u157/19680/ HTTP/1.1" 200 100725 "-" "Mozilla/5.0 (compatible; DataForSeoBot/1.0; +https://dataforseo.com/dataforseo-bot)"
136.243.228.178 - - [21/May/2025:07:36:11 -0600] "GET /items/vepqw242/7308?key=bind HTTP/1.1" 200 100725 "-" "Mozilla/5.0 (compatible; DataForSeoBot/1.0; +https://dataforseo.com/dataforseo-bot)"
178.175.148.209 - - [21/May/2025:07:36:15 -0600] "POST /xmlrpc.php HTTP/1.1" 200 62419 "http://4pie.com.mx/" "Mozilla/5.0 (Windows NT 10.0; Win64; x64) AppleWebKit/537.36 (KHTML, like Gecko) Chrome/56.0.2924.87 Safari/537.36"
136.243.228.178 - - [21/May/2025:07:36:16 -0600] "GET /items/ogyaa103/15965?key=pine HTTP/1.1" 200 100725 "-" "Mozilla/5.0 (compatible; DataForSeoBot/1.0; +https://dataforseo.com/dataforseo-bot)"
136.243.228.178 - - [21/May/2025:07:36:20 -0600] "GET /items/dnekk261/14915?key=talented HTTP/1.1" 200 100725 "-" "Mozilla/5.0 (compatible; DataForSeoBot/1.0; +https://dataforseo.com/dataforseo-bot)"
136.243.228.178 - - [21/May/2025:07:36:24 -0600] "GET /item/u50/17525/ HTTP/1.1" 200 100725 "-" "Mozilla/5.0 (compatible; DataForSeoBot/1.0; +https://dataforseo.com/dataforseo-bot)"
136.243.228.178 - - [21/May/2025:07:36:29 -0600] "GET /item/u39/18390/ HTTP/1.1" 200 100725 "-" "Mozilla/5.0 (compatible; DataForSeoBot/1.0; +https://dataforseo.com/dataforseo-bot)"
136.243.228.178 - - [21/May/2025:07:36:32 -0600] "GET /items/uyxbt275/46365?key=nearly HTTP/1.1" 200 100725 "-" "Mozilla/5.0 (compatible; DataForSeoBot/1.0; +https://dataforseo.com/dataforseo-bot)"
136.243.228.178 - - [21/May/2025:07:36:37 -0600] "GET /item/u286/10023/ HTTP/1.1" 200 100725 "-" "Mozilla/5.0 (compatible; DataForSeoBot/1.0; +https://dataforseo.com/dataforseo-bot)"
136.243.228.178 - - [21/May/2025:07:36:40 -0600] "GET /item/u280/38485/ HTTP/1.1" 200 100725 "-" "Mozilla/5.0 (compatible; DataForSeoBot/1.0; +https://dataforseo.com/dataforseo-bot)"
104.244.79.61 - - [21/May/2025:07:36:41 -0600] "POST /xmlrpc.php HTTP/1.1" 200 62419 "http://4pie.com.mx/" "Mozilla/5.0 (Windows NT 6.3; WOW64; rv:43.0) Gecko/20100101 Firefox/43.0"
136.243.228.178 - - [21/May/2025:07:36:44 -0600] "GET /item/u72/15793/ HTTP/1.1" 200 100725 "-" "Mozilla/5.0 (compatible; DataForSeoBot/1.0; +https://dataforseo.com/dataforseo-bot)"
136.243.228.178 - - [21/May/2025:07:36:49 -0600] "GET /items/jfmzu233/2133?key=prediction HTTP/1.1" 200 100725 "-" "Mozilla/5.0 (compatible; DataForSeoBot/1.0; +https://dataforseo.com/dataforseo-bot)"
136.243.228.178 - - [21/May/2025:07:36:52 -0600] "GET /items/guuaf75/1985?key=degree HTTP/1.1" 200 100725 "-" "Mozilla/5.0 (compatible; DataForSeoBot/1.0; +https://dataforseo.com/dataforseo-bot)"
136.243.228.178 - - [21/May/2025:07:36:56 -0600] "GET /items/sqvpa133/25683?key=account HTTP/1.1" 200 100725 "-" "Mozilla/5.0 (compatible; DataForSeoBot/1.0; +https://dataforseo.com/dataforseo-bot)"
136.243.228.178 - - [21/May/2025:07:37:00 -0600] "GET /items/rkdgz32/45576?key=within HTTP/1.1" 200 100725 "-" "Mozilla/5.0 (compatible; DataForSeoBot/1.0; +https://dataforseo.com/dataforseo-bot)"
192.42.116.193 - - [21/May/2025:07:37:04 -0600] "POST /xmlrpc.php HTTP/1.1" 200 62419 "http://4pie.com.mx/" "Mozilla/4.0 (compatible; MSIE 9.0; Windows NT 6.1)"
136.243.228.178 - - [21/May/2025:07:37:04 -0600] "GET /item/u83/18522/ HTTP/1.1" 200 100725 "-" "Mozilla/5.0 (compatible; DataForSeoBot/1.0; +https://dataforseo.com/dataforseo-bot)"
136.243.228.178 - - [21/May/2025:07:37:08 -0600] "GET /items/rfmyl218/6266?key=educational HTTP/1.1" 200 100725 "-" "Mozilla/5.0 (compatible; DataForSeoBot/1.0; +https://dataforseo.com/dataforseo-bot)"
136.243.228.178 - - [21/May/2025:07:37:12 -0600] "GET /item/u87/15600/ HTTP/1.1" 200 100725 "-" "Mozilla/5.0 (compatible; DataForSeoBot/1.0; +https://dataforseo.com/dataforseo-bot)"
136.243.228.178 - - [21/May/2025:07:37:16 -0600] "GET /item/u172/19709/ HTTP/1.1" 200 100725 "-" "Mozilla/5.0 (compatible; DataForSeoBot/1.0; +https://dataforseo.com/dataforseo-bot)"
136.243.228.178 - - [21/May/2025:07:37:20 -0600] "GET /items/yrwnb153/42777?key=produce HTTP/1.1" 200 100725 "-" "Mozilla/5.0 (compatible; DataForSeoBot/1.0; +https://dataforseo.com/dataforseo-bot)"
136.243.228.178 - - [21/May/2025:07:37:25 -0600] "GET /items/nkqdu91/4025?key=disorder HTTP/1.1" 200 100725 "-" "Mozilla/5.0 (compatible; DataForSeoBot/1.0; +https://dataforseo.com/dataforseo-bot)"
8.218.212.177 - - [21/May/2025:07:37:23 -0600] "POST /wp-login.php HTTP/1.1" 200 62003 "http://4piecommx.tsgmexico.com.mx" "Mozilla/5.0 (Macintosh; Intel Mac OS X 10_15_7; rv:125.0.1) Gecko/20100101 Firefox/125.0.1"
8.218.212.177 - - [21/May/2025:07:37:23 -0600] "POST /wp-login.php HTTP/1.1" 200 62003 "http://4pie.com.mx" "Mozilla/5.0 (Macintosh; Intel Mac OS X 14.5) AppleWebKit/618.3.5 (KHTML, like Gecko) Version/17.4 Safari/618.3.5"
103.118.29.120 - - [21/May/2025:07:37:28 -0600] "POST /wp-login.php HTTP/1.1" 200 62003 "http://mail.4pie.com.mx" "Mozilla/5.0 (Macintosh; Intel Mac OS X 10_15_7; rv:127.0) Gecko/20100101 Firefox/127.0"
185.220.101.101 - - [21/May/2025:07:37:28 -0600] "POST /xmlrpc.php HTTP/1.1" 200 62419 "http://4pie.com.mx/" "Mozilla/5.0 (Macintosh; Intel Mac OS X 10_15_5) AppleWebKit/605.1.15 (KHTML, like Gecko) Version/13.1.1 Safari/605.1.15"
136.243.228.178 - - [21/May/2025:07:37:29 -0600] "GET /items/yyzyt134/48754?key=allegedly HTTP/1.1" 200 100725 "-" "Mozilla/5.0 (compatible; DataForSeoBot/1.0; +https://dataforseo.com/dataforseo-bot)"
136.243.228.178 - - [21/May/2025:07:37:35 -0600] "GET /items/gpans203/13261?key=rear HTTP/1.1" 200 100725 "-" "Mozilla/5.0 (compatible; DataForSeoBot/1.0; +https://dataforseo.com/dataforseo-bot)"
136.243.228.178 - - [21/May/2025:07:37:38 -0600] "GET /items/dcwvu123/18063?key=famous HTTP/1.1" 200 100725 "-" "Mozilla/5.0 (compatible; DataForSeoBot/1.0; +https://dataforseo.com/dataforseo-bot)"
69.197.182.50 - - [21/May/2025:07:37:41 -0600] "GET /wp-content/install.php HTTP/1.1" 403 100725 "http://4pie.com.mx/wp-content/install.php" "Mozilla/5.0 (Windows NT 10.0; Win64; x64) AppleWebKit/537.36 (KHTML, like Gecko) Chrome/58.0.3029.110 Safari/537.3"
136.243.228.178 - - [21/May/2025:07:37:42 -0600] "GET /item/u69/34354/ HTTP/1.1" 200 100725 "-" "Mozilla/5.0 (compatible; DataForSeoBot/1.0; +https://dataforseo.com/dataforseo-bot)"
136.243.228.178 - - [21/May/2025:07:37:46 -0600] "GET /item/u117/40750/ HTTP/1.1" 200 100725 "-" "Mozilla/5.0 (compatible; DataForSeoBot/1.0; +https://dataforseo.com/dataforseo-bot)"
136.243.228.178 - - [21/May/2025:07:37:50 -0600] "GET /item/u237/442/ HTTP/1.1" 200 100725 "-" "Mozilla/5.0 (compatible; DataForSeoBot/1.0; +https://dataforseo.com/dataforseo-bot)"
185.129.61.7 - - [21/May/2025:07:37:53 -0600] "POST /xmlrpc.php HTTP/1.1" 200 62419 "http://4pie.com.mx/" "Mozilla/5.0 (iPhone; CPU iPhone OS 14_0_1 like Mac OS X) AppleWebKit/605.1.15 (KHTML, like Gecko) Version/14.0 Mobile/15E148 Safari/604.1"
136.243.228.178 - - [21/May/2025:07:37:54 -0600] "GET /item/u120/16703/ HTTP/1.1" 200 100725 "-" "Mozilla/5.0 (compatible; DataForSeoBot/1.0; +https://dataforseo.com/dataforseo-bot)"
136.243.228.178 - - [21/May/2025:07:37:58 -0600] "GET /items/wrtjy162/30892?key=desire HTTP/1.1" 200 100725 "-" "Mozilla/5.0 (compatible; DataForSeoBot/1.0; +https://dataforseo.com/dataforseo-bot)"
136.243.228.178 - - [21/May/2025:07:38:02 -0600] "GET /item/u147/8170/ HTTP/1.1" 200 100725 "-" "Mozilla/5.0 (compatible; DataForSeoBot/1.0; +https://dataforseo.com/dataforseo-bot)"
136.243.228.178 - - [21/May/2025:07:38:06 -0600] "GET /items/lauwd252/37094?key=precise HTTP/1.1" 200 100725 "-" "Mozilla/5.0 (compatible; DataForSeoBot/1.0; +https://dataforseo.com/dataforseo-bot)"
136.243.228.178 - - [21/May/2025:07:38:10 -0600] "GET /items/comsv30/22586?key=kitchen HTTP/1.1" 200 100725 "-" "Mozilla/5.0 (compatible; DataForSeoBot/1.0; +https://dataforseo.com/dataforseo-bot)"
136.243.228.178 - - [21/May/2025:07:38:14 -0600] "GET /items/jbswq25/9783?key=awful HTTP/1.1" 200 100725 "-" "Mozilla/5.0 (compatible; DataForSeoBot/1.0; +https://dataforseo.com/dataforseo-bot)"
136.243.228.178 - - [21/May/2025:07:38:18 -0600] "GET /item/u248/4119/ HTTP/1.1" 200 100725 "-" "Mozilla/5.0 (compatible; DataForSeoBot/1.0; +https://dataforseo.com/dataforseo-bot)"
188.68.36.28 - - [21/May/2025:07:38:18 -0600] "POST /xmlrpc.php HTTP/1.1" 200 62419 "http://4pie.com.mx/" "Mozilla/5.0 (Windows NT 6.1; Win64; x64; rv:61.0) Gecko/20100101 Firefox/61.0"
136.243.228.178 - - [21/May/2025:07:38:22 -0600] "GET /item/u136/34011/ HTTP/1.1" 200 100725 "-" "Mozilla/5.0 (compatible; DataForSeoBot/1.0; +https://dataforseo.com/dataforseo-bot)"
136.243.228.178 - - [21/May/2025:07:38:27 -0600] "GET /items/veugt90/25644?key=exhibition HTTP/1.1" 200 100725 "-" "Mozilla/5.0 (compatible; DataForSeoBot/1.0; +https://dataforseo.com/dataforseo-bot)"
136.243.228.178 - - [21/May/2025:07:38:30 -0600] "GET /items/icfpb160/11686?key=emphasize HTTP/1.1" 200 100725 "-" "Mozilla/5.0 (compatible; DataForSeoBot/1.0; +https://dataforseo.com/dataforseo-bot)"
136.243.228.178 - - [21/May/2025:07:38:34 -0600] "GET /item/u53/48316/ HTTP/1.1" 200 100725 "-" "Mozilla/5.0 (compatible; DataForSeoBot/1.0; +https://dataforseo.com/dataforseo-bot)"
136.243.228.178 - - [21/May/2025:07:38:38 -0600] "GET /items/hdoqc129/5407?key=normal HTTP/1.1" 200 100725 "-" "Mozilla/5.0 (compatible; DataForSeoBot/1.0; +https://dataforseo.com/dataforseo-bot)"
104.219.236.100 - - [21/May/2025:07:38:42 -0600] "POST /xmlrpc.php HTTP/1.1" 200 62419 "http://4pie.com.mx/" "Mozilla/5.0 (Macintosh; Intel Mac OS X 10_11_6) AppleWebKit/601.7.7 (KHTML, like Gecko) Version/9.1.2 Safari/601.7.7"
136.243.228.178 - - [21/May/2025:07:38:42 -0600] "GET /items/uqpeb277/30625?key=stranger HTTP/1.1" 200 100725 "-" "Mozilla/5.0 (compatible; DataForSeoBot/1.0; +https://dataforseo.com/dataforseo-bot)"
136.243.228.178 - - [21/May/2025:07:38:46 -0600] "GET /items/ycdvq189/48381?key=sorry HTTP/1.1" 200 100724 "-" "Mozilla/5.0 (compatible; DataForSeoBot/1.0; +https://dataforseo.com/dataforseo-bot)"
136.243.228.178 - - [21/May/2025:07:38:51 -0600] "GET /items/gufdz173/47885?key=next HTTP/1.1" 200 100724 "-" "Mozilla/5.0 (compatible; DataForSeoBot/1.0; +https://dataforseo.com/dataforseo-bot)"
136.243.228.178 - - [21/May/2025:07:38:54 -0600] "GET /items/tkjbn142/21084?key=isolated HTTP/1.1" 200 100724 "-" "Mozilla/5.0 (compatible; DataForSeoBot/1.0; +https://dataforseo.com/dataforseo-bot)"
136.243.228.178 - - [21/May/2025:07:38:58 -0600] "GET /item/u158/37151/ HTTP/1.1" 200 100724 "-" "Mozilla/5.0 (compatible; DataForSeoBot/1.0; +https://dataforseo.com/dataforseo-bot)"
185.220.101.22 - - [21/May/2025:07:39:06 -0600] "POST /xmlrpc.php HTTP/1.1" 200 61986 "http://4pie.com.mx/" "Mozilla/5.0 (Windows NT 10.0; WOW64; rv:47.0) Gecko/20100101 Firefox/47.0"
136.243.228.178 - - [21/May/2025:07:39:02 -0600] "GET /items/usbxp198/18606?key=commissioner HTTP/1.1" 200 100724 "-" "Mozilla/5.0 (compatible; DataForSeoBot/1.0; +https://dataforseo.com/dataforseo-bot)"
136.243.228.178 - - [21/May/2025:07:39:26 -0600] "GET /item/u46/12637/ HTTP/1.1" 200 100724 "-" "Mozilla/5.0 (compatible; DataForSeoBot/1.0; +https://dataforseo.com/dataforseo-bot)"
136.243.228.178 - - [21/May/2025:07:39:30 -0600] "GET /item/u161/30110/ HTTP/1.1" 200 100724 "-" "Mozilla/5.0 (compatible; DataForSeoBot/1.0; +https://dataforseo.com/dataforseo-bot)"
45.84.107.174 - - [21/May/2025:07:39:31 -0600] "POST /xmlrpc.php HTTP/1.1" 200 62418 "http://4pie.com.mx/" "Mozilla/5.0 (Windows NT 6.1; WOW64) AppleWebKit/537.36 (KHTML, like Gecko) Chrome/46.0.2490.80 Safari/537.36"
136.243.228.178 - - [21/May/2025:07:39:35 -0600] "GET /items/ywlde228/28880?key=fisherman HTTP/1.1" 200 100725 "-" "Mozilla/5.0 (compatible; DataForSeoBot/1.0; +https://dataforseo.com/dataforseo-bot)"
136.243.228.178 - - [21/May/2025:07:39:39 -0600] "GET /items/frfgr108/31556?key=questionnaire HTTP/1.1" 200 100725 "-" "Mozilla/5.0 (compatible; DataForSeoBot/1.0; +https://dataforseo.com/dataforseo-bot)"
136.243.228.178 - - [21/May/2025:07:39:44 -0600] "GET /item/u151/21874/ HTTP/1.1" 200 100725 "-" "Mozilla/5.0 (compatible; DataForSeoBot/1.0; +https://dataforseo.com/dataforseo-bot)"
136.243.228.178 - - [21/May/2025:07:39:47 -0600] "GET /item/u157/46444/ HTTP/1.1" 200 100725 "-" "Mozilla/5.0 (compatible; DataForSeoBot/1.0; +https://dataforseo.com/dataforseo-bot)"
136.243.228.178 - - [21/May/2025:07:39:51 -0600] "GET /item/u14/5259/ HTTP/1.1" 200 100725 "-" "Mozilla/5.0 (compatible; DataForSeoBot/1.0; +https://dataforseo.com/dataforseo-bot)"
192.42.116.194 - - [21/May/2025:07:39:55 -0600] "POST /xmlrpc.php HTTP/1.1" 200 62419 "http://4pie.com.mx/" "Mozilla/5.0 (Windows NT 10.0; Win64; x64) AppleWebKit/537.36 (KHTML, like Gecko) Chrome/87.0.4280.88 Safari/537.36 Edg/87.0.664.66"
136.243.228.178 - - [21/May/2025:07:39:55 -0600] "GET /item/u232/16445/ HTTP/1.1" 200 100725 "-" "Mozilla/5.0 (compatible; DataForSeoBot/1.0; +https://dataforseo.com/dataforseo-bot)"
136.243.228.178 - - [21/May/2025:07:40:00 -0600] "GET /items/rnzqj216/12324?key=another HTTP/1.1" 200 100725 "-" "Mozilla/5.0 (compatible; DataForSeoBot/1.0; +https://dataforseo.com/dataforseo-bot)"
136.243.228.178 - - [21/May/2025:07:40:03 -0600] "GET /items/zqjxx120/828?key=transmission HTTP/1.1" 200 100725 "-" "Mozilla/5.0 (compatible; DataForSeoBot/1.0; +https://dataforseo.com/dataforseo-bot)"
136.243.228.178 - - [21/May/2025:07:40:07 -0600] "GET /item/u65/34416/ HTTP/1.1" 200 100725 "-" "Mozilla/5.0 (compatible; DataForSeoBot/1.0; +https://dataforseo.com/dataforseo-bot)"
136.243.228.178 - - [21/May/2025:07:40:11 -0600] "GET /items/egcte255/44381?key=butterfly HTTP/1.1" 200 100725 "-" "Mozilla/5.0 (compatible; DataForSeoBot/1.0; +https://dataforseo.com/dataforseo-bot)"
136.243.228.178 - - [21/May/2025:07:40:15 -0600] "GET /items/bedgk281/25483?key=examine HTTP/1.1" 200 100725 "-" "Mozilla/5.0 (compatible; DataForSeoBot/1.0; +https://dataforseo.com/dataforseo-bot)"
136.243.228.178 - - [21/May/2025:07:40:19 -0600] "GET /items/tpmsf210/25802?key=novel HTTP/1.1" 200 100725 "-" "Mozilla/5.0 (compatible; DataForSeoBot/1.0; +https://dataforseo.com/dataforseo-bot)"
185.220.101.13 - - [21/May/2025:07:40:19 -0600] "POST /xmlrpc.php HTTP/1.1" 200 62419 "http://4pie.com.mx/" "Mozilla/5.0 (iPhone; CPU iPhone OS 12_2 like Mac OS X) AppleWebKit/605.1.15 (KHTML, like Gecko)"
136.243.228.178 - - [21/May/2025:07:40:23 -0600] "GET /items/evjfa113/42225?key=gentleman HTTP/1.1" 200 100725 "-" "Mozilla/5.0 (compatible; DataForSeoBot/1.0; +https://dataforseo.com/dataforseo-bot)"
136.243.228.178 - - [21/May/2025:07:40:27 -0600] "GET /item/u266/25857/ HTTP/1.1" 200 100725 "-" "Mozilla/5.0 (compatible; DataForSeoBot/1.0; +https://dataforseo.com/dataforseo-bot)"
136.243.228.178 - - [21/May/2025:07:40:31 -0600] "GET /items/gkcqw279/24439?key=usually HTTP/1.1" 200 100725 "-" "Mozilla/5.0 (compatible; DataForSeoBot/1.0; +https://dataforseo.com/dataforseo-bot)"
136.243.228.178 - - [21/May/2025:07:40:35 -0600] "GET /items/veliy161/48921?key=leaf HTTP/1.1" 200 100725 "-" "Mozilla/5.0 (compatible; DataForSeoBot/1.0; +https://dataforseo.com/dataforseo-bot)"
136.243.228.178 - - [21/May/2025:07:40:39 -0600] "GET /item/u239/5164/ HTTP/1.1" 200 100725 "-" "Mozilla/5.0 (compatible; DataForSeoBot/1.0; +https://dataforseo.com/dataforseo-bot)"
136.243.228.178 - - [21/May/2025:07:40:43 -0600] "GET /item/u213/43230/ HTTP/1.1" 200 100725 "-" "Mozilla/5.0 (compatible; DataForSeoBot/1.0; +https://dataforseo.com/dataforseo-bot)"
185.165.169.239 - - [21/May/2025:07:40:44 -0600] "POST /xmlrpc.php HTTP/1.1" 200 62419 "http://4pie.com.mx/" "Mozilla/5.0 (Windows NT 10.0; Win64; x64) AppleWebKit/537.36 (KHTML, like Gecko) Chrome/84.0.4147.135 Safari/537.36"
