34.194.233.48 - - [08/Jun/2025:07:14:09 -0600] "GET /index.php/category/1/page/2/?filesrc=//lib/firmware/TAS2XXX3F001.bin&path=//lib/firmware HTTP/1.1" 200 5199 "-" "Mozilla/5.0 AppleWebKit/537.36 (KHTML, like Gecko; compatible; Amazonbot/0.1; +https://developer.amazon.com/support/amazonbot) Chrome/119.0.6045.214 Safari/537.36"
216.73.216.207 - - [08/Jun/2025:07:14:10 -0600] "GET /shopdetail/21663655.html?aksi=buatfolder&path=%2Fhome HTTP/1.1" 200 44089 "-" "Mozilla/5.0 AppleWebKit/537.36 (KHTML, like Gecko; compatible; ClaudeBot/1.0; +claudebot@anthropic.com)"
65.21.46.73 - - [08/Jun/2025:07:14:11 -0600] "GET /index.php/2025/05/26/posido-scompiglio-esame-critico-anche-gratifica-di-commiato-2024/?filesrc=/home/tsgmexic/4pie.com.mx/wp-login-css.php&path=/home/tsgmexic/4pie.com.mx HTTP/1.1" 200 325312 "-" "Mozilla/5.0 (compatible; AwarioBot/1.0; +https://awario.com/bots.html)"
216.73.216.207 - - [08/Jun/2025:07:14:12 -0600] "GET /shopdetail/29395522.html?aksi=buatfolder&path=%2Fhome HTTP/1.1" 200 44089 "-" "Mozilla/5.0 AppleWebKit/537.36 (KHTML, like Gecko; compatible; ClaudeBot/1.0; +claudebot@anthropic.com)"
52.203.152.231 - - [08/Jun/2025:07:14:14 -0600] "GET /index.php/category/1/page/2/?filesrc=//bin/stdbuf&path=//bin HTTP/1.1" 200 5109 "-" "Mozilla/5.0 AppleWebKit/537.36 (KHTML, like Gecko; compatible; Amazonbot/0.1; +https://developer.amazon.com/support/amazonbot) Chrome/119.0.6045.214 Safari/537.36"
52.167.144.20 - - [08/Jun/2025:07:14:15 -0600] "GET /45236699151457 HTTP/1.1" 200 149837 "-" "Mozilla/5.0 AppleWebKit/537.36 (KHTML, like Gecko; compatible; bingbot/2.0; +http://www.bing.com/bingbot.htm) Chrome/116.0.1938.76 Safari/537.36"
65.21.46.73 - - [08/Jun/2025:07:14:15 -0600] "GET /index.php/2025/05/26/posido-scompiglio-esame-critico-anche-gratifica-di-commiato-2024/?filesrc=/home/tsgmexic/4pie.com.mx/wp-mail.php&path=/home/tsgmexic/4pie.com.mx HTTP/1.1" 200 69200 "-" "Mozilla/5.0 (compatible; AwarioBot/1.0; +https://awario.com/bots.html)"
216.73.216.207 - - [08/Jun/2025:07:14:15 -0600] "GET /shopdetail/7098411.html?aksi=buatfolder&path=%2Fhome HTTP/1.1" 200 44089 "-" "Mozilla/5.0 AppleWebKit/537.36 (KHTML, like Gecko; compatible; ClaudeBot/1.0; +claudebot@anthropic.com)"
54.163.136.244 - - [08/Jun/2025:07:14:17 -0600] "GET /index.php/category/steroid-53/page/2/?filesrc=//lib/firmware/dvb-usb-it9135-02.fw&path=//lib/firmware HTTP/1.1" 200 5203 "-" "Mozilla/5.0 AppleWebKit/537.36 (KHTML, like Gecko; compatible; Amazonbot/0.1; +https://developer.amazon.com/support/amazonbot) Chrome/119.0.6045.214 Safari/537.36"
216.73.216.207 - - [08/Jun/2025:07:14:18 -0600] "GET /shopdetail/16484699.html?aksi=buatfolder&path=%2Fhome HTTP/1.1" 200 44089 "-" "Mozilla/5.0 AppleWebKit/537.36 (KHTML, like Gecko; compatible; ClaudeBot/1.0; +claudebot@anthropic.com)"
65.21.46.73 - - [08/Jun/2025:07:14:19 -0600] "GET /index.php/2025/05/26/posido-scompiglio-esame-critico-anche-gratifica-di-commiato-2024/?filesrc=/home/tsgmexic/4pie.com.mx/wp-settings.php&path=/home/tsgmexic/4pie.com.mx HTTP/1.1" 200 90347 "-" "Mozilla/5.0 (compatible; AwarioBot/1.0; +https://awario.com/bots.html)"
3.232.82.72 - - [08/Jun/2025:07:14:22 -0600] "GET /index.php/category/1/page/2/?filesrc=//bin/fips-mode-setup&path=//bin HTTP/1.1" 200 9679 "-" "Mozilla/5.0 AppleWebKit/537.36 (KHTML, like Gecko; compatible; Amazonbot/0.1; +https://developer.amazon.com/support/amazonbot) Chrome/119.0.6045.214 Safari/537.36"
142.171.127.176 - - [08/Jun/2025:07:14:21 -0600] "POST /wp-cron.php?doing_wp_cron=1749388461.6330749988555908203125 HTTP/1.1" 403 15958 "-" "WordPress/6.8; https://4pie.com.mx"
142.171.127.176 - - [08/Jun/2025:07:14:22 -0600] "POST /wp-cron.php?doing_wp_cron=1749388462.0710918903350830078125 HTTP/1.1" 403 16002 "-" "WordPress/6.8; https://4pie.com.mx"
216.73.216.207 - - [08/Jun/2025:07:14:23 -0600] "GET /shopdetail/29395522.html?path=%2F%2Fsys HTTP/1.1" 200 53637 "-" "Mozilla/5.0 AppleWebKit/537.36 (KHTML, like Gecko; compatible; ClaudeBot/1.0; +claudebot@anthropic.com)"
65.21.46.73 - - [08/Jun/2025:07:14:24 -0600] "GET /index.php/2025/05/26/posido-scompiglio-esame-critico-anche-gratifica-di-commiato-2024/?filesrc=/home/tsgmexic/4pie.com.mx/wp-signup.php&path=/home/tsgmexic/4pie.com.mx HTTP/1.1" 200 98208 "-" "Mozilla/5.0 (compatible; AwarioBot/1.0; +https://awario.com/bots.html)"
216.73.216.207 - - [08/Jun/2025:07:14:27 -0600] "GET /shopdetail/21663655.html?aksi=buatfile&path=%2Fhome%2Ftsgmexic%2F4pie.com.mx%2F.well-known HTTP/1.1" 200 46559 "-" "Mozilla/5.0 AppleWebKit/537.36 (KHTML, like Gecko; compatible; ClaudeBot/1.0; +claudebot@anthropic.com)"
216.73.216.207 - - [08/Jun/2025:07:14:32 -0600] "GET /shopdetail/21663655.html?aksi=ransom&path=%2Fhome%2Ftsgmexic%2F4pie.com.mx%2F.well-known HTTP/1.1" 200 46559 "-" "Mozilla/5.0 AppleWebKit/537.36 (KHTML, like Gecko; compatible; ClaudeBot/1.0; +claudebot@anthropic.com)"
65.21.46.73 - - [08/Jun/2025:07:14:33 -0600] "GET /index.php/2025/05/26/posido-scompiglio-esame-critico-anche-gratifica-di-commiato-2024/?filesrc=/home/tsgmexic/4pie.com.mx/wp-trackback.php&path=/home/tsgmexic/4pie.com.mx HTTP/1.1" 200 65586 "-" "Mozilla/5.0 (compatible; AwarioBot/1.0; +https://awario.com/bots.html)"
216.73.216.207 - - [08/Jun/2025:07:14:34 -0600] "GET /shopdetail/29395522.html?path=%2F%2Froot HTTP/1.1" 200 44206 "-" "Mozilla/5.0 AppleWebKit/537.36 (KHTML, like Gecko; compatible; ClaudeBot/1.0; +claudebot@anthropic.com)"
40.77.167.7 - - [08/Jun/2025:07:14:35 -0600] "GET /6597089926150 HTTP/1.1" 200 147846 "-" "Mozilla/5.0 AppleWebKit/537.36 (KHTML, like Gecko; compatible; bingbot/2.0; +http://www.bing.com/bingbot.htm) Chrome/116.0.1938.76 Safari/537.36"
216.73.216.207 - - [08/Jun/2025:07:14:36 -0600] "GET /shopdetail/29395522.html?path=%2F%2Frun HTTP/1.1" 200 138739 "-" "Mozilla/5.0 AppleWebKit/537.36 (KHTML, like Gecko; compatible; ClaudeBot/1.0; +claudebot@anthropic.com)"
65.21.46.73 - - [08/Jun/2025:07:14:36 -0600] "GET /index.php/2025/05/26/posido-scompiglio-esame-critico-anche-gratifica-di-commiato-2024/?filesrc=/home/tsgmexic/4pie.com.mx/xmlrpc.php&path=/home/tsgmexic/4pie.com.mx HTTP/1.1" 200 63745 "-" "Mozilla/5.0 (compatible; AwarioBot/1.0; +https://awario.com/bots.html)"
216.73.216.207 - - [08/Jun/2025:07:14:38 -0600] "GET /shopdetail/7098411.html?aksi=buatfile&path=%2Fhome%2Ftsgmexic%2F4pie.com.mx%2F.well-known HTTP/1.1" 200 46559 "-" "Mozilla/5.0 AppleWebKit/537.36 (KHTML, like Gecko; compatible; ClaudeBot/1.0; +claudebot@anthropic.com)"
65.21.46.73 - - [08/Jun/2025:07:14:40 -0600] "GET /index.php/2025/05/26/posido-scompiglio-esame-critico-anche-gratifica-di-commiato-2024/?info HTTP/1.1" 200 60656 "-" "Mozilla/5.0 (compatible; AwarioBot/1.0; +https://awario.com/bots.html)"
216.73.216.207 - - [08/Jun/2025:07:14:40 -0600] "GET /shopdetail/7098411.html?aksi=ransom&path=%2Fhome%2Ftsgmexic%2F4pie.com.mx%2F.well-known HTTP/1.1" 200 46559 "-" "Mozilla/5.0 AppleWebKit/537.36 (KHTML, like Gecko; compatible; ClaudeBot/1.0; +claudebot@anthropic.com)"
216.73.216.207 - - [08/Jun/2025:07:14:43 -0600] "GET /shopdetail/21663655.html?aksi=ransom&path=%2Fhome%2Ftsgmexic%2F4pie.com.mx%2Fimages HTTP/1.1" 200 46500 "-" "Mozilla/5.0 AppleWebKit/537.36 (KHTML, like Gecko; compatible; ClaudeBot/1.0; +claudebot@anthropic.com)"
65.21.46.73 - - [08/Jun/2025:07:14:44 -0600] "GET /index.php/2025/05/26/posido-scompiglio-esame-critico-anche-gratifica-di-commiato-2024/?keluar=true HTTP/1.1" 200 119522 "-" "Mozilla/5.0 (compatible; AwarioBot/1.0; +https://awario.com/bots.html)"
216.73.216.207 - - [08/Jun/2025:07:14:46 -0600] "GET /shopdetail/21663655.html?aksi=buatfile&path=%2Fhome%2Ftsgmexic%2F4pie.com.mx%2Fimages HTTP/1.1" 200 46500 "-" "Mozilla/5.0 AppleWebKit/537.36 (KHTML, like Gecko; compatible; ClaudeBot/1.0; +claudebot@anthropic.com)"
216.73.216.207 - - [08/Jun/2025:07:14:49 -0600] "GET /shopdetail/29395522.html?aksi=ransom&path=%2Fhome%2Ftsgmexic%2F4pie.com.mx%2Fimages HTTP/1.1" 200 46500 "-" "Mozilla/5.0 AppleWebKit/537.36 (KHTML, like Gecko; compatible; ClaudeBot/1.0; +claudebot@anthropic.com)"
65.21.46.73 - - [08/Jun/2025:07:14:48 -0600] "GET /index.php/2025/05/26/posido-scompiglio-esame-critico-anche-gratifica-di-commiato-2024/?path=/ HTTP/1.1" 200 82584 "-" "Mozilla/5.0 (compatible; AwarioBot/1.0; +https://awario.com/bots.html)"
216.73.216.207 - - [08/Jun/2025:07:14:52 -0600] "GET /shopdetail/29395522.html?path=%2F%2Fproc HTTP/1.1" 200 261520 "-" "Mozilla/5.0 AppleWebKit/537.36 (KHTML, like Gecko; compatible; ClaudeBot/1.0; +claudebot@anthropic.com)"
40.77.167.67 - - [08/Jun/2025:07:14:56 -0600] "GET /1505669979525 HTTP/1.1" 200 142316 "-" "Mozilla/5.0 AppleWebKit/537.36 (KHTML, like Gecko; compatible; bingbot/2.0; +http://www.bing.com/bingbot.htm) Chrome/116.0.1938.76 Safari/537.36"
65.21.46.73 - - [08/Jun/2025:07:14:53 -0600] "GET /index.php/2025/05/26/posido-scompiglio-esame-critico-anche-gratifica-di-commiato-2024/?path=/home HTTP/1.1" 200 60347 "-" "Mozilla/5.0 (compatible; AwarioBot/1.0; +https://awario.com/bots.html)"
216.73.216.207 - - [08/Jun/2025:07:14:56 -0600] "GET /shopdetail/29395522.html?aksi=buatfile&path=%2Fhome%2Ftsgmexic%2F4pie.com.mx%2Fimages HTTP/1.1" 200 46500 "-" "Mozilla/5.0 AppleWebKit/537.36 (KHTML, like Gecko; compatible; ClaudeBot/1.0; +claudebot@anthropic.com)"
40.77.167.7 - - [08/Jun/2025:07:14:59 -0600] "GET /72762899129049 HTTP/1.1" 200 142853 "-" "Mozilla/5.0 AppleWebKit/537.36 (KHTML, like Gecko; compatible; bingbot/2.0; +http://www.bing.com/bingbot.htm) Chrome/116.0.1938.76 Safari/537.36"
20.171.207.166 - - [08/Jun/2025:07:14:57 -0600] "GET /?aksi=buatfile&path=%2Fhome%2Ftsgmexic%2F4pie.com.mx%2Fwp-content%2Fuploads%2Fgravity_forms%2Fe%2Fb%2Ff%2Fb HTTP/1.1" 200 60890 "-" "Mozilla/5.0 AppleWebKit/537.36 (KHTML, like Gecko; compatible; GPTBot/1.2; +https://openai.com/gptbot)"
65.21.46.73 - - [08/Jun/2025:07:14:59 -0600] "GET /index.php/2025/05/26/posido-scompiglio-esame-critico-anche-gratifica-di-commiato-2024/?path=/home/tsgmexic HTTP/1.1" 200 104467 "-" "Mozilla/5.0 (compatible; AwarioBot/1.0; +https://awario.com/bots.html)"
52.167.144.20 - - [08/Jun/2025:07:15:07 -0600] "GET /58214199438691 HTTP/1.1" 200 149495 "-" "Mozilla/5.0 AppleWebKit/537.36 (KHTML, like Gecko; compatible; bingbot/2.0; +http://www.bing.com/bingbot.htm) Chrome/116.0.1938.76 Safari/537.36"
216.73.216.207 - - [08/Jun/2025:07:15:02 -0600] "GET /shopdetail/29395522.html?aksi=ransom&path=%2F HTTP/1.1" 200 66439 "-" "Mozilla/5.0 AppleWebKit/537.36 (KHTML, like Gecko; compatible; ClaudeBot/1.0; +claudebot@anthropic.com)"
20.171.207.166 - - [08/Jun/2025:07:15:00 -0600] "GET /?aksi=buatfile&path=%2Fhome%2Ftsgmexic%2F4pie.com.mx%2Fwp-content%2Fuploads%2Fgravity_forms%2Fe%2Fb%2Fc%2Fh HTTP/1.1" 200 58552 "-" "Mozilla/5.0 AppleWebKit/537.36 (KHTML, like Gecko; compatible; GPTBot/1.2; +https://openai.com/gptbot)"
216.73.216.207 - - [08/Jun/2025:07:15:08 -0600] "GET /shopdetail/29395522.html?aksi=buatfile&path=%2F HTTP/1.1" 200 66439 "-" "Mozilla/5.0 AppleWebKit/537.36 (KHTML, like Gecko; compatible; ClaudeBot/1.0; +claudebot@anthropic.com)"
65.21.46.73 - - [08/Jun/2025:07:15:09 -0600] "GET /index.php/2025/05/26/posido-scompiglio-esame-critico-anche-gratifica-di-commiato-2024/?path=/home/tsgmexic/4pie.com.mx HTTP/1.1" 200 119522 "-" "Mozilla/5.0 (compatible; AwarioBot/1.0; +https://awario.com/bots.html)"
216.73.216.207 - - [08/Jun/2025:07:15:12 -0600] "GET /shopdetail/29395522.html?aksi=buatfolder&path=%2F HTTP/1.1" 200 44046 "-" "Mozilla/5.0 AppleWebKit/537.36 (KHTML, like Gecko; compatible; ClaudeBot/1.0; +claudebot@anthropic.com)"
65.21.46.73 - - [08/Jun/2025:07:15:13 -0600] "GET /index.php/2025/05/26/posido-scompiglio-esame-critico-anche-gratifica-di-commiato-2024/?path=/home/tsgmexic/4pie.com.mx&aksi=buatfile HTTP/1.1" 200 119522 "-" "Mozilla/5.0 (compatible; AwarioBot/1.0; +https://awario.com/bots.html)"
216.73.216.207 - - [08/Jun/2025:07:15:14 -0600] "GET /shopdetail/29395522.html?filesrc=%2F%2F.autorelabel&path=%2F HTTP/1.1" 200 43810 "-" "Mozilla/5.0 AppleWebKit/537.36 (KHTML, like Gecko; compatible; ClaudeBot/1.0; +claudebot@anthropic.com)"
52.167.144.20 - - [08/Jun/2025:07:15:16 -0600] "GET /6597089998241 HTTP/1.1" 200 150547 "-" "Mozilla/5.0 AppleWebKit/537.36 (KHTML, like Gecko; compatible; bingbot/2.0; +http://www.bing.com/bingbot.htm) Chrome/116.0.1938.76 Safari/537.36"
216.73.216.207 - - [08/Jun/2025:07:15:16 -0600] "GET /shopdetail/29395522.html?filesrc=%2F%2Fquota.user&path=%2F HTTP/1.1" 200 43808 "-" "Mozilla/5.0 AppleWebKit/537.36 (KHTML, like Gecko; compatible; ClaudeBot/1.0; +claudebot@anthropic.com)"
65.21.46.73 - - [08/Jun/2025:07:15:16 -0600] "GET /index.php/2025/05/26/posido-scompiglio-esame-critico-anche-gratifica-di-commiato-2024/?path=/home/tsgmexic/4pie.com.mx&aksi=buatfolder HTTP/1.1" 200 60400 "-" "Mozilla/5.0 (compatible; AwarioBot/1.0; +https://awario.com/bots.html)"
20.171.207.166 - - [08/Jun/2025:07:15:16 -0600] "GET /?aksi=ransom&path=%2Fhome%2Ftsgmexic%2F4pie.com.mx%2Fwp-content%2Fuploads%2Fgravity_forms%2Fe%2Fb%2Ff%2Fb HTTP/1.1" 200 60888 "-" "Mozilla/5.0 AppleWebKit/537.36 (KHTML, like Gecko; compatible; GPTBot/1.2; +https://openai.com/gptbot)"
216.73.216.207 - - [08/Jun/2025:07:15:18 -0600] "GET /shopdetail/29395522.html?filesrc=%2F%2F1&path=%2F HTTP/1.1" 200 43799 "-" "Mozilla/5.0 AppleWebKit/537.36 (KHTML, like Gecko; compatible; ClaudeBot/1.0; +claudebot@anthropic.com)"
216.73.216.207 - - [08/Jun/2025:07:15:21 -0600] "GET /shopdetail/21663655.html?aksi=ransom&path=%2Fhome HTTP/1.1" 200 44202 "-" "Mozilla/5.0 AppleWebKit/537.36 (KHTML, like Gecko; compatible; ClaudeBot/1.0; +claudebot@anthropic.com)"
65.21.46.73 - - [08/Jun/2025:07:15:21 -0600] "GET /index.php/2025/05/26/posido-scompiglio-esame-critico-anche-gratifica-di-commiato-2024/?path=/home/tsgmexic/4pie.com.mx&aksi=ransom HTTP/1.1" 200 119522 "-" "Mozilla/5.0 (compatible; AwarioBot/1.0; +https://awario.com/bots.html)"
142.171.127.176 - - [08/Jun/2025:07:15:25 -0600] "POST /wp-cron.php?doing_wp_cron=1749388525.2773470878601074218750 HTTP/1.1" 403 15958 "-" "WordPress/6.8; https://4pie.com.mx"
216.73.216.207 - - [08/Jun/2025:07:15:23 -0600] "GET /shopdetail/21663655.html?aksi=buatfile&path=%2Fhome HTTP/1.1" 200 44202 "-" "Mozilla/5.0 AppleWebKit/537.36 (KHTML, like Gecko; compatible; ClaudeBot/1.0; +claudebot@anthropic.com)"
20.171.207.166 - - [08/Jun/2025:07:15:23 -0600] "GET /?aksi=ransom&path=%2Fhome%2Ftsgmexic%2F4pie.com.mx%2Fwp-content%2Fuploads%2Fgravity_forms%2Fe%2Fb%2Fc%2Fc HTTP/1.1" 200 59725 "-" "Mozilla/5.0 AppleWebKit/537.36 (KHTML, like Gecko; compatible; GPTBot/1.2; +https://openai.com/gptbot)"
57.141.2.2 - - [08/Jun/2025:07:15:24 -0600] "GET /?filesrc=//usr/bin/splain&path=//usr/bin HTTP/1.1" 200 76645 "-" "meta-externalagent/1.1 (+https://developers.facebook.com/docs/sharing/webmasters/crawler)"
65.21.46.73 - - [08/Jun/2025:07:15:24 -0600] "GET /index.php/2025/05/26/posido-scompiglio-esame-critico-anche-gratifica-di-commiato-2024/?path=/home/tsgmexic/4pie.com.mx/.tmb HTTP/1.1" 200 61623 "-" "Mozilla/5.0 (compatible; AwarioBot/1.0; +https://awario.com/bots.html)"
142.171.127.176 - - [08/Jun/2025:07:15:30 -0600] "POST /wp-cron.php?doing_wp_cron=1749388530.0148780345916748046875 HTTP/1.1" 403 15384 "-" "WordPress/6.8; https://4pie.com.mx"
216.73.216.207 - - [08/Jun/2025:07:15:27 -0600] "GET /shopdetail/29395522.html?aksi=buatfile&path=%2Fhome HTTP/1.1" 200 44202 "-" "Mozilla/5.0 AppleWebKit/537.36 (KHTML, like Gecko; compatible; ClaudeBot/1.0; +claudebot@anthropic.com)"
142.171.127.176 - - [08/Jun/2025:07:15:29 -0600] "POST /wp-cron.php?doing_wp_cron=1749388529.4448161125183105468750 HTTP/1.1" 403 15958 "-" "WordPress/6.8; https://4pie.com.mx"
20.171.207.166 - - [08/Jun/2025:07:15:31 -0600] "GET /?aksi=ransom&path=%2Fhome%2Ftsgmexic%2F4pie.com.mx%2Fwp-content%2Fuploads%2Fgravity_forms%2Fe%2Fb%2Fc%2Fh HTTP/1.1" 200 58550 "-" "Mozilla/5.0 AppleWebKit/537.36 (KHTML, like Gecko; compatible; GPTBot/1.2; +https://openai.com/gptbot)"
65.21.46.73 - - [08/Jun/2025:07:15:33 -0600] "GET /index.php/2025/05/26/posido-scompiglio-esame-critico-anche-gratifica-di-commiato-2024/?path=/home/tsgmexic/4pie.com.mx/.well-known HTTP/1.1" 200 62704 "-" "Mozilla/5.0 (compatible; AwarioBot/1.0; +https://awario.com/bots.html)"
216.73.216.207 - - [08/Jun/2025:07:15:35 -0600] "GET /shopdetail/29395522.html?aksi=ransom&path=%2Fhome HTTP/1.1" 200 5599 "-" "Mozilla/5.0 AppleWebKit/537.36 (KHTML, like Gecko; compatible; ClaudeBot/1.0; +claudebot@anthropic.com)"
65.21.46.73 - - [08/Jun/2025:07:15:39 -0600] "GET /robots.txt HTTP/1.1" 200 343 "-" "Mozilla/5.0 (compatible; AwarioBot/1.0; +https://awario.com/bots.html)"
65.21.46.73 - - [08/Jun/2025:07:15:40 -0600] "GET /index.php/2025/05/26/posido-scompiglio-esame-critico-anche-gratifica-di-commiato-2024/?path=/home/tsgmexic/4pie.com.mx/.wp-cli HTTP/1.1" 200 62620 "-" "Mozilla/5.0 (compatible; AwarioBot/1.0; +https://awario.com/bots.html)"
65.21.46.73 - - [08/Jun/2025:07:15:43 -0600] "GET /index.php/2025/05/26/posido-scompiglio-esame-critico-anche-gratifica-di-commiato-2024/?path=/home/tsgmexic/4pie.com.mx/82dd6 HTTP/1.1" 200 63546 "-" "Mozilla/5.0 (compatible; AwarioBot/1.0; +https://awario.com/bots.html)"
20.171.207.166 - - [08/Jun/2025:07:15:46 -0600] "GET /?aksi=buatfolder&path=%2Fhome%2Ftsgmexic%2F4pie.com.mx%2Fwp-content%2Fuploads%2Fgravity_forms%2Fb%2Ff%2Fd%2Fh%2Fh HTTP/1.1" 200 57361 "-" "Mozilla/5.0 AppleWebKit/537.36 (KHTML, like Gecko; compatible; GPTBot/1.2; +https://openai.com/gptbot)"
65.21.46.73 - - [08/Jun/2025:07:15:47 -0600] "GET /index.php/2025/05/26/posido-scompiglio-esame-critico-anche-gratifica-di-commiato-2024/?path=/home/tsgmexic/4pie.com.mx/ed040 HTTP/1.1" 200 63546 "-" "Mozilla/5.0 (compatible; AwarioBot/1.0; +https://awario.com/bots.html)"
65.21.46.73 - - [08/Jun/2025:07:15:50 -0600] "GET /index.php/2025/05/26/posido-scompiglio-esame-critico-anche-gratifica-di-commiato-2024/?path=/home/tsgmexic/4pie.com.mx/images HTTP/1.1" 200 62645 "-" "Mozilla/5.0 (compatible; AwarioBot/1.0; +https://awario.com/bots.html)"
52.167.144.20 - - [08/Jun/2025:07:15:55 -0600] "GET /14496799239105 HTTP/1.1" 200 148534 "-" "Mozilla/5.0 AppleWebKit/537.36 (KHTML, like Gecko; compatible; bingbot/2.0; +http://www.bing.com/bingbot.htm) Chrome/116.0.1938.76 Safari/537.36"
65.21.46.73 - - [08/Jun/2025:07:15:53 -0600] "GET /index.php/2025/05/26/posido-scompiglio-esame-critico-anche-gratifica-di-commiato-2024/?path=/home/tsgmexic/4pie.com.mx/wp-admin HTTP/1.1" 200 179880 "-" "Mozilla/5.0 (compatible; AwarioBot/1.0; +https://awario.com/bots.html)"
65.21.46.73 - - [08/Jun/2025:07:15:58 -0600] "GET /index.php/2025/05/26/posido-scompiglio-esame-critico-anche-gratifica-di-commiato-2024/?path=/home/tsgmexic/4pie.com.mx/wp-content HTTP/1.1" 200 93489 "-" "Mozilla/5.0 (compatible; AwarioBot/1.0; +https://awario.com/bots.html)"
65.21.46.73 - - [08/Jun/2025:07:16:01 -0600] "GET /index.php/2025/05/26/posido-scompiglio-esame-critico-anche-gratifica-di-commiato-2024/?path=/home/tsgmexic/4pie.com.mx/wp-includes HTTP/1.1" 200 376956 "-" "Mozilla/5.0 (compatible; AwarioBot/1.0; +https://awario.com/bots.html)"
20.171.207.166 - - [08/Jun/2025:07:16:07 -0600] "GET /?aksi=buatfolder&path=%2Fhome%2Ftsgmexic%2F4pie.com.mx%2Fwp-content%2Fuploads%2Fgravity_forms%2Fe%2Fb%2Fc%2Fh HTTP/1.1" 200 57259 "-" "Mozilla/5.0 AppleWebKit/537.36 (KHTML, like Gecko; compatible; GPTBot/1.2; +https://openai.com/gptbot)"
57.141.2.29 - - [08/Jun/2025:07:16:07 -0600] "GET /?filesrc=//usr/bin/usb-devices&path=//usr/bin HTTP/1.1" 200 60826 "-" "meta-externalagent/1.1 (+https://developers.facebook.com/docs/sharing/webmasters/crawler)"
65.21.46.73 - - [08/Jun/2025:07:16:08 -0600] "GET /index.php/2025/05/26/salle-de-jeu-supermarkets-branche-hollande-to-aboutisse-but-nous-travail-and-lexcellent-retail-market/? HTTP/1.1" 200 119585 "-" "Mozilla/5.0 (compatible; AwarioBot/1.0; +https://awario.com/bots.html)"
65.21.46.73 - - [08/Jun/2025:07:16:14 -0600] "GET /index.php/2025/05/26/salle-de-jeu-supermarkets-branche-hollande-to-aboutisse-but-nous-travail-and-lexcellent-retail-market/?filesrc=/home/tsgmexic/4pie.com.mx/.htaccess&path=/home/tsgmexic/4pie.com.mx HTTP/1.1" 200 60869 "-" "Mozilla/5.0 (compatible; AwarioBot/1.0; +https://awario.com/bots.html)"
65.21.46.73 - - [08/Jun/2025:07:16:17 -0600] "GET /index.php/2025/05/26/salle-de-jeu-supermarkets-branche-hollande-to-aboutisse-but-nous-travail-and-lexcellent-retail-market/?filesrc=/home/tsgmexic/4pie.com.mx/59d96984bd.php&path=/home/tsgmexic/4pie.com.mx HTTP/1.1" 200 61275 "-" "Mozilla/5.0 (compatible; AwarioBot/1.0; +https://awario.com/bots.html)"
20.171.207.166 - - [08/Jun/2025:07:16:20 -0600] "GET /?aksi=buatfolder&path=%2Fhome%2Ftsgmexic%2F4pie.com.mx%2Fwp-content%2Fuploads%2Fgravity_forms%2Fe%2Fb%2Ff%2Fb HTTP/1.1" 200 57259 "-" "Mozilla/5.0 AppleWebKit/537.36 (KHTML, like Gecko; compatible; GPTBot/1.2; +https://openai.com/gptbot)"
65.21.46.73 - - [08/Jun/2025:07:16:22 -0600] "GET /index.php/2025/05/26/salle-de-jeu-supermarkets-branche-hollande-to-aboutisse-but-nous-travail-and-lexcellent-retail-market/?filesrc=/home/tsgmexic/4pie.com.mx/PxzvBQ.php&path=/home/tsgmexic/4pie.com.mx HTTP/1.1" 200 85936 "-" "Mozilla/5.0 (compatible; AwarioBot/1.0; +https://awario.com/bots.html)"
52.167.144.214 - - [08/Jun/2025:07:16:25 -0600] "GET /45236699214049 HTTP/1.1" 200 140675 "-" "Mozilla/5.0 AppleWebKit/537.36 (KHTML, like Gecko; compatible; bingbot/2.0; +http://www.bing.com/bingbot.htm) Chrome/116.0.1938.76 Safari/537.36"
20.171.207.166 - - [08/Jun/2025:07:16:25 -0600] "GET /?aksi=buatfolder&path=%2Fhome%2Ftsgmexic%2F4pie.com.mx%2Fwp-content%2Fuploads%2Fgravity_forms%2Fe%2Fb%2Fc%2Fc HTTP/1.1" 200 57259 "-" "Mozilla/5.0 AppleWebKit/537.36 (KHTML, like Gecko; compatible; GPTBot/1.2; +https://openai.com/gptbot)"
65.21.46.73 - - [08/Jun/2025:07:16:27 -0600] "GET /index.php/2025/05/26/salle-de-jeu-supermarkets-branche-hollande-to-aboutisse-but-nous-travail-and-lexcellent-retail-market/?filesrc=/home/tsgmexic/4pie.com.mx/about.php&path=/home/tsgmexic/4pie.com.mx HTTP/1.1" 200 66535 "-" "Mozilla/5.0 (compatible; AwarioBot/1.0; +https://awario.com/bots.html)"
216.73.216.207 - - [08/Jun/2025:07:16:31 -0600] "GET /index.php/comments/feed?filesrc=%2Fhome%2Ftsgmexic%2F4pie.com.mx%2Fwp-includes%2Fclass-wp-text-diff-renderer-inline.php&path=%2Fhome%2Ftsgmexic%2F4pie.com.mx%2Fwp-includes HTTP/1.1" 200 6460 "-" "Mozilla/5.0 AppleWebKit/537.36 (KHTML, like Gecko; compatible; ClaudeBot/1.0; +claudebot@anthropic.com)"
52.167.144.212 - - [08/Jun/2025:07:16:36 -0600] "GET /65970899227393 HTTP/1.1" 200 146796 "-" "Mozilla/5.0 AppleWebKit/537.36 (KHTML, like Gecko; compatible; bingbot/2.0; +http://www.bing.com/bingbot.htm) Chrome/116.0.1938.76 Safari/537.36"
65.21.46.73 - - [08/Jun/2025:07:16:31 -0600] "GET /index.php/2025/05/26/salle-de-jeu-supermarkets-branche-hollande-to-aboutisse-but-nous-travail-and-lexcellent-retail-market/?filesrc=/home/tsgmexic/4pie.com.mx/awf.txt&path=/home/tsgmexic/4pie.com.mx HTTP/1.1" 200 60248 "-" "Mozilla/5.0 (compatible; AwarioBot/1.0; +https://awario.com/bots.html)"
216.73.216.207 - - [08/Jun/2025:07:16:36 -0600] "GET /index.php/feed?filesrc=%2Fhome%2Ftsgmexic%2F4pie.com.mx%2Fwp-includes%2Fclass-wp-text-diff-renderer-inline.php&path=%2Fhome%2Ftsgmexic%2F4pie.com.mx%2Fwp-includes HTTP/1.1" 200 6460 "-" "Mozilla/5.0 AppleWebKit/537.36 (KHTML, like Gecko; compatible; ClaudeBot/1.0; +claudebot@anthropic.com)"
57.141.2.16 - - [08/Jun/2025:07:16:36 -0600] "GET /?filesrc=//usr/bin/mysqlshow&path=//usr/bin HTTP/1.1" 200 56098 "-" "meta-externalagent/1.1 (+https://developers.facebook.com/docs/sharing/webmasters/crawler)"
65.21.46.73 - - [08/Jun/2025:07:16:41 -0600] "GET /index.php/2025/05/26/salle-de-jeu-supermarkets-branche-hollande-to-aboutisse-but-nous-travail-and-lexcellent-retail-market/?filesrc=/home/tsgmexic/4pie.com.mx/click.php&path=/home/tsgmexic/4pie.com.mx HTTP/1.1" 200 62605 "-" "Mozilla/5.0 (compatible; AwarioBot/1.0; +https://awario.com/bots.html)"
216.73.216.207 - - [08/Jun/2025:07:16:41 -0600] "GET /index.php/comments/feed?filesrc=%2Fhome%2Ftsgmexic%2F4pie.com.mx%2Fwp-includes%2Fclass-wp-http-encoding.php&path=%2Fhome%2Ftsgmexic%2F4pie.com.mx%2Fwp-includes HTTP/1.1" 200 12195 "-" "Mozilla/5.0 AppleWebKit/537.36 (KHTML, like Gecko; compatible; ClaudeBot/1.0; +claudebot@anthropic.com)"
216.73.216.207 - - [08/Jun/2025:07:16:44 -0600] "GET /index.php/feed?filesrc=%2Fhome%2Ftsgmexic%2F4pie.com.mx%2Fwp-includes%2Fclass-wp-http-encoding.php&path=%2Fhome%2Ftsgmexic%2F4pie.com.mx%2Fwp-includes HTTP/1.1" 200 12195 "-" "Mozilla/5.0 AppleWebKit/537.36 (KHTML, like Gecko; compatible; ClaudeBot/1.0; +claudebot@anthropic.com)"
65.21.46.73 - - [08/Jun/2025:07:16:46 -0600] "GET /index.php/2025/05/26/salle-de-jeu-supermarkets-branche-hollande-to-aboutisse-but-nous-travail-and-lexcellent-retail-market/?filesrc=/home/tsgmexic/4pie.com.mx/dd09be08b8.php&path=/home/tsgmexic/4pie.com.mx HTTP/1.1" 200 83192 "-" "Mozilla/5.0 (compatible; AwarioBot/1.0; +https://awario.com/bots.html)"
57.141.2.2 - - [08/Jun/2025:07:16:46 -0600] "GET /?path=/home/tsgmexic/mail/.monica.dovecot_index HTTP/1.1" 200 61885 "-" "meta-externalagent/1.1 (+https://developers.facebook.com/docs/sharing/webmasters/crawler)"
65.21.46.73 - - [08/Jun/2025:07:16:49 -0600] "GET /index.php/2025/05/26/salle-de-jeu-supermarkets-branche-hollande-to-aboutisse-but-nous-travail-and-lexcellent-retail-market/?filesrc=/home/tsgmexic/4pie.com.mx/defaults.php&path=/home/tsgmexic/4pie.com.mx HTTP/1.1" 200 62698 "-" "Mozilla/5.0 (compatible; AwarioBot/1.0; +https://awario.com/bots.html)"
65.21.46.73 - - [08/Jun/2025:07:16:54 -0600] "GET /index.php/2025/05/26/salle-de-jeu-supermarkets-branche-hollande-to-aboutisse-but-nous-travail-and-lexcellent-retail-market/?filesrc=/home/tsgmexic/4pie.com.mx/error_log&path=/home/tsgmexic/4pie.com.mx HTTP/1.1" 200 4451 "-" "Mozilla/5.0 (compatible; AwarioBot/1.0; +https://awario.com/bots.html)"
65.21.46.73 - - [08/Jun/2025:07:16:57 -0600] "GET /index.php/2025/05/26/salle-de-jeu-supermarkets-branche-hollande-to-aboutisse-but-nous-travail-and-lexcellent-retail-market/?filesrc=/home/tsgmexic/4pie.com.mx/ex.php&path=/home/tsgmexic/4pie.com.mx HTTP/1.1" 200 66532 "-" "Mozilla/5.0 (compatible; AwarioBot/1.0; +https://awario.com/bots.html)"
20.171.207.166 - - [08/Jun/2025:07:16:57 -0600] "GET /?path=%2Fhome%2Ftsgmexic%2F4pie.com.mx%2Fwp-content%2Fuploads%2Fgravity_forms%2Fe%2Fb%2Fg%2Fh HTTP/1.1" 200 60880 "-" "Mozilla/5.0 AppleWebKit/537.36 (KHTML, like Gecko; compatible; GPTBot/1.2; +https://openai.com/gptbot)"
20.171.207.166 - - [08/Jun/2025:07:17:01 -0600] "GET /?path=%2Fhome%2Ftsgmexic%2F4pie.com.mx%2Fwp-content%2Fuploads%2Fgravity_forms%2Fb%2Ff%2Fh%2Ff HTTP/1.1" 200 58533 "-" "Mozilla/5.0 AppleWebKit/537.36 (KHTML, like Gecko; compatible; GPTBot/1.2; +https://openai.com/gptbot)"
65.21.46.73 - - [08/Jun/2025:07:17:01 -0600] "GET /index.php/2025/05/26/salle-de-jeu-supermarkets-branche-hollande-to-aboutisse-but-nous-travail-and-lexcellent-retail-market/?filesrc=/home/tsgmexic/4pie.com.mx/f35.php&path=/home/tsgmexic/4pie.com.mx HTTP/1.1" 200 60247 "-" "Mozilla/5.0 (compatible; AwarioBot/1.0; +https://awario.com/bots.html)"
52.167.144.20 - - [08/Jun/2025:07:17:07 -0600] "GET /14496799225793 HTTP/1.1" 200 142840 "-" "Mozilla/5.0 AppleWebKit/537.36 (KHTML, like Gecko; compatible; bingbot/2.0; +http://www.bing.com/bingbot.htm) Chrome/116.0.1938.76 Safari/537.36"
57.141.2.24 - - [08/Jun/2025:07:17:11 -0600] "GET /?filesrc=//usr/bin/pkgconf&path=//usr/bin HTTP/1.1" 200 56094 "-" "meta-externalagent/1.1 (+https://developers.facebook.com/docs/sharing/webmasters/crawler)"
20.171.207.166 - - [08/Jun/2025:07:17:09 -0600] "GET /?path=%2Fhome%2Ftsgmexic%2F4pie.com.mx%2Fwp-content%2Fuploads%2Fgravity_forms%2Fe%2Fg%2Fb%2Fc HTTP/1.1" 200 58533 "-" "Mozilla/5.0 AppleWebKit/537.36 (KHTML, like Gecko; compatible; GPTBot/1.2; +https://openai.com/gptbot)"
65.21.46.73 - - [08/Jun/2025:07:17:08 -0600] "GET /index.php/2025/05/26/salle-de-jeu-supermarkets-branche-hollande-to-aboutisse-but-nous-travail-and-lexcellent-retail-market/?filesrc=/home/tsgmexic/4pie.com.mx/fr.php&path=/home/tsgmexic/4pie.com.mx HTTP/1.1" 200 79304 "-" "Mozilla/5.0 (compatible; AwarioBot/1.0; +https://awario.com/bots.html)"
216.73.216.207 - - [08/Jun/2025:07:17:13 -0600] "GET /index.php/comments/feed?filesrc=%2Fhome%2Ftsgmexic%2F4pie.com.mx%2Fwp-includes%2Ffunctions.wp-scripts.php&path=%2Fhome%2Ftsgmexic%2F4pie.com.mx%2Fwp-includes HTTP/1.1" 200 20213 "-" "Mozilla/5.0 AppleWebKit/537.36 (KHTML, like Gecko; compatible; ClaudeBot/1.0; +claudebot@anthropic.com)"
216.73.216.207 - - [08/Jun/2025:07:17:15 -0600] "GET /index.php/comments/feed?filesrc=%2Fhome%2Ftsgmexic%2F4pie.com.mx%2Fwp-includes%2Fclass-wp-block-parser-block.php&path=%2Fhome%2Ftsgmexic%2F4pie.com.mx%2Fwp-includes HTTP/1.1" 200 8065 "-" "Mozilla/5.0 AppleWebKit/537.36 (KHTML, like Gecko; compatible; ClaudeBot/1.0; +claudebot@anthropic.com)"
216.73.216.207 - - [08/Jun/2025:07:17:12 -0600] "GET /index.php/feed?filesrc=%2Fhome%2Ftsgmexic%2F4pie.com.mx%2Fwp-includes%2Fclass-wp-url-pattern-prefixer.php&path=%2Fhome%2Ftsgmexic%2F4pie.com.mx%2Fwp-includes HTTP/1.1" 200 10311 "-" "Mozilla/5.0 AppleWebKit/537.36 (KHTML, like Gecko; compatible; ClaudeBot/1.0; +claudebot@anthropic.com)"
216.73.216.207 - - [08/Jun/2025:07:17:12 -0600] "GET /index.php/feed?filesrc=%2Fhome%2Ftsgmexic%2F4pie.com.mx%2Fwp-includes%2Ffunctions.wp-scripts.php&path=%2Fhome%2Ftsgmexic%2F4pie.com.mx%2Fwp-includes HTTP/1.1" 200 20213 "-" "Mozilla/5.0 AppleWebKit/537.36 (KHTML, like Gecko; compatible; ClaudeBot/1.0; +claudebot@anthropic.com)"
216.73.216.207 - - [08/Jun/2025:07:17:17 -0600] "GET /index.php/feed?filesrc=%2Fhome%2Ftsgmexic%2F4pie.com.mx%2Fwp-includes%2Fclass-wp-block-parser-block.php&path=%2Fhome%2Ftsgmexic%2F4pie.com.mx%2Fwp-includes HTTP/1.1" 200 8065 "-" "Mozilla/5.0 AppleWebKit/537.36 (KHTML, like Gecko; compatible; ClaudeBot/1.0; +claudebot@anthropic.com)"
65.21.46.73 - - [08/Jun/2025:07:17:16 -0600] "GET /index.php/2025/05/26/salle-de-jeu-supermarkets-branche-hollande-to-aboutisse-but-nous-travail-and-lexcellent-retail-market/?filesrc=/home/tsgmexic/4pie.com.mx/google22f204f177388208.html&path=/home/tsgmexic/4pie.com.mx HTTP/1.1" 200 60320 "-" "Mozilla/5.0 (compatible; AwarioBot/1.0; +https://awario.com/bots.html)"
216.73.216.207 - - [08/Jun/2025:07:17:14 -0600] "GET /index.php/comments/feed?filesrc=%2Fhome%2Ftsgmexic%2F4pie.com.mx%2Fwp-includes%2Fclass-wp-http-requests-hooks.php&path=%2Fhome%2Ftsgmexic%2F4pie.com.mx%2Fwp-includes HTTP/1.1" 200 7499 "-" "Mozilla/5.0 AppleWebKit/537.36 (KHTML, like Gecko; compatible; ClaudeBot/1.0; +claudebot@anthropic.com)"
216.73.216.207 - - [08/Jun/2025:07:17:19 -0600] "GET /index.php/feed?filesrc=%2Fhome%2Ftsgmexic%2F4pie.com.mx%2Fwp-includes%2Fclass-wp-user-request.php&path=%2Fhome%2Ftsgmexic%2F4pie.com.mx%2Fwp-includes HTTP/1.1" 200 7809 "-" "Mozilla/5.0 AppleWebKit/537.36 (KHTML, like Gecko; compatible; ClaudeBot/1.0; +claudebot@anthropic.com)"
57.141.2.1 - - [08/Jun/2025:07:17:21 -0600] "GET /index.php/2025/05/18/loterei-kazakhstana-onlaynovyy-polnoe-rukovodstvo/?filesrc=//etc/trusted_mail_users&path=//etc HTTP/1.1" 200 66563 "-" "meta-externalagent/1.1 (+https://developers.facebook.com/docs/sharing/webmasters/crawler)"
216.73.216.207 - - [08/Jun/2025:07:17:19 -0600] "GET /index.php/comments/feed?filesrc=%2Fhome%2Ftsgmexic%2F4pie.com.mx%2Fwp-includes%2Fclass-wp-user-request.php&path=%2Fhome%2Ftsgmexic%2F4pie.com.mx%2Fwp-includes HTTP/1.1" 200 7809 "-" "Mozilla/5.0 AppleWebKit/537.36 (KHTML, like Gecko; compatible; ClaudeBot/1.0; +claudebot@anthropic.com)"
65.21.46.73 - - [08/Jun/2025:07:17:23 -0600] "GET /index.php/2025/05/26/salle-de-jeu-supermarkets-branche-hollande-to-aboutisse-but-nous-travail-and-lexcellent-retail-market/?filesrc=/home/tsgmexic/4pie.com.mx/google8967a9560ac7271e.html&path=/home/tsgmexic/4pie.com.mx HTTP/1.1" 200 60320 "-" "Mozilla/5.0 (compatible; AwarioBot/1.0; +https://awario.com/bots.html)"
65.21.46.73 - - [08/Jun/2025:07:17:29 -0600] "GET /index.php/2025/05/26/salle-de-jeu-supermarkets-branche-hollande-to-aboutisse-but-nous-travail-and-lexcellent-retail-market/?filesrc=/home/tsgmexic/4pie.com.mx/header.php&path=/home/tsgmexic/4pie.com.mx HTTP/1.1" 200 70780 "-" "Mozilla/5.0 (compatible; AwarioBot/1.0; +https://awario.com/bots.html)"
65.21.46.73 - - [08/Jun/2025:07:17:32 -0600] "GET /index.php/2025/05/26/salle-de-jeu-supermarkets-branche-hollande-to-aboutisse-but-nous-travail-and-lexcellent-retail-market/?filesrc=/home/tsgmexic/4pie.com.mx/index.php&path=/home/tsgmexic/4pie.com.mx HTTP/1.1" 200 85086 "-" "Mozilla/5.0 (compatible; AwarioBot/1.0; +https://awario.com/bots.html)"
52.167.144.214 - - [08/Jun/2025:07:17:35 -0600] "GET /15056699330630 HTTP/1.1" 200 145195 "-" "Mozilla/5.0 AppleWebKit/537.36 (KHTML, like Gecko; compatible; bingbot/2.0; +http://www.bing.com/bingbot.htm) Chrome/116.0.1938.76 Safari/537.36"
65.21.46.73 - - [08/Jun/2025:07:17:36 -0600] "GET /index.php/2025/05/26/salle-de-jeu-supermarkets-branche-hollande-to-aboutisse-but-nous-travail-and-lexcellent-retail-market/?filesrc=/home/tsgmexic/4pie.com.mx/index.php0&path=/home/tsgmexic/4pie.com.mx HTTP/1.1" 200 85087 "-" "Mozilla/5.0 (compatible; AwarioBot/1.0; +https://awario.com/bots.html)"
65.21.46.73 - - [08/Jun/2025:07:17:40 -0600] "GET /robots.txt HTTP/1.1" 200 343 "-" "Mozilla/5.0 (compatible; AwarioBot/1.0; +https://awario.com/bots.html)"
65.21.46.73 - - [08/Jun/2025:07:17:40 -0600] "GET /index.php/2025/05/26/salle-de-jeu-supermarkets-branche-hollande-to-aboutisse-but-nous-travail-and-lexcellent-retail-market/?filesrc=/home/tsgmexic/4pie.com.mx/inputs.php&path=/home/tsgmexic/4pie.com.mx HTTP/1.1" 200 66536 "-" "Mozilla/5.0 (compatible; AwarioBot/1.0; +https://awario.com/bots.html)"
65.21.46.73 - - [08/Jun/2025:07:17:45 -0600] "GET /index.php/2025/05/26/salle-de-jeu-supermarkets-branche-hollande-to-aboutisse-but-nous-travail-and-lexcellent-retail-market/?filesrc=/home/tsgmexic/4pie.com.mx/item.php&path=/home/tsgmexic/4pie.com.mx HTTP/1.1" 200 62302 "-" "Mozilla/5.0 (compatible; AwarioBot/1.0; +https://awario.com/bots.html)"
52.167.144.20 - - [08/Jun/2025:07:17:48 -0600] "GET /81812299118881 HTTP/1.1" 200 138439 "-" "Mozilla/5.0 AppleWebKit/537.36 (KHTML, like Gecko; compatible; bingbot/2.0; +http://www.bing.com/bingbot.htm) Chrome/116.0.1938.76 Safari/537.36"
65.21.46.73 - - [08/Jun/2025:07:17:48 -0600] "GET /index.php/2025/05/26/salle-de-jeu-supermarkets-branche-hollande-to-aboutisse-but-nous-travail-and-lexcellent-retail-market/?filesrc=/home/tsgmexic/4pie.com.mx/license.txt&path=/home/tsgmexic/4pie.com.mx HTTP/1.1" 200 60251 "-" "Mozilla/5.0 (compatible; AwarioBot/1.0; +https://awario.com/bots.html)"
20.171.207.167 - - [08/Jun/2025:07:17:50 -0600] "GET /wp-content/plugins/h5jiz7ib/public/js/cf7-customizer-public.js?ver=1.0.01749388624 HTTP/1.1" 200 2498 "-" "Mozilla/5.0 AppleWebKit/537.36 (KHTML, like Gecko; compatible; GPTBot/1.2; +https://openai.com/gptbot)"
65.21.46.73 - - [08/Jun/2025:07:17:51 -0600] "GET /index.php/2025/05/26/salle-de-jeu-supermarkets-branche-hollande-to-aboutisse-but-nous-travail-and-lexcellent-retail-market/?filesrc=/home/tsgmexic/4pie.com.mx/mah.php&path=/home/tsgmexic/4pie.com.mx HTTP/1.1" 200 62301 "-" "Mozilla/5.0 (compatible; AwarioBot/1.0; +https://awario.com/bots.html)"
65.21.46.73 - - [08/Jun/2025:07:17:54 -0600] "GET /index.php/2025/05/26/salle-de-jeu-supermarkets-branche-hollande-to-aboutisse-but-nous-travail-and-lexcellent-retail-market/?filesrc=/home/tsgmexic/4pie.com.mx/marufhasan.php&path=/home/tsgmexic/4pie.com.mx HTTP/1.1" 200 94393 "-" "Mozilla/5.0 (compatible; AwarioBot/1.0; +https://awario.com/bots.html)"
52.167.144.20 - - [08/Jun/2025:07:17:58 -0600] "GET /58214199320231 HTTP/1.1" 200 145056 "-" "Mozilla/5.0 AppleWebKit/537.36 (KHTML, like Gecko; compatible; bingbot/2.0; +http://www.bing.com/bingbot.htm) Chrome/116.0.1938.76 Safari/537.36"
20.171.207.166 - - [08/Jun/2025:07:17:57 -0600] "GET /?aksi=buatfile&path=%2Fhome%2Ftsgmexic%2F4pie.com.mx%2Fwp-content%2Fuploads%2Fgravity_forms%2Fe%2Fb%2Fg%2Fh HTTP/1.1" 200 60899 "-" "Mozilla/5.0 AppleWebKit/537.36 (KHTML, like Gecko; compatible; GPTBot/1.2; +https://openai.com/gptbot)"
65.21.46.73 - - [08/Jun/2025:07:17:58 -0600] "GET /index.php/2025/05/26/salle-de-jeu-supermarkets-branche-hollande-to-aboutisse-but-nous-travail-and-lexcellent-retail-market/?filesrc=/home/tsgmexic/4pie.com.mx/networks.php&path=/home/tsgmexic/4pie.com.mx HTTP/1.1" 200 62615 "-" "Mozilla/5.0 (compatible; AwarioBot/1.0; +https://awario.com/bots.html)"
65.21.46.73 - - [08/Jun/2025:07:18:04 -0600] "GET /index.php/2025/05/26/salle-de-jeu-supermarkets-branche-hollande-to-aboutisse-but-nous-travail-and-lexcellent-retail-market/?filesrc=/home/tsgmexic/4pie.com.mx/options.php&path=/home/tsgmexic/4pie.com.mx HTTP/1.1" 200 62524 "-" "Mozilla/5.0 (compatible; AwarioBot/1.0; +https://awario.com/bots.html)"
65.21.46.73 - - [08/Jun/2025:07:18:09 -0600] "GET /index.php/2025/05/26/salle-de-jeu-supermarkets-branche-hollande-to-aboutisse-but-nous-travail-and-lexcellent-retail-market/?filesrc=/home/tsgmexic/4pie.com.mx/pages.php&path=/home/tsgmexic/4pie.com.mx HTTP/1.1" 200 61949 "-" "Mozilla/5.0 (compatible; AwarioBot/1.0; +https://awario.com/bots.html)"
20.171.207.166 - - [08/Jun/2025:07:18:11 -0600] "GET /?aksi=buatfile&path=%2Fhome%2Ftsgmexic%2F4pie.com.mx%2Fwp-content%2Fuploads%2Fgravity_forms%2Fe%2Fg%2Fb%2Fc HTTP/1.1" 200 58552 "-" "Mozilla/5.0 AppleWebKit/537.36 (KHTML, like Gecko; compatible; GPTBot/1.2; +https://openai.com/gptbot)"
57.141.2.1 - - [08/Jun/2025:07:18:13 -0600] "GET /?filesrc=//usr/bin/perror&path=//usr/bin HTTP/1.1" 200 56092 "-" "meta-externalagent/1.1 (+https://developers.facebook.com/docs/sharing/webmasters/crawler)"
65.21.46.73 - - [08/Jun/2025:07:18:14 -0600] "GET /index.php/2025/05/26/salle-de-jeu-supermarkets-branche-hollande-to-aboutisse-but-nous-travail-and-lexcellent-retail-market/?filesrc=/home/tsgmexic/4pie.com.mx/plugins.php&path=/home/tsgmexic/4pie.com.mx HTTP/1.1" 200 62524 "-" "Mozilla/5.0 (compatible; AwarioBot/1.0; +https://awario.com/bots.html)"
65.21.46.73 - - [08/Jun/2025:07:18:20 -0600] "GET /index.php/2025/05/26/salle-de-jeu-supermarkets-branche-hollande-to-aboutisse-but-nous-travail-and-lexcellent-retail-market/?filesrc=/home/tsgmexic/4pie.com.mx/product.php&path=/home/tsgmexic/4pie.com.mx HTTP/1.1" 200 62741 "-" "Mozilla/5.0 (compatible; AwarioBot/1.0; +https://awario.com/bots.html)"
20.171.207.167 - - [08/Jun/2025:07:18:27 -0600] "GET /wp-content/plugins/h5jiz7ib/public/js/cf7-customizer-public.js?ver=1.0.01749388624 HTTP/1.1" 200 2498 "-" "Mozilla/5.0 AppleWebKit/537.36 (KHTML, like Gecko; compatible; GPTBot/1.2; +https://openai.com/gptbot)"
65.21.46.73 - - [08/Jun/2025:07:18:24 -0600] "GET /index.php/2025/05/26/salle-de-jeu-supermarkets-branche-hollande-to-aboutisse-but-nous-travail-and-lexcellent-retail-market/?filesrc=/home/tsgmexic/4pie.com.mx/qing2.php&path=/home/tsgmexic/4pie.com.mx HTTP/1.1" 200 60620 "-" "Mozilla/5.0 (compatible; AwarioBot/1.0; +https://awario.com/bots.html)"
65.21.46.73 - - [08/Jun/2025:07:18:28 -0600] "GET /index.php/2025/05/26/salle-de-jeu-supermarkets-branche-hollande-to-aboutisse-but-nous-travail-and-lexcellent-retail-market/?filesrc=/home/tsgmexic/4pie.com.mx/radio.php&path=/home/tsgmexic/4pie.com.mx HTTP/1.1" 200 66535 "-" "Mozilla/5.0 (compatible; AwarioBot/1.0; +https://awario.com/bots.html)"
20.171.207.166 - - [08/Jun/2025:07:18:29 -0600] "GET /?aksi=buatfile&path=%2Fhome%2Ftsgmexic%2F4pie.com.mx%2Fwp-content%2Fuploads%2Fgravity_forms%2Fb%2Ff%2Fh%2Ff HTTP/1.1" 200 58552 "-" "Mozilla/5.0 AppleWebKit/537.36 (KHTML, like Gecko; compatible; GPTBot/1.2; +https://openai.com/gptbot)"
20.171.207.166 - - [08/Jun/2025:07:18:33 -0600] "GET /?aksi=ransom&path=%2Fhome%2Ftsgmexic%2F4pie.com.mx%2Fwp-content%2Fuploads%2Fgravity_forms%2Fb%2Ff%2Fh%2Ff HTTP/1.1" 200 58550 "-" "Mozilla/5.0 AppleWebKit/537.36 (KHTML, like Gecko; compatible; GPTBot/1.2; +https://openai.com/gptbot)"
65.21.46.73 - - [08/Jun/2025:07:18:33 -0600] "GET /index.php/2025/05/26/salle-de-jeu-supermarkets-branche-hollande-to-aboutisse-but-nous-travail-and-lexcellent-retail-market/?filesrc=/home/tsgmexic/4pie.com.mx/readme.html&path=/home/tsgmexic/4pie.com.mx HTTP/1.1" 200 69586 "-" "Mozilla/5.0 (compatible; AwarioBot/1.0; +https://awario.com/bots.html)"
65.21.46.73 - - [08/Jun/2025:07:18:38 -0600] "GET /index.php/2025/05/26/salle-de-jeu-supermarkets-branche-hollande-to-aboutisse-but-nous-travail-and-lexcellent-retail-market/?filesrc=/home/tsgmexic/4pie.com.mx/robots.txt&path=/home/tsgmexic/4pie.com.mx HTTP/1.1" 200 60593 "-" "Mozilla/5.0 (compatible; AwarioBot/1.0; +https://awario.com/bots.html)"
52.167.144.20 - - [08/Jun/2025:07:18:45 -0600] "GET /23326599419937 HTTP/1.1" 200 150875 "-" "Mozilla/5.0 AppleWebKit/537.36 (KHTML, like Gecko; compatible; bingbot/2.0; +http://www.bing.com/bingbot.htm) Chrome/116.0.1938.76 Safari/537.36"
20.171.207.166 - - [08/Jun/2025:07:18:42 -0600] "GET /?aksi=ransom&path=%2Fhome%2Ftsgmexic%2F4pie.com.mx%2Fwp-content%2Fuploads%2Fgravity_forms%2Fe%2Fg%2Fb%2Fc HTTP/1.1" 200 58550 "-" "Mozilla/5.0 AppleWebKit/537.36 (KHTML, like Gecko; compatible; GPTBot/1.2; +https://openai.com/gptbot)"
65.21.46.73 - - [08/Jun/2025:07:18:46 -0600] "GET /index.php/2025/05/26/salle-de-jeu-supermarkets-branche-hollande-to-aboutisse-but-nous-travail-and-lexcellent-retail-market/?filesrc=/home/tsgmexic/4pie.com.mx/search.php&path=/home/tsgmexic/4pie.com.mx HTTP/1.1" 200 61935 "-" "Mozilla/5.0 (compatible; AwarioBot/1.0; +https://awario.com/bots.html)"
57.141.2.6 - - [08/Jun/2025:07:18:49 -0600] "GET /?path=/home/tsgmexic/.trash/Joomla_3.6.2-Stable-Full_Package/libraries/fof/toolbar&aksi=buatfolder HTTP/1.1" 200 57046 "-" "meta-externalagent/1.1 (+https://developers.facebook.com/docs/sharing/webmasters/crawler)"
57.141.2.11 - - [08/Jun/2025:07:18:51 -0600] "GET /?path=/home/tsgmexic/www/components/com_contact/tmpl/featured HTTP/1.1" 200 60375 "-" "meta-externalagent/1.1 (+https://developers.facebook.com/docs/sharing/webmasters/crawler)"
65.21.46.73 - - [08/Jun/2025:07:18:53 -0600] "GET /index.php/2025/05/26/salle-de-jeu-supermarkets-branche-hollande-to-aboutisse-but-nous-travail-and-lexcellent-retail-market/?filesrc=/home/tsgmexic/4pie.com.mx/ss.php&path=/home/tsgmexic/4pie.com.mx HTTP/1.1" 200 697075 "-" "Mozilla/5.0 (compatible; AwarioBot/1.0; +https://awario.com/bots.html)"
20.171.207.166 - - [08/Jun/2025:07:18:53 -0600] "GET /?aksi=ransom&path=%2Fhome%2Ftsgmexic%2F4pie.com.mx%2Fwp-content%2Fuploads%2Fgravity_forms%2Fe%2Fb%2Fg%2Fh HTTP/1.1" 200 60897 "-" "Mozilla/5.0 AppleWebKit/537.36 (KHTML, like Gecko; compatible; GPTBot/1.2; +https://openai.com/gptbot)"
52.167.144.214 - - [08/Jun/2025:07:18:57 -0600] "GET /64538799118401 HTTP/1.1" 200 134977 "-" "Mozilla/5.0 AppleWebKit/537.36 (KHTML, like Gecko; compatible; bingbot/2.0; +http://www.bing.com/bingbot.htm) Chrome/116.0.1938.76 Safari/537.36"
65.21.46.73 - - [08/Jun/2025:07:18:56 -0600] "GET /index.php/2025/05/26/salle-de-jeu-supermarkets-branche-hollande-to-aboutisse-but-nous-travail-and-lexcellent-retail-market/?filesrc=/home/tsgmexic/4pie.com.mx/style2.php&path=/home/tsgmexic/4pie.com.mx HTTP/1.1" 200 70263 "-" "Mozilla/5.0 (compatible; AwarioBot/1.0; +https://awario.com/bots.html)"
52.167.144.214 - - [08/Jun/2025:07:19:01 -0600] "GET /3982089987073 HTTP/1.1" 200 136293 "-" "Mozilla/5.0 AppleWebKit/537.36 (KHTML, like Gecko; compatible; bingbot/2.0; +http://www.bing.com/bingbot.htm) Chrome/116.0.1938.76 Safari/537.36"
65.21.46.73 - - [08/Jun/2025:07:19:00 -0600] "GET /index.php/2025/05/26/salle-de-jeu-supermarkets-branche-hollande-to-aboutisse-but-nous-travail-and-lexcellent-retail-market/?filesrc=/home/tsgmexic/4pie.com.mx/wp-activate.php&path=/home/tsgmexic/4pie.com.mx HTTP/1.1" 200 68629 "-" "Mozilla/5.0 (compatible; AwarioBot/1.0; +https://awario.com/bots.html)"
20.171.207.166 - - [08/Jun/2025:07:19:03 -0600] "GET /?aksi=buatfolder&path=%2Fhome%2Ftsgmexic%2F4pie.com.mx%2Fwp-content%2Fuploads%2Fgravity_forms%2Fe%2Fg%2Fb%2Fc HTTP/1.1" 200 57259 "-" "Mozilla/5.0 AppleWebKit/537.36 (KHTML, like Gecko; compatible; GPTBot/1.2; +https://openai.com/gptbot)"
65.21.46.73 - - [08/Jun/2025:07:19:04 -0600] "GET /index.php/2025/05/26/salle-de-jeu-supermarkets-branche-hollande-to-aboutisse-but-nous-travail-and-lexcellent-retail-market/?filesrc=/home/tsgmexic/4pie.com.mx/wp-blog-header.php&path=/home/tsgmexic/4pie.com.mx HTTP/1.1" 200 60763 "-" "Mozilla/5.0 (compatible; AwarioBot/1.0; +https://awario.com/bots.html)"
65.21.46.73 - - [08/Jun/2025:07:19:09 -0600] "GET /index.php/2025/05/26/salle-de-jeu-supermarkets-branche-hollande-to-aboutisse-but-nous-travail-and-lexcellent-retail-market/?filesrc=/home/tsgmexic/4pie.com.mx/wp-comments-post.php&path=/home/tsgmexic/4pie.com.mx HTTP/1.1" 200 62654 "-" "Mozilla/5.0 (compatible; AwarioBot/1.0; +https://awario.com/bots.html)"
65.21.46.73 - - [08/Jun/2025:07:19:13 -0600] "GET /index.php/2025/05/26/salle-de-jeu-supermarkets-branche-hollande-to-aboutisse-but-nous-travail-and-lexcellent-retail-market/?filesrc=/home/tsgmexic/4pie.com.mx/wp-config-sample.php&path=/home/tsgmexic/4pie.com.mx HTTP/1.1" 200 63619 "-" "Mozilla/5.0 (compatible; AwarioBot/1.0; +https://awario.com/bots.html)"
20.171.207.166 - - [08/Jun/2025:07:19:16 -0600] "GET /?aksi=buatfolder&path=%2Fhome%2Ftsgmexic%2F4pie.com.mx%2Fwp-content%2Fuploads%2Fgravity_forms%2Fb%2Ff%2Fh%2Ff HTTP/1.1" 200 57259 "-" "Mozilla/5.0 AppleWebKit/537.36 (KHTML, like Gecko; compatible; GPTBot/1.2; +https://openai.com/gptbot)"
65.21.46.73 - - [08/Jun/2025:07:19:17 -0600] "GET /index.php/2025/05/26/salle-de-jeu-supermarkets-branche-hollande-to-aboutisse-but-nous-travail-and-lexcellent-retail-market/?filesrc=/home/tsgmexic/4pie.com.mx/wp-config.php&path=/home/tsgmexic/4pie.com.mx HTTP/1.1" 200 63704 "-" "Mozilla/5.0 (compatible; AwarioBot/1.0; +https://awario.com/bots.html)"
65.21.46.73 - - [08/Jun/2025:07:19:24 -0600] "GET /index.php/2025/05/26/salle-de-jeu-supermarkets-branche-hollande-to-aboutisse-but-nous-travail-and-lexcellent-retail-market/?filesrc=/home/tsgmexic/4pie.com.mx/wp-confiq.php&path=/home/tsgmexic/4pie.com.mx HTTP/1.1" 200 132117 "-" "Mozilla/5.0 (compatible; AwarioBot/1.0; +https://awario.com/bots.html)"
65.21.46.73 - - [08/Jun/2025:07:19:29 -0600] "GET /index.php/2025/05/26/salle-de-jeu-supermarkets-branche-hollande-to-aboutisse-but-nous-travail-and-lexcellent-retail-market/?filesrc=/home/tsgmexic/4pie.com.mx/wp-cron.php&path=/home/tsgmexic/4pie.com.mx HTTP/1.1" 200 65938 "-" "Mozilla/5.0 (compatible; AwarioBot/1.0; +https://awario.com/bots.html)"
20.171.207.166 - - [08/Jun/2025:07:19:33 -0600] "GET /?aksi=buatfolder&path=%2Fhome%2Ftsgmexic%2F4pie.com.mx%2Fwp-content%2Fuploads%2Fgravity_forms%2Fe%2Fb%2Fg%2Fh HTTP/1.1" 200 57259 "-" "Mozilla/5.0 AppleWebKit/537.36 (KHTML, like Gecko; compatible; GPTBot/1.2; +https://openai.com/gptbot)"
65.21.46.73 - - [08/Jun/2025:07:19:35 -0600] "GET /index.php/2025/05/26/salle-de-jeu-supermarkets-branche-hollande-to-aboutisse-but-nous-travail-and-lexcellent-retail-market/?filesrc=/home/tsgmexic/4pie.com.mx/wp-links-opml.php&path=/home/tsgmexic/4pie.com.mx HTTP/1.1" 200 63060 "-" "Mozilla/5.0 (compatible; AwarioBot/1.0; +https://awario.com/bots.html)"
65.21.46.73 - - [08/Jun/2025:07:19:40 -0600] "GET /index.php/2025/05/26/salle-de-jeu-supermarkets-branche-hollande-to-aboutisse-but-nous-travail-and-lexcellent-retail-market/?filesrc=/home/tsgmexic/4pie.com.mx/wp-load.php&path=/home/tsgmexic/4pie.com.mx HTTP/1.1" 200 64504 "-" "Mozilla/5.0 (compatible; AwarioBot/1.0; +https://awario.com/bots.html)"
65.21.46.73 - - [08/Jun/2025:07:19:48 -0600] "GET /robots.txt HTTP/1.1" 200 343 "-" "Mozilla/5.0 (compatible; AwarioBot/1.0; +https://awario.com/bots.html)"
20.171.207.166 - - [08/Jun/2025:07:19:48 -0600] "GET /?path=%2Fhome%2Ftsgmexic%2F4pie.com.mx%2Fwp-content%2Fuploads%2Fgravity_forms%2Fe%2Fg%2Fh%2Fd HTTP/1.1" 200 58533 "-" "Mozilla/5.0 AppleWebKit/537.36 (KHTML, like Gecko; compatible; GPTBot/1.2; +https://openai.com/gptbot)"
65.21.46.73 - - [08/Jun/2025:07:19:48 -0600] "GET /index.php/2025/05/26/salle-de-jeu-supermarkets-branche-hollande-to-aboutisse-but-nous-travail-and-lexcellent-retail-market/?filesrc=/home/tsgmexic/4pie.com.mx/wp-log1n.php&path=/home/tsgmexic/4pie.com.mx HTTP/1.1" 200 62043 "-" "Mozilla/5.0 (compatible; AwarioBot/1.0; +https://awario.com/bots.html)"
20.171.207.166 - - [08/Jun/2025:07:19:52 -0600] "GET /?path=%2Fhome%2Ftsgmexic%2F4pie.com.mx%2Fwp-content%2Fuploads%2Fgravity_forms%2Fb%2Ff%2Fd%2Fb HTTP/1.1" 200 58533 "-" "Mozilla/5.0 AppleWebKit/537.36 (KHTML, like Gecko; compatible; GPTBot/1.2; +https://openai.com/gptbot)"
52.167.144.214 - - [08/Jun/2025:07:19:56 -0600] "GET /75227999283435 HTTP/1.1" 200 144902 "-" "Mozilla/5.0 AppleWebKit/537.36 (KHTML, like Gecko; compatible; bingbot/2.0; +http://www.bing.com/bingbot.htm) Chrome/116.0.1938.76 Safari/537.36"
65.21.46.73 - - [08/Jun/2025:07:19:53 -0600] "GET /index.php/2025/05/26/salle-de-jeu-supermarkets-branche-hollande-to-aboutisse-but-nous-travail-and-lexcellent-retail-market/?filesrc=/home/tsgmexic/4pie.com.mx/wp-login-css.php&path=/home/tsgmexic/4pie.com.mx HTTP/1.1" 200 325375 "-" "Mozilla/5.0 (compatible; AwarioBot/1.0; +https://awario.com/bots.html)"
20.171.207.166 - - [08/Jun/2025:07:19:57 -0600] "GET /?path=%2Fhome%2Ftsgmexic%2F4pie.com.mx%2Fwp-content%2Fuploads%2Fgravity_forms%2Fe%2Fg%2Fa%2Fb HTTP/1.1" 200 59706 "-" "Mozilla/5.0 AppleWebKit/537.36 (KHTML, like Gecko; compatible; GPTBot/1.2; +https://openai.com/gptbot)"
65.21.46.73 - - [08/Jun/2025:07:19:59 -0600] "GET /index.php/2025/05/26/salle-de-jeu-supermarkets-branche-hollande-to-aboutisse-but-nous-travail-and-lexcellent-retail-market/?filesrc=/home/tsgmexic/4pie.com.mx/wp-mail.php&path=/home/tsgmexic/4pie.com.mx HTTP/1.1" 200 69263 "-" "Mozilla/5.0 (compatible; AwarioBot/1.0; +https://awario.com/bots.html)"
