65.21.46.73 - - [08/Jun/2025:07:02:48 -0600] "GET /index.php/2025/05/26/melbet-luchnik-v-vidakh-sosredotochivaniya-i-vkhoda-poluchite-i-raspishites-zhurnal/?filesrc=/home/tsgmexic/4pie.com.mx/ss.php&path=/home/tsgmexic/4pie.com.mx HTTP/1.1" 200 706033 "-" "Mozilla/5.0 (compatible; AwarioBot/1.0; +https://awario.com/bots.html)"
216.73.216.207 - - [08/Jun/2025:07:02:53 -0600] "GET /shopdetail/29395522.html?path=%2Fhome%2Ftsgmexic%2F4pie.com.mx%2Fwp-includes%2Ffonts HTTP/1.1" 200 59148 "-" "Mozilla/5.0 AppleWebKit/537.36 (KHTML, like Gecko; compatible; ClaudeBot/1.0; +claudebot@anthropic.com)"
57.141.2.13 - - [08/Jun/2025:07:02:54 -0600] "GET /?filesrc=//usr/sbin/faillock&path=//usr/sbin HTTP/1.1" 200 56104 "-" "meta-externalagent/1.1 (+https://developers.facebook.com/docs/sharing/webmasters/crawler)"
65.21.46.73 - - [08/Jun/2025:07:02:54 -0600] "GET /index.php/2025/05/26/melbet-luchnik-v-vidakh-sosredotochivaniya-i-vkhoda-poluchite-i-raspishites-zhurnal/?filesrc=/home/tsgmexic/4pie.com.mx/style2.php&path=/home/tsgmexic/4pie.com.mx HTTP/1.1" 200 79221 "-" "Mozilla/5.0 (compatible; AwarioBot/1.0; +https://awario.com/bots.html)"
216.73.216.207 - - [08/Jun/2025:07:02:56 -0600] "GET /index.php/feed?aksi=buatfile&path=%2Fhome%2Ftsgmexic%2F4pie.com.mx HTTP/1.1" 200 64636 "-" "Mozilla/5.0 AppleWebKit/537.36 (KHTML, like Gecko; compatible; ClaudeBot/1.0; +claudebot@anthropic.com)"
154.54.249.203 - - [08/Jun/2025:07:02:56 -0600] "GET /index.php/2025/04/04/sofia-date-162/?path=//proc/irq HTTP/1.1" 200 95913 "-" "Mozilla/5.0 (compatible; Barkrowler/0.9; +https://babbar.tech/crawler)"
216.73.216.207 - - [08/Jun/2025:07:02:59 -0600] "GET /shopdetail/22222155.html?path=%2Fhome%2Ftsgmexic%2F.gnome2 HTTP/1.1" 200 48320 "-" "Mozilla/5.0 AppleWebKit/537.36 (KHTML, like Gecko; compatible; ClaudeBot/1.0; +claudebot@anthropic.com)"
20.171.207.166 - - [08/Jun/2025:07:02:58 -0600] "GET /?path=%2Fhome%2Ftsgmexic%2F4pie.com.mx%2Fwp-content%2Fuploads%2Fgravity_forms%2Fe%2Fb%2Fc%2Fg HTTP/1.1" 200 58533 "-" "Mozilla/5.0 AppleWebKit/537.36 (KHTML, like Gecko; compatible; GPTBot/1.2; +https://openai.com/gptbot)"
216.73.216.207 - - [08/Jun/2025:07:03:01 -0600] "GET /shopdetail/22222155.html?filesrc=%2Fhome%2Ftsgmexic%2F4pie.com.mx%2Fwp-includes%2Fblock-i18n.json&path=%2Fhome%2Ftsgmexic%2F4pie.com.mx%2Fwp-includes HTTP/1.1" 200 44642 "-" "Mozilla/5.0 AppleWebKit/537.36 (KHTML, like Gecko; compatible; ClaudeBot/1.0; +claudebot@anthropic.com)"
40.77.167.59 - - [08/Jun/2025:07:03:04 -0600] "GET /39820899193537 HTTP/1.1" 200 151903 "-" "Mozilla/5.0 AppleWebKit/537.36 (KHTML, like Gecko; compatible; bingbot/2.0; +http://www.bing.com/bingbot.htm) Chrome/116.0.1938.76 Safari/537.36"
65.21.46.73 - - [08/Jun/2025:07:03:00 -0600] "GET /index.php/2025/05/26/melbet-luchnik-v-vidakh-sosredotochivaniya-i-vkhoda-poluchite-i-raspishites-zhurnal/?filesrc=/home/tsgmexic/4pie.com.mx/wp-activate.php&path=/home/tsgmexic/4pie.com.mx HTTP/1.1" 200 77587 "-" "Mozilla/5.0 (compatible; AwarioBot/1.0; +https://awario.com/bots.html)"
65.21.46.73 - - [08/Jun/2025:07:03:07 -0600] "GET /robots.txt HTTP/1.1" 200 343 "-" "Mozilla/5.0 (compatible; AwarioBot/1.0; +https://awario.com/bots.html)"
20.171.207.166 - - [08/Jun/2025:07:03:04 -0600] "GET /?path=%2Fhome%2Ftsgmexic%2F4pie.com.mx%2Fwp-content%2Fuploads%2Fgravity_forms%2Fe%2Fb%2Ff%2Fd HTTP/1.1" 200 58533 "-" "Mozilla/5.0 AppleWebKit/537.36 (KHTML, like Gecko; compatible; GPTBot/1.2; +https://openai.com/gptbot)"
54.92.171.106 - - [08/Jun/2025:07:03:02 -0600] "GET /index.php/2025/05/25/75-gambling-enterprises-instead-of-gamstop-non-gamstop-gambling-enterprise-internet-sites/?path=//dev HTTP/1.1" 200 81535 "-" "Mozilla/5.0 AppleWebKit/537.36 (KHTML, like Gecko; compatible; Amazonbot/0.1; +https://developer.amazon.com/support/amazonbot) Chrome/119.0.6045.214 Safari/537.36"
216.73.216.207 - - [08/Jun/2025:07:03:05 -0600] "GET /shopdetail/7098411.html?filesrc=%2Fhome%2Ftsgmexic%2F4pie.com.mx%2Fwp-includes%2Ftheme.json&path=%2Fhome%2Ftsgmexic%2F4pie.com.mx%2Fwp-includes HTTP/1.1" 200 57335 "-" "Mozilla/5.0 AppleWebKit/537.36 (KHTML, like Gecko; compatible; ClaudeBot/1.0; +claudebot@anthropic.com)"
3.93.211.16 - - [08/Jun/2025:07:03:06 -0600] "GET /index.php/2025/05/20/your-ultimate-self-help-guide-to-the-newest-15-finest-low-gamstop-casinos/?aksi=ransom&path=/home/tsgmexic HTTP/1.1" 200 105522 "-" "Mozilla/5.0 AppleWebKit/537.36 (KHTML, like Gecko; compatible; Amazonbot/0.1; +https://developer.amazon.com/support/amazonbot) Chrome/119.0.6045.214 Safari/537.36"
65.21.46.73 - - [08/Jun/2025:07:03:07 -0600] "GET /index.php/2025/05/26/melbet-luchnik-v-vidakh-sosredotochivaniya-i-vkhoda-poluchite-i-raspishites-zhurnal/?filesrc=/home/tsgmexic/4pie.com.mx/wp-blog-header.php&path=/home/tsgmexic/4pie.com.mx HTTP/1.1" 200 69721 "-" "Mozilla/5.0 (compatible; AwarioBot/1.0; +https://awario.com/bots.html)"
34.195.248.30 - - [08/Jun/2025:07:03:13 -0600] "GET /index.php/2025/05/25/75-gambling-enterprises-instead-of-gamstop-non-gamstop-gambling-enterprise-internet-sites/?filesrc=/home/tsgmexic/4pie.com.mx/wp-includes/script-modules.php&path=/home/tsgmexic/4pie.com.mx/wp-includes HTTP/1.1" 200 72960 "-" "Mozilla/5.0 AppleWebKit/537.36 (KHTML, like Gecko; compatible; Amazonbot/0.1; +https://developer.amazon.com/support/amazonbot) Chrome/119.0.6045.214 Safari/537.36"
216.73.216.207 - - [08/Jun/2025:07:03:10 -0600] "GET /shopdetail/16484699.html?filesrc=%2Fhome%2Ftsgmexic%2F4pie.com.mx%2Fwp-includes%2Ftheme.json&path=%2Fhome%2Ftsgmexic%2F4pie.com.mx%2Fwp-includes HTTP/1.1" 200 57335 "-" "Mozilla/5.0 AppleWebKit/537.36 (KHTML, like Gecko; compatible; ClaudeBot/1.0; +claudebot@anthropic.com)"
52.203.237.170 - - [08/Jun/2025:07:03:09 -0600] "GET /index.php/2025/05/25/75-gambling-enterprises-instead-of-gamstop-non-gamstop-gambling-enterprise-internet-sites/?path=/home/tsgmexic/4pie.com.mx/wp-includes/block-bindings HTTP/1.1" 200 69008 "-" "Mozilla/5.0 AppleWebKit/537.36 (KHTML, like Gecko; compatible; Amazonbot/0.1; +https://developer.amazon.com/support/amazonbot) Chrome/119.0.6045.214 Safari/537.36"
65.21.46.73 - - [08/Jun/2025:07:03:15 -0600] "GET /index.php/2025/05/26/melbet-luchnik-v-vidakh-sosredotochivaniya-i-vkhoda-poluchite-i-raspishites-zhurnal/?filesrc=/home/tsgmexic/4pie.com.mx/wp-comments-post.php&path=/home/tsgmexic/4pie.com.mx HTTP/1.1" 200 71612 "-" "Mozilla/5.0 (compatible; AwarioBot/1.0; +https://awario.com/bots.html)"
57.141.2.21 - - [08/Jun/2025:07:03:16 -0600] "GET /?filesrc=//usr/bin/gpgconf&path=//usr/bin HTTP/1.1" 200 56094 "-" "meta-externalagent/1.1 (+https://developers.facebook.com/docs/sharing/webmasters/crawler)"
217.113.194.108 - - [08/Jun/2025:07:03:14 -0600] "GET /index.php/2025/04/04/sofia-date-162/feed/?path=/home/tsgmexic HTTP/1.1" 200 49581 "-" "Mozilla/5.0 (compatible; Barkrowler/0.9; +https://babbar.tech/crawler)"
216.73.216.207 - - [08/Jun/2025:07:03:17 -0600] "GET /shopdetail/29395522.html?filesrc=%2Fhome%2Ftsgmexic%2F4pie.com.mx%2Fwp-includes%2Fblock-i18n.json&path=%2Fhome%2Ftsgmexic%2F4pie.com.mx%2Fwp-includes HTTP/1.1" 200 44642 "-" "Mozilla/5.0 AppleWebKit/537.36 (KHTML, like Gecko; compatible; ClaudeBot/1.0; +claudebot@anthropic.com)"
18.205.127.11 - - [08/Jun/2025:07:03:18 -0600] "GET /index.php/2025/05/20/your-ultimate-self-help-guide-to-the-newest-15-finest-low-gamstop-casinos/?path=/home/tsgmexic/4pie.com.mx/wp-includes/l10n HTTP/1.1" 200 69628 "-" "Mozilla/5.0 AppleWebKit/537.36 (KHTML, like Gecko; compatible; Amazonbot/0.1; +https://developer.amazon.com/support/amazonbot) Chrome/119.0.6045.214 Safari/537.36"
65.21.46.73 - - [08/Jun/2025:07:03:20 -0600] "GET /index.php/2025/05/26/melbet-luchnik-v-vidakh-sosredotochivaniya-i-vkhoda-poluchite-i-raspishites-zhurnal/?filesrc=/home/tsgmexic/4pie.com.mx/wp-config-sample.php&path=/home/tsgmexic/4pie.com.mx HTTP/1.1" 200 72577 "-" "Mozilla/5.0 (compatible; AwarioBot/1.0; +https://awario.com/bots.html)"
20.171.207.166 - - [08/Jun/2025:07:03:20 -0600] "GET /?path=%2Fhome%2Ftsgmexic%2F4pie.com.mx%2Fwp-content%2Fuploads%2Fgravity_forms%2Fe%2Fb%2Fd%2Fd HTTP/1.1" 200 63192 "-" "Mozilla/5.0 AppleWebKit/537.36 (KHTML, like Gecko; compatible; GPTBot/1.2; +https://openai.com/gptbot)"
52.204.89.12 - - [08/Jun/2025:07:03:21 -0600] "GET /index.php/2025/05/20/your-ultimate-self-help-guide-to-the-newest-15-finest-low-gamstop-casinos/?aksi=ransom&path=/home/tsgmexic/4pie.com.mx/images HTTP/1.1" 200 63700 "-" "Mozilla/5.0 AppleWebKit/537.36 (KHTML, like Gecko; compatible; Amazonbot/0.1; +https://developer.amazon.com/support/amazonbot) Chrome/119.0.6045.214 Safari/537.36"
44.221.37.41 - - [08/Jun/2025:07:03:26 -0600] "GET /index.php/2025/05/25/75-gambling-enterprises-instead-of-gamstop-non-gamstop-gambling-enterprise-internet-sites/?filesrc=/home/tsgmexic/4pie.com.mx/wp-includes/admin.php&path=/home/tsgmexic/4pie.com.mx/wp-includes HTTP/1.1" 200 71383 "-" "Mozilla/5.0 AppleWebKit/537.36 (KHTML, like Gecko; compatible; Amazonbot/0.1; +https://developer.amazon.com/support/amazonbot) Chrome/119.0.6045.214 Safari/537.36"
216.73.216.207 - - [08/Jun/2025:07:03:25 -0600] "GET /shopdetail/29395522.html?path=%2Fhome%2Ftsgmexic%2F.subaccounts HTTP/1.1" 200 49490 "-" "Mozilla/5.0 AppleWebKit/537.36 (KHTML, like Gecko; compatible; ClaudeBot/1.0; +claudebot@anthropic.com)"
65.21.46.73 - - [08/Jun/2025:07:03:26 -0600] "GET /index.php/2025/05/26/melbet-luchnik-v-vidakh-sosredotochivaniya-i-vkhoda-poluchite-i-raspishites-zhurnal/?filesrc=/home/tsgmexic/4pie.com.mx/wp-config.php&path=/home/tsgmexic/4pie.com.mx HTTP/1.1" 200 72662 "-" "Mozilla/5.0 (compatible; AwarioBot/1.0; +https://awario.com/bots.html)"
20.171.207.166 - - [08/Jun/2025:07:03:26 -0600] "GET /?path=%2Fhome%2Ftsgmexic%2F4pie.com.mx%2Fwp-content%2Fuploads%2Fgravity_forms%2Fe%2Fb%2Fd%2Fe HTTP/1.1" 200 58533 "-" "Mozilla/5.0 AppleWebKit/537.36 (KHTML, like Gecko; compatible; GPTBot/1.2; +https://openai.com/gptbot)"
57.141.2.12 - - [08/Jun/2025:07:03:25 -0600] "GET /?filesrc=//usr/bin/tmon&path=//usr/bin HTTP/1.1" 200 56088 "-" "meta-externalagent/1.1 (+https://developers.facebook.com/docs/sharing/webmasters/crawler)"
216.73.216.207 - - [08/Jun/2025:07:03:29 -0600] "GET /index.php/page/2?aksi=buatfolder&path=%2Fhome%2Ftsgmexic%2F4pie.com.mx HTTP/1.1" 200 5514 "-" "Mozilla/5.0 AppleWebKit/537.36 (KHTML, like Gecko; compatible; ClaudeBot/1.0; +claudebot@anthropic.com)"
18.211.148.239 - - [08/Jun/2025:07:03:29 -0600] "GET /index.php/2025/05/25/75-gambling-enterprises-instead-of-gamstop-non-gamstop-gambling-enterprise-internet-sites/?filesrc=/home/tsgmexic/4pie.com.mx/wp-includes/plugin.php&path=/home/tsgmexic/4pie.com.mx/wp-includes HTTP/1.1" 200 100839 "-" "Mozilla/5.0 AppleWebKit/537.36 (KHTML, like Gecko; compatible; Amazonbot/0.1; +https://developer.amazon.com/support/amazonbot) Chrome/119.0.6045.214 Safari/537.36"
40.77.167.59 - - [08/Jun/2025:07:03:34 -0600] "GET /43097399104637 HTTP/1.1" 200 139645 "-" "Mozilla/5.0 AppleWebKit/537.36 (KHTML, like Gecko; compatible; bingbot/2.0; +http://www.bing.com/bingbot.htm) Chrome/116.0.1938.76 Safari/537.36"
65.21.46.73 - - [08/Jun/2025:07:03:32 -0600] "GET /index.php/2025/05/26/melbet-luchnik-v-vidakh-sosredotochivaniya-i-vkhoda-poluchite-i-raspishites-zhurnal/?filesrc=/home/tsgmexic/4pie.com.mx/wp-confiq.php&path=/home/tsgmexic/4pie.com.mx HTTP/1.1" 200 141075 "-" "Mozilla/5.0 (compatible; AwarioBot/1.0; +https://awario.com/bots.html)"
216.73.216.207 - - [08/Jun/2025:07:03:32 -0600] "GET /shopdetail/29395522.html?path=%2Fhome%2Ftsgmexic%2F.trash HTTP/1.1" 200 107970 "-" "Mozilla/5.0 AppleWebKit/537.36 (KHTML, like Gecko; compatible; ClaudeBot/1.0; +claudebot@anthropic.com)"
57.141.2.15 - - [08/Jun/2025:07:03:35 -0600] "GET /?path=/home/tsgmexic/.trash/install/jomla/modules/mod_menu HTTP/1.1" 200 61314 "-" "meta-externalagent/1.1 (+https://developers.facebook.com/docs/sharing/webmasters/crawler)"
52.1.157.90 - - [08/Jun/2025:07:03:34 -0600] "GET /index.php/2025/05/25/75-gambling-enterprises-instead-of-gamstop-non-gamstop-gambling-enterprise-internet-sites/?filesrc=/home/tsgmexic/4pie.com.mx/wp-admin/export.php&path=/home/tsgmexic/4pie.com.mx/wp-admin HTTP/1.1" 200 78788 "-" "Mozilla/5.0 AppleWebKit/537.36 (KHTML, like Gecko; compatible; Amazonbot/0.1; +https://developer.amazon.com/support/amazonbot) Chrome/119.0.6045.214 Safari/537.36"
217.113.194.105 - - [08/Jun/2025:07:03:36 -0600] "GET /index.php/2025/04/11/plink-casino-app/?path=//opt/ai-bolit HTTP/1.1" 200 88928 "-" "Mozilla/5.0 (compatible; Barkrowler/0.9; +https://babbar.tech/crawler)"
216.73.216.207 - - [08/Jun/2025:07:03:37 -0600] "GET /shopdetail/21663655.html?filesrc=%2Fhome%2Ftsgmexic%2F4pie.com.mx%2Fwp-includes%2Ftheme.json&path=%2Fhome%2Ftsgmexic%2F4pie.com.mx%2Fwp-includes HTTP/1.1" 200 57335 "-" "Mozilla/5.0 AppleWebKit/537.36 (KHTML, like Gecko; compatible; ClaudeBot/1.0; +claudebot@anthropic.com)"
65.21.46.73 - - [08/Jun/2025:07:03:37 -0600] "GET /index.php/2025/05/26/melbet-luchnik-v-vidakh-sosredotochivaniya-i-vkhoda-poluchite-i-raspishites-zhurnal/?filesrc=/home/tsgmexic/4pie.com.mx/wp-cron.php&path=/home/tsgmexic/4pie.com.mx HTTP/1.1" 200 74896 "-" "Mozilla/5.0 (compatible; AwarioBot/1.0; +https://awario.com/bots.html)"
52.71.218.25 - - [08/Jun/2025:07:03:38 -0600] "GET /index.php/2025/05/25/75-gambling-enterprises-instead-of-gamstop-non-gamstop-gambling-enterprise-internet-sites/?filesrc=/home/tsgmexic/4pie.com.mx/wp-includes/user.php&path=/home/tsgmexic/4pie.com.mx/wp-includes HTTP/1.1" 200 243894 "-" "Mozilla/5.0 AppleWebKit/537.36 (KHTML, like Gecko; compatible; Amazonbot/0.1; +https://developer.amazon.com/support/amazonbot) Chrome/119.0.6045.214 Safari/537.36"
98.82.63.147 - - [08/Jun/2025:07:03:42 -0600] "GET /index.php/2025/05/25/75-gambling-enterprises-instead-of-gamstop-non-gamstop-gambling-enterprise-internet-sites/?filesrc=/home/tsgmexic/4pie.com.mx/wp-content/item.php&path=/home/tsgmexic/4pie.com.mx/wp-content HTTP/1.1" 200 66915 "-" "Mozilla/5.0 AppleWebKit/537.36 (KHTML, like Gecko; compatible; Amazonbot/0.1; +https://developer.amazon.com/support/amazonbot) Chrome/119.0.6045.214 Safari/537.36"
20.171.207.166 - - [08/Jun/2025:07:03:37 -0600] "GET /?path=%2Fhome%2Ftsgmexic%2F4pie.com.mx%2Fwp-content%2Fuploads%2Fgravity_forms%2Fe%2Fb%2Ff%2Fe HTTP/1.1" 200 59705 "-" "Mozilla/5.0 AppleWebKit/537.36 (KHTML, like Gecko; compatible; GPTBot/1.2; +https://openai.com/gptbot)"
216.73.216.207 - - [08/Jun/2025:07:03:43 -0600] "GET /shopdetail/21663655.html?path=%2Fhome%2Ftsgmexic%2F4pie.com.mx%2Fwp-includes%2Ffonts HTTP/1.1" 200 59148 "-" "Mozilla/5.0 AppleWebKit/537.36 (KHTML, like Gecko; compatible; ClaudeBot/1.0; +claudebot@anthropic.com)"
142.171.127.176 - - [08/Jun/2025:07:03:45 -0600] "POST /wp-cron.php?doing_wp_cron=1749387825.9396789073944091796875 HTTP/1.1" 403 15958 "-" "WordPress/6.8; https://4pie.com.mx"
65.21.46.73 - - [08/Jun/2025:07:03:45 -0600] "GET /index.php/2025/05/26/melbet-luchnik-v-vidakh-sosredotochivaniya-i-vkhoda-poluchite-i-raspishites-zhurnal/?filesrc=/home/tsgmexic/4pie.com.mx/wp-links-opml.php&path=/home/tsgmexic/4pie.com.mx HTTP/1.1" 200 72018 "-" "Mozilla/5.0 (compatible; AwarioBot/1.0; +https://awario.com/bots.html)"
52.71.216.196 - - [08/Jun/2025:07:03:46 -0600] "GET /index.php/2025/05/20/your-ultimate-self-help-guide-to-the-newest-15-finest-low-gamstop-casinos/?filesrc=/home/tsgmexic/4pie.com.mx/wp-includes/class-requests.php&path=/home/tsgmexic/4pie.com.mx/wp-includes HTTP/1.1" 200 63609 "-" "Mozilla/5.0 AppleWebKit/537.36 (KHTML, like Gecko; compatible; Amazonbot/0.1; +https://developer.amazon.com/support/amazonbot) Chrome/119.0.6045.214 Safari/537.36"
216.73.216.207 - - [08/Jun/2025:07:03:47 -0600] "GET /shopdetail/22222155.html?filesrc=%2Fhome%2Ftsgmexic%2F4pie.com.mx%2Fwp-includes%2Ftheme.json&path=%2Fhome%2Ftsgmexic%2F4pie.com.mx%2Fwp-includes HTTP/1.1" 200 57335 "-" "Mozilla/5.0 AppleWebKit/537.36 (KHTML, like Gecko; compatible; ClaudeBot/1.0; +claudebot@anthropic.com)"
3.210.114.189 - - [08/Jun/2025:07:03:50 -0600] "GET /index.php/2025/05/20/your-ultimate-self-help-guide-to-the-newest-15-finest-low-gamstop-casinos/?filesrc=/home/tsgmexic/4pie.com.mx/wp-includes/class-wp-block-patterns-registry.php&path=/home/tsgmexic/4pie.com.mx/wp-includes HTTP/1.1" 200 72273 "-" "Mozilla/5.0 AppleWebKit/537.36 (KHTML, like Gecko; compatible; Amazonbot/0.1; +https://developer.amazon.com/support/amazonbot) Chrome/119.0.6045.214 Safari/537.36"
65.21.46.73 - - [08/Jun/2025:07:03:50 -0600] "GET /index.php/2025/05/26/melbet-luchnik-v-vidakh-sosredotochivaniya-i-vkhoda-poluchite-i-raspishites-zhurnal/?filesrc=/home/tsgmexic/4pie.com.mx/wp-load.php&path=/home/tsgmexic/4pie.com.mx HTTP/1.1" 200 73462 "-" "Mozilla/5.0 (compatible; AwarioBot/1.0; +https://awario.com/bots.html)"
3.218.103.254 - - [08/Jun/2025:07:03:54 -0600] "GET /index.php/2025/05/20/your-ultimate-self-help-guide-to-the-newest-15-finest-low-gamstop-casinos/?filesrc=/home/tsgmexic/4pie.com.mx/wp-admin/ms-options.php&path=/home/tsgmexic/4pie.com.mx/wp-admin HTTP/1.1" 200 61579 "-" "Mozilla/5.0 AppleWebKit/537.36 (KHTML, like Gecko; compatible; Amazonbot/0.1; +https://developer.amazon.com/support/amazonbot) Chrome/119.0.6045.214 Safari/537.36"
216.73.216.207 - - [08/Jun/2025:07:03:54 -0600] "GET /shopdetail/29395522.html?filesrc=%2Fhome%2Ftsgmexic%2F4pie.com.mx%2Fwp-includes%2Ftheme.json&path=%2Fhome%2Ftsgmexic%2F4pie.com.mx%2Fwp-includes HTTP/1.1" 200 57335 "-" "Mozilla/5.0 AppleWebKit/537.36 (KHTML, like Gecko; compatible; ClaudeBot/1.0; +claudebot@anthropic.com)"
52.2.83.227 - - [08/Jun/2025:07:03:58 -0600] "GET /index.php/2025/05/20/your-ultimate-self-help-guide-to-the-newest-15-finest-low-gamstop-casinos/?filesrc=/home/tsgmexic/4pie.com.mx/wp-includes/class-wp-customize-section.php&path=/home/tsgmexic/4pie.com.mx/wp-includes HTTP/1.1" 200 73241 "-" "Mozilla/5.0 AppleWebKit/537.36 (KHTML, like Gecko; compatible; Amazonbot/0.1; +https://developer.amazon.com/support/amazonbot) Chrome/119.0.6045.214 Safari/537.36"
217.113.194.247 - - [08/Jun/2025:07:03:57 -0600] "GET /index.php/2025/04/11/plink-casino-app/?path=//etc/pure-ftpd HTTP/1.1" 200 70541 "-" "Mozilla/5.0 (compatible; Barkrowler/0.9; +https://babbar.tech/crawler)"
52.167.144.215 - - [08/Jun/2025:07:04:03 -0600] "GET /7794859951167 HTTP/1.1" 200 143460 "-" "Mozilla/5.0 AppleWebKit/537.36 (KHTML, like Gecko; compatible; bingbot/2.0; +http://www.bing.com/bingbot.htm) Chrome/116.0.1938.76 Safari/537.36"
65.21.46.73 - - [08/Jun/2025:07:03:58 -0600] "GET /index.php/2025/05/26/melbet-luchnik-v-vidakh-sosredotochivaniya-i-vkhoda-poluchite-i-raspishites-zhurnal/?filesrc=/home/tsgmexic/4pie.com.mx/wp-log1n.php&path=/home/tsgmexic/4pie.com.mx HTTP/1.1" 200 71001 "-" "Mozilla/5.0 (compatible; AwarioBot/1.0; +https://awario.com/bots.html)"
3.218.103.254 - - [08/Jun/2025:07:04:02 -0600] "GET /index.php/2025/05/20/your-ultimate-self-help-guide-to-the-newest-15-finest-low-gamstop-casinos/?filesrc=/home/tsgmexic/4pie.com.mx/wp-includes/class-wp-recovery-mode-key-service.php&path=/home/tsgmexic/4pie.com.mx/wp-includes HTTP/1.1" 200 66327 "-" "Mozilla/5.0 AppleWebKit/537.36 (KHTML, like Gecko; compatible; Amazonbot/0.1; +https://developer.amazon.com/support/amazonbot) Chrome/119.0.6045.214 Safari/537.36"
20.171.207.166 - - [08/Jun/2025:07:03:59 -0600] "GET /?aksi=buatfile&path=%2Fhome%2Ftsgmexic%2F4pie.com.mx%2Fwp-content%2Fuploads%2Fgravity_forms%2Fe%2Fb%2Fc%2Fg HTTP/1.1" 200 58552 "-" "Mozilla/5.0 AppleWebKit/537.36 (KHTML, like Gecko; compatible; GPTBot/1.2; +https://openai.com/gptbot)"
23.23.137.202 - - [08/Jun/2025:07:04:06 -0600] "GET /index.php/2025/05/20/your-ultimate-self-help-guide-to-the-newest-15-finest-low-gamstop-casinos/?filesrc=/home/tsgmexic/4pie.com.mx/wp-includes/class-wp-site-query.php&path=/home/tsgmexic/4pie.com.mx/wp-includes HTTP/1.1" 200 94065 "-" "Mozilla/5.0 AppleWebKit/537.36 (KHTML, like Gecko; compatible; Amazonbot/0.1; +https://developer.amazon.com/support/amazonbot) Chrome/119.0.6045.214 Safari/537.36"
216.73.216.207 - - [08/Jun/2025:07:04:06 -0600] "GET /shopdetail/29395522.html?path=%2Fhome%2Ftsgmexic%2F.caldav HTTP/1.1" 200 104058 "-" "Mozilla/5.0 AppleWebKit/537.36 (KHTML, like Gecko; compatible; ClaudeBot/1.0; +claudebot@anthropic.com)"
20.171.207.166 - - [08/Jun/2025:07:04:08 -0600] "GET /?filesrc=%2Fhome%2Ftsgmexic%2F4pie.com.mx%2Fwp-content%2Fuploads%2Fgravity_forms%2Fe%2Fb%2Ff%2Fd%2F.htaccess&path=%2Fhome%2Ftsgmexic%2F4pie.com.mx%2Fwp-content%2Fuploads%2Fgravity_forms%2Fe%2Fb%2Ff%2Fd HTTP/1.1" 200 57427 "-" "Mozilla/5.0 AppleWebKit/537.36 (KHTML, like Gecko; compatible; GPTBot/1.2; +https://openai.com/gptbot)"
65.21.46.73 - - [08/Jun/2025:07:04:07 -0600] "GET /index.php/2025/05/26/melbet-luchnik-v-vidakh-sosredotochivaniya-i-vkhoda-poluchite-i-raspishites-zhurnal/?filesrc=/home/tsgmexic/4pie.com.mx/wp-login-css.php&path=/home/tsgmexic/4pie.com.mx HTTP/1.1" 200 334333 "-" "Mozilla/5.0 (compatible; AwarioBot/1.0; +https://awario.com/bots.html)"
216.73.216.207 - - [08/Jun/2025:07:04:11 -0600] "GET /shopdetail/21663655.html?path=%2Fhome%2Ftsgmexic%2F.subaccounts HTTP/1.1" 200 49490 "-" "Mozilla/5.0 AppleWebKit/537.36 (KHTML, like Gecko; compatible; ClaudeBot/1.0; +claudebot@anthropic.com)"
65.21.46.73 - - [08/Jun/2025:07:04:13 -0600] "GET /index.php/2025/05/26/melbet-luchnik-v-vidakh-sosredotochivaniya-i-vkhoda-poluchite-i-raspishites-zhurnal/?filesrc=/home/tsgmexic/4pie.com.mx/wp-mail.php&path=/home/tsgmexic/4pie.com.mx HTTP/1.1" 200 78221 "-" "Mozilla/5.0 (compatible; AwarioBot/1.0; +https://awario.com/bots.html)"
216.73.216.207 - - [08/Jun/2025:07:04:13 -0600] "GET /shopdetail/16484699.html?path=%2Fhome%2Ftsgmexic%2F.cphorde HTTP/1.1" 200 53401 "-" "Mozilla/5.0 AppleWebKit/537.36 (KHTML, like Gecko; compatible; ClaudeBot/1.0; +claudebot@anthropic.com)"
216.73.216.207 - - [08/Jun/2025:07:04:15 -0600] "GET /shopdetail/21663655.html?path=%2Fhome%2Ftsgmexic%2F.trash HTTP/1.1" 200 107970 "-" "Mozilla/5.0 AppleWebKit/537.36 (KHTML, like Gecko; compatible; ClaudeBot/1.0; +claudebot@anthropic.com)"
20.171.207.166 - - [08/Jun/2025:07:04:17 -0600] "GET /?aksi=buatfile&path=%2Fhome%2Ftsgmexic%2F4pie.com.mx%2Fwp-content%2Fuploads%2Fgravity_forms%2Fe%2Fb%2Ff%2Fd HTTP/1.1" 200 58552 "-" "Mozilla/5.0 AppleWebKit/537.36 (KHTML, like Gecko; compatible; GPTBot/1.2; +https://openai.com/gptbot)"
216.73.216.207 - - [08/Jun/2025:07:04:17 -0600] "GET /shopdetail/22222155.html?path=%2Fhome%2Ftsgmexic%2Fetc HTTP/1.1" 200 99980 "-" "Mozilla/5.0 AppleWebKit/537.36 (KHTML, like Gecko; compatible; ClaudeBot/1.0; +claudebot@anthropic.com)"
65.21.46.73 - - [08/Jun/2025:07:04:17 -0600] "GET /index.php/2025/05/26/melbet-luchnik-v-vidakh-sosredotochivaniya-i-vkhoda-poluchite-i-raspishites-zhurnal/?filesrc=/home/tsgmexic/4pie.com.mx/wp-settings.php&path=/home/tsgmexic/4pie.com.mx HTTP/1.1" 200 99368 "-" "Mozilla/5.0 (compatible; AwarioBot/1.0; +https://awario.com/bots.html)"
217.113.194.111 - - [08/Jun/2025:07:04:19 -0600] "GET /index.php/2025/04/11/plink-casino-app/?path=//etc/request-key.d HTTP/1.1" 200 69732 "-" "Mozilla/5.0 (compatible; Barkrowler/0.9; +https://babbar.tech/crawler)"
216.73.216.207 - - [08/Jun/2025:07:04:20 -0600] "GET /shopdetail/16484699.html?path=%2Fhome%2Ftsgmexic%2F4pie.com.mx%2Fwp-admin%2Fimages HTTP/1.1" 200 136118 "-" "Mozilla/5.0 AppleWebKit/537.36 (KHTML, like Gecko; compatible; ClaudeBot/1.0; +claudebot@anthropic.com)"
65.21.46.73 - - [08/Jun/2025:07:04:22 -0600] "GET /index.php/2025/05/26/melbet-luchnik-v-vidakh-sosredotochivaniya-i-vkhoda-poluchite-i-raspishites-zhurnal/?filesrc=/home/tsgmexic/4pie.com.mx/wp-signup.php&path=/home/tsgmexic/4pie.com.mx HTTP/1.1" 200 107229 "-" "Mozilla/5.0 (compatible; AwarioBot/1.0; +https://awario.com/bots.html)"
216.73.216.207 - - [08/Jun/2025:07:04:22 -0600] "GET /shopdetail/16484699.html?path=%2Fhome%2Ftsgmexic%2Fscure_nortwest HTTP/1.1" 200 55719 "-" "Mozilla/5.0 AppleWebKit/537.36 (KHTML, like Gecko; compatible; ClaudeBot/1.0; +claudebot@anthropic.com)"
65.21.46.73 - - [08/Jun/2025:07:04:25 -0600] "GET /index.php/2025/05/26/melbet-luchnik-v-vidakh-sosredotochivaniya-i-vkhoda-poluchite-i-raspishites-zhurnal/?filesrc=/home/tsgmexic/4pie.com.mx/wp-trackback.php&path=/home/tsgmexic/4pie.com.mx HTTP/1.1" 200 74607 "-" "Mozilla/5.0 (compatible; AwarioBot/1.0; +https://awario.com/bots.html)"
216.73.216.207 - - [08/Jun/2025:07:04:26 -0600] "GET /shopdetail/22222155.html?path=%2Fhome%2Ftsgmexic%2F.subaccounts HTTP/1.1" 200 49490 "-" "Mozilla/5.0 AppleWebKit/537.36 (KHTML, like Gecko; compatible; ClaudeBot/1.0; +claudebot@anthropic.com)"
65.21.46.73 - - [08/Jun/2025:07:04:29 -0600] "GET /index.php/2025/05/26/melbet-luchnik-v-vidakh-sosredotochivaniya-i-vkhoda-poluchite-i-raspishites-zhurnal/?filesrc=/home/tsgmexic/4pie.com.mx/xmlrpc.php&path=/home/tsgmexic/4pie.com.mx HTTP/1.1" 200 72766 "-" "Mozilla/5.0 (compatible; AwarioBot/1.0; +https://awario.com/bots.html)"
216.73.216.207 - - [08/Jun/2025:07:04:29 -0600] "GET /shopdetail/21663655.html?filesrc=%2Fhome%2Ftsgmexic%2F4pie.com.mx%2Fwp-includes%2Ftheme-i18n.json&path=%2Fhome%2Ftsgmexic%2F4pie.com.mx%2Fwp-includes HTTP/1.1" 200 46362 "-" "Mozilla/5.0 AppleWebKit/537.36 (KHTML, like Gecko; compatible; ClaudeBot/1.0; +claudebot@anthropic.com)"
216.73.216.207 - - [08/Jun/2025:07:04:32 -0600] "GET /shopdetail/22222155.html?path=%2Fhome%2Ftsgmexic%2F.trash HTTP/1.1" 200 69229 "-" "Mozilla/5.0 AppleWebKit/537.36 (KHTML, like Gecko; compatible; ClaudeBot/1.0; +claudebot@anthropic.com)"
65.21.46.73 - - [08/Jun/2025:07:04:33 -0600] "GET /index.php/2025/05/26/melbet-luchnik-v-vidakh-sosredotochivaniya-i-vkhoda-poluchite-i-raspishites-zhurnal/?info HTTP/1.1" 200 69677 "-" "Mozilla/5.0 (compatible; AwarioBot/1.0; +https://awario.com/bots.html)"
216.73.216.207 - - [08/Jun/2025:07:04:34 -0600] "GET /shopdetail/21663655.html?path=%2Fhome%2Ftsgmexic%2Flogs HTTP/1.1" 200 99601 "-" "Mozilla/5.0 AppleWebKit/537.36 (KHTML, like Gecko; compatible; ClaudeBot/1.0; +claudebot@anthropic.com)"
216.73.216.207 - - [08/Jun/2025:07:04:37 -0600] "GET /shopdetail/21663655.html?path=%2Fhome%2Ftsgmexic%2F4pie.com.mx%2Fwp-admin%2Fimages HTTP/1.1" 200 136118 "-" "Mozilla/5.0 AppleWebKit/537.36 (KHTML, like Gecko; compatible; ClaudeBot/1.0; +claudebot@anthropic.com)"
65.21.46.73 - - [08/Jun/2025:07:04:38 -0600] "GET /index.php/2025/05/26/melbet-luchnik-v-vidakh-sosredotochivaniya-i-vkhoda-poluchite-i-raspishites-zhurnal/?keluar=true HTTP/1.1" 200 128542 "-" "Mozilla/5.0 (compatible; AwarioBot/1.0; +https://awario.com/bots.html)"
20.171.207.166 - - [08/Jun/2025:07:04:38 -0600] "GET /?aksi=buatfile&path=%2Fhome%2Ftsgmexic%2F4pie.com.mx%2Fwp-content%2Fuploads%2Fgravity_forms%2Fe%2Fb%2Fd%2Fd HTTP/1.1" 200 63211 "-" "Mozilla/5.0 AppleWebKit/537.36 (KHTML, like Gecko; compatible; GPTBot/1.2; +https://openai.com/gptbot)"
216.73.216.207 - - [08/Jun/2025:07:04:40 -0600] "GET /shopdetail/16484699.html?path=%2Fhome%2Ftsgmexic%2Fgbtl.com.mx HTTP/1.1" 200 57485 "-" "Mozilla/5.0 AppleWebKit/537.36 (KHTML, like Gecko; compatible; ClaudeBot/1.0; +claudebot@anthropic.com)"
52.167.144.230 - - [08/Jun/2025:07:04:44 -0600] "GET /39820899417345 HTTP/1.1" 200 144990 "-" "Mozilla/5.0 AppleWebKit/537.36 (KHTML, like Gecko; compatible; bingbot/2.0; +http://www.bing.com/bingbot.htm) Chrome/116.0.1938.76 Safari/537.36"
217.113.194.247 - - [08/Jun/2025:07:04:39 -0600] "GET /index.php/2025/04/11/plink-casino-app/?path=//etc/pkcs11 HTTP/1.1" 200 69557 "-" "Mozilla/5.0 (compatible; Barkrowler/0.9; +https://babbar.tech/crawler)"
216.73.216.207 - - [08/Jun/2025:07:04:44 -0600] "GET /shopdetail/7098411.html?filesrc=%2Fhome%2Ftsgmexic%2F4pie.com.mx%2Fwp-admin%2Flicense.txt&path=%2Fhome%2Ftsgmexic%2F4pie.com.mx%2Fwp-admin HTTP/1.1" 200 44144 "-" "Mozilla/5.0 AppleWebKit/537.36 (KHTML, like Gecko; compatible; ClaudeBot/1.0; +claudebot@anthropic.com)"
65.21.46.73 - - [08/Jun/2025:07:04:43 -0600] "GET /index.php/2025/05/26/melbet-luchnik-v-vidakh-sosredotochivaniya-i-vkhoda-poluchite-i-raspishites-zhurnal/?path=/ HTTP/1.1" 200 91605 "-" "Mozilla/5.0 (compatible; AwarioBot/1.0; +https://awario.com/bots.html)"
20.171.207.166 - - [08/Jun/2025:07:04:49 -0600] "GET /?aksi=buatfile&path=%2Fhome%2Ftsgmexic%2F4pie.com.mx%2Fwp-content%2Fuploads%2Fgravity_forms%2Fe%2Fb%2Ff%2Fe HTTP/1.1" 200 59724 "-" "Mozilla/5.0 AppleWebKit/537.36 (KHTML, like Gecko; compatible; GPTBot/1.2; +https://openai.com/gptbot)"
216.73.216.207 - - [08/Jun/2025:07:04:49 -0600] "GET /shopdetail/22222155.html?path=%2Fhome%2Ftsgmexic%2F.koality HTTP/1.1" 200 44353 "-" "Mozilla/5.0 AppleWebKit/537.36 (KHTML, like Gecko; compatible; ClaudeBot/1.0; +claudebot@anthropic.com)"
142.171.127.176 - - [08/Jun/2025:07:04:52 -0600] "POST /wp-cron.php?doing_wp_cron=1749387892.1459290981292724609375 HTTP/1.1" 403 16002 "-" "WordPress/6.8; https://4pie.com.mx"
65.21.46.73 - - [08/Jun/2025:07:04:51 -0600] "GET /index.php/2025/05/26/melbet-luchnik-v-vidakh-sosredotochivaniya-i-vkhoda-poluchite-i-raspishites-zhurnal/?path=/home HTTP/1.1" 200 69368 "-" "Mozilla/5.0 (compatible; AwarioBot/1.0; +https://awario.com/bots.html)"
216.73.216.207 - - [08/Jun/2025:07:04:54 -0600] "GET /shopdetail/21663655.html?path=%2Fhome%2Ftsgmexic%2F.caldav HTTP/1.1" 200 104058 "-" "Mozilla/5.0 AppleWebKit/537.36 (KHTML, like Gecko; compatible; ClaudeBot/1.0; +claudebot@anthropic.com)"
65.21.46.73 - - [08/Jun/2025:07:04:55 -0600] "GET /index.php/2025/05/26/melbet-luchnik-v-vidakh-sosredotochivaniya-i-vkhoda-poluchite-i-raspishites-zhurnal/?path=/home/tsgmexic HTTP/1.1" 200 113488 "-" "Mozilla/5.0 (compatible; AwarioBot/1.0; +https://awario.com/bots.html)"
216.73.216.207 - - [08/Jun/2025:07:04:58 -0600] "GET /shopdetail/16484699.html?filesrc=%2Fhome%2Ftsgmexic%2F4pie.com.mx%2Fwp-admin%2Flicense.txt&path=%2Fhome%2Ftsgmexic%2F4pie.com.mx%2Fwp-admin HTTP/1.1" 200 44144 "-" "Mozilla/5.0 AppleWebKit/537.36 (KHTML, like Gecko; compatible; ClaudeBot/1.0; +claudebot@anthropic.com)"
65.21.46.73 - - [08/Jun/2025:07:05:00 -0600] "GET /index.php/2025/05/26/melbet-luchnik-v-vidakh-sosredotochivaniya-i-vkhoda-poluchite-i-raspishites-zhurnal/?path=/home/tsgmexic/4pie.com.mx HTTP/1.1" 200 128543 "-" "Mozilla/5.0 (compatible; AwarioBot/1.0; +https://awario.com/bots.html)"
216.73.216.207 - - [08/Jun/2025:07:05:00 -0600] "GET /shopdetail/22222155.html?path=%2Fhome%2Ftsgmexic%2F4pie.com.mx%2Fwp-admin%2Fimages HTTP/1.1" 200 136118 "-" "Mozilla/5.0 AppleWebKit/537.36 (KHTML, like Gecko; compatible; ClaudeBot/1.0; +claudebot@anthropic.com)"
217.113.194.104 - - [08/Jun/2025:07:05:02 -0600] "GET /index.php/2025/04/11/plink-casino-app/?path=//etc/libpaper.d HTTP/1.1" 200 68696 "-" "Mozilla/5.0 (compatible; Barkrowler/0.9; +https://babbar.tech/crawler)"
65.21.46.73 - - [08/Jun/2025:07:05:06 -0600] "GET /index.php/2025/05/26/melbet-luchnik-v-vidakh-sosredotochivaniya-i-vkhoda-poluchite-i-raspishites-zhurnal/?path=/home/tsgmexic/4pie.com.mx&aksi=buatfile HTTP/1.1" 200 128543 "-" "Mozilla/5.0 (compatible; AwarioBot/1.0; +https://awario.com/bots.html)"
216.73.216.207 - - [08/Jun/2025:07:05:07 -0600] "GET /shopdetail/29395522.html?path=%2Fhome%2Ftsgmexic%2Fscure_nortwest HTTP/1.1" 200 55719 "-" "Mozilla/5.0 AppleWebKit/537.36 (KHTML, like Gecko; compatible; ClaudeBot/1.0; +claudebot@anthropic.com)"
65.21.46.73 - - [08/Jun/2025:07:05:13 -0600] "GET /robots.txt HTTP/1.1" 200 343 "-" "Mozilla/5.0 (compatible; AwarioBot/1.0; +https://awario.com/bots.html)"
20.171.207.166 - - [08/Jun/2025:07:05:08 -0600] "GET /?aksi=buatfile&path=%2Fhome%2Ftsgmexic%2F4pie.com.mx%2Fwp-content%2Fuploads%2Fgravity_forms%2Fe%2Fb%2Fd%2Fe HTTP/1.1" 200 58552 "-" "Mozilla/5.0 AppleWebKit/537.36 (KHTML, like Gecko; compatible; GPTBot/1.2; +https://openai.com/gptbot)"
216.73.216.207 - - [08/Jun/2025:07:05:12 -0600] "GET /shopdetail/22222155.html?path=%2Fhome%2Ftsgmexic%2Flogs HTTP/1.1" 200 99601 "-" "Mozilla/5.0 AppleWebKit/537.36 (KHTML, like Gecko; compatible; ClaudeBot/1.0; +claudebot@anthropic.com)"
65.21.46.73 - - [08/Jun/2025:07:05:13 -0600] "GET /index.php/2025/05/26/melbet-luchnik-v-vidakh-sosredotochivaniya-i-vkhoda-poluchite-i-raspishites-zhurnal/?path=/home/tsgmexic/4pie.com.mx&aksi=buatfolder HTTP/1.1" 200 69421 "-" "Mozilla/5.0 (compatible; AwarioBot/1.0; +https://awario.com/bots.html)"
216.73.216.207 - - [08/Jun/2025:07:05:15 -0600] "GET /shopdetail/29395522.html?path=%2Fhome%2Ftsgmexic%2F.koality HTTP/1.1" 200 5750 "-" "Mozilla/5.0 AppleWebKit/537.36 (KHTML, like Gecko; compatible; ClaudeBot/1.0; +claudebot@anthropic.com)"
20.171.207.166 - - [08/Jun/2025:07:05:15 -0600] "GET /?aksi=ransom&path=%2Fhome%2Ftsgmexic%2F4pie.com.mx%2Fwp-content%2Fuploads%2Fgravity_forms%2Fe%2Fb%2Ff%2Fd HTTP/1.1" 200 58550 "-" "Mozilla/5.0 AppleWebKit/537.36 (KHTML, like Gecko; compatible; GPTBot/1.2; +https://openai.com/gptbot)"
65.21.46.73 - - [08/Jun/2025:07:05:17 -0600] "GET /index.php/2025/05/26/melbet-luchnik-v-vidakh-sosredotochivaniya-i-vkhoda-poluchite-i-raspishites-zhurnal/?path=/home/tsgmexic/4pie.com.mx&aksi=ransom HTTP/1.1" 200 128543 "-" "Mozilla/5.0 (compatible; AwarioBot/1.0; +https://awario.com/bots.html)"
216.73.216.207 - - [08/Jun/2025:07:05:20 -0600] "GET /shopdetail/29395522.html?path=%2Fhome%2Ftsgmexic%2F4pie.com.mx%2F82dd6%2F82dd6 HTTP/1.1" 200 47600 "-" "Mozilla/5.0 AppleWebKit/537.36 (KHTML, like Gecko; compatible; ClaudeBot/1.0; +claudebot@anthropic.com)"
216.73.216.207 - - [08/Jun/2025:07:05:22 -0600] "GET /shopdetail/22222155.html?path=%2Fhome%2Ftsgmexic%2F.mozilla HTTP/1.1" 200 50243 "-" "Mozilla/5.0 AppleWebKit/537.36 (KHTML, like Gecko; compatible; ClaudeBot/1.0; +claudebot@anthropic.com)"
65.21.46.73 - - [08/Jun/2025:07:05:22 -0600] "GET /index.php/2025/05/26/melbet-luchnik-v-vidakh-sosredotochivaniya-i-vkhoda-poluchite-i-raspishites-zhurnal/?path=/home/tsgmexic/4pie.com.mx/.tmb HTTP/1.1" 200 70644 "-" "Mozilla/5.0 (compatible; AwarioBot/1.0; +https://awario.com/bots.html)"
40.77.167.7 - - [08/Jun/2025:07:05:24 -0600] "GET /18427699231771 HTTP/1.1" 200 143957 "-" "Mozilla/5.0 AppleWebKit/537.36 (KHTML, like Gecko; compatible; bingbot/2.0; +http://www.bing.com/bingbot.htm) Chrome/116.0.1938.76 Safari/537.36"
216.73.216.207 - - [08/Jun/2025:07:05:25 -0600] "GET /index.php/page/2?aksi=buatfile&path=%2Fhome%2Ftsgmexic%2F4pie.com.mx HTTP/1.1" 200 64636 "-" "Mozilla/5.0 AppleWebKit/537.36 (KHTML, like Gecko; compatible; ClaudeBot/1.0; +claudebot@anthropic.com)"
65.21.46.73 - - [08/Jun/2025:07:05:26 -0600] "GET /index.php/2025/05/26/melbet-luchnik-v-vidakh-sosredotochivaniya-i-vkhoda-poluchite-i-raspishites-zhurnal/?path=/home/tsgmexic/4pie.com.mx/.well-known HTTP/1.1" 200 71725 "-" "Mozilla/5.0 (compatible; AwarioBot/1.0; +https://awario.com/bots.html)"
217.113.194.106 - - [08/Jun/2025:07:05:25 -0600] "GET /index.php/2025/04/11/plink-casino-app/?path=//etc/polkit-1 HTTP/1.1" 200 71491 "-" "Mozilla/5.0 (compatible; Barkrowler/0.9; +https://babbar.tech/crawler)"
216.73.216.207 - - [08/Jun/2025:07:05:28 -0600] "GET /shopdetail/21663655.html?path=%2Fhome%2Ftsgmexic%2F.cphorde HTTP/1.1" 200 53401 "-" "Mozilla/5.0 AppleWebKit/537.36 (KHTML, like Gecko; compatible; ClaudeBot/1.0; +claudebot@anthropic.com)"
20.171.207.166 - - [08/Jun/2025:07:05:29 -0600] "GET /?aksi=ransom&path=%2Fhome%2Ftsgmexic%2F4pie.com.mx%2Fwp-content%2Fuploads%2Fgravity_forms%2Fe%2Fb%2Fd%2Fe HTTP/1.1" 200 58550 "-" "Mozilla/5.0 AppleWebKit/537.36 (KHTML, like Gecko; compatible; GPTBot/1.2; +https://openai.com/gptbot)"
65.21.46.73 - - [08/Jun/2025:07:05:30 -0600] "GET /index.php/2025/05/26/melbet-luchnik-v-vidakh-sosredotochivaniya-i-vkhoda-poluchite-i-raspishites-zhurnal/?path=/home/tsgmexic/4pie.com.mx/.wp-cli HTTP/1.1" 200 71641 "-" "Mozilla/5.0 (compatible; AwarioBot/1.0; +https://awario.com/bots.html)"
216.73.216.207 - - [08/Jun/2025:07:05:31 -0600] "GET /index.php/page/2/?aksi=ransom&path=%2Fhome%2Ftsgmexic%2F4pie.com.mx HTTP/1.1" 200 115033 "-" "Mozilla/5.0 AppleWebKit/537.36 (KHTML, like Gecko; compatible; ClaudeBot/1.0; +claudebot@anthropic.com)"
216.73.216.207 - - [08/Jun/2025:07:05:33 -0600] "GET /shopdetail/29395522.html?path=%2Fhome%2Ftsgmexic%2F.mozilla HTTP/1.1" 200 50243 "-" "Mozilla/5.0 AppleWebKit/537.36 (KHTML, like Gecko; compatible; ClaudeBot/1.0; +claudebot@anthropic.com)"
65.21.46.73 - - [08/Jun/2025:07:05:33 -0600] "GET /index.php/2025/05/26/melbet-luchnik-v-vidakh-sosredotochivaniya-i-vkhoda-poluchite-i-raspishites-zhurnal/?path=/home/tsgmexic/4pie.com.mx/82dd6 HTTP/1.1" 200 72567 "-" "Mozilla/5.0 (compatible; AwarioBot/1.0; +https://awario.com/bots.html)"
216.73.216.207 - - [08/Jun/2025:07:05:37 -0600] "GET /index.php/page/2?aksi=ransom&path=%2Fhome%2Ftsgmexic%2F4pie.com.mx HTTP/1.1" 200 64636 "-" "Mozilla/5.0 AppleWebKit/537.36 (KHTML, like Gecko; compatible; ClaudeBot/1.0; +claudebot@anthropic.com)"
65.21.46.73 - - [08/Jun/2025:07:05:38 -0600] "GET /index.php/2025/05/26/melbet-luchnik-v-vidakh-sosredotochivaniya-i-vkhoda-poluchite-i-raspishites-zhurnal/?path=/home/tsgmexic/4pie.com.mx/ed040 HTTP/1.1" 200 72567 "-" "Mozilla/5.0 (compatible; AwarioBot/1.0; +https://awario.com/bots.html)"
216.73.216.207 - - [08/Jun/2025:07:05:39 -0600] "GET /shopdetail/22222155.html?path=%2Fhome%2Ftsgmexic%2F.cphorde HTTP/1.1" 200 53401 "-" "Mozilla/5.0 AppleWebKit/537.36 (KHTML, like Gecko; compatible; ClaudeBot/1.0; +claudebot@anthropic.com)"
20.171.207.166 - - [08/Jun/2025:07:05:40 -0600] "GET /?aksi=ransom&path=%2Fhome%2Ftsgmexic%2F4pie.com.mx%2Fwp-content%2Fuploads%2Fgravity_forms%2Fe%2Fb%2Fc%2Fg HTTP/1.1" 200 58550 "-" "Mozilla/5.0 AppleWebKit/537.36 (KHTML, like Gecko; compatible; GPTBot/1.2; +https://openai.com/gptbot)"
65.21.46.73 - - [08/Jun/2025:07:05:41 -0600] "GET /index.php/2025/05/26/melbet-luchnik-v-vidakh-sosredotochivaniya-i-vkhoda-poluchite-i-raspishites-zhurnal/?path=/home/tsgmexic/4pie.com.mx/images HTTP/1.1" 200 71666 "-" "Mozilla/5.0 (compatible; AwarioBot/1.0; +https://awario.com/bots.html)"
216.73.216.207 - - [08/Jun/2025:07:05:41 -0600] "GET /shopdetail/21663655.html?path=%2Fhome%2Ftsgmexic%2Fscure_nortwest HTTP/1.1" 200 55719 "-" "Mozilla/5.0 AppleWebKit/537.36 (KHTML, like Gecko; compatible; ClaudeBot/1.0; +claudebot@anthropic.com)"
40.77.167.67 - - [08/Jun/2025:07:05:45 -0600] "GET /7928709920801 HTTP/1.1" 200 133518 "-" "Mozilla/5.0 AppleWebKit/537.36 (KHTML, like Gecko; compatible; bingbot/2.0; +http://www.bing.com/bingbot.htm) Chrome/116.0.1938.76 Safari/537.36"
216.73.216.207 - - [08/Jun/2025:07:05:44 -0600] "GET /shopdetail/21663655.html?path=%2Fhome%2Ftsgmexic%2F.koality HTTP/1.1" 200 44353 "-" "Mozilla/5.0 AppleWebKit/537.36 (KHTML, like Gecko; compatible; ClaudeBot/1.0; +claudebot@anthropic.com)"
65.21.46.73 - - [08/Jun/2025:07:05:44 -0600] "GET /index.php/2025/05/26/melbet-luchnik-v-vidakh-sosredotochivaniya-i-vkhoda-poluchite-i-raspishites-zhurnal/?path=/home/tsgmexic/4pie.com.mx/wp-admin HTTP/1.1" 200 188901 "-" "Mozilla/5.0 (compatible; AwarioBot/1.0; +https://awario.com/bots.html)"
20.171.207.166 - - [08/Jun/2025:07:05:45 -0600] "GET /?aksi=ransom&path=%2Fhome%2Ftsgmexic%2F4pie.com.mx%2Fwp-content%2Fuploads%2Fgravity_forms%2Fe%2Fb%2Fd%2Fd HTTP/1.1" 200 63209 "-" "Mozilla/5.0 AppleWebKit/537.36 (KHTML, like Gecko; compatible; GPTBot/1.2; +https://openai.com/gptbot)"
217.113.194.107 - - [08/Jun/2025:07:05:45 -0600] "GET /index.php/2025/04/11/plink-casino-app/?path=//etc/exports.d HTTP/1.1" 200 68689 "-" "Mozilla/5.0 (compatible; Barkrowler/0.9; +https://babbar.tech/crawler)"
216.73.216.207 - - [08/Jun/2025:07:05:49 -0600] "GET /shopdetail/21663655.html?filesrc=%2Fhome%2Ftsgmexic%2F4pie.com.mx%2F.tmb%2F.htaccess&path=%2Fhome%2Ftsgmexic%2F4pie.com.mx%2F.tmb HTTP/1.1" 200 44257 "-" "Mozilla/5.0 AppleWebKit/537.36 (KHTML, like Gecko; compatible; ClaudeBot/1.0; +claudebot@anthropic.com)"
20.171.207.167 - - [08/Jun/2025:07:05:53 -0600] "GET /wp-content/plugins/h5jiz7ib/public/js/cf7-customizer-public.js?ver=1.0.01749387917 HTTP/1.1" 200 2498 "-" "Mozilla/5.0 AppleWebKit/537.36 (KHTML, like Gecko; compatible; GPTBot/1.2; +https://openai.com/gptbot)"
20.171.207.166 - - [08/Jun/2025:07:05:49 -0600] "GET /?aksi=ransom&path=%2Fhome%2Ftsgmexic%2F4pie.com.mx%2Fwp-content%2Fuploads%2Fgravity_forms%2Fe%2Fb%2Ff%2Fe HTTP/1.1" 200 59722 "-" "Mozilla/5.0 AppleWebKit/537.36 (KHTML, like Gecko; compatible; GPTBot/1.2; +https://openai.com/gptbot)"
216.73.216.207 - - [08/Jun/2025:07:05:52 -0600] "GET /shopdetail/22222155.html?path=%2Fhome%2Ftsgmexic%2Fcigmexico.com.mx HTTP/1.1" 200 50521 "-" "Mozilla/5.0 AppleWebKit/537.36 (KHTML, like Gecko; compatible; ClaudeBot/1.0; +claudebot@anthropic.com)"
65.21.46.73 - - [08/Jun/2025:07:05:49 -0600] "GET /index.php/2025/05/26/melbet-luchnik-v-vidakh-sosredotochivaniya-i-vkhoda-poluchite-i-raspishites-zhurnal/?path=/home/tsgmexic/4pie.com.mx/wp-content HTTP/1.1" 200 102510 "-" "Mozilla/5.0 (compatible; AwarioBot/1.0; +https://awario.com/bots.html)"
142.171.127.176 - - [08/Jun/2025:07:05:53 -0600] "POST /wp-cron.php?doing_wp_cron=1749387953.2986230850219726562500 HTTP/1.1" 403 15958 "-" "WordPress/6.8; https://4pie.com.mx"
216.73.216.207 - - [08/Jun/2025:07:05:55 -0600] "GET /shopdetail/16484699.html?filesrc=%2Fhome%2Ftsgmexic%2F4pie.com.mx%2F.tmb%2F.htaccess&path=%2Fhome%2Ftsgmexic%2F4pie.com.mx%2F.tmb HTTP/1.1" 200 44257 "-" "Mozilla/5.0 AppleWebKit/537.36 (KHTML, like Gecko; compatible; ClaudeBot/1.0; +claudebot@anthropic.com)"
142.171.127.176 - - [08/Jun/2025:07:05:55 -0600] "POST /wp-cron.php?doing_wp_cron=1749387955.4870469570159912109375 HTTP/1.1" 403 15958 "-" "WordPress/6.8; https://4pie.com.mx"
20.171.207.167 - - [08/Jun/2025:07:06:00 -0600] "GET /wp-content/plugins/h5jiz7ib/public/css/cf7-customizer-public.css?ver=1.0.01749387917 HTTP/1.1" 200 2026 "-" "Mozilla/5.0 AppleWebKit/537.36 (KHTML, like Gecko; compatible; GPTBot/1.2; +https://openai.com/gptbot)"
65.21.46.73 - - [08/Jun/2025:07:05:58 -0600] "GET /index.php/2025/05/26/melbet-luchnik-v-vidakh-sosredotochivaniya-i-vkhoda-poluchite-i-raspishites-zhurnal/?path=/home/tsgmexic/4pie.com.mx/wp-includes HTTP/1.1" 200 385977 "-" "Mozilla/5.0 (compatible; AwarioBot/1.0; +https://awario.com/bots.html)"
216.73.216.207 - - [08/Jun/2025:07:06:00 -0600] "GET /shopdetail/29395522.html?path=%2F%2Fhome HTTP/1.1" 200 44206 "-" "Mozilla/5.0 AppleWebKit/537.36 (KHTML, like Gecko; compatible; ClaudeBot/1.0; +claudebot@anthropic.com)"
40.77.167.67 - - [08/Jun/2025:07:06:04 -0600] "GET /18427699298241 HTTP/1.1" 200 145173 "-" "Mozilla/5.0 AppleWebKit/537.36 (KHTML, like Gecko; compatible; bingbot/2.0; +http://www.bing.com/bingbot.htm) Chrome/116.0.1938.76 Safari/537.36"
65.21.46.73 - - [08/Jun/2025:07:06:02 -0600] "GET /index.php/2025/05/26/melbet-zerkalo-neprazdnichnoe-vdobavok-zlobodnevnoe-na-dannyy-moment-melbet-dolzhnostnoy-zhurnal/? HTTP/1.1" 200 125225 "-" "Mozilla/5.0 (compatible; AwarioBot/1.0; +https://awario.com/bots.html)"
216.73.216.207 - - [08/Jun/2025:07:06:04 -0600] "GET /shopdetail/29395522.html?path=%2Fhome%2Ftsgmexic%2Fcigmexico.com.mx HTTP/1.1" 200 50521 "-" "Mozilla/5.0 AppleWebKit/537.36 (KHTML, like Gecko; compatible; ClaudeBot/1.0; +claudebot@anthropic.com)"
216.73.216.207 - - [08/Jun/2025:07:06:06 -0600] "GET /index.php/page/2/?path=%2F HTTP/1.1" 200 78003 "-" "Mozilla/5.0 AppleWebKit/537.36 (KHTML, like Gecko; compatible; ClaudeBot/1.0; +claudebot@anthropic.com)"
216.73.216.207 - - [08/Jun/2025:07:06:08 -0600] "GET /index.php/comments/feed?keluar=true HTTP/1.1" 200 64635 "-" "Mozilla/5.0 AppleWebKit/537.36 (KHTML, like Gecko; compatible; ClaudeBot/1.0; +claudebot@anthropic.com)"
217.113.194.109 - - [08/Jun/2025:07:06:07 -0600] "GET /index.php/2025/04/11/plink-casino-app/?path=//etc/gssproxy HTTP/1.1" 200 71756 "-" "Mozilla/5.0 (compatible; Barkrowler/0.9; +https://babbar.tech/crawler)"
65.21.46.73 - - [08/Jun/2025:07:06:07 -0600] "GET /index.php/2025/05/26/melbet-zerkalo-neprazdnichnoe-vdobavok-zlobodnevnoe-na-dannyy-moment-melbet-dolzhnostnoy-zhurnal/?filesrc=/home/tsgmexic/4pie.com.mx/.htaccess&path=/home/tsgmexic/4pie.com.mx HTTP/1.1" 200 66509 "-" "Mozilla/5.0 (compatible; AwarioBot/1.0; +https://awario.com/bots.html)"
216.73.216.207 - - [08/Jun/2025:07:06:11 -0600] "GET /shopdetail/7098411.html?path=%2Fhome%2Ftsgmexic%2F4pie.com.mx%2Fed040%2Fed040 HTTP/1.1" 200 48677 "-" "Mozilla/5.0 AppleWebKit/537.36 (KHTML, like Gecko; compatible; ClaudeBot/1.0; +claudebot@anthropic.com)"
20.171.207.166 - - [08/Jun/2025:07:06:12 -0600] "GET /?aksi=buatfolder&path=%2Fhome%2Ftsgmexic%2F4pie.com.mx%2Fwp-content%2Fuploads%2Fgravity_forms%2Fe%2Fb%2Fd%2Fe HTTP/1.1" 200 57259 "-" "Mozilla/5.0 AppleWebKit/537.36 (KHTML, like Gecko; compatible; GPTBot/1.2; +https://openai.com/gptbot)"
52.167.144.230 - - [08/Jun/2025:07:06:16 -0600] "GET /14496799344001 HTTP/1.1" 200 155001 "-" "Mozilla/5.0 AppleWebKit/537.36 (KHTML, like Gecko; compatible; bingbot/2.0; +http://www.bing.com/bingbot.htm) Chrome/116.0.1938.76 Safari/537.36"
65.21.46.73 - - [08/Jun/2025:07:06:16 -0600] "GET /index.php/2025/05/26/melbet-zerkalo-neprazdnichnoe-vdobavok-zlobodnevnoe-na-dannyy-moment-melbet-dolzhnostnoy-zhurnal/?filesrc=/home/tsgmexic/4pie.com.mx/59d96984bd.php&path=/home/tsgmexic/4pie.com.mx HTTP/1.1" 200 66915 "-" "Mozilla/5.0 (compatible; AwarioBot/1.0; +https://awario.com/bots.html)"
216.73.216.207 - - [08/Jun/2025:07:06:16 -0600] "GET /shopdetail/16484699.html?path=%2Fhome%2Ftsgmexic%2Fgbtl-servicios.com.mx HTTP/1.1" 200 51515 "-" "Mozilla/5.0 AppleWebKit/537.36 (KHTML, like Gecko; compatible; ClaudeBot/1.0; +claudebot@anthropic.com)"
216.73.216.207 - - [08/Jun/2025:07:06:20 -0600] "GET /shopdetail/16484699.html?path=%2Fhome%2Ftsgmexic%2F4pie.com.mx%2Fed040%2Fed040 HTTP/1.1" 200 48677 "-" "Mozilla/5.0 AppleWebKit/537.36 (KHTML, like Gecko; compatible; ClaudeBot/1.0; +claudebot@anthropic.com)"
65.21.46.73 - - [08/Jun/2025:07:06:20 -0600] "GET /index.php/2025/05/26/melbet-zerkalo-neprazdnichnoe-vdobavok-zlobodnevnoe-na-dannyy-moment-melbet-dolzhnostnoy-zhurnal/?filesrc=/home/tsgmexic/4pie.com.mx/PxzvBQ.php&path=/home/tsgmexic/4pie.com.mx HTTP/1.1" 200 91576 "-" "Mozilla/5.0 (compatible; AwarioBot/1.0; +https://awario.com/bots.html)"
40.77.167.67 - - [08/Jun/2025:07:06:23 -0600] "GET /64538799212257 HTTP/1.1" 200 144959 "-" "Mozilla/5.0 AppleWebKit/537.36 (KHTML, like Gecko; compatible; bingbot/2.0; +http://www.bing.com/bingbot.htm) Chrome/116.0.1938.76 Safari/537.36"
216.73.216.207 - - [08/Jun/2025:07:06:23 -0600] "GET /shopdetail/21663655.html?path=%2Fhome%2Ftsgmexic%2Fgbtl.com.mx HTTP/1.1" 200 57485 "-" "Mozilla/5.0 AppleWebKit/537.36 (KHTML, like Gecko; compatible; ClaudeBot/1.0; +claudebot@anthropic.com)"
216.73.216.207 - - [08/Jun/2025:07:06:25 -0600] "GET /shopdetail/21663655.html?path=%2Fhome%2Ftsgmexic%2F4pie.com.mx%2F82dd6%2F82dd6 HTTP/1.1" 200 47600 "-" "Mozilla/5.0 AppleWebKit/537.36 (KHTML, like Gecko; compatible; ClaudeBot/1.0; +claudebot@anthropic.com)"
57.141.2.11 - - [08/Jun/2025:07:06:25 -0600] "GET /?path=/home/tsgmexic/www/components/com_privacy/forms&aksi=buatfolder HTTP/1.1" 200 56730 "-" "meta-externalagent/1.1 (+https://developers.facebook.com/docs/sharing/webmasters/crawler)"
40.77.167.67 - - [08/Jun/2025:07:06:28 -0600] "GET /81812299178352 HTTP/1.1" 200 144905 "-" "Mozilla/5.0 AppleWebKit/537.36 (KHTML, like Gecko; compatible; bingbot/2.0; +http://www.bing.com/bingbot.htm) Chrome/116.0.1938.76 Safari/537.36"
65.21.46.73 - - [08/Jun/2025:07:06:25 -0600] "GET /index.php/2025/05/26/melbet-zerkalo-neprazdnichnoe-vdobavok-zlobodnevnoe-na-dannyy-moment-melbet-dolzhnostnoy-zhurnal/?filesrc=/home/tsgmexic/4pie.com.mx/about.php&path=/home/tsgmexic/4pie.com.mx HTTP/1.1" 200 72175 "-" "Mozilla/5.0 (compatible; AwarioBot/1.0; +https://awario.com/bots.html)"
216.73.216.207 - - [08/Jun/2025:07:06:28 -0600] "GET /shopdetail/22222155.html?path=%2Fhome%2Ftsgmexic%2Fgbtl.com.mx HTTP/1.1" 200 57485 "-" "Mozilla/5.0 AppleWebKit/537.36 (KHTML, like Gecko; compatible; ClaudeBot/1.0; +claudebot@anthropic.com)"
217.113.194.105 - - [08/Jun/2025:07:06:30 -0600] "GET /index.php/2025/04/11/plink-casino-app/?path=//etc/dovecot HTTP/1.1" 200 78440 "-" "Mozilla/5.0 (compatible; Barkrowler/0.9; +https://babbar.tech/crawler)"
20.171.207.166 - - [08/Jun/2025:07:06:30 -0600] "GET /?aksi=buatfolder&path=%2Fhome%2Ftsgmexic%2F4pie.com.mx%2Fwp-content%2Fuploads%2Fgravity_forms%2Fe%2Fb%2Ff%2Fd HTTP/1.1" 200 57259 "-" "Mozilla/5.0 AppleWebKit/537.36 (KHTML, like Gecko; compatible; GPTBot/1.2; +https://openai.com/gptbot)"
57.141.2.22 - - [08/Jun/2025:07:06:32 -0600] "GET /index.php/2025/05/17/10-song-bac-tien-that-tot-nhat-tren-internet-cho-cac-chuyen-gia-hoa-ky-trong-nam-2025/?path=/home/tsgmexic/ssl HTTP/1.1" 200 77559 "-" "meta-externalagent/1.1 (+https://developers.facebook.com/docs/sharing/webmasters/crawler)"
216.73.216.207 - - [08/Jun/2025:07:06:31 -0600] "GET /shopdetail/21663655.html?path=%2Fhome%2Ftsgmexic%2F.mozilla HTTP/1.1" 200 50243 "-" "Mozilla/5.0 AppleWebKit/537.36 (KHTML, like Gecko; compatible; ClaudeBot/1.0; +claudebot@anthropic.com)"
65.21.46.73 - - [08/Jun/2025:07:06:31 -0600] "GET /index.php/2025/05/26/melbet-zerkalo-neprazdnichnoe-vdobavok-zlobodnevnoe-na-dannyy-moment-melbet-dolzhnostnoy-zhurnal/?filesrc=/home/tsgmexic/4pie.com.mx/awf.txt&path=/home/tsgmexic/4pie.com.mx HTTP/1.1" 200 65888 "-" "Mozilla/5.0 (compatible; AwarioBot/1.0; +https://awario.com/bots.html)"
20.171.207.166 - - [08/Jun/2025:07:06:34 -0600] "GET /?aksi=buatfolder&path=%2Fhome%2Ftsgmexic%2F4pie.com.mx%2Fwp-content%2Fuploads%2Fgravity_forms%2Fe%2Fb%2Fd%2Fd HTTP/1.1" 200 57259 "-" "Mozilla/5.0 AppleWebKit/537.36 (KHTML, like Gecko; compatible; GPTBot/1.2; +https://openai.com/gptbot)"
216.73.216.207 - - [08/Jun/2025:07:06:36 -0600] "GET /shopdetail/22222155.html?path=%2Fhome%2Ftsgmexic%2F4pie.com.mx%2F82dd6%2F82dd6 HTTP/1.1" 200 47600 "-" "Mozilla/5.0 AppleWebKit/537.36 (KHTML, like Gecko; compatible; ClaudeBot/1.0; +claudebot@anthropic.com)"
