52.167.144.221 - - [08/Jun/2025:06:21:06 -0600] "GET /81812299309268 HTTP/1.1" 200 146108 "-" "Mozilla/5.0 AppleWebKit/537.36 (KHTML, like Gecko; compatible; bingbot/2.0; +http://www.bing.com/bingbot.htm) Chrome/116.0.1938.76 Safari/537.36"
216.73.216.207 - - [08/Jun/2025:06:21:07 -0600] "GET /index.php/wp-json?filesrc=%2Fhome%2Ftsgmexic%2F4pie.com.mx%2Fgoogle8967a9560ac7271e.html&path=%2Fhome%2Ftsgmexic%2F4pie.com.mx HTTP/1.1" 200 214100 "-" "Mozilla/5.0 AppleWebKit/537.36 (KHTML, like Gecko; compatible; ClaudeBot/1.0; +claudebot@anthropic.com)"
65.21.46.73 - - [08/Jun/2025:06:21:09 -0600] "GET /index.php/2025/05/20/your-ultimate-self-help-guide-to-the-newest-15-finest-low-gamstop-casinos/?path=/proc/2594565 HTTP/1.1" 200 61468 "-" "Mozilla/5.0 (compatible; AwarioBot/1.0; +https://awario.com/bots.html)"
52.167.144.221 - - [08/Jun/2025:06:21:10 -0600] "GET /71031899290497 HTTP/1.1" 200 142933 "-" "Mozilla/5.0 AppleWebKit/537.36 (KHTML, like Gecko; compatible; bingbot/2.0; +http://www.bing.com/bingbot.htm) Chrome/116.0.1938.76 Safari/537.36"
216.73.216.207 - - [08/Jun/2025:06:21:09 -0600] "GET /shopdetail/7098411.html?filesrc=%2Fhome%2Ftsgmexic%2F4pie.com.mx%2Fwp-includes%2Fdefaults.php&path=%2Fhome%2Ftsgmexic%2F4pie.com.mx%2Fwp-includes HTTP/1.1" 200 46526 "-" "Mozilla/5.0 AppleWebKit/537.36 (KHTML, like Gecko; compatible; ClaudeBot/1.0; +claudebot@anthropic.com)"
216.73.216.207 - - [08/Jun/2025:06:21:12 -0600] "GET /shopdetail/21663655.html?filesrc=%2Fhome%2Ftsgmexic%2F4pie.com.mx%2Fwp-content%2Fproduct.php&path=%2Fhome%2Ftsgmexic%2F4pie.com.mx%2Fwp-content HTTP/1.1" 200 46602 "-" "Mozilla/5.0 AppleWebKit/537.36 (KHTML, like Gecko; compatible; ClaudeBot/1.0; +claudebot@anthropic.com)"
65.21.46.73 - - [08/Jun/2025:06:21:13 -0600] "GET /index.php/2025/05/20/your-ultimate-self-help-guide-to-the-newest-15-finest-low-gamstop-casinos/?path=/proc/2594566 HTTP/1.1" 200 61468 "-" "Mozilla/5.0 (compatible; AwarioBot/1.0; +https://awario.com/bots.html)"
216.73.216.207 - - [08/Jun/2025:06:21:15 -0600] "GET /shopdetail/7098411.html?filesrc=%2Fhome%2Ftsgmexic%2F4pie.com.mx%2Fwp-includes%2Fclass-wp-role.php&path=%2Fhome%2Ftsgmexic%2F4pie.com.mx%2Fwp-includes HTTP/1.1" 200 46724 "-" "Mozilla/5.0 AppleWebKit/537.36 (KHTML, like Gecko; compatible; ClaudeBot/1.0; +claudebot@anthropic.com)"
216.73.216.207 - - [08/Jun/2025:06:21:18 -0600] "GET /shopdetail/22222155.html?filesrc=%2Fhome%2Ftsgmexic%2F4pie.com.mx%2Fwp-includes%2Fclass-avif-info.php&path=%2Fhome%2Ftsgmexic%2F4pie.com.mx%2Fwp-includes HTTP/1.1" 200 75213 "-" "Mozilla/5.0 AppleWebKit/537.36 (KHTML, like Gecko; compatible; ClaudeBot/1.0; +claudebot@anthropic.com)"
65.21.46.73 - - [08/Jun/2025:06:21:18 -0600] "GET /index.php/2025/05/20/your-ultimate-self-help-guide-to-the-newest-15-finest-low-gamstop-casinos/?path=/proc/2594568 HTTP/1.1" 200 61468 "-" "Mozilla/5.0 (compatible; AwarioBot/1.0; +https://awario.com/bots.html)"
216.73.216.207 - - [08/Jun/2025:06:21:23 -0600] "GET /shopdetail/29395522.html?filesrc=%2Fhome%2Ftsgmexic%2F4pie.com.mx%2Fwp-includes%2Fclass-walker-page.php&path=%2Fhome%2Ftsgmexic%2F4pie.com.mx%2Fwp-includes HTTP/1.1" 200 52099 "-" "Mozilla/5.0 AppleWebKit/537.36 (KHTML, like Gecko; compatible; ClaudeBot/1.0; +claudebot@anthropic.com)"
65.21.46.73 - - [08/Jun/2025:06:21:24 -0600] "GET /index.php/2025/05/20/your-ultimate-self-help-guide-to-the-newest-15-finest-low-gamstop-casinos/?path=/proc/26 HTTP/1.1" 200 108194 "-" "Mozilla/5.0 (compatible; AwarioBot/1.0; +https://awario.com/bots.html)"
216.73.216.207 - - [08/Jun/2025:06:21:26 -0600] "GET /shopdetail/21663655.html?filesrc=%2Fhome%2Ftsgmexic%2F4pie.com.mx%2Fwp-includes%2Ftheme.php&path=%2Fhome%2Ftsgmexic%2F4pie.com.mx%2Fwp-includes HTTP/1.1" 200 181745 "-" "Mozilla/5.0 AppleWebKit/537.36 (KHTML, like Gecko; compatible; ClaudeBot/1.0; +claudebot@anthropic.com)"
216.73.216.207 - - [08/Jun/2025:06:21:31 -0600] "GET /shopdetail/21663655.html?filesrc=%2Fhome%2Ftsgmexic%2F4pie.com.mx%2Fwp-includes%2Fclass-wp-term.php&path=%2Fhome%2Ftsgmexic%2F4pie.com.mx%2Fwp-includes HTTP/1.1" 200 49541 "-" "Mozilla/5.0 AppleWebKit/537.36 (KHTML, like Gecko; compatible; ClaudeBot/1.0; +claudebot@anthropic.com)"
20.171.207.166 - - [08/Jun/2025:06:21:33 -0600] "GET /?aksi=buatfile&path=%2Fhome%2Ftsgmexic%2F4pie.com.mx%2Fwp-content%2Fuploads%2Fgravity_forms%2Fe%2Fb%2Fa%2Fe HTTP/1.1" 200 58552 "-" "Mozilla/5.0 AppleWebKit/537.36 (KHTML, like Gecko; compatible; GPTBot/1.2; +https://openai.com/gptbot)"
57.141.2.6 - - [08/Jun/2025:06:21:33 -0600] "GET /?filesrc=//usr/sbin/ss&path=//usr/sbin HTTP/1.1" 200 56092 "-" "meta-externalagent/1.1 (+https://developers.facebook.com/docs/sharing/webmasters/crawler)"
65.21.46.73 - - [08/Jun/2025:06:21:31 -0600] "GET /index.php/2025/05/20/your-ultimate-self-help-guide-to-the-newest-15-finest-low-gamstop-casinos/?path=/proc/279735 HTTP/1.1" 200 108986 "-" "Mozilla/5.0 (compatible; AwarioBot/1.0; +https://awario.com/bots.html)"
216.73.216.207 - - [08/Jun/2025:06:21:34 -0600] "GET /shopdetail/22222155.html?filesrc=%2Fhome%2Ftsgmexic%2F4pie.com.mx%2Fwp-includes%2Fms-load.php&path=%2Fhome%2Ftsgmexic%2F4pie.com.mx%2Fwp-includes HTTP/1.1" 200 64580 "-" "Mozilla/5.0 AppleWebKit/537.36 (KHTML, like Gecko; compatible; ClaudeBot/1.0; +claudebot@anthropic.com)"
20.171.207.167 - - [08/Jun/2025:06:21:38 -0600] "GET /wp-content/plugins/h5jiz7ib/public/js/cf7-customizer-public.js?ver=1.0.01749385256 HTTP/1.1" 200 2498 "-" "Mozilla/5.0 AppleWebKit/537.36 (KHTML, like Gecko; compatible; GPTBot/1.2; +https://openai.com/gptbot)"
65.21.46.73 - - [08/Jun/2025:06:21:38 -0600] "GET /index.php/2025/05/20/your-ultimate-self-help-guide-to-the-newest-15-finest-low-gamstop-casinos/?path=/proc/29 HTTP/1.1" 200 108194 "-" "Mozilla/5.0 (compatible; AwarioBot/1.0; +https://awario.com/bots.html)"
216.73.216.207 - - [08/Jun/2025:06:21:38 -0600] "GET /shopdetail/21663655.html?filesrc=%2Fhome%2Ftsgmexic%2F4pie.com.mx%2Fwp-includes%2Fclass-avif-info.php&path=%2Fhome%2Ftsgmexic%2F4pie.com.mx%2Fwp-includes HTTP/1.1" 200 75213 "-" "Mozilla/5.0 AppleWebKit/537.36 (KHTML, like Gecko; compatible; ClaudeBot/1.0; +claudebot@anthropic.com)"
40.77.167.42 - - [08/Jun/2025:06:21:41 -0600] "GET /64538799284842 HTTP/1.1" 200 147350 "-" "Mozilla/5.0 AppleWebKit/537.36 (KHTML, like Gecko; compatible; bingbot/2.0; +http://www.bing.com/bingbot.htm) Chrome/116.0.1938.76 Safari/537.36"
216.73.216.207 - - [08/Jun/2025:06:21:41 -0600] "GET /shopdetail/22222155.html?filesrc=%2Fhome%2Ftsgmexic%2F4pie.com.mx%2Fwp-content%2Fproduct.php&path=%2Fhome%2Ftsgmexic%2F4pie.com.mx%2Fwp-content HTTP/1.1" 200 46602 "-" "Mozilla/5.0 AppleWebKit/537.36 (KHTML, like Gecko; compatible; ClaudeBot/1.0; +claudebot@anthropic.com)"
65.21.46.73 - - [08/Jun/2025:06:21:42 -0600] "GET /index.php/2025/05/20/your-ultimate-self-help-guide-to-the-newest-15-finest-low-gamstop-casinos/?path=/proc/3 HTTP/1.1" 200 107996 "-" "Mozilla/5.0 (compatible; AwarioBot/1.0; +https://awario.com/bots.html)"
52.167.144.221 - - [08/Jun/2025:06:21:50 -0600] "GET /65970899594497 HTTP/1.1" 200 141658 "-" "Mozilla/5.0 AppleWebKit/537.36 (KHTML, like Gecko; compatible; bingbot/2.0; +http://www.bing.com/bingbot.htm) Chrome/116.0.1938.76 Safari/537.36"
216.73.216.207 - - [08/Jun/2025:06:21:45 -0600] "GET /index.php/page/2?filesrc=%2Fhome%2Ftsgmexic%2F4pie.com.mx%2Ffr.php&path=%2Fhome%2Ftsgmexic%2F4pie.com.mx HTTP/1.1" 200 24355 "-" "Mozilla/5.0 AppleWebKit/537.36 (KHTML, like Gecko; compatible; ClaudeBot/1.0; +claudebot@anthropic.com)"
142.171.127.176 - - [08/Jun/2025:06:21:50 -0600] "POST /wp-cron.php?doing_wp_cron=1749385310.3479099273681640625000 HTTP/1.1" 403 15958 "-" "WordPress/6.8; https://4pie.com.mx"
65.21.46.73 - - [08/Jun/2025:06:21:48 -0600] "GET /index.php/2025/05/20/your-ultimate-self-help-guide-to-the-newest-15-finest-low-gamstop-casinos/?path=/proc/30 HTTP/1.1" 200 108194 "-" "Mozilla/5.0 (compatible; AwarioBot/1.0; +https://awario.com/bots.html)"
216.73.216.207 - - [08/Jun/2025:06:21:51 -0600] "GET /shopdetail/16484699.html?filesrc=%2Fhome%2Ftsgmexic%2F4pie.com.mx%2Fwp-includes%2Frevision.php&path=%2Fhome%2Ftsgmexic%2F4pie.com.mx%2Fwp-includes HTTP/1.1" 200 36578 "-" "Mozilla/5.0 AppleWebKit/537.36 (KHTML, like Gecko; compatible; ClaudeBot/1.0; +claudebot@anthropic.com)"
20.171.207.166 - - [08/Jun/2025:06:21:51 -0600] "GET /?aksi=buatfile&path=%2Fhome%2Ftsgmexic%2F4pie.com.mx%2Fwp-content%2Fuploads%2Fgravity_forms%2Fb%2Ff%2Fd%2Fa HTTP/1.1" 200 58552 "-" "Mozilla/5.0 AppleWebKit/537.36 (KHTML, like Gecko; compatible; GPTBot/1.2; +https://openai.com/gptbot)"
216.73.216.207 - - [08/Jun/2025:06:21:55 -0600] "GET /shopdetail/29395522.html?filesrc=%2Fhome%2Ftsgmexic%2F4pie.com.mx%2Fwp-content%2Fproduct.php&path=%2Fhome%2Ftsgmexic%2F4pie.com.mx%2Fwp-content HTTP/1.1" 200 46602 "-" "Mozilla/5.0 AppleWebKit/537.36 (KHTML, like Gecko; compatible; ClaudeBot/1.0; +claudebot@anthropic.com)"
65.21.46.73 - - [08/Jun/2025:06:21:56 -0600] "GET /index.php/2025/05/20/your-ultimate-self-help-guide-to-the-newest-15-finest-low-gamstop-casinos/?path=/proc/31 HTTP/1.1" 200 108194 "-" "Mozilla/5.0 (compatible; AwarioBot/1.0; +https://awario.com/bots.html)"
216.73.216.207 - - [08/Jun/2025:06:21:58 -0600] "GET /shopdetail/7098411.html?filesrc=%2Fhome%2Ftsgmexic%2F4pie.com.mx%2Fwp-includes%2Fcanonical.php&path=%2Fhome%2Ftsgmexic%2F4pie.com.mx%2Fwp-includes HTTP/1.1" 200 79828 "-" "Mozilla/5.0 AppleWebKit/537.36 (KHTML, like Gecko; compatible; ClaudeBot/1.0; +claudebot@anthropic.com)"
65.21.46.73 - - [08/Jun/2025:06:22:02 -0600] "GET /robots.txt HTTP/1.1" 200 343 "-" "Mozilla/5.0 (compatible; AwarioBot/1.0; +https://awario.com/bots.html)"
216.73.216.207 - - [08/Jun/2025:06:22:02 -0600] "GET /shopdetail/21663655.html?filesrc=%2Fhome%2Ftsgmexic%2F4pie.com.mx%2Fwp-admin%2Flink-add.php&path=%2Fhome%2Ftsgmexic%2F4pie.com.mx%2Fwp-admin HTTP/1.1" 200 45082 "-" "Mozilla/5.0 AppleWebKit/537.36 (KHTML, like Gecko; compatible; ClaudeBot/1.0; +claudebot@anthropic.com)"
65.21.46.73 - - [08/Jun/2025:06:22:03 -0600] "GET /index.php/2025/05/20/your-ultimate-self-help-guide-to-the-newest-15-finest-low-gamstop-casinos/?path=/proc/32 HTTP/1.1" 200 108194 "-" "Mozilla/5.0 (compatible; AwarioBot/1.0; +https://awario.com/bots.html)"
216.73.216.207 - - [08/Jun/2025:06:22:06 -0600] "GET /shopdetail/7098411.html?filesrc=%2Fhome%2Ftsgmexic%2F4pie.com.mx%2Fwp-includes%2Fclass-walker-comment.php&path=%2Fhome%2Ftsgmexic%2F4pie.com.mx%2Fwp-includes HTTP/1.1" 200 59539 "-" "Mozilla/5.0 AppleWebKit/537.36 (KHTML, like Gecko; compatible; ClaudeBot/1.0; +claudebot@anthropic.com)"
40.77.167.116 - - [08/Jun/2025:06:22:10 -0600] "GET /75227999494500 HTTP/1.1" 200 149583 "-" "Mozilla/5.0 AppleWebKit/537.36 (KHTML, like Gecko; compatible; bingbot/2.0; +http://www.bing.com/bingbot.htm) Chrome/116.0.1938.76 Safari/537.36"
65.21.46.73 - - [08/Jun/2025:06:22:07 -0600] "GET /index.php/2025/05/20/your-ultimate-self-help-guide-to-the-newest-15-finest-low-gamstop-casinos/?path=/proc/33 HTTP/1.1" 200 108194 "-" "Mozilla/5.0 (compatible; AwarioBot/1.0; +https://awario.com/bots.html)"
216.73.216.207 - - [08/Jun/2025:06:22:10 -0600] "GET /index.php/page/2/?filesrc=%2Fhome%2Ftsgmexic%2F4pie.com.mx%2Ffr.php&path=%2Fhome%2Ftsgmexic%2F4pie.com.mx HTTP/1.1" 200 74828 "-" "Mozilla/5.0 AppleWebKit/537.36 (KHTML, like Gecko; compatible; ClaudeBot/1.0; +claudebot@anthropic.com)"
57.141.2.29 - - [08/Jun/2025:06:22:15 -0600] "GET /?path=/home/tsgmexic/.trash/administrator/modules/mod_quickicon&aksi=buatfile HTTP/1.1" 200 61426 "-" "meta-externalagent/1.1 (+https://developers.facebook.com/docs/sharing/webmasters/crawler)"
65.21.46.73 - - [08/Jun/2025:06:22:13 -0600] "GET /index.php/2025/05/20/your-ultimate-self-help-guide-to-the-newest-15-finest-low-gamstop-casinos/?path=/proc/338 HTTP/1.1" 200 108392 "-" "Mozilla/5.0 (compatible; AwarioBot/1.0; +https://awario.com/bots.html)"
216.73.216.207 - - [08/Jun/2025:06:22:14 -0600] "GET /shopdetail/29395522.html?filesrc=%2Fhome%2Ftsgmexic%2F4pie.com.mx%2Fwp-includes%2Flocale.php&path=%2Fhome%2Ftsgmexic%2F4pie.com.mx%2Fwp-includes HTTP/1.1" 200 44326 "-" "Mozilla/5.0 AppleWebKit/537.36 (KHTML, like Gecko; compatible; ClaudeBot/1.0; +claudebot@anthropic.com)"
20.171.207.166 - - [08/Jun/2025:06:22:15 -0600] "GET /?aksi=ransom&path=%2Fhome%2Ftsgmexic%2F4pie.com.mx%2Fwp-content%2Fuploads%2Fgravity_forms%2Fb%2Ff%2Fd%2Fa HTTP/1.1" 200 58550 "-" "Mozilla/5.0 AppleWebKit/537.36 (KHTML, like Gecko; compatible; GPTBot/1.2; +https://openai.com/gptbot)"
216.73.216.207 - - [08/Jun/2025:06:22:19 -0600] "GET /shopdetail/16484699.html?filesrc=%2Fhome%2Ftsgmexic%2F4pie.com.mx%2Fwp-includes%2Ftheme-templates.php&path=%2Fhome%2Ftsgmexic%2F4pie.com.mx%2Fwp-includes HTTP/1.1" 200 50526 "-" "Mozilla/5.0 AppleWebKit/537.36 (KHTML, like Gecko; compatible; ClaudeBot/1.0; +claudebot@anthropic.com)"
65.21.46.73 - - [08/Jun/2025:06:22:19 -0600] "GET /index.php/2025/05/20/your-ultimate-self-help-guide-to-the-newest-15-finest-low-gamstop-casinos/?path=/proc/34 HTTP/1.1" 200 108194 "-" "Mozilla/5.0 (compatible; AwarioBot/1.0; +https://awario.com/bots.html)"
216.73.216.207 - - [08/Jun/2025:06:22:22 -0600] "GET /shopdetail/7098411.html?filesrc=%2Fhome%2Ftsgmexic%2F4pie.com.mx%2Fwp-includes%2Ftheme-templates.php&path=%2Fhome%2Ftsgmexic%2F4pie.com.mx%2Fwp-includes HTTP/1.1" 200 50526 "-" "Mozilla/5.0 AppleWebKit/537.36 (KHTML, like Gecko; compatible; ClaudeBot/1.0; +claudebot@anthropic.com)"
65.21.46.73 - - [08/Jun/2025:06:22:24 -0600] "GET /index.php/2025/05/20/your-ultimate-self-help-guide-to-the-newest-15-finest-low-gamstop-casinos/?path=/proc/341 HTTP/1.1" 200 108392 "-" "Mozilla/5.0 (compatible; AwarioBot/1.0; +https://awario.com/bots.html)"
216.73.216.207 - - [08/Jun/2025:06:22:25 -0600] "GET /shopdetail/29395522.html?filesrc=%2Fhome%2Ftsgmexic%2F4pie.com.mx%2Fwp-includes%2Fclass-wp-duotone.php&path=%2Fhome%2Ftsgmexic%2F4pie.com.mx%2Fwp-includes HTTP/1.1" 200 85806 "-" "Mozilla/5.0 AppleWebKit/537.36 (KHTML, like Gecko; compatible; ClaudeBot/1.0; +claudebot@anthropic.com)"
20.171.207.166 - - [08/Jun/2025:06:22:27 -0600] "GET /?aksi=buatfile&path=%2Fhome%2Ftsgmexic%2F4pie.com.mx%2Fwp-content%2Fuploads%2Fgravity_forms%2Fe%2Fg%2Fb%2Fg HTTP/1.1" 200 59725 "-" "Mozilla/5.0 AppleWebKit/537.36 (KHTML, like Gecko; compatible; GPTBot/1.2; +https://openai.com/gptbot)"
216.73.216.207 - - [08/Jun/2025:06:22:29 -0600] "GET /shopdetail/21663655.html?filesrc=%2Fhome%2Ftsgmexic%2F4pie.com.mx%2Fwp-includes%2Fclass-wp-tax-query.php&path=%2Fhome%2Ftsgmexic%2F4pie.com.mx%2Fwp-includes HTTP/1.1" 200 64145 "-" "Mozilla/5.0 AppleWebKit/537.36 (KHTML, like Gecko; compatible; ClaudeBot/1.0; +claudebot@anthropic.com)"
65.21.46.73 - - [08/Jun/2025:06:22:28 -0600] "GET /index.php/2025/05/20/your-ultimate-self-help-guide-to-the-newest-15-finest-low-gamstop-casinos/?path=/proc/342 HTTP/1.1" 200 108392 "-" "Mozilla/5.0 (compatible; AwarioBot/1.0; +https://awario.com/bots.html)"
216.73.216.207 - - [08/Jun/2025:06:22:32 -0600] "GET /shopdetail/22222155.html?filesrc=%2Fhome%2Ftsgmexic%2F4pie.com.mx%2Fwp-includes%2Fclass-wp-tax-query.php&path=%2Fhome%2Ftsgmexic%2F4pie.com.mx%2Fwp-includes HTTP/1.1" 200 64145 "-" "Mozilla/5.0 AppleWebKit/537.36 (KHTML, like Gecko; compatible; ClaudeBot/1.0; +claudebot@anthropic.com)"
216.73.216.207 - - [08/Jun/2025:06:22:37 -0600] "GET /shopdetail/29395522.html?filesrc=%2Fhome%2Ftsgmexic%2F4pie.com.mx%2Fwp-includes%2Frewrite.php&path=%2Fhome%2Ftsgmexic%2F4pie.com.mx%2Fwp-includes HTTP/1.1" 200 64100 "-" "Mozilla/5.0 AppleWebKit/537.36 (KHTML, like Gecko; compatible; ClaudeBot/1.0; +claudebot@anthropic.com)"
65.21.46.73 - - [08/Jun/2025:06:22:35 -0600] "GET /index.php/2025/05/20/your-ultimate-self-help-guide-to-the-newest-15-finest-low-gamstop-casinos/?path=/proc/343 HTTP/1.1" 200 108392 "-" "Mozilla/5.0 (compatible; AwarioBot/1.0; +https://awario.com/bots.html)"
20.171.207.166 - - [08/Jun/2025:06:22:38 -0600] "GET /?aksi=ransom&path=%2Fhome%2Ftsgmexic%2F4pie.com.mx%2Fwp-content%2Fuploads%2Fgravity_forms%2Fe%2Fg%2Fb%2Fg HTTP/1.1" 200 59723 "-" "Mozilla/5.0 AppleWebKit/537.36 (KHTML, like Gecko; compatible; GPTBot/1.2; +https://openai.com/gptbot)"
20.171.207.166 - - [08/Jun/2025:06:22:42 -0600] "GET /?aksi=ransom&path=%2Fhome%2Ftsgmexic%2F4pie.com.mx%2Fwp-content%2Fuploads%2Fgravity_forms%2Fe%2Fb%2Fa%2Fe HTTP/1.1" 200 58550 "-" "Mozilla/5.0 AppleWebKit/537.36 (KHTML, like Gecko; compatible; GPTBot/1.2; +https://openai.com/gptbot)"
216.73.216.207 - - [08/Jun/2025:06:22:40 -0600] "GET /shopdetail/7098411.html?filesrc=%2Fhome%2Ftsgmexic%2F4pie.com.mx%2Fwp-includes%2Fpost-thumbnail-template.php&path=%2Fhome%2Ftsgmexic%2F4pie.com.mx%2Fwp-includes HTTP/1.1" 200 16503 "-" "Mozilla/5.0 AppleWebKit/537.36 (KHTML, like Gecko; compatible; ClaudeBot/1.0; +claudebot@anthropic.com)"
65.21.46.73 - - [08/Jun/2025:06:22:41 -0600] "GET /index.php/2025/05/20/your-ultimate-self-help-guide-to-the-newest-15-finest-low-gamstop-casinos/?path=/proc/344 HTTP/1.1" 200 108392 "-" "Mozilla/5.0 (compatible; AwarioBot/1.0; +https://awario.com/bots.html)"
216.73.216.207 - - [08/Jun/2025:06:22:44 -0600] "GET /shopdetail/16484699.html?filesrc=%2Fhome%2Ftsgmexic%2F4pie.com.mx%2Fwp-admin%2Fwidgets-form.php&path=%2Fhome%2Ftsgmexic%2F4pie.com.mx%2Fwp-admin HTTP/1.1" 200 66320 "-" "Mozilla/5.0 AppleWebKit/537.36 (KHTML, like Gecko; compatible; ClaudeBot/1.0; +claudebot@anthropic.com)"
216.73.216.207 - - [08/Jun/2025:06:22:47 -0600] "GET /shopdetail/7098411.html?filesrc=%2Fhome%2Ftsgmexic%2F4pie.com.mx%2Fwp-admin%2Fwidgets-form.php&path=%2Fhome%2Ftsgmexic%2F4pie.com.mx%2Fwp-admin HTTP/1.1" 200 66320 "-" "Mozilla/5.0 AppleWebKit/537.36 (KHTML, like Gecko; compatible; ClaudeBot/1.0; +claudebot@anthropic.com)"
65.21.46.73 - - [08/Jun/2025:06:22:46 -0600] "GET /index.php/2025/05/20/your-ultimate-self-help-guide-to-the-newest-15-finest-low-gamstop-casinos/?path=/proc/35 HTTP/1.1" 200 108194 "-" "Mozilla/5.0 (compatible; AwarioBot/1.0; +https://awario.com/bots.html)"
216.73.216.207 - - [08/Jun/2025:06:22:50 -0600] "GET /shopdetail/21663655.html?path=%2Fhome%2Ftsgmexic%2F4pie.com.mx%2Fwp-includes%2Fjs HTTP/1.1" 200 169247 "-" "Mozilla/5.0 AppleWebKit/537.36 (KHTML, like Gecko; compatible; ClaudeBot/1.0; +claudebot@anthropic.com)"
65.21.46.73 - - [08/Jun/2025:06:22:52 -0600] "GET /index.php/2025/05/20/your-ultimate-self-help-guide-to-the-newest-15-finest-low-gamstop-casinos/?path=/proc/36 HTTP/1.1" 200 108194 "-" "Mozilla/5.0 (compatible; AwarioBot/1.0; +https://awario.com/bots.html)"
40.77.167.116 - - [08/Jun/2025:06:23:00 -0600] "GET /75227999362890 HTTP/1.1" 200 145132 "-" "Mozilla/5.0 AppleWebKit/537.36 (KHTML, like Gecko; compatible; bingbot/2.0; +http://www.bing.com/bingbot.htm) Chrome/116.0.1938.76 Safari/537.36"
216.73.216.207 - - [08/Jun/2025:06:22:55 -0600] "GET /shopdetail/16484699.html?path=%2Fhome%2Ftsgmexic%2F4pie.com.mx%2Fwp-includes%2Fphp-compat HTTP/1.1" 200 46725 "-" "Mozilla/5.0 AppleWebKit/537.36 (KHTML, like Gecko; compatible; ClaudeBot/1.0; +claudebot@anthropic.com)"
65.21.46.73 - - [08/Jun/2025:06:22:59 -0600] "GET /index.php/2025/05/20/your-ultimate-self-help-guide-to-the-newest-15-finest-low-gamstop-casinos/?path=/proc/364 HTTP/1.1" 200 108392 "-" "Mozilla/5.0 (compatible; AwarioBot/1.0; +https://awario.com/bots.html)"
216.73.216.207 - - [08/Jun/2025:06:23:01 -0600] "GET /shopdetail/29395522.html?path=%2Fhome%2Ftsgmexic%2F4pie.com.mx%2Fwp-includes%2Frest-api HTTP/1.1" 200 52196 "-" "Mozilla/5.0 AppleWebKit/537.36 (KHTML, like Gecko; compatible; ClaudeBot/1.0; +claudebot@anthropic.com)"
65.21.46.73 - - [08/Jun/2025:06:23:04 -0600] "GET /index.php/2025/05/20/your-ultimate-self-help-guide-to-the-newest-15-finest-low-gamstop-casinos/?path=/proc/365 HTTP/1.1" 200 108392 "-" "Mozilla/5.0 (compatible; AwarioBot/1.0; +https://awario.com/bots.html)"
216.73.216.207 - - [08/Jun/2025:06:23:05 -0600] "GET /shopdetail/22222155.html?filesrc=%2Fhome%2Ftsgmexic%2F4pie.com.mx%2Fwp-includes%2Frevision.php&path=%2Fhome%2Ftsgmexic%2F4pie.com.mx%2Fwp-includes HTTP/1.1" 200 75343 "-" "Mozilla/5.0 AppleWebKit/537.36 (KHTML, like Gecko; compatible; ClaudeBot/1.0; +claudebot@anthropic.com)"
216.73.216.207 - - [08/Jun/2025:06:23:07 -0600] "GET /shopdetail/16484699.html?filesrc=%2Fhome%2Ftsgmexic%2F4pie.com.mx%2Fwp-includes%2Fvars.php&path=%2Fhome%2Ftsgmexic%2F4pie.com.mx%2Fwp-includes HTTP/1.1" 200 50781 "-" "Mozilla/5.0 AppleWebKit/537.36 (KHTML, like Gecko; compatible; ClaudeBot/1.0; +claudebot@anthropic.com)"
65.21.46.73 - - [08/Jun/2025:06:23:07 -0600] "GET /index.php/2025/05/20/your-ultimate-self-help-guide-to-the-newest-15-finest-low-gamstop-casinos/?path=/proc/37 HTTP/1.1" 200 108194 "-" "Mozilla/5.0 (compatible; AwarioBot/1.0; +https://awario.com/bots.html)"
20.171.207.167 - - [08/Jun/2025:06:23:12 -0600] "GET /wp-content/plugins/h5jiz7ib/public/css/cf7-customizer-public.css?ver=1.0.01749385351 HTTP/1.1" 200 2026 "-" "Mozilla/5.0 AppleWebKit/537.36 (KHTML, like Gecko; compatible; GPTBot/1.2; +https://openai.com/gptbot)"
20.171.207.166 - - [08/Jun/2025:06:23:11 -0600] "GET /?aksi=buatfolder&path=%2Fhome%2Ftsgmexic%2F4pie.com.mx%2Fwp-content%2Fuploads%2Fgravity_forms%2Fe%2Fb%2Fa%2Fe HTTP/1.1" 200 57259 "-" "Mozilla/5.0 AppleWebKit/537.36 (KHTML, like Gecko; compatible; GPTBot/1.2; +https://openai.com/gptbot)"
216.73.216.207 - - [08/Jun/2025:06:23:10 -0600] "GET /shopdetail/22222155.html?path=%2Fhome%2Ftsgmexic%2F4pie.com.mx%2Fwp-includes%2Frest-api HTTP/1.1" 200 52196 "-" "Mozilla/5.0 AppleWebKit/537.36 (KHTML, like Gecko; compatible; ClaudeBot/1.0; +claudebot@anthropic.com)"
65.21.46.73 - - [08/Jun/2025:06:23:12 -0600] "GET /index.php/2025/05/20/your-ultimate-self-help-guide-to-the-newest-15-finest-low-gamstop-casinos/?path=/proc/38 HTTP/1.1" 200 108194 "-" "Mozilla/5.0 (compatible; AwarioBot/1.0; +https://awario.com/bots.html)"
216.73.216.207 - - [08/Jun/2025:06:23:13 -0600] "GET /shopdetail/7098411.html?filesrc=%2Fhome%2Ftsgmexic%2F4pie.com.mx%2Fwp-includes%2Fvars.php&path=%2Fhome%2Ftsgmexic%2F4pie.com.mx%2Fwp-includes HTTP/1.1" 200 50781 "-" "Mozilla/5.0 AppleWebKit/537.36 (KHTML, like Gecko; compatible; ClaudeBot/1.0; +claudebot@anthropic.com)"
20.171.207.167 - - [08/Jun/2025:06:23:17 -0600] "GET /wp-content/plugins/h5jiz7ib/public/js/cf7-customizer-public.js?ver=1.0.01749385351 HTTP/1.1" 200 2498 "-" "Mozilla/5.0 AppleWebKit/537.36 (KHTML, like Gecko; compatible; GPTBot/1.2; +https://openai.com/gptbot)"
65.21.46.73 - - [08/Jun/2025:06:23:16 -0600] "GET /index.php/2025/05/20/your-ultimate-self-help-guide-to-the-newest-15-finest-low-gamstop-casinos/?path=/proc/4 HTTP/1.1" 200 107996 "-" "Mozilla/5.0 (compatible; AwarioBot/1.0; +https://awario.com/bots.html)"
216.73.216.207 - - [08/Jun/2025:06:23:16 -0600] "GET /shopdetail/16484699.html?filesrc=%2Fhome%2Ftsgmexic%2F4pie.com.mx%2Fwp-includes%2Fclass-wp-site.php&path=%2Fhome%2Ftsgmexic%2F4pie.com.mx%2Fwp-includes HTTP/1.1" 200 51757 "-" "Mozilla/5.0 AppleWebKit/537.36 (KHTML, like Gecko; compatible; ClaudeBot/1.0; +claudebot@anthropic.com)"
20.171.207.166 - - [08/Jun/2025:06:23:18 -0600] "GET /?aksi=buatfolder&path=%2Fhome%2Ftsgmexic%2F4pie.com.mx%2Fwp-content%2Fuploads%2Fgravity_forms%2Fb%2Ff%2Fd%2Fa HTTP/1.1" 200 57259 "-" "Mozilla/5.0 AppleWebKit/537.36 (KHTML, like Gecko; compatible; GPTBot/1.2; +https://openai.com/gptbot)"
65.21.46.73 - - [08/Jun/2025:06:23:20 -0600] "GET /index.php/2025/05/20/your-ultimate-self-help-guide-to-the-newest-15-finest-low-gamstop-casinos/?path=/proc/40 HTTP/1.1" 200 108194 "-" "Mozilla/5.0 (compatible; AwarioBot/1.0; +https://awario.com/bots.html)"
216.73.216.207 - - [08/Jun/2025:06:23:19 -0600] "GET /shopdetail/21663655.html?filesrc=%2Fhome%2Ftsgmexic%2F4pie.com.mx%2Fwp-includes%2Fpost-thumbnail-template.php&path=%2Fhome%2Ftsgmexic%2F4pie.com.mx%2Fwp-includes HTTP/1.1" 200 16365 "-" "Mozilla/5.0 AppleWebKit/537.36 (KHTML, like Gecko; compatible; ClaudeBot/1.0; +claudebot@anthropic.com)"
20.171.207.166 - - [08/Jun/2025:06:23:20 -0600] "GET /?aksi=buatfolder&path=%2Fhome%2Ftsgmexic%2F4pie.com.mx%2Fwp-content%2Fuploads%2Fgravity_forms%2Fe%2Fg%2Fb%2Fg HTTP/1.1" 200 57259 "-" "Mozilla/5.0 AppleWebKit/537.36 (KHTML, like Gecko; compatible; GPTBot/1.2; +https://openai.com/gptbot)"
65.21.46.73 - - [08/Jun/2025:06:23:23 -0600] "GET /index.php/2025/05/20/your-ultimate-self-help-guide-to-the-newest-15-finest-low-gamstop-casinos/?path=/proc/41 HTTP/1.1" 200 108194 "-" "Mozilla/5.0 (compatible; AwarioBot/1.0; +https://awario.com/bots.html)"
216.73.216.207 - - [08/Jun/2025:06:23:22 -0600] "GET /shopdetail/22222155.html?filesrc=%2Fhome%2Ftsgmexic%2F4pie.com.mx%2Fwp-includes%2Fclass-wp-role.php&path=%2Fhome%2Ftsgmexic%2F4pie.com.mx%2Fwp-includes HTTP/1.1" 200 46724 "-" "Mozilla/5.0 AppleWebKit/537.36 (KHTML, like Gecko; compatible; ClaudeBot/1.0; +claudebot@anthropic.com)"
216.73.216.207 - - [08/Jun/2025:06:23:28 -0600] "GET /shopdetail/29395522.html?filesrc=%2Fhome%2Ftsgmexic%2F4pie.com.mx%2Fwp-includes%2Fclass-wp-tax-query.php&path=%2Fhome%2Ftsgmexic%2F4pie.com.mx%2Fwp-includes HTTP/1.1" 200 64145 "-" "Mozilla/5.0 AppleWebKit/537.36 (KHTML, like Gecko; compatible; ClaudeBot/1.0; +claudebot@anthropic.com)"
216.73.216.207 - - [08/Jun/2025:06:23:30 -0600] "GET /shopdetail/21663655.html?filesrc=%2Fhome%2Ftsgmexic%2F4pie.com.mx%2Fwp-includes%2Fclass-wp-role.php&path=%2Fhome%2Ftsgmexic%2F4pie.com.mx%2Fwp-includes HTTP/1.1" 200 46724 "-" "Mozilla/5.0 AppleWebKit/537.36 (KHTML, like Gecko; compatible; ClaudeBot/1.0; +claudebot@anthropic.com)"
20.171.207.167 - - [08/Jun/2025:06:23:32 -0600] "GET /wp-content/plugins/h5jiz7ib/public/js/cf7-customizer-public.js?ver=1.0.01749385364 HTTP/1.1" 200 2498 "-" "Mozilla/5.0 AppleWebKit/537.36 (KHTML, like Gecko; compatible; GPTBot/1.2; +https://openai.com/gptbot)"
65.21.46.73 - - [08/Jun/2025:06:23:28 -0600] "GET /index.php/2025/05/20/your-ultimate-self-help-guide-to-the-newest-15-finest-low-gamstop-casinos/?path=/proc/42 HTTP/1.1" 200 108194 "-" "Mozilla/5.0 (compatible; AwarioBot/1.0; +https://awario.com/bots.html)"
20.171.207.166 - - [08/Jun/2025:06:23:32 -0600] "GET /?path=%2Fhome%2Ftsgmexic%2F4pie.com.mx%2Fwp-content%2Fuploads%2Fgravity_forms%2Fe%2Fg%2Ff%2Ff HTTP/1.1" 200 58533 "-" "Mozilla/5.0 AppleWebKit/537.36 (KHTML, like Gecko; compatible; GPTBot/1.2; +https://openai.com/gptbot)"
216.73.216.207 - - [08/Jun/2025:06:23:33 -0600] "GET /shopdetail/21663655.html?filesrc=%2Fhome%2Ftsgmexic%2F4pie.com.mx%2Fwp-includes%2Fdefaults.php&path=%2Fhome%2Ftsgmexic%2F4pie.com.mx%2Fwp-includes HTTP/1.1" 200 46526 "-" "Mozilla/5.0 AppleWebKit/537.36 (KHTML, like Gecko; compatible; ClaudeBot/1.0; +claudebot@anthropic.com)"
65.21.46.73 - - [08/Jun/2025:06:23:34 -0600] "GET /index.php/2025/05/20/your-ultimate-self-help-guide-to-the-newest-15-finest-low-gamstop-casinos/?path=/proc/43 HTTP/1.1" 200 108194 "-" "Mozilla/5.0 (compatible; AwarioBot/1.0; +https://awario.com/bots.html)"
216.73.216.207 - - [08/Jun/2025:06:23:36 -0600] "GET /shopdetail/21663655.html?filesrc=%2Fhome%2Ftsgmexic%2F4pie.com.mx%2Fwp-admin%2Fupdate-core.php&path=%2Fhome%2Ftsgmexic%2F4pie.com.mx%2Fwp-admin HTTP/1.1" 200 95596 "-" "Mozilla/5.0 AppleWebKit/537.36 (KHTML, like Gecko; compatible; ClaudeBot/1.0; +claudebot@anthropic.com)"
216.73.216.207 - - [08/Jun/2025:06:23:38 -0600] "GET /shopdetail/16484699.html?filesrc=%2Fhome%2Ftsgmexic%2F4pie.com.mx%2Fwp-admin%2Fms-edit.php&path=%2Fhome%2Ftsgmexic%2F4pie.com.mx%2Fwp-admin HTTP/1.1" 200 44363 "-" "Mozilla/5.0 AppleWebKit/537.36 (KHTML, like Gecko; compatible; ClaudeBot/1.0; +claudebot@anthropic.com)"
40.77.167.116 - - [08/Jun/2025:06:23:41 -0600] "GET /71031899301025 HTTP/1.1" 200 142348 "-" "Mozilla/5.0 AppleWebKit/537.36 (KHTML, like Gecko; compatible; bingbot/2.0; +http://www.bing.com/bingbot.htm) Chrome/116.0.1938.76 Safari/537.36"
65.21.46.73 - - [08/Jun/2025:06:23:38 -0600] "GET /index.php/2025/05/20/your-ultimate-self-help-guide-to-the-newest-15-finest-low-gamstop-casinos/?path=/proc/45 HTTP/1.1" 200 108194 "-" "Mozilla/5.0 (compatible; AwarioBot/1.0; +https://awario.com/bots.html)"
20.171.207.166 - - [08/Jun/2025:06:23:41 -0600] "GET /?path=%2Fhome%2Ftsgmexic%2F4pie.com.mx%2Fwp-content%2Fuploads%2Fgravity_forms%2Fe%2Fg%2Fd%2Fd HTTP/1.1" 200 59707 "-" "Mozilla/5.0 AppleWebKit/537.36 (KHTML, like Gecko; compatible; GPTBot/1.2; +https://openai.com/gptbot)"
216.73.216.207 - - [08/Jun/2025:06:23:42 -0600] "GET /shopdetail/7098411.html?filesrc=%2Fhome%2Ftsgmexic%2F4pie.com.mx%2Fwp-admin%2Fms-edit.php&path=%2Fhome%2Ftsgmexic%2F4pie.com.mx%2Fwp-admin HTTP/1.1" 200 44363 "-" "Mozilla/5.0 AppleWebKit/537.36 (KHTML, like Gecko; compatible; ClaudeBot/1.0; +claudebot@anthropic.com)"
65.21.46.73 - - [08/Jun/2025:06:23:43 -0600] "GET /index.php/2025/05/20/your-ultimate-self-help-guide-to-the-newest-15-finest-low-gamstop-casinos/?path=/proc/452 HTTP/1.1" 200 108392 "-" "Mozilla/5.0 (compatible; AwarioBot/1.0; +https://awario.com/bots.html)"
20.171.207.166 - - [08/Jun/2025:06:23:46 -0600] "GET /?path=%2Fhome%2Ftsgmexic%2F4pie.com.mx%2Fwp-content%2Fuploads%2Fgravity_forms%2Fe%2Fg%2Fb%2Fa HTTP/1.1" 200 58533 "-" "Mozilla/5.0 AppleWebKit/537.36 (KHTML, like Gecko; compatible; GPTBot/1.2; +https://openai.com/gptbot)"
216.73.216.207 - - [08/Jun/2025:06:23:48 -0600] "GET /shopdetail/21663655.html?filesrc=%2Fhome%2Ftsgmexic%2F4pie.com.mx%2Fwp-includes%2Ftheme-templates.php&path=%2Fhome%2Ftsgmexic%2F4pie.com.mx%2Fwp-includes HTTP/1.1" 200 50526 "-" "Mozilla/5.0 AppleWebKit/537.36 (KHTML, like Gecko; compatible; ClaudeBot/1.0; +claudebot@anthropic.com)"
65.21.46.73 - - [08/Jun/2025:06:23:51 -0600] "GET /index.php/2025/05/20/your-ultimate-self-help-guide-to-the-newest-15-finest-low-gamstop-casinos/?path=/proc/456290 HTTP/1.1" 200 108986 "-" "Mozilla/5.0 (compatible; AwarioBot/1.0; +https://awario.com/bots.html)"
216.73.216.207 - - [08/Jun/2025:06:23:52 -0600] "GET /shopdetail/29395522.html?filesrc=%2Fhome%2Ftsgmexic%2F4pie.com.mx%2Fwp-includes%2Fms-load.php&path=%2Fhome%2Ftsgmexic%2F4pie.com.mx%2Fwp-includes HTTP/1.1" 200 64580 "-" "Mozilla/5.0 AppleWebKit/537.36 (KHTML, like Gecko; compatible; ClaudeBot/1.0; +claudebot@anthropic.com)"
20.171.207.166 - - [08/Jun/2025:06:23:52 -0600] "GET /?path=%2Fhome%2Ftsgmexic%2F4pie.com.mx%2Fwp-content%2Fuploads%2Fgravity_forms%2Fe%2Fb%2Fd%2Fa HTTP/1.1" 200 58533 "-" "Mozilla/5.0 AppleWebKit/537.36 (KHTML, like Gecko; compatible; GPTBot/1.2; +https://openai.com/gptbot)"
142.171.127.176 - - [08/Jun/2025:06:23:54 -0600] "POST /wp-cron.php?doing_wp_cron=1749385434.2389950752258300781250 HTTP/1.1" 403 15958 "-" "WordPress/6.8; https://4pie.com.mx"
142.171.127.176 - - [08/Jun/2025:06:23:55 -0600] "POST /wp-cron.php?doing_wp_cron=1749385435.1366169452667236328125 HTTP/1.1" 403 15958 "-" "WordPress/6.8; https://4pie.com.mx"
216.73.216.207 - - [08/Jun/2025:06:23:56 -0600] "GET /shopdetail/16484699.html?filesrc=%2Fhome%2Ftsgmexic%2F4pie.com.mx%2Fwp-admin%2Fedit-comments.php&path=%2Fhome%2Ftsgmexic%2F4pie.com.mx%2Fwp-admin HTTP/1.1" 200 60203 "-" "Mozilla/5.0 AppleWebKit/537.36 (KHTML, like Gecko; compatible; ClaudeBot/1.0; +claudebot@anthropic.com)"
65.21.46.73 - - [08/Jun/2025:06:23:55 -0600] "GET /index.php/2025/05/20/your-ultimate-self-help-guide-to-the-newest-15-finest-low-gamstop-casinos/?path=/proc/48 HTTP/1.1" 200 108194 "-" "Mozilla/5.0 (compatible; AwarioBot/1.0; +https://awario.com/bots.html)"
65.21.46.73 - - [08/Jun/2025:06:24:04 -0600] "GET /robots.txt HTTP/1.1" 200 343 "-" "Mozilla/5.0 (compatible; AwarioBot/1.0; +https://awario.com/bots.html)"
216.73.216.207 - - [08/Jun/2025:06:24:01 -0600] "GET /shopdetail/29395522.html?filesrc=%2Fhome%2Ftsgmexic%2F4pie.com.mx%2Fwp-includes%2Fclass-avif-info.php&path=%2Fhome%2Ftsgmexic%2F4pie.com.mx%2Fwp-includes HTTP/1.1" 200 75213 "-" "Mozilla/5.0 AppleWebKit/537.36 (KHTML, like Gecko; compatible; ClaudeBot/1.0; +claudebot@anthropic.com)"
65.21.46.73 - - [08/Jun/2025:06:24:04 -0600] "GET /index.php/2025/05/20/your-ultimate-self-help-guide-to-the-newest-15-finest-low-gamstop-casinos/?path=/proc/516 HTTP/1.1" 200 108392 "-" "Mozilla/5.0 (compatible; AwarioBot/1.0; +https://awario.com/bots.html)"
216.73.216.207 - - [08/Jun/2025:06:24:06 -0600] "GET /shopdetail/7098411.html?filesrc=%2Fhome%2Ftsgmexic%2F4pie.com.mx%2Fwp-admin%2Fedit-comments.php&path=%2Fhome%2Ftsgmexic%2F4pie.com.mx%2Fwp-admin HTTP/1.1" 200 60203 "-" "Mozilla/5.0 AppleWebKit/537.36 (KHTML, like Gecko; compatible; ClaudeBot/1.0; +claudebot@anthropic.com)"
20.171.207.166 - - [08/Jun/2025:06:24:07 -0600] "GET /?path=%2Fhome%2Ftsgmexic%2F4pie.com.mx%2Fwp-content%2Fuploads%2Fgravity_forms%2Fb%2Ff%2Fh%2Fh HTTP/1.1" 200 59706 "-" "Mozilla/5.0 AppleWebKit/537.36 (KHTML, like Gecko; compatible; GPTBot/1.2; +https://openai.com/gptbot)"
65.21.46.73 - - [08/Jun/2025:06:24:09 -0600] "GET /index.php/2025/05/20/your-ultimate-self-help-guide-to-the-newest-15-finest-low-gamstop-casinos/?path=/proc/518 HTTP/1.1" 200 108392 "-" "Mozilla/5.0 (compatible; AwarioBot/1.0; +https://awario.com/bots.html)"
216.73.216.207 - - [08/Jun/2025:06:24:09 -0600] "GET /shopdetail/16484699.html?filesrc=%2Fhome%2Ftsgmexic%2F4pie.com.mx%2Fwp-includes%2Finstall.php&path=%2Fhome%2Ftsgmexic%2F4pie.com.mx%2Fwp-includes HTTP/1.1" 200 50414 "-" "Mozilla/5.0 AppleWebKit/537.36 (KHTML, like Gecko; compatible; ClaudeBot/1.0; +claudebot@anthropic.com)"
216.73.216.207 - - [08/Jun/2025:06:24:12 -0600] "GET /shopdetail/7098411.html?filesrc=%2Fhome%2Ftsgmexic%2F4pie.com.mx%2Fwp-includes%2Finstall.php&path=%2Fhome%2Ftsgmexic%2F4pie.com.mx%2Fwp-includes HTTP/1.1" 200 50414 "-" "Mozilla/5.0 AppleWebKit/537.36 (KHTML, like Gecko; compatible; ClaudeBot/1.0; +claudebot@anthropic.com)"
65.21.46.73 - - [08/Jun/2025:06:24:12 -0600] "GET /index.php/2025/05/20/your-ultimate-self-help-guide-to-the-newest-15-finest-low-gamstop-casinos/?path=/proc/520 HTTP/1.1" 200 108392 "-" "Mozilla/5.0 (compatible; AwarioBot/1.0; +https://awario.com/bots.html)"
216.73.216.207 - - [08/Jun/2025:06:24:14 -0600] "GET /shopdetail/21663655.html?filesrc=%2Fhome%2Ftsgmexic%2F4pie.com.mx%2Fwp-content%2Fwp-configs.php&path=%2Fhome%2Ftsgmexic%2F4pie.com.mx%2Fwp-content HTTP/1.1" 200 50411 "-" "Mozilla/5.0 AppleWebKit/537.36 (KHTML, like Gecko; compatible; ClaudeBot/1.0; +claudebot@anthropic.com)"
65.21.46.73 - - [08/Jun/2025:06:24:16 -0600] "GET /index.php/2025/05/20/your-ultimate-self-help-guide-to-the-newest-15-finest-low-gamstop-casinos/?path=/proc/522 HTTP/1.1" 200 108392 "-" "Mozilla/5.0 (compatible; AwarioBot/1.0; +https://awario.com/bots.html)"
216.73.216.207 - - [08/Jun/2025:06:24:17 -0600] "GET /shopdetail/16484699.html?filesrc=%2Fhome%2Ftsgmexic%2F4pie.com.mx%2Fwp-admin%2Fsetup-config.php&path=%2Fhome%2Ftsgmexic%2F4pie.com.mx%2Fwp-admin HTTP/1.1" 200 65028 "-" "Mozilla/5.0 AppleWebKit/537.36 (KHTML, like Gecko; compatible; ClaudeBot/1.0; +claudebot@anthropic.com)"
40.77.167.116 - - [08/Jun/2025:06:24:19 -0600] "GET /77948599144530 HTTP/1.1" 200 146317 "-" "Mozilla/5.0 AppleWebKit/537.36 (KHTML, like Gecko; compatible; bingbot/2.0; +http://www.bing.com/bingbot.htm) Chrome/116.0.1938.76 Safari/537.36"
65.21.46.73 - - [08/Jun/2025:06:24:19 -0600] "GET /index.php/2025/05/20/your-ultimate-self-help-guide-to-the-newest-15-finest-low-gamstop-casinos/?path=/proc/545 HTTP/1.1" 200 108392 "-" "Mozilla/5.0 (compatible; AwarioBot/1.0; +https://awario.com/bots.html)"
216.73.216.207 - - [08/Jun/2025:06:24:19 -0600] "GET /shopdetail/16484699.html?filesrc=%2Fhome%2Ftsgmexic%2F4pie.com.mx%2Fwp-admin%2Fuser-edit.php&path=%2Fhome%2Ftsgmexic%2F4pie.com.mx%2Fwp-admin HTTP/1.1" 200 92489 "-" "Mozilla/5.0 AppleWebKit/537.36 (KHTML, like Gecko; compatible; ClaudeBot/1.0; +claudebot@anthropic.com)"
216.73.216.207 - - [08/Jun/2025:06:24:22 -0600] "GET /shopdetail/29395522.html?filesrc=%2Fhome%2Ftsgmexic%2F4pie.com.mx%2Fwp-includes%2Ftheme.php&path=%2Fhome%2Ftsgmexic%2F4pie.com.mx%2Fwp-includes HTTP/1.1" 200 181745 "-" "Mozilla/5.0 AppleWebKit/537.36 (KHTML, like Gecko; compatible; ClaudeBot/1.0; +claudebot@anthropic.com)"
57.141.2.10 - - [08/Jun/2025:06:24:23 -0600] "GET /?path=/home/tsgmexic/.trash/Joomla_3.6.2-Stable-Full_Package/libraries/cegcore/extensions/editors HTTP/1.1" 200 63495 "-" "meta-externalagent/1.1 (+https://developers.facebook.com/docs/sharing/webmasters/crawler)"
20.171.207.166 - - [08/Jun/2025:06:24:22 -0600] "GET /?aksi=buatfile&path=%2Fhome%2Ftsgmexic%2F4pie.com.mx%2Fwp-content%2Fuploads%2Fgravity_forms%2Fe%2Fg%2Ff%2Ff HTTP/1.1" 200 58552 "-" "Mozilla/5.0 AppleWebKit/537.36 (KHTML, like Gecko; compatible; GPTBot/1.2; +https://openai.com/gptbot)"
66.249.73.99 - - [08/Jun/2025:06:24:27 -0600] "GET /?_gl=1*1ix4f11*_gcl_au*MTYxMTI1OTI3MS4xNzIxODg2NjU0*_ga*ODYyMzk4MzA3LjE2OTk0NTM1Nzg.*_ga_7H42SVMQ0V*MTcyMTg4NjY1NS4xMjEuMS4xNzIxODg2NjY5LjQ2LjAuMA..&_ga=2.198040047.1958808748.1721886654-862398307.1699453578&_bdsid=2ulvIJ.n~ZXCIW.1721886656070.1721886848&_bd_prev_page=https://4pie.com.mx/72762899435961 HTTP/1.1" 200 141087 "-" "Mozilla/5.0 (Linux; Android 6.0.1; Nexus 5X Build/MMB29P) AppleWebKit/537.36 (KHTML, like Gecko) Chrome/136.0.7103.113 Mobile Safari/537.36 (compatible; Googlebot/2.1; +http://www.google.com/bot.html)"
65.21.46.73 - - [08/Jun/2025:06:24:23 -0600] "GET /index.php/2025/05/20/your-ultimate-self-help-guide-to-the-newest-15-finest-low-gamstop-casinos/?path=/proc/569 HTTP/1.1" 200 108392 "-" "Mozilla/5.0 (compatible; AwarioBot/1.0; +https://awario.com/bots.html)"
65.21.46.73 - - [08/Jun/2025:06:24:29 -0600] "GET /index.php/2025/05/20/your-ultimate-self-help-guide-to-the-newest-15-finest-low-gamstop-casinos/?path=/proc/570 HTTP/1.1" 200 108392 "-" "Mozilla/5.0 (compatible; AwarioBot/1.0; +https://awario.com/bots.html)"
216.73.216.207 - - [08/Jun/2025:06:24:25 -0600] "GET /shopdetail/7098411.html?filesrc=%2Fhome%2Ftsgmexic%2F4pie.com.mx%2Fwp-admin%2Fsetup-config.php&path=%2Fhome%2Ftsgmexic%2F4pie.com.mx%2Fwp-admin HTTP/1.1" 200 65028 "-" "Mozilla/5.0 AppleWebKit/537.36 (KHTML, like Gecko; compatible; ClaudeBot/1.0; +claudebot@anthropic.com)"
20.171.207.166 - - [08/Jun/2025:06:24:32 -0600] "GET /?aksi=buatfile&path=%2Fhome%2Ftsgmexic%2F4pie.com.mx%2Fwp-content%2Fuploads%2Fgravity_forms%2Fe%2Fg%2Fd%2Fd HTTP/1.1" 200 59726 "-" "Mozilla/5.0 AppleWebKit/537.36 (KHTML, like Gecko; compatible; GPTBot/1.2; +https://openai.com/gptbot)"
65.21.46.73 - - [08/Jun/2025:06:24:32 -0600] "GET /index.php/2025/05/20/your-ultimate-self-help-guide-to-the-newest-15-finest-low-gamstop-casinos/?path=/proc/574 HTTP/1.1" 200 108392 "-" "Mozilla/5.0 (compatible; AwarioBot/1.0; +https://awario.com/bots.html)"
216.73.216.207 - - [08/Jun/2025:06:24:31 -0600] "GET /shopdetail/7098411.html?filesrc=%2Fhome%2Ftsgmexic%2F4pie.com.mx%2Fwp-admin%2Fuser-edit.php&path=%2Fhome%2Ftsgmexic%2F4pie.com.mx%2Fwp-admin HTTP/1.1" 200 92489 "-" "Mozilla/5.0 AppleWebKit/537.36 (KHTML, like Gecko; compatible; ClaudeBot/1.0; +claudebot@anthropic.com)"
216.73.216.207 - - [08/Jun/2025:06:24:36 -0600] "GET /shopdetail/29395522.html?filesrc=%2Fhome%2Ftsgmexic%2F4pie.com.mx%2Fwp-admin%2Flink-add.php&path=%2Fhome%2Ftsgmexic%2F4pie.com.mx%2Fwp-admin HTTP/1.1" 200 45082 "-" "Mozilla/5.0 AppleWebKit/537.36 (KHTML, like Gecko; compatible; ClaudeBot/1.0; +claudebot@anthropic.com)"
20.171.207.166 - - [08/Jun/2025:06:24:36 -0600] "GET /?aksi=ransom&path=%2Fhome%2Ftsgmexic%2F4pie.com.mx%2Fwp-content%2Fuploads%2Fgravity_forms%2Fe%2Fg%2Fb%2Fa HTTP/1.1" 200 58550 "-" "Mozilla/5.0 AppleWebKit/537.36 (KHTML, like Gecko; compatible; GPTBot/1.2; +https://openai.com/gptbot)"
65.21.46.73 - - [08/Jun/2025:06:24:37 -0600] "GET /index.php/2025/05/20/your-ultimate-self-help-guide-to-the-newest-15-finest-low-gamstop-casinos/?path=/proc/575 HTTP/1.1" 200 108392 "-" "Mozilla/5.0 (compatible; AwarioBot/1.0; +https://awario.com/bots.html)"
40.77.167.116 - - [08/Jun/2025:06:24:39 -0600] "GET /58214199462635 HTTP/1.1" 200 140403 "-" "Mozilla/5.0 AppleWebKit/537.36 (KHTML, like Gecko; compatible; bingbot/2.0; +http://www.bing.com/bingbot.htm) Chrome/116.0.1938.76 Safari/537.36"
20.171.207.166 - - [08/Jun/2025:06:24:40 -0600] "GET /?filesrc=%2Fhome%2Ftsgmexic%2F4pie.com.mx%2Fwp-content%2Fuploads%2Fgravity_forms%2Fe%2Fb%2Fd%2Fa%2F.htaccess&path=%2Fhome%2Ftsgmexic%2F4pie.com.mx%2Fwp-content%2Fuploads%2Fgravity_forms%2Fe%2Fb%2Fd%2Fa HTTP/1.1" 200 57427 "-" "Mozilla/5.0 AppleWebKit/537.36 (KHTML, like Gecko; compatible; GPTBot/1.2; +https://openai.com/gptbot)"
216.73.216.207 - - [08/Jun/2025:06:24:40 -0600] "GET /shopdetail/29395522.html?filesrc=%2Fhome%2Ftsgmexic%2F4pie.com.mx%2Fwp-content%2Fwp-configs.php&path=%2Fhome%2Ftsgmexic%2F4pie.com.mx%2Fwp-content HTTP/1.1" 200 50411 "-" "Mozilla/5.0 AppleWebKit/537.36 (KHTML, like Gecko; compatible; ClaudeBot/1.0; +claudebot@anthropic.com)"
65.21.46.73 - - [08/Jun/2025:06:24:42 -0600] "GET /index.php/2025/05/20/your-ultimate-self-help-guide-to-the-newest-15-finest-low-gamstop-casinos/?path=/proc/576 HTTP/1.1" 200 108392 "-" "Mozilla/5.0 (compatible; AwarioBot/1.0; +https://awario.com/bots.html)"
66.249.73.100 - - [08/Jun/2025:06:24:44 -0600] "POST /get-message-notify HTTP/1.1" 200 152131 "https://4pie.com.mx/?_gl=1*1ix4f11*_gcl_au*MTYxMTI1OTI3MS4xNzIxODg2NjU0*_ga*ODYyMzk4MzA3LjE2OTk0NTM1Nzg.*_ga_7H42SVMQ0V*MTcyMTg4NjY1NS4xMjEuMS4xNzIxODg2NjY5LjQ2LjAuMA..&_ga=2.198040047.1958808748.1721886654-862398307.1699453578&_bdsid=2ulvIJ.n~ZXCIW.1721886656070.1721886848&_bd_prev_page=https://4pie.com.mx/72762899435961" "Mozilla/5.0 (Linux; Android 6.0.1; Nexus 5X Build/MMB29P) AppleWebKit/537.36 (KHTML, like Gecko) Chrome/136.0.7103.92 Mobile Safari/537.36 (compatible; Googlebot/2.1; +http://www.google.com/bot.html)"
216.73.216.207 - - [08/Jun/2025:06:24:43 -0600] "GET /shopdetail/16484699.html?filesrc=%2Fhome%2Ftsgmexic%2F4pie.com.mx%2Fwp-admin%2Fms-admin.php&path=%2Fhome%2Ftsgmexic%2F4pie.com.mx%2Fwp-admin HTTP/1.1" 200 44344 "-" "Mozilla/5.0 AppleWebKit/537.36 (KHTML, like Gecko; compatible; ClaudeBot/1.0; +claudebot@anthropic.com)"
66.249.73.99 - - [08/Jun/2025:06:24:48 -0600] "GET /?_gl=1*1ix4f11*_gcl_au*MTYxMTI1OTI3MS4xNzIxODg2NjU0*_ga*ODYyMzk4MzA3LjE2OTk0NTM1Nzg.*_ga_7H42SVMQ0V*MTcyMTg4NjY1NS4xMjEuMS4xNzIxODg2NjY5LjQ2LjAuMA..&_ga=2.198040047.1958808748.1721886654-862398307.1699453578&_bdsid=2ulvIJ.n~ZXCIW.1721886656070.1721886848&_bd_prev_page=https://4pie.com.mx/39820899129486 HTTP/1.1" 200 141087 "-" "Mozilla/5.0 (Linux; Android 6.0.1; Nexus 5X Build/MMB29P) AppleWebKit/537.36 (KHTML, like Gecko) Chrome/136.0.7103.113 Mobile Safari/537.36 (compatible; Googlebot/2.1; +http://www.google.com/bot.html)"
65.21.46.73 - - [08/Jun/2025:06:24:46 -0600] "GET /index.php/2025/05/20/your-ultimate-self-help-guide-to-the-newest-15-finest-low-gamstop-casinos/?path=/proc/577 HTTP/1.1" 200 108392 "-" "Mozilla/5.0 (compatible; AwarioBot/1.0; +https://awario.com/bots.html)"
216.73.216.207 - - [08/Jun/2025:06:24:47 -0600] "GET /shopdetail/16484699.html?filesrc=%2Fhome%2Ftsgmexic%2F4pie.com.mx%2Fwp-admin%2Finstall-helper.php&path=%2Fhome%2Ftsgmexic%2F4pie.com.mx%2Fwp-admin HTTP/1.1" 200 12703 "-" "Mozilla/5.0 AppleWebKit/537.36 (KHTML, like Gecko; compatible; ClaudeBot/1.0; +claudebot@anthropic.com)"
20.171.207.166 - - [08/Jun/2025:06:24:48 -0600] "GET /?aksi=buatfile&path=%2Fhome%2Ftsgmexic%2F4pie.com.mx%2Fwp-content%2Fuploads%2Fgravity_forms%2Fe%2Fg%2Fb%2Fa HTTP/1.1" 200 58552 "-" "Mozilla/5.0 AppleWebKit/537.36 (KHTML, like Gecko; compatible; GPTBot/1.2; +https://openai.com/gptbot)"
65.21.46.73 - - [08/Jun/2025:06:24:52 -0600] "GET /index.php/2025/05/20/your-ultimate-self-help-guide-to-the-newest-15-finest-low-gamstop-casinos/?path=/proc/582 HTTP/1.1" 200 108392 "-" "Mozilla/5.0 (compatible; AwarioBot/1.0; +https://awario.com/bots.html)"
20.171.207.166 - - [08/Jun/2025:06:24:51 -0600] "GET /?aksi=buatfile&path=%2Fhome%2Ftsgmexic%2F4pie.com.mx%2Fwp-content%2Fuploads%2Fgravity_forms%2Fb%2Ff%2Fh%2Fh HTTP/1.1" 200 59725 "-" "Mozilla/5.0 AppleWebKit/537.36 (KHTML, like Gecko; compatible; GPTBot/1.2; +https://openai.com/gptbot)"
216.73.216.207 - - [08/Jun/2025:06:24:54 -0600] "GET /shopdetail/7098411.html?filesrc=%2Fhome%2Ftsgmexic%2F4pie.com.mx%2Fwp-includes%2Fversion.php&path=%2Fhome%2Ftsgmexic%2F4pie.com.mx%2Fwp-includes HTTP/1.1" 200 45283 "-" "Mozilla/5.0 AppleWebKit/537.36 (KHTML, like Gecko; compatible; ClaudeBot/1.0; +claudebot@anthropic.com)"
142.171.127.176 - - [08/Jun/2025:06:24:56 -0600] "POST /wp-cron.php?doing_wp_cron=1749385496.3601999282836914062500 HTTP/1.1" 403 15958 "-" "WordPress/6.8; https://4pie.com.mx"
20.171.207.166 - - [08/Jun/2025:06:24:55 -0600] "GET /?aksi=buatfile&path=%2Fhome%2Ftsgmexic%2F4pie.com.mx%2Fwp-content%2Fuploads%2Fgravity_forms%2Fe%2Fb%2Fd%2Fa HTTP/1.1" 200 58552 "-" "Mozilla/5.0 AppleWebKit/537.36 (KHTML, like Gecko; compatible; GPTBot/1.2; +https://openai.com/gptbot)"
65.21.46.73 - - [08/Jun/2025:06:24:56 -0600] "GET /index.php/2025/05/20/your-ultimate-self-help-guide-to-the-newest-15-finest-low-gamstop-casinos/?path=/proc/588 HTTP/1.1" 200 108392 "-" "Mozilla/5.0 (compatible; AwarioBot/1.0; +https://awario.com/bots.html)"
216.73.216.207 - - [08/Jun/2025:06:24:58 -0600] "GET /shopdetail/21663655.html?filesrc=%2Fhome%2Ftsgmexic%2F4pie.com.mx%2Fwp-includes%2Finstall.php&path=%2Fhome%2Ftsgmexic%2F4pie.com.mx%2Fwp-includes HTTP/1.1" 200 50414 "-" "Mozilla/5.0 AppleWebKit/537.36 (KHTML, like Gecko; compatible; ClaudeBot/1.0; +claudebot@anthropic.com)"
40.77.167.55 - - [08/Jun/2025:06:25:10 -0600] "GET /39820899178113 HTTP/1.1" 200 144086 "-" "Mozilla/5.0 AppleWebKit/537.36 (KHTML, like Gecko; compatible; bingbot/2.0; +http://www.bing.com/bingbot.htm) Chrome/116.0.1938.76 Safari/537.36"
216.73.216.207 - - [08/Jun/2025:06:25:07 -0600] "GET /shopdetail/22222155.html?filesrc=%2Fhome%2Ftsgmexic%2F4pie.com.mx%2Fwp-admin%2Fedit-comments.php&path=%2Fhome%2Ftsgmexic%2F4pie.com.mx%2Fwp-admin HTTP/1.1" 200 60203 "-" "Mozilla/5.0 AppleWebKit/537.36 (KHTML, like Gecko; compatible; ClaudeBot/1.0; +claudebot@anthropic.com)"
65.21.46.73 - - [08/Jun/2025:06:25:02 -0600] "GET /index.php/2025/05/20/your-ultimate-self-help-guide-to-the-newest-15-finest-low-gamstop-casinos/?path=/proc/6 HTTP/1.1" 200 107996 "-" "Mozilla/5.0 (compatible; AwarioBot/1.0; +https://awario.com/bots.html)"
57.141.2.2 - - [08/Jun/2025:06:25:11 -0600] "GET /?path=//etc/dhcp&aksi=ransom HTTP/1.1" 200 56424 "-" "meta-externalagent/1.1 (+https://developers.facebook.com/docs/sharing/webmasters/crawler)"
216.73.216.207 - - [08/Jun/2025:06:25:14 -0600] "GET /shopdetail/16484699.html?filesrc=%2Fhome%2Ftsgmexic%2F4pie.com.mx%2Fwp-includes%2Fquery.php&path=%2Fhome%2Ftsgmexic%2F4pie.com.mx%2Fwp-includes HTTP/1.1" 200 81556 "-" "Mozilla/5.0 AppleWebKit/537.36 (KHTML, like Gecko; compatible; ClaudeBot/1.0; +claudebot@anthropic.com)"
65.21.46.73 - - [08/Jun/2025:06:25:15 -0600] "GET /index.php/2025/05/20/your-ultimate-self-help-guide-to-the-newest-15-finest-low-gamstop-casinos/?path=/proc/607 HTTP/1.1" 200 108392 "-" "Mozilla/5.0 (compatible; AwarioBot/1.0; +https://awario.com/bots.html)"
216.73.216.207 - - [08/Jun/2025:06:25:16 -0600] "GET /shopdetail/7098411.html?filesrc=%2Fhome%2Ftsgmexic%2F4pie.com.mx%2Fwp-includes%2Fquery.php&path=%2Fhome%2Ftsgmexic%2F4pie.com.mx%2Fwp-includes HTTP/1.1" 200 81556 "-" "Mozilla/5.0 AppleWebKit/537.36 (KHTML, like Gecko; compatible; ClaudeBot/1.0; +claudebot@anthropic.com)"
216.73.216.207 - - [08/Jun/2025:06:25:18 -0600] "GET /shopdetail/21663655.html?filesrc=%2Fhome%2Ftsgmexic%2F4pie.com.mx%2Fwp-admin%2Fwidgets-form.php&path=%2Fhome%2Ftsgmexic%2F4pie.com.mx%2Fwp-admin HTTP/1.1" 200 66320 "-" "Mozilla/5.0 AppleWebKit/537.36 (KHTML, like Gecko; compatible; ClaudeBot/1.0; +claudebot@anthropic.com)"
65.21.46.73 - - [08/Jun/2025:06:25:18 -0600] "GET /index.php/2025/05/20/your-ultimate-self-help-guide-to-the-newest-15-finest-low-gamstop-casinos/?path=/proc/677 HTTP/1.1" 200 108392 "-" "Mozilla/5.0 (compatible; AwarioBot/1.0; +https://awario.com/bots.html)"
216.73.216.207 - - [08/Jun/2025:06:25:21 -0600] "GET /shopdetail/29395522.html?filesrc=%2Fhome%2Ftsgmexic%2F4pie.com.mx%2Fwp-includes%2Frevision.php&path=%2Fhome%2Ftsgmexic%2F4pie.com.mx%2Fwp-includes HTTP/1.1" 200 75343 "-" "Mozilla/5.0 AppleWebKit/537.36 (KHTML, like Gecko; compatible; ClaudeBot/1.0; +claudebot@anthropic.com)"
65.21.46.73 - - [08/Jun/2025:06:25:22 -0600] "GET /index.php/2025/05/20/your-ultimate-self-help-guide-to-the-newest-15-finest-low-gamstop-casinos/?path=/proc/679 HTTP/1.1" 200 108392 "-" "Mozilla/5.0 (compatible; AwarioBot/1.0; +https://awario.com/bots.html)"
216.73.216.207 - - [08/Jun/2025:06:25:23 -0600] "GET /shopdetail/21663655.html?filesrc=%2Fhome%2Ftsgmexic%2F4pie.com.mx%2Fwp-includes%2Fclass-walker-comment.php&path=%2Fhome%2Ftsgmexic%2F4pie.com.mx%2Fwp-includes HTTP/1.1" 200 59539 "-" "Mozilla/5.0 AppleWebKit/537.36 (KHTML, like Gecko; compatible; ClaudeBot/1.0; +claudebot@anthropic.com)"
65.21.46.73 - - [08/Jun/2025:06:25:25 -0600] "GET /index.php/2025/05/20/your-ultimate-self-help-guide-to-the-newest-15-finest-low-gamstop-casinos/?path=/proc/680 HTTP/1.1" 200 108392 "-" "Mozilla/5.0 (compatible; AwarioBot/1.0; +https://awario.com/bots.html)"
216.73.216.207 - - [08/Jun/2025:06:25:26 -0600] "GET /shopdetail/16484699.html?path=%2Fhome%2Ftsgmexic%2F4pie.com.mx%2Fwp-content%2Flanguages HTTP/1.1" 200 107656 "-" "Mozilla/5.0 AppleWebKit/537.36 (KHTML, like Gecko; compatible; ClaudeBot/1.0; +claudebot@anthropic.com)"
216.73.216.207 - - [08/Jun/2025:06:25:29 -0600] "GET /shopdetail/29395522.html?filesrc=%2Fhome%2Ftsgmexic%2F4pie.com.mx%2Fwp-includes%2Ftheme-templates.php&path=%2Fhome%2Ftsgmexic%2F4pie.com.mx%2Fwp-includes HTTP/1.1" 200 50526 "-" "Mozilla/5.0 AppleWebKit/537.36 (KHTML, like Gecko; compatible; ClaudeBot/1.0; +claudebot@anthropic.com)"
18.235.81.246 - - [08/Jun/2025:06:25:29 -0600] "GET /index.php/2025/05/25/75-gambling-enterprises-instead-of-gamstop-non-gamstop-gambling-enterprise-internet-sites/?path=/home/tsgmexic/wordpress-backups HTTP/1.1" 200 72602 "-" "Mozilla/5.0 AppleWebKit/537.36 (KHTML, like Gecko; compatible; Amazonbot/0.1; +https://developer.amazon.com/support/amazonbot) Chrome/119.0.6045.214 Safari/537.36"
