216.73.216.207 - - [08/Jun/2025:07:34:28 -0600] "GET /index.php/feed?filesrc=%2Fhome%2Ftsgmexic%2F4pie.com.mx%2Fwp-includes%2Fclass-wp-recovery-mode-cookie-service.php&path=%2Fhome%2Ftsgmexic%2F4pie.com.mx%2Fwp-includes HTTP/1.1" 200 12371 "-" "Mozilla/5.0 AppleWebKit/537.36 (KHTML, like Gecko; compatible; ClaudeBot/1.0; +claudebot@anthropic.com)"
57.141.2.6 - - [08/Jun/2025:07:34:29 -0600] "GET /?filesrc=//usr/sbin/blockdev&path=//usr/sbin HTTP/1.1" 200 56104 "-" "meta-externalagent/1.1 (+https://developers.facebook.com/docs/sharing/webmasters/crawler)"
65.21.46.73 - - [08/Jun/2025:07:34:29 -0600] "GET /index.php/category/uncategorized/?filesrc=/home/tsgmexic/.myimunify_id&path=/home/tsgmexic HTTP/1.1" 200 59762 "-" "Mozilla/5.0 (compatible; AwarioBot/1.0; +https://awario.com/bots.html)"
216.73.216.207 - - [08/Jun/2025:07:34:34 -0600] "GET /index.php/feed?filesrc=%2Fhome%2Ftsgmexic%2F4pie.com.mx%2Fwp-includes%2Fhttp.php&path=%2Fhome%2Ftsgmexic%2F4pie.com.mx%2Fwp-includes HTTP/1.1" 200 30937 "-" "Mozilla/5.0 AppleWebKit/537.36 (KHTML, like Gecko; compatible; ClaudeBot/1.0; +claudebot@anthropic.com)"
65.21.46.73 - - [08/Jun/2025:07:34:35 -0600] "GET /index.php/category/uncategorized/?filesrc=/home/tsgmexic/.wget-hsts&path=/home/tsgmexic HTTP/1.1" 200 59859 "-" "Mozilla/5.0 (compatible; AwarioBot/1.0; +https://awario.com/bots.html)"
216.73.216.207 - - [08/Jun/2025:07:34:38 -0600] "GET /index.php/feed?filesrc=%2Fhome%2Ftsgmexic%2F4pie.com.mx%2Fwp-includes%2Fclass-IXR.php&path=%2Fhome%2Ftsgmexic%2F4pie.com.mx%2Fwp-includes HTTP/1.1" 200 8052 "-" "Mozilla/5.0 AppleWebKit/537.36 (KHTML, like Gecko; compatible; ClaudeBot/1.0; +claudebot@anthropic.com)"
216.73.216.207 - - [08/Jun/2025:07:34:41 -0600] "GET /index.php/feed?filesrc=%2Fhome%2Ftsgmexic%2F4pie.com.mx%2Fwp-includes%2Fglobal-styles-and-settings.php&path=%2Fhome%2Ftsgmexic%2F4pie.com.mx%2Fwp-includes HTTP/1.1" 200 27002 "-" "Mozilla/5.0 AppleWebKit/537.36 (KHTML, like Gecko; compatible; ClaudeBot/1.0; +claudebot@anthropic.com)"
65.21.46.73 - - [08/Jun/2025:07:34:39 -0600] "GET /index.php/category/uncategorized/?filesrc=/home/tsgmexic/.wp-toolkit-identifier&path=/home/tsgmexic HTTP/1.1" 200 60362 "-" "Mozilla/5.0 (compatible; AwarioBot/1.0; +https://awario.com/bots.html)"
216.73.216.207 - - [08/Jun/2025:07:34:43 -0600] "GET /index.php/comments/feed?filesrc=%2Fhome%2Ftsgmexic%2F4pie.com.mx%2Fwp-includes%2Fcache.php&path=%2Fhome%2Ftsgmexic%2F4pie.com.mx%2Fwp-includes HTTP/1.1" 200 18948 "-" "Mozilla/5.0 AppleWebKit/537.36 (KHTML, like Gecko; compatible; ClaudeBot/1.0; +claudebot@anthropic.com)"
65.21.46.73 - - [08/Jun/2025:07:34:45 -0600] "GET /index.php/category/uncategorized/?filesrc=/home/tsgmexic/4pie.com.mx/.tmb/.htaccess&path=/home/tsgmexic/4pie.com.mx/.tmb HTTP/1.1" 200 60017 "-" "Mozilla/5.0 (compatible; AwarioBot/1.0; +https://awario.com/bots.html)"
65.21.46.73 - - [08/Jun/2025:07:34:49 -0600] "GET /index.php/category/uncategorized/?filesrc=/home/tsgmexic/4pie.com.mx/.well-known/.htaccess&path=/home/tsgmexic/4pie.com.mx/.well-known HTTP/1.1" 200 60073 "-" "Mozilla/5.0 (compatible; AwarioBot/1.0; +https://awario.com/bots.html)"
20.171.207.166 - - [08/Jun/2025:07:34:51 -0600] "GET /?path=%2Fhome%2Ftsgmexic%2F4pie.com.mx%2Fwp-content%2Fuploads%2Fgravity_forms%2Fb%2Ff%2Fe%2Fg HTTP/1.1" 200 58533 "-" "Mozilla/5.0 AppleWebKit/537.36 (KHTML, like Gecko; compatible; GPTBot/1.2; +https://openai.com/gptbot)"
65.21.46.73 - - [08/Jun/2025:07:34:55 -0600] "GET /index.php/category/uncategorized/?filesrc=/home/tsgmexic/4pie.com.mx/.wp-cli/.htaccess&path=/home/tsgmexic/4pie.com.mx/.wp-cli HTTP/1.1" 200 60041 "-" "Mozilla/5.0 (compatible; AwarioBot/1.0; +https://awario.com/bots.html)"
65.21.46.73 - - [08/Jun/2025:07:35:01 -0600] "GET /index.php/category/uncategorized/?filesrc=/home/tsgmexic/4pie.com.mx/82dd6/gdftps.php&path=/home/tsgmexic/4pie.com.mx/82dd6 HTTP/1.1" 200 65955 "-" "Mozilla/5.0 (compatible; AwarioBot/1.0; +https://awario.com/bots.html)"
65.21.46.73 - - [08/Jun/2025:07:35:12 -0600] "GET /index.php/category/uncategorized/?filesrc=/home/tsgmexic/4pie.com.mx/82dd6/index.php&path=/home/tsgmexic/4pie.com.mx/82dd6 HTTP/1.1" 200 59886 "-" "Mozilla/5.0 (compatible; AwarioBot/1.0; +https://awario.com/bots.html)"
65.21.46.73 - - [08/Jun/2025:07:35:15 -0600] "GET /index.php/category/uncategorized/?filesrc=/home/tsgmexic/4pie.com.mx/ed040/gdftps.php&path=/home/tsgmexic/4pie.com.mx/ed040 HTTP/1.1" 200 65955 "-" "Mozilla/5.0 (compatible; AwarioBot/1.0; +https://awario.com/bots.html)"
65.21.46.73 - - [08/Jun/2025:07:35:20 -0600] "GET /index.php/category/uncategorized/?filesrc=/home/tsgmexic/4pie.com.mx/ed040/index.php&path=/home/tsgmexic/4pie.com.mx/ed040 HTTP/1.1" 200 59886 "-" "Mozilla/5.0 (compatible; AwarioBot/1.0; +https://awario.com/bots.html)"
20.171.207.166 - - [08/Jun/2025:07:35:22 -0600] "GET /?path=%2Fhome%2Ftsgmexic%2F4pie.com.mx%2Fwp-content%2Fuploads%2Fgravity_forms%2Fe%2Fb%2Fg%2Ff HTTP/1.1" 200 58533 "-" "Mozilla/5.0 AppleWebKit/537.36 (KHTML, like Gecko; compatible; GPTBot/1.2; +https://openai.com/gptbot)"
40.77.167.18 - - [08/Jun/2025:07:35:26 -0600] "GET /39820899338503 HTTP/1.1" 200 144180 "-" "Mozilla/5.0 AppleWebKit/537.36 (KHTML, like Gecko; compatible; bingbot/2.0; +http://www.bing.com/bingbot.htm) Chrome/116.0.1938.76 Safari/537.36"
142.171.127.176 - - [08/Jun/2025:07:35:24 -0600] "POST /wp-cron.php?doing_wp_cron=1749389724.4566390514373779296875 HTTP/1.1" 403 15958 "-" "WordPress/6.8; https://4pie.com.mx"
65.21.46.73 - - [08/Jun/2025:07:35:24 -0600] "GET /index.php/category/uncategorized/?filesrc=/home/tsgmexic/4pie.com.mx/images/toggige-arrow.jpg&path=/home/tsgmexic/4pie.com.mx/images HTTP/1.1" 200 91020 "-" "Mozilla/5.0 (compatible; AwarioBot/1.0; +https://awario.com/bots.html)"
157.245.148.39 - - [08/Jun/2025:07:35:26 -0600] "GET /wp-login.php HTTP/1.1" 200 64636 "-" "Mozilla/5.0 (Windows NT 10.0; Win64; x64; rv:97.0) Gecko/20100101 Firefox/97.0"
40.77.167.32 - - [08/Jun/2025:07:35:30 -0600] "GET /search.php?product_id=1513486 HTTP/1.1" 403 150347 "-" "Mozilla/5.0 AppleWebKit/537.36 (KHTML, like Gecko; compatible; bingbot/2.0; +http://www.bing.com/bingbot.htm) Chrome/116.0.1938.76 Safari/537.36"
20.171.207.166 - - [08/Jun/2025:07:35:29 -0600] "GET /?path=%2Fhome%2Ftsgmexic%2F4pie.com.mx%2Fwp-content%2Fuploads%2Fgravity_forms%2Fb%2Ff%2Fc%2Fe HTTP/1.1" 200 60759 "-" "Mozilla/5.0 AppleWebKit/537.36 (KHTML, like Gecko; compatible; GPTBot/1.2; +https://openai.com/gptbot)"
157.245.148.39 - - [08/Jun/2025:07:35:29 -0600] "POST /wp-login.php HTTP/1.1" 200 64636 "https://4pie.com.mx/wp-login.php" "Mozilla/5.0 (Windows NT 10.0; Win64; x64; rv:97.0) Gecko/20100101 Firefox/97.0"
65.21.46.73 - - [08/Jun/2025:07:35:29 -0600] "GET /index.php/category/uncategorized/?filesrc=/home/tsgmexic/4pie.com.mx/wp-admin/656&path=/home/tsgmexic/4pie.com.mx/wp-admin HTTP/1.1" 200 90241 "-" "Mozilla/5.0 (compatible; AwarioBot/1.0; +https://awario.com/bots.html)"
157.245.148.39 - - [08/Jun/2025:07:35:32 -0600] "POST /wp-login.php HTTP/1.1" 200 64636 "https://4pie.com.mx/wp-login.php" "Mozilla/5.0 (Windows NT 10.0; Win64; x64; rv:97.0) Gecko/20100101 Firefox/97.0"
65.21.46.73 - - [08/Jun/2025:07:35:34 -0600] "GET /index.php/category/uncategorized/?filesrc=/home/tsgmexic/4pie.com.mx/wp-admin/823&path=/home/tsgmexic/4pie.com.mx/wp-admin HTTP/1.1" 200 90241 "-" "Mozilla/5.0 (compatible; AwarioBot/1.0; +https://awario.com/bots.html)"
65.21.46.73 - - [08/Jun/2025:07:35:38 -0600] "GET /index.php/category/uncategorized/?filesrc=/home/tsgmexic/4pie.com.mx/wp-admin/admin-ajax.php&path=/home/tsgmexic/4pie.com.mx/wp-admin HTTP/1.1" 200 65125 "-" "Mozilla/5.0 (compatible; AwarioBot/1.0; +https://awario.com/bots.html)"
157.245.148.39 - - [08/Jun/2025:07:35:39 -0600] "POST /wp-login.php HTTP/1.1" 200 64636 "https://www.dolhos.com.br/wp-login.php" "Mozilla/5.0 (Windows NT 10.0; Win64; x64; rv:97.0) Gecko/20100101 Firefox/97.0"
157.245.148.39 - - [08/Jun/2025:07:35:42 -0600] "POST /wp-login.php HTTP/1.1" 200 64636 "https://www.dolhos.com.br/wp-login.php" "Mozilla/5.0 (Windows NT 10.0; Win64; x64; rv:97.0) Gecko/20100101 Firefox/97.0"
57.141.2.20 - - [08/Jun/2025:07:35:41 -0600] "GET /?path=/home/tsgmexic/mail/.mario.cur.1465581842_H449388P26290_aker_webserversystems_com,S=46266:2,S HTTP/1.1" 200 63089 "-" "meta-externalagent/1.1 (+https://developers.facebook.com/docs/sharing/webmasters/crawler)"
65.21.46.73 - - [08/Jun/2025:07:35:42 -0600] "GET /index.php/category/uncategorized/?filesrc=/home/tsgmexic/4pie.com.mx/wp-admin/admin-footer.php&path=/home/tsgmexic/4pie.com.mx/wp-admin HTTP/1.1" 200 63161 "-" "Mozilla/5.0 (compatible; AwarioBot/1.0; +https://awario.com/bots.html)"
216.73.216.207 - - [08/Jun/2025:07:35:45 -0600] "GET /index.php/feed?filesrc=%2Fhome%2Ftsgmexic%2F4pie.com.mx%2Fwp-includes%2Fclass-wp-theme.php&path=%2Fhome%2Ftsgmexic%2F4pie.com.mx%2Fwp-includes HTTP/1.1" 200 73219 "-" "Mozilla/5.0 AppleWebKit/537.36 (KHTML, like Gecko; compatible; ClaudeBot/1.0; +claudebot@anthropic.com)"
216.73.216.207 - - [08/Jun/2025:07:35:48 -0600] "GET /index.php/feed?filesrc=%2Fhome%2Ftsgmexic%2F4pie.com.mx%2Fwp-includes%2Frevisions.php&path=%2Fhome%2Ftsgmexic%2F4pie.com.mx%2Fwp-includes HTTP/1.1" 200 11575 "-" "Mozilla/5.0 AppleWebKit/537.36 (KHTML, like Gecko; compatible; ClaudeBot/1.0; +claudebot@anthropic.com)"
65.21.46.73 - - [08/Jun/2025:07:35:49 -0600] "GET /index.php/category/uncategorized/?filesrc=/home/tsgmexic/4pie.com.mx/wp-admin/admin-functions.php&path=/home/tsgmexic/4pie.com.mx/wp-admin HTTP/1.1" 200 60412 "-" "Mozilla/5.0 (compatible; AwarioBot/1.0; +https://awario.com/bots.html)"
216.73.216.207 - - [08/Jun/2025:07:35:52 -0600] "GET /index.php/feed?filesrc=%2Fhome%2Ftsgmexic%2F4pie.com.mx%2Fwp-includes%2Fcompat.php&path=%2Fhome%2Ftsgmexic%2F4pie.com.mx%2Fwp-includes HTTP/1.1" 200 21897 "-" "Mozilla/5.0 AppleWebKit/537.36 (KHTML, like Gecko; compatible; ClaudeBot/1.0; +claudebot@anthropic.com)"
65.21.46.73 - - [08/Jun/2025:07:35:54 -0600] "GET /index.php/category/uncategorized/?filesrc=/home/tsgmexic/4pie.com.mx/wp-admin/admin-header.php&path=/home/tsgmexic/4pie.com.mx/wp-admin HTTP/1.1" 200 69672 "-" "Mozilla/5.0 (compatible; AwarioBot/1.0; +https://awario.com/bots.html)"
216.73.216.207 - - [08/Jun/2025:07:35:55 -0600] "GET /index.php/feed?filesrc=%2Fhome%2Ftsgmexic%2F4pie.com.mx%2Fwp-includes%2Ffeed-atom.php&path=%2Fhome%2Ftsgmexic%2F4pie.com.mx%2Fwp-includes HTTP/1.1" 200 9304 "-" "Mozilla/5.0 AppleWebKit/537.36 (KHTML, like Gecko; compatible; ClaudeBot/1.0; +claudebot@anthropic.com)"
216.73.216.207 - - [08/Jun/2025:07:35:58 -0600] "GET /index.php/comments/feed?path=%2Fhome%2Ftsgmexic%2F4pie.com.mx%2Fwp-includes%2Fjs HTTP/1.1" 200 130506 "-" "Mozilla/5.0 AppleWebKit/537.36 (KHTML, like Gecko; compatible; ClaudeBot/1.0; +claudebot@anthropic.com)"
65.21.46.73 - - [08/Jun/2025:07:35:58 -0600] "GET /index.php/category/uncategorized/?filesrc=/home/tsgmexic/4pie.com.mx/wp-admin/admin-post.php&path=/home/tsgmexic/4pie.com.mx/wp-admin HTTP/1.1" 200 61984 "-" "Mozilla/5.0 (compatible; AwarioBot/1.0; +https://awario.com/bots.html)"
216.73.216.207 - - [08/Jun/2025:07:36:01 -0600] "GET /index.php/page/2/?filesrc=%2Fhome%2Ftsgmexic%2F4pie.com.mx%2Fwp-includes%2Fclass-wp-rewrite.php&path=%2Fhome%2Ftsgmexic%2F4pie.com.mx%2Fwp-includes HTTP/1.1" 200 121269 "-" "Mozilla/5.0 AppleWebKit/537.36 (KHTML, like Gecko; compatible; ClaudeBot/1.0; +claudebot@anthropic.com)"
65.21.46.73 - - [08/Jun/2025:07:36:03 -0600] "GET /index.php/category/uncategorized/?filesrc=/home/tsgmexic/4pie.com.mx/wp-admin/admin.php&path=/home/tsgmexic/4pie.com.mx/wp-admin HTTP/1.1" 200 72754 "-" "Mozilla/5.0 (compatible; AwarioBot/1.0; +https://awario.com/bots.html)"
216.73.216.207 - - [08/Jun/2025:07:36:06 -0600] "GET /index.php/page/2/?filesrc=%2Fhome%2Ftsgmexic%2F4pie.com.mx%2Fwp-admin%2Fplugins.php&path=%2Fhome%2Ftsgmexic%2F4pie.com.mx%2Fwp-admin HTTP/1.1" 200 58376 "-" "Mozilla/5.0 AppleWebKit/537.36 (KHTML, like Gecko; compatible; ClaudeBot/1.0; +claudebot@anthropic.com)"
57.141.2.10 - - [08/Jun/2025:07:36:08 -0600] "GET /?path=/home/tsgmexic/.trash/Joomla_3.6.2-Stable-Full_Package/plugins/system/debug HTTP/1.1" 200 59566 "-" "meta-externalagent/1.1 (+https://developers.facebook.com/docs/sharing/webmasters/crawler)"
65.21.46.73 - - [08/Jun/2025:07:36:10 -0600] "GET /index.php/category/uncategorized/?filesrc=/home/tsgmexic/4pie.com.mx/wp-admin/async-upload.php&path=/home/tsgmexic/4pie.com.mx/wp-admin HTTP/1.1" 200 65454 "-" "Mozilla/5.0 (compatible; AwarioBot/1.0; +https://awario.com/bots.html)"
100.28.49.152 - - [08/Jun/2025:07:36:11 -0600] "GET /index.php/category/steroid-53/page/2/?filesrc=//bin/nf-queue&path=//bin HTTP/1.1" 200 5111 "-" "Mozilla/5.0 AppleWebKit/537.36 (KHTML, like Gecko; compatible; Amazonbot/0.1; +https://developer.amazon.com/support/amazonbot) Chrome/119.0.6045.214 Safari/537.36"
216.73.216.207 - - [08/Jun/2025:07:36:11 -0600] "GET /index.php/feed?filesrc=%2Fhome%2Ftsgmexic%2F4pie.com.mx%2Fwp-includes%2Fms-settings.php&path=%2Fhome%2Ftsgmexic%2F4pie.com.mx%2Fwp-includes HTTP/1.1" 200 9664 "-" "Mozilla/5.0 AppleWebKit/537.36 (KHTML, like Gecko; compatible; ClaudeBot/1.0; +claudebot@anthropic.com)"
65.21.46.73 - - [08/Jun/2025:07:36:15 -0600] "GET /index.php/category/uncategorized/?filesrc=/home/tsgmexic/4pie.com.mx/wp-admin/authorize-application.php&path=/home/tsgmexic/4pie.com.mx/wp-admin HTTP/1.1" 200 71263 "-" "Mozilla/5.0 (compatible; AwarioBot/1.0; +https://awario.com/bots.html)"
54.156.124.2 - - [08/Jun/2025:07:36:14 -0600] "GET /index.php/category/steroid-53/page/2/?filesrc=//lib64/libdcerpc-binding.so.0&path=//lib64 HTTP/1.1" 200 5137 "-" "Mozilla/5.0 AppleWebKit/537.36 (KHTML, like Gecko; compatible; Amazonbot/0.1; +https://developer.amazon.com/support/amazonbot) Chrome/119.0.6045.214 Safari/537.36"
65.21.46.73 - - [08/Jun/2025:07:36:21 -0600] "GET /robots.txt HTTP/1.1" 200 343 "-" "Mozilla/5.0 (compatible; AwarioBot/1.0; +https://awario.com/bots.html)"
98.84.131.195 - - [08/Jun/2025:07:36:18 -0600] "GET /index.php/category/1/page/2/?filesrc=//bin/imunify360-agent&path=//bin HTTP/1.1" 200 6143 "-" "Mozilla/5.0 AppleWebKit/537.36 (KHTML, like Gecko; compatible; Amazonbot/0.1; +https://developer.amazon.com/support/amazonbot) Chrome/119.0.6045.214 Safari/537.36"
216.73.216.207 - - [08/Jun/2025:07:36:15 -0600] "GET /index.php/comments/feed?filesrc=%2Fhome%2Ftsgmexic%2F4pie.com.mx%2Fwp-includes%2Fupdate.php&path=%2Fhome%2Ftsgmexic%2F4pie.com.mx%2Fwp-includes HTTP/1.1" 200 43827 "-" "Mozilla/5.0 AppleWebKit/537.36 (KHTML, like Gecko; compatible; ClaudeBot/1.0; +claudebot@anthropic.com)"
20.171.207.166 - - [08/Jun/2025:07:36:18 -0600] "GET /?aksi=buatfile&path=%2Fhome%2Ftsgmexic%2F4pie.com.mx%2Fwp-content%2Fuploads%2Fgravity_forms%2Fb%2Ff%2Fc%2Fe HTTP/1.1" 200 60778 "-" "Mozilla/5.0 AppleWebKit/537.36 (KHTML, like Gecko; compatible; GPTBot/1.2; +https://openai.com/gptbot)"
44.208.193.63 - - [08/Jun/2025:07:36:21 -0600] "GET /index.php/category/1/page/2/?filesrc=//bin/python3.6m-config&path=//bin HTTP/1.1" 200 5359 "-" "Mozilla/5.0 AppleWebKit/537.36 (KHTML, like Gecko; compatible; Amazonbot/0.1; +https://developer.amazon.com/support/amazonbot) Chrome/119.0.6045.214 Safari/537.36"
216.73.216.207 - - [08/Jun/2025:07:36:22 -0600] "GET /index.php/comments/feed?filesrc=%2Fhome%2Ftsgmexic%2F4pie.com.mx%2Fwp-includes%2Ftheme.php&path=%2Fhome%2Ftsgmexic%2F4pie.com.mx%2Fwp-includes HTTP/1.1" 200 143004 "-" "Mozilla/5.0 AppleWebKit/537.36 (KHTML, like Gecko; compatible; ClaudeBot/1.0; +claudebot@anthropic.com)"
65.21.46.73 - - [08/Jun/2025:07:36:21 -0600] "GET /index.php/category/uncategorized/?filesrc=/home/tsgmexic/4pie.com.mx/wp-admin/click.php&path=/home/tsgmexic/4pie.com.mx/wp-admin HTTP/1.1" 200 62183 "-" "Mozilla/5.0 (compatible; AwarioBot/1.0; +https://awario.com/bots.html)"
54.156.124.2 - - [08/Jun/2025:07:36:25 -0600] "GET /index.php/category/1/page/2/?filesrc=//scripts/cpservice&path=//scripts HTTP/1.1" 200 8195 "-" "Mozilla/5.0 AppleWebKit/537.36 (KHTML, like Gecko; compatible; Amazonbot/0.1; +https://developer.amazon.com/support/amazonbot) Chrome/119.0.6045.214 Safari/537.36"
142.171.127.176 - - [08/Jun/2025:07:36:25 -0600] "POST /wp-cron.php?doing_wp_cron=1749389784.9345901012420654296875 HTTP/1.1" 403 15958 "-" "WordPress/6.8; https://4pie.com.mx"
57.141.2.15 - - [08/Jun/2025:07:36:24 -0600] "GET /?path=/home/tsgmexic/www/components/com_newsfeeds/helpers HTTP/1.1" 200 57945 "-" "meta-externalagent/1.1 (+https://developers.facebook.com/docs/sharing/webmasters/crawler)"
142.171.127.176 - - [08/Jun/2025:07:36:26 -0600] "POST /wp-cron.php?doing_wp_cron=1749389785.8439009189605712890625 HTTP/1.1" 403 15958 "-" "WordPress/6.8; https://4pie.com.mx"
142.171.127.176 - - [08/Jun/2025:07:36:25 -0600] "POST /wp-cron.php?doing_wp_cron=1749389785.7872641086578369140625 HTTP/1.1" 403 15958 "-" "WordPress/6.8; https://4pie.com.mx"
216.73.216.207 - - [08/Jun/2025:07:36:27 -0600] "GET /index.php/comments/feed?filesrc=%2Fhome%2Ftsgmexic%2F4pie.com.mx%2Fwp-includes%2Fcomment.php&path=%2Fhome%2Ftsgmexic%2F4pie.com.mx%2Fwp-includes HTTP/1.1" 200 139043 "-" "Mozilla/5.0 AppleWebKit/537.36 (KHTML, like Gecko; compatible; ClaudeBot/1.0; +claudebot@anthropic.com)"
35.168.238.50 - - [08/Jun/2025:07:36:29 -0600] "GET /index.php/category/1/page/2/?filesrc=//scripts/transfer_in_progress.pod&path=//scripts HTTP/1.1" 200 5463 "-" "Mozilla/5.0 AppleWebKit/537.36 (KHTML, like Gecko; compatible; Amazonbot/0.1; +https://developer.amazon.com/support/amazonbot) Chrome/119.0.6045.214 Safari/537.36"
65.21.46.73 - - [08/Jun/2025:07:36:29 -0600] "GET /index.php/category/uncategorized/?filesrc=/home/tsgmexic/4pie.com.mx/wp-admin/comment.php&path=/home/tsgmexic/4pie.com.mx/wp-admin HTTP/1.1" 200 72720 "-" "Mozilla/5.0 (compatible; AwarioBot/1.0; +https://awario.com/bots.html)"
216.73.216.207 - - [08/Jun/2025:07:36:30 -0600] "GET /index.php/comments/feed?filesrc=%2Fhome%2Ftsgmexic%2F4pie.com.mx%2Fwp-includes%2Fms-load.php&path=%2Fhome%2Ftsgmexic%2F4pie.com.mx%2Fwp-includes HTTP/1.1" 200 25839 "-" "Mozilla/5.0 AppleWebKit/537.36 (KHTML, like Gecko; compatible; ClaudeBot/1.0; +claudebot@anthropic.com)"
40.77.167.18 - - [08/Jun/2025:07:36:37 -0600] "GET /75227999115899 HTTP/1.1" 200 136537 "-" "Mozilla/5.0 AppleWebKit/537.36 (KHTML, like Gecko; compatible; bingbot/2.0; +http://www.bing.com/bingbot.htm) Chrome/116.0.1938.76 Safari/537.36"
52.45.194.165 - - [08/Jun/2025:07:36:33 -0600] "GET /index.php/category/1/page/2/?filesrc=//lib64/libcursesw.so&path=//lib64 HTTP/1.1" 200 5146 "-" "Mozilla/5.0 AppleWebKit/537.36 (KHTML, like Gecko; compatible; Amazonbot/0.1; +https://developer.amazon.com/support/amazonbot) Chrome/119.0.6045.214 Safari/537.36"
216.73.216.207 - - [08/Jun/2025:07:36:37 -0600] "GET /index.php/feed?filesrc=%2Fhome%2Ftsgmexic%2F4pie.com.mx%2Fwp-includes%2Fupdate.php&path=%2Fhome%2Ftsgmexic%2F4pie.com.mx%2Fwp-includes HTTP/1.1" 200 43827 "-" "Mozilla/5.0 AppleWebKit/537.36 (KHTML, like Gecko; compatible; ClaudeBot/1.0; +claudebot@anthropic.com)"
20.171.207.166 - - [08/Jun/2025:07:36:37 -0600] "GET /?aksi=buatfile&path=%2Fhome%2Ftsgmexic%2F4pie.com.mx%2Fwp-content%2Fuploads%2Fgravity_forms%2Fb%2Ff%2Fe%2Fg HTTP/1.1" 200 58552 "-" "Mozilla/5.0 AppleWebKit/537.36 (KHTML, like Gecko; compatible; GPTBot/1.2; +https://openai.com/gptbot)"
65.21.46.73 - - [08/Jun/2025:07:36:36 -0600] "GET /index.php/category/uncategorized/?filesrc=/home/tsgmexic/4pie.com.mx/wp-admin/contribute.php&path=/home/tsgmexic/4pie.com.mx/wp-admin HTTP/1.1" 200 67206 "-" "Mozilla/5.0 (compatible; AwarioBot/1.0; +https://awario.com/bots.html)"
98.82.214.73 - - [08/Jun/2025:07:36:38 -0600] "GET /index.php/category/steroid-53/page/2/?filesrc=//bin/sss_ssh_authorizedkeys&path=//bin HTTP/1.1" 200 5125 "-" "Mozilla/5.0 AppleWebKit/537.36 (KHTML, like Gecko; compatible; Amazonbot/0.1; +https://developer.amazon.com/support/amazonbot) Chrome/119.0.6045.214 Safari/537.36"
216.73.216.207 - - [08/Jun/2025:07:36:41 -0600] "GET /index.php/feed?filesrc=%2Fhome%2Ftsgmexic%2F4pie.com.mx%2Fwp-includes%2Ftheme.php&path=%2Fhome%2Ftsgmexic%2F4pie.com.mx%2Fwp-includes HTTP/1.1" 200 143004 "-" "Mozilla/5.0 AppleWebKit/537.36 (KHTML, like Gecko; compatible; ClaudeBot/1.0; +claudebot@anthropic.com)"
23.23.104.107 - - [08/Jun/2025:07:36:42 -0600] "GET /index.php/category/1/page/2/?filesrc=//lib64/libibverbs.so.1&path=//lib64 HTTP/1.1" 200 5130 "-" "Mozilla/5.0 AppleWebKit/537.36 (KHTML, like Gecko; compatible; Amazonbot/0.1; +https://developer.amazon.com/support/amazonbot) Chrome/119.0.6045.214 Safari/537.36"
216.73.216.207 - - [08/Jun/2025:07:36:43 -0600] "GET /index.php/comments/feed?filesrc=%2Fhome%2Ftsgmexic%2F4pie.com.mx%2Fwp-includes%2Fclass-wp-admin-bar.php&path=%2Fhome%2Ftsgmexic%2F4pie.com.mx%2Fwp-includes HTTP/1.1" 200 24403 "-" "Mozilla/5.0 AppleWebKit/537.36 (KHTML, like Gecko; compatible; ClaudeBot/1.0; +claudebot@anthropic.com)"
65.21.46.73 - - [08/Jun/2025:07:36:42 -0600] "GET /index.php/category/uncategorized/?filesrc=/home/tsgmexic/4pie.com.mx/wp-admin/credits.php&path=/home/tsgmexic/4pie.com.mx/wp-admin HTTP/1.1" 200 64983 "-" "Mozilla/5.0 (compatible; AwarioBot/1.0; +https://awario.com/bots.html)"
20.171.207.166 - - [08/Jun/2025:07:36:43 -0600] "GET /?aksi=ransom&path=%2Fhome%2Ftsgmexic%2F4pie.com.mx%2Fwp-content%2Fuploads%2Fgravity_forms%2Fb%2Ff%2Fc%2Fe HTTP/1.1" 200 60776 "-" "Mozilla/5.0 AppleWebKit/537.36 (KHTML, like Gecko; compatible; GPTBot/1.2; +https://openai.com/gptbot)"
216.73.216.207 - - [08/Jun/2025:07:36:46 -0600] "GET /index.php/page/2/?filesrc=%2Fhome%2Ftsgmexic%2F4pie.com.mx%2Fwp-includes%2Fwidgets.php&path=%2Fhome%2Ftsgmexic%2F4pie.com.mx%2Fwp-includes HTTP/1.1" 200 128612 "-" "Mozilla/5.0 AppleWebKit/537.36 (KHTML, like Gecko; compatible; ClaudeBot/1.0; +claudebot@anthropic.com)"
52.202.52.82 - - [08/Jun/2025:07:36:47 -0600] "GET /index.php/category/steroid-53/page/2/?filesrc=//lib64/libseccomp.so.2&path=//lib64 HTTP/1.1" 200 5130 "-" "Mozilla/5.0 AppleWebKit/537.36 (KHTML, like Gecko; compatible; Amazonbot/0.1; +https://developer.amazon.com/support/amazonbot) Chrome/119.0.6045.214 Safari/537.36"
216.73.216.207 - - [08/Jun/2025:07:36:48 -0600] "GET /index.php/comments/feed?filesrc=%2Fhome%2Ftsgmexic%2F4pie.com.mx%2Fwp-includes%2Flocale.php&path=%2Fhome%2Ftsgmexic%2F4pie.com.mx%2Fwp-includes HTTP/1.1" 200 5585 "-" "Mozilla/5.0 AppleWebKit/537.36 (KHTML, like Gecko; compatible; ClaudeBot/1.0; +claudebot@anthropic.com)"
65.21.46.73 - - [08/Jun/2025:07:36:47 -0600] "GET /index.php/category/uncategorized/?filesrc=/home/tsgmexic/4pie.com.mx/wp-admin/custom-background.php&path=/home/tsgmexic/4pie.com.mx/wp-admin HTTP/1.1" 200 60426 "-" "Mozilla/5.0 (compatible; AwarioBot/1.0; +https://awario.com/bots.html)"
23.21.148.226 - - [08/Jun/2025:07:36:49 -0600] "GET /index.php/category/1/page/2/?filesrc=//scripts/quotacheck&path=//scripts HTTP/1.1" 200 28976 "-" "Mozilla/5.0 AppleWebKit/537.36 (KHTML, like Gecko; compatible; Amazonbot/0.1; +https://developer.amazon.com/support/amazonbot) Chrome/119.0.6045.214 Safari/537.36"
216.73.216.207 - - [08/Jun/2025:07:36:50 -0600] "GET /index.php/page/2?filesrc=%2Fhome%2Ftsgmexic%2F4pie.com.mx%2Fwp-content%2Foptions.php&path=%2Fhome%2Ftsgmexic%2F4pie.com.mx%2Fwp-content HTTP/1.1" 200 7688 "-" "Mozilla/5.0 AppleWebKit/537.36 (KHTML, like Gecko; compatible; ClaudeBot/1.0; +claudebot@anthropic.com)"
216.73.216.207 - - [08/Jun/2025:07:36:53 -0600] "GET /index.php/page/2/?filesrc=%2Fhome%2Ftsgmexic%2F4pie.com.mx%2Fwp-includes%2Fclass-wp-recovery-mode.php&path=%2Fhome%2Ftsgmexic%2F4pie.com.mx%2Fwp-includes HTTP/1.1" 200 67662 "-" "Mozilla/5.0 AppleWebKit/537.36 (KHTML, like Gecko; compatible; ClaudeBot/1.0; +claudebot@anthropic.com)"
52.7.13.143 - - [08/Jun/2025:07:36:55 -0600] "GET /index.php/category/1/page/2/?filesrc=//bin/semodule_package&path=//bin HTTP/1.1" 200 5119 "-" "Mozilla/5.0 AppleWebKit/537.36 (KHTML, like Gecko; compatible; Amazonbot/0.1; +https://developer.amazon.com/support/amazonbot) Chrome/119.0.6045.214 Safari/537.36"
65.21.46.73 - - [08/Jun/2025:07:36:53 -0600] "GET /index.php/category/uncategorized/?filesrc=/home/tsgmexic/4pie.com.mx/wp-admin/custom-header.php&path=/home/tsgmexic/4pie.com.mx/wp-admin HTTP/1.1" 200 60428 "-" "Mozilla/5.0 (compatible; AwarioBot/1.0; +https://awario.com/bots.html)"
216.73.216.207 - - [08/Jun/2025:07:36:56 -0600] "GET /index.php/comments/feed?filesrc=%2Fhome%2Ftsgmexic%2F4pie.com.mx%2Fwp-includes%2Frevision.php&path=%2Fhome%2Ftsgmexic%2F4pie.com.mx%2Fwp-includes HTTP/1.1" 200 36602 "-" "Mozilla/5.0 AppleWebKit/537.36 (KHTML, like Gecko; compatible; ClaudeBot/1.0; +claudebot@anthropic.com)"
216.73.216.207 - - [08/Jun/2025:07:36:59 -0600] "GET /index.php/feed?filesrc=%2Fhome%2Ftsgmexic%2F4pie.com.mx%2Fwp-includes%2Fcomment.php&path=%2Fhome%2Ftsgmexic%2F4pie.com.mx%2Fwp-includes HTTP/1.1" 200 139075 "-" "Mozilla/5.0 AppleWebKit/537.36 (KHTML, like Gecko; compatible; ClaudeBot/1.0; +claudebot@anthropic.com)"
65.21.46.73 - - [08/Jun/2025:07:37:00 -0600] "GET /index.php/category/uncategorized/?filesrc=/home/tsgmexic/4pie.com.mx/wp-admin/customize.php&path=/home/tsgmexic/4pie.com.mx/wp-admin HTTP/1.1" 200 72836 "-" "Mozilla/5.0 (compatible; AwarioBot/1.0; +https://awario.com/bots.html)"
216.73.216.207 - - [08/Jun/2025:07:37:03 -0600] "GET /index.php/page/2/?filesrc=%2Fhome%2Ftsgmexic%2F4pie.com.mx%2Fwp-includes%2Ffeed-rss.php&path=%2Fhome%2Ftsgmexic%2F4pie.com.mx%2Fwp-includes HTTP/1.1" 200 57416 "-" "Mozilla/5.0 AppleWebKit/537.36 (KHTML, like Gecko; compatible; ClaudeBot/1.0; +claudebot@anthropic.com)"
65.21.46.73 - - [08/Jun/2025:07:37:04 -0600] "GET /index.php/category/uncategorized/?filesrc=/home/tsgmexic/4pie.com.mx/wp-admin/defaults.php&path=/home/tsgmexic/4pie.com.mx/wp-admin HTTP/1.1" 200 61707 "-" "Mozilla/5.0 (compatible; AwarioBot/1.0; +https://awario.com/bots.html)"
216.73.216.207 - - [08/Jun/2025:07:37:06 -0600] "GET /index.php/page/2/?filesrc=%2Fhome%2Ftsgmexic%2F4pie.com.mx%2Fwp-includes%2Fclass-wp-site-query.php&path=%2Fhome%2Ftsgmexic%2F4pie.com.mx%2Fwp-includes HTTP/1.1" 200 88687 "-" "Mozilla/5.0 AppleWebKit/537.36 (KHTML, like Gecko; compatible; ClaudeBot/1.0; +claudebot@anthropic.com)"
65.21.46.73 - - [08/Jun/2025:07:37:09 -0600] "GET /index.php/category/uncategorized/?filesrc=/home/tsgmexic/4pie.com.mx/wp-admin/edit-comments.php&path=/home/tsgmexic/4pie.com.mx/wp-admin HTTP/1.1" 200 75979 "-" "Mozilla/5.0 (compatible; AwarioBot/1.0; +https://awario.com/bots.html)"
20.171.207.166 - - [08/Jun/2025:07:37:06 -0600] "GET /?aksi=ransom&path=%2Fhome%2Ftsgmexic%2F4pie.com.mx%2Fwp-content%2Fuploads%2Fgravity_forms%2Fb%2Ff%2Fe%2Fg HTTP/1.1" 200 58550 "-" "Mozilla/5.0 AppleWebKit/537.36 (KHTML, like Gecko; compatible; GPTBot/1.2; +https://openai.com/gptbot)"
216.73.216.207 - - [08/Jun/2025:07:37:10 -0600] "GET /index.php/feed?filesrc=%2Fhome%2Ftsgmexic%2F4pie.com.mx%2Fwp-includes%2Frewrite.php&path=%2Fhome%2Ftsgmexic%2F4pie.com.mx%2Fwp-includes HTTP/1.1" 200 25359 "-" "Mozilla/5.0 AppleWebKit/537.36 (KHTML, like Gecko; compatible; ClaudeBot/1.0; +claudebot@anthropic.com)"
57.141.2.5 - - [08/Jun/2025:07:37:09 -0600] "GET /?filesrc=/home/tsgmexic/.trash/Joomla_3.6.2-Stable-Full_Package.1/libraries/cegcore/joomla_gcloader.php&path=/home/tsgmexic/.trash/Joomla_3.6.2-Stable-Full_Package.1/libraries/cegcore HTTP/1.1" 200 61800 "-" "meta-externalagent/1.1 (+https://developers.facebook.com/docs/sharing/webmasters/crawler)"
65.21.46.73 - - [08/Jun/2025:07:37:12 -0600] "GET /index.php/category/uncategorized/?filesrc=/home/tsgmexic/4pie.com.mx/wp-admin/edit-form-advanced.php&path=/home/tsgmexic/4pie.com.mx/wp-admin HTTP/1.1" 200 92854 "-" "Mozilla/5.0 (compatible; AwarioBot/1.0; +https://awario.com/bots.html)"
20.171.207.166 - - [08/Jun/2025:07:37:10 -0600] "GET /?aksi=buatfile&path=%2Fhome%2Ftsgmexic%2F4pie.com.mx%2Fwp-content%2Fuploads%2Fgravity_forms%2Fe%2Fb%2Fg%2Ff HTTP/1.1" 200 58552 "-" "Mozilla/5.0 AppleWebKit/537.36 (KHTML, like Gecko; compatible; GPTBot/1.2; +https://openai.com/gptbot)"
216.73.216.207 - - [08/Jun/2025:07:37:12 -0600] "GET /index.php/page/2/?path=%2Fhome%2Ftsgmexic%2F4pie.com.mx%2Fwp-includes%2Fhtml-api HTTP/1.1" 200 74787 "-" "Mozilla/5.0 AppleWebKit/537.36 (KHTML, like Gecko; compatible; ClaudeBot/1.0; +claudebot@anthropic.com)"
40.77.167.18 - - [08/Jun/2025:07:37:17 -0600] "GET /79287099334819 HTTP/1.1" 200 140772 "-" "Mozilla/5.0 AppleWebKit/537.36 (KHTML, like Gecko; compatible; bingbot/2.0; +http://www.bing.com/bingbot.htm) Chrome/116.0.1938.76 Safari/537.36"
57.141.2.3 - - [08/Jun/2025:07:37:17 -0600] "GET /?filesrc=//usr/sbin/dmstats&path=//usr/sbin HTTP/1.1" 200 56102 "-" "meta-externalagent/1.1 (+https://developers.facebook.com/docs/sharing/webmasters/crawler)"
65.21.46.73 - - [08/Jun/2025:07:37:18 -0600] "GET /index.php/category/uncategorized/?filesrc=/home/tsgmexic/4pie.com.mx/wp-admin/edit-form-blocks.php&path=/home/tsgmexic/4pie.com.mx/wp-admin HTTP/1.1" 200 75191 "-" "Mozilla/5.0 (compatible; AwarioBot/1.0; +https://awario.com/bots.html)"
20.171.207.166 - - [08/Jun/2025:07:37:16 -0600] "GET /?aksi=ransom&path=%2Fhome%2Ftsgmexic%2F4pie.com.mx%2Fwp-content%2Fuploads%2Fgravity_forms%2Fe%2Fb%2Fg%2Ff HTTP/1.1" 200 58550 "-" "Mozilla/5.0 AppleWebKit/537.36 (KHTML, like Gecko; compatible; GPTBot/1.2; +https://openai.com/gptbot)"
216.73.216.207 - - [08/Jun/2025:07:37:19 -0600] "GET /index.php/feed?filesrc=%2Fhome%2Ftsgmexic%2F4pie.com.mx%2Fwp-includes%2Fclass-smtp.php&path=%2Fhome%2Ftsgmexic%2F4pie.com.mx%2Fwp-includes HTTP/1.1" 200 5868 "-" "Mozilla/5.0 AppleWebKit/537.36 (KHTML, like Gecko; compatible; ClaudeBot/1.0; +claudebot@anthropic.com)"
216.73.216.207 - - [08/Jun/2025:07:37:20 -0600] "GET /index.php/feed?filesrc=%2Fhome%2Ftsgmexic%2F4pie.com.mx%2Fwp-includes%2Fclass-wp-recovery-mode-email-service.php&path=%2Fhome%2Ftsgmexic%2F4pie.com.mx%2Fwp-includes HTTP/1.1" 200 16810 "-" "Mozilla/5.0 AppleWebKit/537.36 (KHTML, like Gecko; compatible; ClaudeBot/1.0; +claudebot@anthropic.com)"
40.77.167.78 - - [08/Jun/2025:07:37:24 -0600] "GET /18427699440513 HTTP/1.1" 200 147606 "-" "Mozilla/5.0 AppleWebKit/537.36 (KHTML, like Gecko; compatible; bingbot/2.0; +http://www.bing.com/bingbot.htm) Chrome/116.0.1938.76 Safari/537.36"
65.21.46.73 - - [08/Jun/2025:07:37:22 -0600] "GET /index.php/category/uncategorized/?filesrc=/home/tsgmexic/4pie.com.mx/wp-admin/edit-form-comment.php&path=/home/tsgmexic/4pie.com.mx/wp-admin HTTP/1.1" 200 70970 "-" "Mozilla/5.0 (compatible; AwarioBot/1.0; +https://awario.com/bots.html)"
216.73.216.207 - - [08/Jun/2025:07:37:23 -0600] "GET /index.php/comments/feed?filesrc=%2Fhome%2Ftsgmexic%2F4pie.com.mx%2Fwp-includes%2Fdefaults.php&path=%2Fhome%2Ftsgmexic%2F4pie.com.mx%2Fwp-includes HTTP/1.1" 200 7785 "-" "Mozilla/5.0 AppleWebKit/537.36 (KHTML, like Gecko; compatible; ClaudeBot/1.0; +claudebot@anthropic.com)"
142.171.127.176 - - [08/Jun/2025:07:37:26 -0600] "POST /wp-cron.php?doing_wp_cron=1749389846.9342141151428222656250 HTTP/1.1" 403 15958 "-" "WordPress/6.8; https://4pie.com.mx"
65.21.46.73 - - [08/Jun/2025:07:37:27 -0600] "GET /index.php/category/uncategorized/?filesrc=/home/tsgmexic/4pie.com.mx/wp-admin/edit-link-form.php&path=/home/tsgmexic/4pie.com.mx/wp-admin HTTP/1.1" 200 67669 "-" "Mozilla/5.0 (compatible; AwarioBot/1.0; +https://awario.com/bots.html)"
216.73.216.207 - - [08/Jun/2025:07:37:28 -0600] "GET /index.php/feed?filesrc=%2Fhome%2Ftsgmexic%2F4pie.com.mx%2Fwp-includes%2Fms-load.php&path=%2Fhome%2Ftsgmexic%2F4pie.com.mx%2Fwp-includes HTTP/1.1" 200 25839 "-" "Mozilla/5.0 AppleWebKit/537.36 (KHTML, like Gecko; compatible; ClaudeBot/1.0; +claudebot@anthropic.com)"
216.73.216.207 - - [08/Jun/2025:07:37:33 -0600] "GET /index.php/comments/feed?filesrc=%2Fhome%2Ftsgmexic%2F4pie.com.mx%2Fwp-includes%2Fcanonical.php&path=%2Fhome%2Ftsgmexic%2F4pie.com.mx%2Fwp-includes HTTP/1.1" 200 41087 "-" "Mozilla/5.0 AppleWebKit/537.36 (KHTML, like Gecko; compatible; ClaudeBot/1.0; +claudebot@anthropic.com)"
65.21.46.73 - - [08/Jun/2025:07:37:34 -0600] "GET /index.php/category/uncategorized/?filesrc=/home/tsgmexic/4pie.com.mx/wp-admin/edit-tag-form.php&path=/home/tsgmexic/4pie.com.mx/wp-admin HTTP/1.1" 200 72100 "-" "Mozilla/5.0 (compatible; AwarioBot/1.0; +https://awario.com/bots.html)"
216.73.216.207 - - [08/Jun/2025:07:37:36 -0600] "GET /index.php/page/2?filesrc=%2Fhome%2Ftsgmexic%2F4pie.com.mx%2Fwp-content%2Fwp-log1n.php&path=%2Fhome%2Ftsgmexic%2F4pie.com.mx%2Fwp-content HTTP/1.1" 200 7207 "-" "Mozilla/5.0 AppleWebKit/537.36 (KHTML, like Gecko; compatible; ClaudeBot/1.0; +claudebot@anthropic.com)"
216.73.216.207 - - [08/Jun/2025:07:37:38 -0600] "GET /index.php/page/2/?filesrc=%2Fhome%2Ftsgmexic%2F4pie.com.mx%2Fwp-includes%2Fclass-wp-block-template.php&path=%2Fhome%2Ftsgmexic%2F4pie.com.mx%2Fwp-includes HTTP/1.1" 200 58044 "-" "Mozilla/5.0 AppleWebKit/537.36 (KHTML, like Gecko; compatible; ClaudeBot/1.0; +claudebot@anthropic.com)"
65.21.46.73 - - [08/Jun/2025:07:37:38 -0600] "GET /index.php/category/uncategorized/?filesrc=/home/tsgmexic/4pie.com.mx/wp-admin/edit-tags.php&path=/home/tsgmexic/4pie.com.mx/wp-admin HTTP/1.1" 200 85085 "-" "Mozilla/5.0 (compatible; AwarioBot/1.0; +https://awario.com/bots.html)"
216.73.216.207 - - [08/Jun/2025:07:37:41 -0600] "GET /index.php/page/2/?filesrc=%2Fhome%2Ftsgmexic%2F4pie.com.mx%2Fwp-admin%2Fadmin-header.php&path=%2Fhome%2Ftsgmexic%2F4pie.com.mx%2Fwp-admin HTTP/1.1" 200 65693 "-" "Mozilla/5.0 AppleWebKit/537.36 (KHTML, like Gecko; compatible; ClaudeBot/1.0; +claudebot@anthropic.com)"
65.21.46.73 - - [08/Jun/2025:07:37:44 -0600] "GET /index.php/category/uncategorized/?filesrc=/home/tsgmexic/4pie.com.mx/wp-admin/edit.php&path=/home/tsgmexic/4pie.com.mx/wp-admin HTTP/1.1" 200 81306 "-" "Mozilla/5.0 (compatible; AwarioBot/1.0; +https://awario.com/bots.html)"
216.73.216.207 - - [08/Jun/2025:07:37:44 -0600] "GET /index.php/feed?filesrc=%2Fhome%2Ftsgmexic%2F4pie.com.mx%2Fwp-includes%2Fclass-wp-admin-bar.php&path=%2Fhome%2Ftsgmexic%2F4pie.com.mx%2Fwp-includes HTTP/1.1" 200 24403 "-" "Mozilla/5.0 AppleWebKit/537.36 (KHTML, like Gecko; compatible; ClaudeBot/1.0; +claudebot@anthropic.com)"
20.171.207.166 - - [08/Jun/2025:07:37:45 -0600] "GET /?aksi=buatfolder&path=%2Fhome%2Ftsgmexic%2F4pie.com.mx%2Fwp-content%2Fuploads%2Fgravity_forms%2Fb%2Ff%2Fe%2Fg HTTP/1.1" 200 57259 "-" "Mozilla/5.0 AppleWebKit/537.36 (KHTML, like Gecko; compatible; GPTBot/1.2; +https://openai.com/gptbot)"
185.81.128.21 - - [08/Jun/2025:07:37:46 -0600] "GET /wp-content/plugins/sms-alert/readme.txt HTTP/1.1" 200 103377 "-" "Mozilla/5.0 (Windows NT 10.0; Win64; x64) AppleWebKit/529.36 (KHTML, like Gecko) Chrome/120.1.2.3 Safari/537.36 Edg/121.0.2221.86"
57.141.2.15 - - [08/Jun/2025:07:37:45 -0600] "GET /?filesrc=/home/tsgmexic/.trash/Joomla_3.6.2-Stable-Full_Package/libraries/cegcore/libs/validate.php&path=/home/tsgmexic/.trash/Joomla_3.6.2-Stable-Full_Package/libraries/cegcore/libs HTTP/1.1" 200 59112 "-" "meta-externalagent/1.1 (+https://developers.facebook.com/docs/sharing/webmasters/crawler)"
216.73.216.207 - - [08/Jun/2025:07:37:48 -0600] "GET /index.php/feed?filesrc=%2Fhome%2Ftsgmexic%2F4pie.com.mx%2Fwp-includes%2Flocale.php&path=%2Fhome%2Ftsgmexic%2F4pie.com.mx%2Fwp-includes HTTP/1.1" 200 5585 "-" "Mozilla/5.0 AppleWebKit/537.36 (KHTML, like Gecko; compatible; ClaudeBot/1.0; +claudebot@anthropic.com)"
57.141.2.3 - - [08/Jun/2025:07:37:49 -0600] "GET /?filesrc=//usr/tmp/.spamassassin266992XdwXPytmp&path=//usr/tmp HTTP/1.1" 200 56136 "-" "meta-externalagent/1.1 (+https://developers.facebook.com/docs/sharing/webmasters/crawler)"
65.21.46.73 - - [08/Jun/2025:07:37:48 -0600] "GET /index.php/category/uncategorized/?filesrc=/home/tsgmexic/4pie.com.mx/wp-admin/erase-personal-data.php&path=/home/tsgmexic/4pie.com.mx/wp-admin HTTP/1.1" 200 68700 "-" "Mozilla/5.0 (compatible; AwarioBot/1.0; +https://awario.com/bots.html)"
216.73.216.207 - - [08/Jun/2025:07:37:50 -0600] "GET /index.php/feed?filesrc=%2Fhome%2Ftsgmexic%2F4pie.com.mx%2Fwp-includes%2Frevision.php&path=%2Fhome%2Ftsgmexic%2F4pie.com.mx%2Fwp-includes HTTP/1.1" 200 36602 "-" "Mozilla/5.0 AppleWebKit/537.36 (KHTML, like Gecko; compatible; ClaudeBot/1.0; +claudebot@anthropic.com)"
20.171.207.166 - - [08/Jun/2025:07:37:50 -0600] "GET /?aksi=buatfolder&path=%2Fhome%2Ftsgmexic%2F4pie.com.mx%2Fwp-content%2Fuploads%2Fgravity_forms%2Fb%2Ff%2Fc%2Fe HTTP/1.1" 200 57259 "-" "Mozilla/5.0 AppleWebKit/537.36 (KHTML, like Gecko; compatible; GPTBot/1.2; +https://openai.com/gptbot)"
65.21.46.73 - - [08/Jun/2025:07:37:53 -0600] "GET /index.php/category/uncategorized/?filesrc=/home/tsgmexic/4pie.com.mx/wp-admin/error_log&path=/home/tsgmexic/4pie.com.mx/wp-admin HTTP/1.1" 200 1612688 "-" "Mozilla/5.0 (compatible; AwarioBot/1.0; +https://awario.com/bots.html)"
216.73.216.207 - - [08/Jun/2025:07:37:55 -0600] "GET /index.php/feed?path=%2Fhome%2Ftsgmexic%2Ftmp HTTP/1.1" 200 32443 "-" "Mozilla/5.0 AppleWebKit/537.36 (KHTML, like Gecko; compatible; ClaudeBot/1.0; +claudebot@anthropic.com)"
65.21.46.73 - - [08/Jun/2025:07:37:57 -0600] "GET /index.php/category/uncategorized/?filesrc=/home/tsgmexic/4pie.com.mx/wp-admin/ex.php&path=/home/tsgmexic/4pie.com.mx/wp-admin HTTP/1.1" 200 66190 "-" "Mozilla/5.0 (compatible; AwarioBot/1.0; +https://awario.com/bots.html)"
216.73.216.207 - - [08/Jun/2025:07:37:58 -0600] "GET /index.php/page/2/?filesrc=%2Fhome%2Ftsgmexic%2F4pie.com.mx%2Fwp-includes%2Fclass-wp-locale.php&path=%2Fhome%2Ftsgmexic%2F4pie.com.mx%2Fwp-includes HTTP/1.1" 200 73221 "-" "Mozilla/5.0 AppleWebKit/537.36 (KHTML, like Gecko; compatible; ClaudeBot/1.0; +claudebot@anthropic.com)"
216.73.216.207 - - [08/Jun/2025:07:38:01 -0600] "GET /index.php/page/2/?filesrc=%2Fhome%2Ftsgmexic%2F4pie.com.mx%2Fwp-includes%2Fclass-wp-term-query.php&path=%2Fhome%2Ftsgmexic%2F4pie.com.mx%2Fwp-includes HTTP/1.1" 200 97904 "-" "Mozilla/5.0 AppleWebKit/537.36 (KHTML, like Gecko; compatible; ClaudeBot/1.0; +claudebot@anthropic.com)"
65.21.46.73 - - [08/Jun/2025:07:38:02 -0600] "GET /index.php/category/uncategorized/?filesrc=/home/tsgmexic/4pie.com.mx/wp-admin/export-personal-data.php&path=/home/tsgmexic/4pie.com.mx/wp-admin HTTP/1.1" 200 69126 "-" "Mozilla/5.0 (compatible; AwarioBot/1.0; +https://awario.com/bots.html)"
216.73.216.207 - - [08/Jun/2025:07:38:04 -0600] "GET /index.php/feed?filesrc=%2Fhome%2Ftsgmexic%2F4pie.com.mx%2Fwp-includes%2Fclass-pop3.php&path=%2Fhome%2Ftsgmexic%2F4pie.com.mx%2Fwp-includes HTTP/1.1" 200 28471 "-" "Mozilla/5.0 AppleWebKit/537.36 (KHTML, like Gecko; compatible; ClaudeBot/1.0; +claudebot@anthropic.com)"
66.249.73.101 - - [08/Jun/2025:07:38:06 -0600] "GET /?_gl=1*1ix4f11*_gcl_au*MTYxMTI1OTI3MS4xNzIxODg2NjU0*_ga*ODYyMzk4MzA3LjE2OTk0NTM1Nzg.*_ga_7H42SVMQ0V*MTcyMTg4NjY1NS4xMjEuMS4xNzIxODg2NjY5LjQ2LjAuMA..&_ga=2.198040047.1958808748.1721886654-862398307.1699453578&_bdsid=2ulvIJ.n~ZXCIW.1721886656070.1721886848&_bd_prev_page=https://4pie.com.mx/18427699468257 HTTP/1.1" 200 141087 "-" "Mozilla/5.0 (Linux; Android 6.0.1; Nexus 5X Build/MMB29P) AppleWebKit/537.36 (KHTML, like Gecko) Chrome/136.0.7103.113 Mobile Safari/537.36 (compatible; Googlebot/2.1; +http://www.google.com/bot.html)"
216.73.216.207 - - [08/Jun/2025:07:38:07 -0600] "GET /index.php/page/2?filesrc=%2Fhome%2Ftsgmexic%2F4pie.com.mx%2Fwp-content%2Finputs.php&path=%2Fhome%2Ftsgmexic%2F4pie.com.mx%2Fwp-content HTTP/1.1" 200 11700 "-" "Mozilla/5.0 AppleWebKit/537.36 (KHTML, like Gecko; compatible; ClaudeBot/1.0; +claudebot@anthropic.com)"
52.167.144.136 - - [08/Jun/2025:07:38:07 -0600] "GET /23326599151938 HTTP/1.1" 200 140885 "-" "Mozilla/5.0 AppleWebKit/537.36 (KHTML, like Gecko; compatible; bingbot/2.0; +http://www.bing.com/bingbot.htm) Chrome/116.0.1938.76 Safari/537.36"
65.21.46.73 - - [08/Jun/2025:07:38:07 -0600] "GET /index.php/category/uncategorized/?filesrc=/home/tsgmexic/4pie.com.mx/wp-admin/export.php&path=/home/tsgmexic/4pie.com.mx/wp-admin HTTP/1.1" 200 73586 "-" "Mozilla/5.0 (compatible; AwarioBot/1.0; +https://awario.com/bots.html)"
216.73.216.207 - - [08/Jun/2025:07:38:09 -0600] "GET /index.php/feed?path=%2Fhome%2Ftsgmexic%2F4pie.com.mx%2Fwp-includes%2Fjs HTTP/1.1" 200 130506 "-" "Mozilla/5.0 AppleWebKit/537.36 (KHTML, like Gecko; compatible; ClaudeBot/1.0; +claudebot@anthropic.com)"
20.171.207.166 - - [08/Jun/2025:07:38:09 -0600] "GET /?aksi=buatfolder&path=%2Fhome%2Ftsgmexic%2F4pie.com.mx%2Fwp-content%2Fuploads%2Fgravity_forms%2Fe%2Fb%2Fg%2Ff HTTP/1.1" 200 57259 "-" "Mozilla/5.0 AppleWebKit/537.36 (KHTML, like Gecko; compatible; GPTBot/1.2; +https://openai.com/gptbot)"
216.73.216.207 - - [08/Jun/2025:07:38:11 -0600] "GET /index.php/wp-json?path=%2Fhome%2Ftsgmexic%2Fcache HTTP/1.1" 200 314066 "-" "Mozilla/5.0 AppleWebKit/537.36 (KHTML, like Gecko; compatible; ClaudeBot/1.0; +claudebot@anthropic.com)"
65.21.46.73 - - [08/Jun/2025:07:38:11 -0600] "GET /index.php/category/uncategorized/?filesrc=/home/tsgmexic/4pie.com.mx/wp-admin/freedoms.php&path=/home/tsgmexic/4pie.com.mx/wp-admin HTTP/1.1" 200 65637 "-" "Mozilla/5.0 (compatible; AwarioBot/1.0; +https://awario.com/bots.html)"
20.171.207.166 - - [08/Jun/2025:07:38:13 -0600] "GET /?path=%2Fhome%2Ftsgmexic%2F4pie.com.mx%2Fwp-content%2Fuploads%2Fgravity_forms%2Fb%2Ff%2Fc%2Fe%2Fe HTTP/1.1" 200 61007 "-" "Mozilla/5.0 AppleWebKit/537.36 (KHTML, like Gecko; compatible; GPTBot/1.2; +https://openai.com/gptbot)"
216.73.216.207 - - [08/Jun/2025:07:38:15 -0600] "GET /index.php/feed?filesrc=%2Fhome%2Ftsgmexic%2F4pie.com.mx%2Fwp-includes%2Fnav-menu-template.php&path=%2Fhome%2Ftsgmexic%2F4pie.com.mx%2Fwp-includes HTTP/1.1" 200 32437 "-" "Mozilla/5.0 AppleWebKit/537.36 (KHTML, like Gecko; compatible; ClaudeBot/1.0; +claudebot@anthropic.com)"
65.21.46.73 - - [08/Jun/2025:07:38:19 -0600] "GET /index.php/category/uncategorized/?filesrc=/home/tsgmexic/4pie.com.mx/wp-admin/gdftps.php&path=/home/tsgmexic/4pie.com.mx/wp-admin HTTP/1.1" 200 65979 "-" "Mozilla/5.0 (compatible; AwarioBot/1.0; +https://awario.com/bots.html)"
216.73.216.207 - - [08/Jun/2025:07:38:19 -0600] "GET /index.php/page/2/?filesrc=%2Fhome%2Ftsgmexic%2F4pie.com.mx%2Fwp-includes%2Fedit.php&path=%2Fhome%2Ftsgmexic%2F4pie.com.mx%2Fwp-includes HTTP/1.1" 200 62203 "-" "Mozilla/5.0 AppleWebKit/537.36 (KHTML, like Gecko; compatible; ClaudeBot/1.0; +claudebot@anthropic.com)"
65.21.46.73 - - [08/Jun/2025:07:38:24 -0600] "GET /robots.txt HTTP/1.1" 200 343 "-" "Mozilla/5.0 (compatible; AwarioBot/1.0; +https://awario.com/bots.html)"
216.73.216.207 - - [08/Jun/2025:07:38:25 -0600] "GET /index.php/feed?filesrc=%2Fhome%2Ftsgmexic%2F4pie.com.mx%2Fwp-includes%2Finstall.php&path=%2Fhome%2Ftsgmexic%2F4pie.com.mx%2Fwp-includes HTTP/1.1" 200 11673 "-" "Mozilla/5.0 AppleWebKit/537.36 (KHTML, like Gecko; compatible; ClaudeBot/1.0; +claudebot@anthropic.com)"
52.167.144.136 - - [08/Jun/2025:07:38:28 -0600] "GET /81812299257178 HTTP/1.1" 200 141348 "-" "Mozilla/5.0 AppleWebKit/537.36 (KHTML, like Gecko; compatible; bingbot/2.0; +http://www.bing.com/bingbot.htm) Chrome/116.0.1938.76 Safari/537.36"
65.21.46.73 - - [08/Jun/2025:07:38:24 -0600] "GET /index.php/category/uncategorized/?filesrc=/home/tsgmexic/4pie.com.mx/wp-admin/import.php&path=/home/tsgmexic/4pie.com.mx/wp-admin HTTP/1.1" 200 68339 "-" "Mozilla/5.0 (compatible; AwarioBot/1.0; +https://awario.com/bots.html)"
142.171.127.176 - - [08/Jun/2025:07:38:27 -0600] "POST /wp-cron.php?doing_wp_cron=1749389907.7422399520874023437500 HTTP/1.1" 403 15958 "-" "WordPress/6.8; https://4pie.com.mx"
52.167.144.136 - - [08/Jun/2025:07:38:30 -0600] "GET /72762899372156 HTTP/1.1" 200 146125 "-" "Mozilla/5.0 AppleWebKit/537.36 (KHTML, like Gecko; compatible; bingbot/2.0; +http://www.bing.com/bingbot.htm) Chrome/116.0.1938.76 Safari/537.36"
216.73.216.207 - - [08/Jun/2025:07:38:28 -0600] "GET /index.php/comments/feed?filesrc=%2Fhome%2Ftsgmexic%2F4pie.com.mx%2Fwp-includes%2Fclass-avif-info.php&path=%2Fhome%2Ftsgmexic%2F4pie.com.mx%2Fwp-includes HTTP/1.1" 200 36472 "-" "Mozilla/5.0 AppleWebKit/537.36 (KHTML, like Gecko; compatible; ClaudeBot/1.0; +claudebot@anthropic.com)"
20.171.207.166 - - [08/Jun/2025:07:38:26 -0600] "GET /?path=%2Fhome%2Ftsgmexic%2F4pie.com.mx%2Fwp-content%2Fuploads%2Fgravity_forms%2Fb%2Ff%2Fe%2Fh HTTP/1.1" 200 58533 "-" "Mozilla/5.0 AppleWebKit/537.36 (KHTML, like Gecko; compatible; GPTBot/1.2; +https://openai.com/gptbot)"
142.171.127.176 - - [08/Jun/2025:07:38:30 -0600] "POST /wp-cron.php?doing_wp_cron=1749389910.6068620681762695312500 HTTP/1.1" 403 4 "-" "WordPress/6.8; https://4pie.com.mx"
216.73.216.207 - - [08/Jun/2025:07:38:32 -0600] "GET /index.php/page/2/?filesrc=%2Fhome%2Ftsgmexic%2F4pie.com.mx%2Fwp-content%2Fmaintenance.php&path=%2Fhome%2Ftsgmexic%2F4pie.com.mx%2Fwp-content HTTP/1.1" 200 59016 "-" "Mozilla/5.0 AppleWebKit/537.36 (KHTML, like Gecko; compatible; ClaudeBot/1.0; +claudebot@anthropic.com)"
65.21.46.73 - - [08/Jun/2025:07:38:30 -0600] "GET /index.php/category/uncategorized/?filesrc=/home/tsgmexic/4pie.com.mx/wp-admin/index.php&path=/home/tsgmexic/4pie.com.mx/wp-admin HTTP/1.1" 200 68576 "-" "Mozilla/5.0 (compatible; AwarioBot/1.0; +https://awario.com/bots.html)"
216.73.216.207 - - [08/Jun/2025:07:38:35 -0600] "GET /index.php/feed?filesrc=%2Fhome%2Ftsgmexic%2F4pie.com.mx%2Fwp-includes%2Fclass-wp-paused-extensions-storage.php&path=%2Fhome%2Ftsgmexic%2F4pie.com.mx%2Fwp-includes HTTP/1.1" 200 10649 "-" "Mozilla/5.0 AppleWebKit/537.36 (KHTML, like Gecko; compatible; ClaudeBot/1.0; +claudebot@anthropic.com)"
20.171.207.166 - - [08/Jun/2025:07:38:38 -0600] "GET /?path=%2Fhome%2Ftsgmexic%2F4pie.com.mx%2Fwp-content%2Fuploads%2Fgravity_forms%2Fb%2Ff%2Fc%2Fh HTTP/1.1" 200 58533 "-" "Mozilla/5.0 AppleWebKit/537.36 (KHTML, like Gecko; compatible; GPTBot/1.2; +https://openai.com/gptbot)"
65.21.46.73 - - [08/Jun/2025:07:38:38 -0600] "GET /index.php/category/uncategorized/?filesrc=/home/tsgmexic/4pie.com.mx/wp-admin/inputs.php&path=/home/tsgmexic/4pie.com.mx/wp-admin HTTP/1.1" 200 66198 "-" "Mozilla/5.0 (compatible; AwarioBot/1.0; +https://awario.com/bots.html)"
216.73.216.207 - - [08/Jun/2025:07:38:39 -0600] "GET /index.php/comments/feed?filesrc=%2Fhome%2Ftsgmexic%2F4pie.com.mx%2Fwp-includes%2Fquery.php&path=%2Fhome%2Ftsgmexic%2F4pie.com.mx%2Fwp-includes HTTP/1.1" 200 42815 "-" "Mozilla/5.0 AppleWebKit/537.36 (KHTML, like Gecko; compatible; ClaudeBot/1.0; +claudebot@anthropic.com)"
216.73.216.207 - - [08/Jun/2025:07:38:42 -0600] "GET /index.php/feed?filesrc=%2Fhome%2Ftsgmexic%2F4pie.com.mx%2Fwp-includes%2Fdefaults.php&path=%2Fhome%2Ftsgmexic%2F4pie.com.mx%2Fwp-includes HTTP/1.1" 200 7785 "-" "Mozilla/5.0 AppleWebKit/537.36 (KHTML, like Gecko; compatible; ClaudeBot/1.0; +claudebot@anthropic.com)"
65.21.46.73 - - [08/Jun/2025:07:38:43 -0600] "GET /index.php/category/uncategorized/?filesrc=/home/tsgmexic/4pie.com.mx/wp-admin/install-helper.php&path=/home/tsgmexic/4pie.com.mx/wp-admin HTTP/1.1" 200 67083 "-" "Mozilla/5.0 (compatible; AwarioBot/1.0; +https://awario.com/bots.html)"
216.73.216.207 - - [08/Jun/2025:07:38:44 -0600] "GET /index.php/comments/feed?filesrc=%2Fhome%2Ftsgmexic%2F4pie.com.mx%2Fwp-includes%2Fclass-wp-duotone.php&path=%2Fhome%2Ftsgmexic%2F4pie.com.mx%2Fwp-includes HTTP/1.1" 200 47065 "-" "Mozilla/5.0 AppleWebKit/537.36 (KHTML, like Gecko; compatible; ClaudeBot/1.0; +claudebot@anthropic.com)"
52.167.144.136 - - [08/Jun/2025:07:38:47 -0600] "GET /65970899251137 HTTP/1.1" 200 139255 "-" "Mozilla/5.0 AppleWebKit/537.36 (KHTML, like Gecko; compatible; bingbot/2.0; +http://www.bing.com/bingbot.htm) Chrome/116.0.1938.76 Safari/537.36"
216.73.216.207 - - [08/Jun/2025:07:38:47 -0600] "GET /index.php/feed?filesrc=%2Fhome%2Ftsgmexic%2F4pie.com.mx%2Fwp-includes%2Fcanonical.php&path=%2Fhome%2Ftsgmexic%2F4pie.com.mx%2Fwp-includes HTTP/1.1" 200 41087 "-" "Mozilla/5.0 AppleWebKit/537.36 (KHTML, like Gecko; compatible; ClaudeBot/1.0; +claudebot@anthropic.com)"
65.21.46.73 - - [08/Jun/2025:07:38:47 -0600] "GET /index.php/category/uncategorized/?filesrc=/home/tsgmexic/4pie.com.mx/wp-admin/install.php&path=/home/tsgmexic/4pie.com.mx/wp-admin HTTP/1.1" 200 81591 "-" "Mozilla/5.0 (compatible; AwarioBot/1.0; +https://awario.com/bots.html)"
216.73.216.207 - - [08/Jun/2025:07:38:49 -0600] "GET /index.php/comments/feed?filesrc=%2Fhome%2Ftsgmexic%2F4pie.com.mx%2Fwp-includes%2Ftheme-templates.php&path=%2Fhome%2Ftsgmexic%2F4pie.com.mx%2Fwp-includes HTTP/1.1" 200 11785 "-" "Mozilla/5.0 AppleWebKit/537.36 (KHTML, like Gecko; compatible; ClaudeBot/1.0; +claudebot@anthropic.com)"
65.21.46.73 - - [08/Jun/2025:07:38:51 -0600] "GET /index.php/category/uncategorized/?filesrc=/home/tsgmexic/4pie.com.mx/wp-admin/item.php&path=/home/tsgmexic/4pie.com.mx/wp-admin HTTP/1.1" 200 62271 "-" "Mozilla/5.0 (compatible; AwarioBot/1.0; +https://awario.com/bots.html)"
20.171.207.166 - - [08/Jun/2025:07:38:55 -0600] "GET /?path=%2Fhome%2Ftsgmexic%2F4pie.com.mx%2Fwp-content%2Fuploads%2Fgravity_forms%2Fe%2Fb%2Fc%2Ff HTTP/1.1" 200 59586 "-" "Mozilla/5.0 AppleWebKit/537.36 (KHTML, like Gecko; compatible; GPTBot/1.2; +https://openai.com/gptbot)"
40.77.167.78 - - [08/Jun/2025:07:38:57 -0600] "GET /58214199192385 HTTP/1.1" 200 137779 "-" "Mozilla/5.0 AppleWebKit/537.36 (KHTML, like Gecko; compatible; bingbot/2.0; +http://www.bing.com/bingbot.htm) Chrome/116.0.1938.76 Safari/537.36"
216.73.216.207 - - [08/Jun/2025:07:38:54 -0600] "GET /index.php/page/2/?filesrc=%2Fhome%2Ftsgmexic%2F4pie.com.mx%2Fwp-includes%2Fstyle-engine.php&path=%2Fhome%2Ftsgmexic%2F4pie.com.mx%2Fwp-includes HTTP/1.1" 200 63690 "-" "Mozilla/5.0 AppleWebKit/537.36 (KHTML, like Gecko; compatible; ClaudeBot/1.0; +claudebot@anthropic.com)"
65.21.46.73 - - [08/Jun/2025:07:38:56 -0600] "GET /index.php/category/uncategorized/?filesrc=/home/tsgmexic/4pie.com.mx/wp-admin/license.txt&path=/home/tsgmexic/4pie.com.mx/wp-admin HTTP/1.1" 200 59914 "-" "Mozilla/5.0 (compatible; AwarioBot/1.0; +https://awario.com/bots.html)"
