65.21.46.73 - - [08/Jun/2025:07:52:26 -0600] "GET /index.php/category/uncategorized/?filesrc=/home/tsgmexic/4pie.com.mx/wp-includes/class-wp-customize-manager.php&path=/home/tsgmexic/4pie.com.mx/wp-includes HTTP/1.1" 200 269871 "-" "Mozilla/5.0 (compatible; AwarioBot/1.0; +https://awario.com/bots.html)"
20.171.207.166 - - [08/Jun/2025:07:52:32 -0600] "GET /?path=%2Fhome%2Ftsgmexic%2F4pie.com.mx%2Fwp-content%2Fuploads%2Fgravity_forms%2Fb%2Ff%2Fc%2Fg HTTP/1.1" 200 59706 "-" "Mozilla/5.0 AppleWebKit/537.36 (KHTML, like Gecko; compatible; GPTBot/1.2; +https://openai.com/gptbot)"
65.21.46.73 - - [08/Jun/2025:07:52:32 -0600] "GET /index.php/category/uncategorized/?filesrc=/home/tsgmexic/4pie.com.mx/wp-includes/class-wp-customize-nav-menus.php&path=/home/tsgmexic/4pie.com.mx/wp-includes HTTP/1.1" 200 121672 "-" "Mozilla/5.0 (compatible; AwarioBot/1.0; +https://awario.com/bots.html)"
65.21.46.73 - - [08/Jun/2025:07:52:36 -0600] "GET /index.php/category/uncategorized/?filesrc=/home/tsgmexic/4pie.com.mx/wp-includes/class-wp-customize-panel.php&path=/home/tsgmexic/4pie.com.mx/wp-includes HTTP/1.1" 200 71340 "-" "Mozilla/5.0 (compatible; AwarioBot/1.0; +https://awario.com/bots.html)"
65.21.46.73 - - [08/Jun/2025:07:52:40 -0600] "GET /robots.txt HTTP/1.1" 200 343 "-" "Mozilla/5.0 (compatible; AwarioBot/1.0; +https://awario.com/bots.html)"
52.167.144.235 - - [08/Jun/2025:07:52:40 -0600] "GET /65970899382642 HTTP/1.1" 200 143141 "-" "Mozilla/5.0 AppleWebKit/537.36 (KHTML, like Gecko; compatible; bingbot/2.0; +http://www.bing.com/bingbot.htm) Chrome/116.0.1938.76 Safari/537.36"
65.21.46.73 - - [08/Jun/2025:07:52:40 -0600] "GET /index.php/category/uncategorized/?filesrc=/home/tsgmexic/4pie.com.mx/wp-includes/class-wp-customize-section.php&path=/home/tsgmexic/4pie.com.mx/wp-includes HTTP/1.1" 200 71836 "-" "Mozilla/5.0 (compatible; AwarioBot/1.0; +https://awario.com/bots.html)"
157.245.148.39 - - [08/Jun/2025:07:52:44 -0600] "GET /wp-login.php HTTP/1.1" 200 64636 "-" "Mozilla/5.0 (Windows NT 10.0; Win64; x64; rv:97.0) Gecko/20100101 Firefox/97.0"
65.21.46.73 - - [08/Jun/2025:07:52:46 -0600] "GET /index.php/category/uncategorized/?filesrc=/home/tsgmexic/4pie.com.mx/wp-includes/class-wp-customize-setting.php&path=/home/tsgmexic/4pie.com.mx/wp-includes HTTP/1.1" 200 90706 "-" "Mozilla/5.0 (compatible; AwarioBot/1.0; +https://awario.com/bots.html)"
217.113.194.102 - - [08/Jun/2025:07:52:46 -0600] "GET /index.php/2025/04/11/plink-casino-app/?path=//proc/1351277 HTTP/1.1" 200 68685 "-" "Mozilla/5.0 (compatible; Barkrowler/0.9; +https://babbar.tech/crawler)"
52.167.144.139 - - [08/Jun/2025:07:52:50 -0600] "GET /94939499431777 HTTP/1.1" 200 146716 "-" "Mozilla/5.0 AppleWebKit/537.36 (KHTML, like Gecko; compatible; bingbot/2.0; +http://www.bing.com/bingbot.htm) Chrome/116.0.1938.76 Safari/537.36"
157.245.148.39 - - [08/Jun/2025:07:52:47 -0600] "POST /wp-login.php HTTP/1.1" 200 64636 "https://4pie.com.mx/wp-login.php" "Mozilla/5.0 (Windows NT 10.0; Win64; x64; rv:97.0) Gecko/20100101 Firefox/97.0"
20.171.207.167 - - [08/Jun/2025:07:52:53 -0600] "GET /wp-content/plugins/h5jiz7ib/public/js/cf7-customizer-public.js?ver=1.0.01749390709 HTTP/1.1" 200 2498 "-" "Mozilla/5.0 AppleWebKit/537.36 (KHTML, like Gecko; compatible; GPTBot/1.2; +https://openai.com/gptbot)"
65.21.46.73 - - [08/Jun/2025:07:52:51 -0600] "GET /index.php/category/uncategorized/?filesrc=/home/tsgmexic/4pie.com.mx/wp-includes/class-wp-customize-widgets.php&path=/home/tsgmexic/4pie.com.mx/wp-includes HTTP/1.1" 200 134391 "-" "Mozilla/5.0 (compatible; AwarioBot/1.0; +https://awario.com/bots.html)"
157.245.148.39 - - [08/Jun/2025:07:52:51 -0600] "POST /wp-login.php HTTP/1.1" 200 64636 "https://4pie.com.mx/wp-login.php" "Mozilla/5.0 (Windows NT 10.0; Win64; x64; rv:97.0) Gecko/20100101 Firefox/97.0"
20.171.207.166 - - [08/Jun/2025:07:52:51 -0600] "GET /?aksi=ransom&path=%2Fhome%2Ftsgmexic%2F4pie.com.mx%2Fwp-content%2Fuploads%2Fgravity_forms%2Fe%2Fb%2Fc%2Fb HTTP/1.1" 200 58550 "-" "Mozilla/5.0 AppleWebKit/537.36 (KHTML, like Gecko; compatible; GPTBot/1.2; +https://openai.com/gptbot)"
57.141.2.29 - - [08/Jun/2025:07:52:56 -0600] "GET /?filesrc=//usr/bin/gpg-error&path=//usr/bin HTTP/1.1" 200 56098 "-" "meta-externalagent/1.1 (+https://developers.facebook.com/docs/sharing/webmasters/crawler)"
65.21.46.73 - - [08/Jun/2025:07:52:55 -0600] "GET /index.php/category/uncategorized/?filesrc=/home/tsgmexic/4pie.com.mx/wp-includes/class-wp-date-query.php&path=/home/tsgmexic/4pie.com.mx/wp-includes HTTP/1.1" 200 96484 "-" "Mozilla/5.0 (compatible; AwarioBot/1.0; +https://awario.com/bots.html)"
20.171.207.167 - - [08/Jun/2025:07:52:58 -0600] "GET /wp-content/plugins/h5jiz7ib/public/css/cf7-customizer-public.css?ver=1.0.01749390709 HTTP/1.1" 200 2026 "-" "Mozilla/5.0 AppleWebKit/537.36 (KHTML, like Gecko; compatible; GPTBot/1.2; +https://openai.com/gptbot)"
20.171.207.166 - - [08/Jun/2025:07:52:56 -0600] "GET /?aksi=buatfile&path=%2Fhome%2Ftsgmexic%2F4pie.com.mx%2Fwp-content%2Fuploads%2Fgravity_forms%2Fe%2Fb%2Fc%2Fb HTTP/1.1" 200 58552 "-" "Mozilla/5.0 AppleWebKit/537.36 (KHTML, like Gecko; compatible; GPTBot/1.2; +https://openai.com/gptbot)"
65.21.46.73 - - [08/Jun/2025:07:53:00 -0600] "GET /index.php/category/uncategorized/?filesrc=/home/tsgmexic/4pie.com.mx/wp-includes/class-wp-dependencies.php&path=/home/tsgmexic/4pie.com.mx/wp-includes HTTP/1.1" 200 75434 "-" "Mozilla/5.0 (compatible; AwarioBot/1.0; +https://awario.com/bots.html)"
57.141.2.28 - - [08/Jun/2025:07:53:01 -0600] "GET /?path=/home/tsgmexic/www/compat&aksi=ransom HTTP/1.1" 200 60602 "-" "meta-externalagent/1.1 (+https://developers.facebook.com/docs/sharing/webmasters/crawler)"
52.167.144.163 - - [08/Jun/2025:07:53:08 -0600] "GET /4523669950626 HTTP/1.1" 200 141389 "-" "Mozilla/5.0 AppleWebKit/537.36 (KHTML, like Gecko; compatible; bingbot/2.0; +http://www.bing.com/bingbot.htm) Chrome/116.0.1938.76 Safari/537.36"
142.171.127.176 - - [08/Jun/2025:07:53:06 -0600] "POST /wp-cron.php?doing_wp_cron=1749390785.7559349536895751953125 HTTP/1.1" 403 4 "-" "WordPress/6.8; https://4pie.com.mx"
142.171.127.176 - - [08/Jun/2025:07:53:05 -0600] "POST /wp-cron.php?doing_wp_cron=1749390785.0821640491485595703125 HTTP/1.1" 403 15958 "-" "WordPress/6.8; https://4pie.com.mx"
217.113.194.111 - - [08/Jun/2025:07:53:06 -0600] "GET /index.php/2025/04/11/plink-casino-app/?path=//proc/1502996 HTTP/1.1" 200 68685 "-" "Mozilla/5.0 (compatible; Barkrowler/0.9; +https://babbar.tech/crawler)"
65.21.46.73 - - [08/Jun/2025:07:53:09 -0600] "GET /index.php/category/uncategorized/?filesrc=/home/tsgmexic/4pie.com.mx/wp-includes/class-wp-dependency.php&path=/home/tsgmexic/4pie.com.mx/wp-includes HTTP/1.1" 200 62622 "-" "Mozilla/5.0 (compatible; AwarioBot/1.0; +https://awario.com/bots.html)"
20.171.207.166 - - [08/Jun/2025:07:53:09 -0600] "GET /?aksi=ransom&path=%2Fhome%2Ftsgmexic%2F4pie.com.mx%2Fwp-content%2Fuploads%2Fgravity_forms%2Fe%2Fb%2Fg%2Fa HTTP/1.1" 200 60776 "-" "Mozilla/5.0 AppleWebKit/537.36 (KHTML, like Gecko; compatible; GPTBot/1.2; +https://openai.com/gptbot)"
65.21.46.73 - - [08/Jun/2025:07:53:18 -0600] "GET /index.php/category/uncategorized/?filesrc=/home/tsgmexic/4pie.com.mx/wp-includes/class-wp-duotone.php&path=/home/tsgmexic/4pie.com.mx/wp-includes HTTP/1.1" 200 101591 "-" "Mozilla/5.0 (compatible; AwarioBot/1.0; +https://awario.com/bots.html)"
216.73.216.207 - - [08/Jun/2025:07:53:18 -0600] "GET /index.php/page/2/?path=%2Fhome%2Ftsgmexic%2F4pie.com.mx%2Fwp-includes%2Frest-api HTTP/1.1" 200 63868 "-" "Mozilla/5.0 AppleWebKit/537.36 (KHTML, like Gecko; compatible; ClaudeBot/1.0; +claudebot@anthropic.com)"
216.73.216.207 - - [08/Jun/2025:07:53:20 -0600] "GET /index.php/comments/feed?filesrc=%2Fhome%2Ftsgmexic%2F4pie.com.mx%2Fwp-includes%2Fwp-configs.php&path=%2Fhome%2Ftsgmexic%2F4pie.com.mx%2Fwp-includes HTTP/1.1" 200 11676 "-" "Mozilla/5.0 AppleWebKit/537.36 (KHTML, like Gecko; compatible; ClaudeBot/1.0; +claudebot@anthropic.com)"
65.21.46.73 - - [08/Jun/2025:07:53:21 -0600] "GET /index.php/category/uncategorized/?filesrc=/home/tsgmexic/4pie.com.mx/wp-includes/class-wp-editor.php&path=/home/tsgmexic/4pie.com.mx/wp-includes HTTP/1.1" 200 135843 "-" "Mozilla/5.0 (compatible; AwarioBot/1.0; +https://awario.com/bots.html)"
216.73.216.207 - - [08/Jun/2025:07:53:22 -0600] "GET /shopdetail/29395522.html?filesrc=%2Fhome%2Ftsgmexic%2F4pie.com.mx%2Fwp-includes%2Fclass-wp-block-bindings-source.php&path=%2Fhome%2Ftsgmexic%2F4pie.com.mx%2Fwp-includes HTTP/1.1" 200 47235 "-" "Mozilla/5.0 AppleWebKit/537.36 (KHTML, like Gecko; compatible; ClaudeBot/1.0; +claudebot@anthropic.com)"
65.21.46.73 - - [08/Jun/2025:07:53:24 -0600] "GET /index.php/category/uncategorized/?filesrc=/home/tsgmexic/4pie.com.mx/wp-includes/class-wp-embed.php&path=/home/tsgmexic/4pie.com.mx/wp-includes HTTP/1.1" 200 76263 "-" "Mozilla/5.0 (compatible; AwarioBot/1.0; +https://awario.com/bots.html)"
216.73.216.207 - - [08/Jun/2025:07:53:25 -0600] "GET /index.php/wp-json?path=%2Fhome%2Ftsgmexic%2F.gnome2 HTTP/1.1" 200 218308 "-" "Mozilla/5.0 AppleWebKit/537.36 (KHTML, like Gecko; compatible; ClaudeBot/1.0; +claudebot@anthropic.com)"
216.73.216.207 - - [08/Jun/2025:07:53:28 -0600] "GET /shopdetail/7098411.html?filesrc=%2Fhome%2Ftsgmexic%2F4pie.com.mx%2Fwp-includes%2Fclass-wp-http-streams.php&path=%2Fhome%2Ftsgmexic%2F4pie.com.mx%2Fwp-includes HTTP/1.1" 200 61456 "-" "Mozilla/5.0 AppleWebKit/537.36 (KHTML, like Gecko; compatible; ClaudeBot/1.0; +claudebot@anthropic.com)"
65.21.46.73 - - [08/Jun/2025:07:53:28 -0600] "GET /index.php/category/uncategorized/?filesrc=/home/tsgmexic/4pie.com.mx/wp-includes/class-wp-error.php&path=/home/tsgmexic/4pie.com.mx/wp-includes HTTP/1.1" 200 67559 "-" "Mozilla/5.0 (compatible; AwarioBot/1.0; +https://awario.com/bots.html)"
217.113.194.110 - - [08/Jun/2025:07:53:29 -0600] "GET /index.php/2025/04/11/plink-casino-app/?path=//proc/2445794 HTTP/1.1" 200 68685 "-" "Mozilla/5.0 (compatible; Barkrowler/0.9; +https://babbar.tech/crawler)"
216.73.216.207 - - [08/Jun/2025:07:53:30 -0600] "GET /index.php/feed?path=%2Fhome%2Ftsgmexic%2F.subaccounts HTTP/1.1" 200 10749 "-" "Mozilla/5.0 AppleWebKit/537.36 (KHTML, like Gecko; compatible; ClaudeBot/1.0; +claudebot@anthropic.com)"
52.167.144.139 - - [08/Jun/2025:07:53:33 -0600] "GET /75227999167109 HTTP/1.1" 200 142414 "-" "Mozilla/5.0 AppleWebKit/537.36 (KHTML, like Gecko; compatible; bingbot/2.0; +http://www.bing.com/bingbot.htm) Chrome/116.0.1938.76 Safari/537.36"
216.73.216.207 - - [08/Jun/2025:07:53:32 -0600] "GET /index.php/page/2/?filesrc=%2Fhome%2Ftsgmexic%2F4pie.com.mx%2Fwp-includes%2Fmeta.php&path=%2Fhome%2Ftsgmexic%2F4pie.com.mx%2Fwp-includes HTTP/1.1" 200 122050 "-" "Mozilla/5.0 AppleWebKit/537.36 (KHTML, like Gecko; compatible; ClaudeBot/1.0; +claudebot@anthropic.com)"
65.21.46.73 - - [08/Jun/2025:07:53:31 -0600] "GET /index.php/category/uncategorized/?filesrc=/home/tsgmexic/4pie.com.mx/wp-includes/class-wp-exception.php&path=/home/tsgmexic/4pie.com.mx/wp-includes HTTP/1.1" 200 60216 "-" "Mozilla/5.0 (compatible; AwarioBot/1.0; +https://awario.com/bots.html)"
20.171.207.166 - - [08/Jun/2025:07:53:33 -0600] "GET /?aksi=buatfile&path=%2Fhome%2Ftsgmexic%2F4pie.com.mx%2Fwp-content%2Fuploads%2Fgravity_forms%2Fb%2Ff%2Fe%2Fe HTTP/1.1" 200 58552 "-" "Mozilla/5.0 AppleWebKit/537.36 (KHTML, like Gecko; compatible; GPTBot/1.2; +https://openai.com/gptbot)"
216.73.216.207 - - [08/Jun/2025:07:53:35 -0600] "GET /index.php/comments/feed?filesrc=%2Fhome%2Ftsgmexic%2F4pie.com.mx%2Fwp-includes%2Ffonts.php&path=%2Fhome%2Ftsgmexic%2F4pie.com.mx%2Fwp-includes HTTP/1.1" 200 15267 "-" "Mozilla/5.0 AppleWebKit/537.36 (KHTML, like Gecko; compatible; ClaudeBot/1.0; +claudebot@anthropic.com)"
65.21.46.73 - - [08/Jun/2025:07:53:36 -0600] "GET /index.php/category/uncategorized/?filesrc=/home/tsgmexic/4pie.com.mx/wp-includes/class-wp-fatal-error-handler.php&path=/home/tsgmexic/4pie.com.mx/wp-includes HTTP/1.1" 200 68279 "-" "Mozilla/5.0 (compatible; AwarioBot/1.0; +https://awario.com/bots.html)"
216.73.216.207 - - [08/Jun/2025:07:53:37 -0600] "GET /index.php/page/2/?filesrc=%2Fhome%2Ftsgmexic%2F4pie.com.mx%2Fwp-includes%2Fdate.php&path=%2Fhome%2Ftsgmexic%2F4pie.com.mx%2Fwp-includes HTTP/1.1" 200 56354 "-" "Mozilla/5.0 AppleWebKit/537.36 (KHTML, like Gecko; compatible; ClaudeBot/1.0; +claudebot@anthropic.com)"
216.73.216.207 - - [08/Jun/2025:07:53:39 -0600] "GET /index.php/feed?path=%2Fhome%2Ftsgmexic%2F4pie.com.mx%2Fwp-includes%2Fsitemaps HTTP/1.1" 200 15879 "-" "Mozilla/5.0 AppleWebKit/537.36 (KHTML, like Gecko; compatible; ClaudeBot/1.0; +claudebot@anthropic.com)"
65.21.46.73 - - [08/Jun/2025:07:53:39 -0600] "GET /index.php/category/uncategorized/?filesrc=/home/tsgmexic/4pie.com.mx/wp-includes/class-wp-feed-cache-transient.php&path=/home/tsgmexic/4pie.com.mx/wp-includes HTTP/1.1" 200 63206 "-" "Mozilla/5.0 (compatible; AwarioBot/1.0; +https://awario.com/bots.html)"
216.73.216.207 - - [08/Jun/2025:07:53:42 -0600] "GET /shopdetail/21663655.html?filesrc=%2Fhome%2Ftsgmexic%2F4pie.com.mx%2Fwp-includes%2Fclass-wp-http-requests-response.php&path=%2Fhome%2Ftsgmexic%2F4pie.com.mx%2Fwp-includes HTTP/1.1" 200 48745 "-" "Mozilla/5.0 AppleWebKit/537.36 (KHTML, like Gecko; compatible; ClaudeBot/1.0; +claudebot@anthropic.com)"
216.73.216.207 - - [08/Jun/2025:07:53:44 -0600] "GET /index.php/feed?path=%2Fhome%2Ftsgmexic%2Flogs HTTP/1.1" 200 60860 "-" "Mozilla/5.0 AppleWebKit/537.36 (KHTML, like Gecko; compatible; ClaudeBot/1.0; +claudebot@anthropic.com)"
65.21.46.73 - - [08/Jun/2025:07:53:44 -0600] "GET /index.php/category/uncategorized/?filesrc=/home/tsgmexic/4pie.com.mx/wp-includes/class-wp-feed-cache.php&path=/home/tsgmexic/4pie.com.mx/wp-includes HTTP/1.1" 200 60934 "-" "Mozilla/5.0 (compatible; AwarioBot/1.0; +https://awario.com/bots.html)"
52.167.144.163 - - [08/Jun/2025:07:53:48 -0600] "GET /81812299105889 HTTP/1.1" 200 148405 "-" "Mozilla/5.0 AppleWebKit/537.36 (KHTML, like Gecko; compatible; bingbot/2.0; +http://www.bing.com/bingbot.htm) Chrome/116.0.1938.76 Safari/537.36"
216.73.216.207 - - [08/Jun/2025:07:53:48 -0600] "GET /shopdetail/21663655.html?filesrc=%2Fhome%2Ftsgmexic%2F4pie.com.mx%2Fwp-includes%2Fclass-wp-block-parser-frame.php&path=%2Fhome%2Ftsgmexic%2F4pie.com.mx%2Fwp-includes HTTP/1.1" 200 46217 "-" "Mozilla/5.0 AppleWebKit/537.36 (KHTML, like Gecko; compatible; ClaudeBot/1.0; +claudebot@anthropic.com)"
20.171.207.166 - - [08/Jun/2025:07:53:49 -0600] "GET /?aksi=buatfile&path=%2Fhome%2Ftsgmexic%2F4pie.com.mx%2Fwp-content%2Fuploads%2Fgravity_forms%2Fe%2Fb%2Fg%2Fa HTTP/1.1" 200 60778 "-" "Mozilla/5.0 AppleWebKit/537.36 (KHTML, like Gecko; compatible; GPTBot/1.2; +https://openai.com/gptbot)"
217.113.194.102 - - [08/Jun/2025:07:53:46 -0600] "GET /index.php/2025/04/11/plink-casino-app/?path=//proc/3278204 HTTP/1.1" 200 68685 "-" "Mozilla/5.0 (compatible; Barkrowler/0.9; +https://babbar.tech/crawler)"
216.73.216.207 - - [08/Jun/2025:07:53:52 -0600] "GET /index.php/comments/feed?path=%2Fhome%2Ftsgmexic%2F4pie.com.mx%2Fwp-includes%2Fstyle-engine HTTP/1.1" 200 12938 "-" "Mozilla/5.0 AppleWebKit/537.36 (KHTML, like Gecko; compatible; ClaudeBot/1.0; +claudebot@anthropic.com)"
65.21.46.73 - - [08/Jun/2025:07:53:50 -0600] "GET /index.php/category/uncategorized/?filesrc=/home/tsgmexic/4pie.com.mx/wp-includes/class-wp-hook.php&path=/home/tsgmexic/4pie.com.mx/wp-includes HTTP/1.1" 200 76262 "-" "Mozilla/5.0 (compatible; AwarioBot/1.0; +https://awario.com/bots.html)"
216.73.216.207 - - [08/Jun/2025:07:53:54 -0600] "GET /index.php/feed?path=%2Fhome%2Ftsgmexic%2F.trash HTTP/1.1" 200 69229 "-" "Mozilla/5.0 AppleWebKit/537.36 (KHTML, like Gecko; compatible; ClaudeBot/1.0; +claudebot@anthropic.com)"
20.171.207.166 - - [08/Jun/2025:07:53:54 -0600] "GET /?aksi=ransom&path=%2Fhome%2Ftsgmexic%2F4pie.com.mx%2Fwp-content%2Fuploads%2Fgravity_forms%2Fb%2Ff%2Fe%2Fe HTTP/1.1" 200 58550 "-" "Mozilla/5.0 AppleWebKit/537.36 (KHTML, like Gecko; compatible; GPTBot/1.2; +https://openai.com/gptbot)"
65.21.46.73 - - [08/Jun/2025:07:53:56 -0600] "GET /index.php/category/uncategorized/?filesrc=/home/tsgmexic/4pie.com.mx/wp-includes/class-wp-http-cookie.php&path=/home/tsgmexic/4pie.com.mx/wp-includes HTTP/1.1" 200 67501 "-" "Mozilla/5.0 (compatible; AwarioBot/1.0; +https://awario.com/bots.html)"
216.73.216.207 - - [08/Jun/2025:07:53:57 -0600] "GET /index.php/feed?path=%2Fhome%2Ftsgmexic%2F4pie.com.mx%2Fwp-includes%2Fphp-compat HTTP/1.1" 200 7984 "-" "Mozilla/5.0 AppleWebKit/537.36 (KHTML, like Gecko; compatible; ClaudeBot/1.0; +claudebot@anthropic.com)"
20.171.207.166 - - [08/Jun/2025:07:53:58 -0600] "GET /?aksi=ransom&path=%2Fhome%2Ftsgmexic%2F4pie.com.mx%2Fwp-content%2Fuploads%2Fgravity_forms%2Fb%2Ff%2Fc%2Fg HTTP/1.1" 200 59723 "-" "Mozilla/5.0 AppleWebKit/537.36 (KHTML, like Gecko; compatible; GPTBot/1.2; +https://openai.com/gptbot)"
216.73.216.207 - - [08/Jun/2025:07:54:00 -0600] "GET /index.php/page/2/?filesrc=%2Fhome%2Ftsgmexic%2F4pie.com.mx%2Fwp-includes%2Ffeed-rdf.php&path=%2Fhome%2Ftsgmexic%2F4pie.com.mx%2Fwp-includes HTTP/1.1" 200 59176 "-" "Mozilla/5.0 AppleWebKit/537.36 (KHTML, like Gecko; compatible; ClaudeBot/1.0; +claudebot@anthropic.com)"
65.21.46.73 - - [08/Jun/2025:07:54:00 -0600] "GET /index.php/category/uncategorized/?filesrc=/home/tsgmexic/4pie.com.mx/wp-includes/class-wp-http-curl.php&path=/home/tsgmexic/4pie.com.mx/wp-includes HTTP/1.1" 200 72746 "-" "Mozilla/5.0 (compatible; AwarioBot/1.0; +https://awario.com/bots.html)"
20.171.207.166 - - [08/Jun/2025:07:54:02 -0600] "GET /?aksi=buatfile&path=%2Fhome%2Ftsgmexic%2F4pie.com.mx%2Fwp-content%2Fuploads%2Fgravity_forms%2Fb%2Ff%2Fc%2Fg HTTP/1.1" 200 59725 "-" "Mozilla/5.0 AppleWebKit/537.36 (KHTML, like Gecko; compatible; GPTBot/1.2; +https://openai.com/gptbot)"
20.171.207.166 - - [08/Jun/2025:07:54:07 -0600] "GET /?aksi=buatfile&path=%2Fhome%2Ftsgmexic%2F4pie.com.mx%2Fwp-content%2Fuploads%2Fgravity_forms%2Fe%2Fg%2Ff%2Fd HTTP/1.1" 200 58552 "-" "Mozilla/5.0 AppleWebKit/537.36 (KHTML, like Gecko; compatible; GPTBot/1.2; +https://openai.com/gptbot)"
142.171.127.176 - - [08/Jun/2025:07:54:08 -0600] "POST /wp-cron.php?doing_wp_cron=1749390848.3583629131317138671875 HTTP/1.1" 403 15958 "-" "WordPress/6.8; https://4pie.com.mx"
216.73.216.207 - - [08/Jun/2025:07:54:05 -0600] "GET /index.php/page/2/?filesrc=%2Fhome%2Ftsgmexic%2F4pie.com.mx%2Fwp-includes%2Flink-template.php&path=%2Fhome%2Ftsgmexic%2F4pie.com.mx%2Fwp-includes HTTP/1.1" 200 216527 "-" "Mozilla/5.0 AppleWebKit/537.36 (KHTML, like Gecko; compatible; ClaudeBot/1.0; +claudebot@anthropic.com)"
142.171.127.176 - - [08/Jun/2025:07:54:11 -0600] "POST /wp-cron.php?doing_wp_cron=1749390850.9576311111450195312500 HTTP/1.1" 403 4398 "-" "WordPress/6.8; https://4pie.com.mx"
65.21.46.73 - - [08/Jun/2025:07:54:07 -0600] "GET /index.php/category/uncategorized/?filesrc=/home/tsgmexic/4pie.com.mx/wp-includes/class-wp-http-encoding.php&path=/home/tsgmexic/4pie.com.mx/wp-includes HTTP/1.1" 200 66727 "-" "Mozilla/5.0 (compatible; AwarioBot/1.0; +https://awario.com/bots.html)"
20.171.207.166 - - [08/Jun/2025:07:54:12 -0600] "GET /?aksi=ransom&path=%2Fhome%2Ftsgmexic%2F4pie.com.mx%2Fwp-content%2Fuploads%2Fgravity_forms%2Fe%2Fg%2Ff%2Fd HTTP/1.1" 200 58550 "-" "Mozilla/5.0 AppleWebKit/537.36 (KHTML, like Gecko; compatible; GPTBot/1.2; +https://openai.com/gptbot)"
217.113.194.104 - - [08/Jun/2025:07:54:08 -0600] "GET /index.php/2025/04/11/plink-casino-app/?path=//proc/3212262 HTTP/1.1" 200 68685 "-" "Mozilla/5.0 (compatible; Barkrowler/0.9; +https://babbar.tech/crawler)"
65.21.46.73 - - [08/Jun/2025:07:54:17 -0600] "GET /index.php/category/uncategorized/?filesrc=/home/tsgmexic/4pie.com.mx/wp-includes/class-wp-http-ixr-client.php&path=/home/tsgmexic/4pie.com.mx/wp-includes HTTP/1.1" 200 63695 "-" "Mozilla/5.0 (compatible; AwarioBot/1.0; +https://awario.com/bots.html)"
52.167.144.139 - - [08/Jun/2025:07:54:23 -0600] "GET /67611299454273 HTTP/1.1" 200 142494 "-" "Mozilla/5.0 AppleWebKit/537.36 (KHTML, like Gecko; compatible; bingbot/2.0; +http://www.bing.com/bingbot.htm) Chrome/116.0.1938.76 Safari/537.36"
65.21.46.73 - - [08/Jun/2025:07:54:22 -0600] "GET /index.php/category/uncategorized/?filesrc=/home/tsgmexic/4pie.com.mx/wp-includes/class-wp-http-proxy.php&path=/home/tsgmexic/4pie.com.mx/wp-includes HTTP/1.1" 200 66050 "-" "Mozilla/5.0 (compatible; AwarioBot/1.0; +https://awario.com/bots.html)"
65.21.46.73 - - [08/Jun/2025:07:54:26 -0600] "GET /index.php/category/uncategorized/?filesrc=/home/tsgmexic/4pie.com.mx/wp-includes/class-wp-http-requests-hooks.php&path=/home/tsgmexic/4pie.com.mx/wp-includes HTTP/1.1" 200 62037 "-" "Mozilla/5.0 (compatible; AwarioBot/1.0; +https://awario.com/bots.html)"
20.171.207.166 - - [08/Jun/2025:07:54:32 -0600] "GET /?aksi=buatfolder&path=%2Fhome%2Ftsgmexic%2F4pie.com.mx%2Fwp-content%2Fuploads%2Fgravity_forms%2Fb%2Ff%2Fe%2Fe HTTP/1.1" 200 57259 "-" "Mozilla/5.0 AppleWebKit/537.36 (KHTML, like Gecko; compatible; GPTBot/1.2; +https://openai.com/gptbot)"
217.113.194.105 - - [08/Jun/2025:07:54:32 -0600] "GET /index.php/2025/04/11/plink-casino-app/?path=//proc/3212264 HTTP/1.1" 200 68684 "-" "Mozilla/5.0 (compatible; Barkrowler/0.9; +https://babbar.tech/crawler)"
20.171.207.166 - - [08/Jun/2025:07:54:35 -0600] "GET /?aksi=buatfolder&path=%2Fhome%2Ftsgmexic%2F4pie.com.mx%2Fwp-content%2Fuploads%2Fgravity_forms%2Fb%2Ff%2Fc%2Fg HTTP/1.1" 200 57259 "-" "Mozilla/5.0 AppleWebKit/537.36 (KHTML, like Gecko; compatible; GPTBot/1.2; +https://openai.com/gptbot)"
65.21.46.73 - - [08/Jun/2025:07:54:32 -0600] "GET /index.php/category/uncategorized/?filesrc=/home/tsgmexic/4pie.com.mx/wp-includes/class-wp-http-requests-response.php&path=/home/tsgmexic/4pie.com.mx/wp-includes HTTP/1.1" 200 64545 "-" "Mozilla/5.0 (compatible; AwarioBot/1.0; +https://awario.com/bots.html)"
20.171.207.166 - - [08/Jun/2025:07:54:41 -0600] "GET /?aksi=buatfolder&path=%2Fhome%2Ftsgmexic%2F4pie.com.mx%2Fwp-content%2Fuploads%2Fgravity_forms%2Fe%2Fg%2Ff%2Fd HTTP/1.1" 200 57259 "-" "Mozilla/5.0 AppleWebKit/537.36 (KHTML, like Gecko; compatible; GPTBot/1.2; +https://openai.com/gptbot)"
65.21.46.73 - - [08/Jun/2025:07:54:39 -0600] "GET /index.php/category/uncategorized/?filesrc=/home/tsgmexic/4pie.com.mx/wp-includes/class-wp-http-response.php&path=/home/tsgmexic/4pie.com.mx/wp-includes HTTP/1.1" 200 62987 "-" "Mozilla/5.0 (compatible; AwarioBot/1.0; +https://awario.com/bots.html)"
57.141.2.5 - - [08/Jun/2025:07:54:40 -0600] "GET /?filesrc=//opt/ai-bolit/AIBOLIT-BINMALWARE.db&path=//opt/ai-bolit HTTP/1.1" 200 56162 "-" "meta-externalagent/1.1 (+https://developers.facebook.com/docs/sharing/webmasters/crawler)"
65.21.46.73 - - [08/Jun/2025:07:54:46 -0600] "GET /robots.txt HTTP/1.1" 200 343 "-" "Mozilla/5.0 (compatible; AwarioBot/1.0; +https://awario.com/bots.html)"
20.171.207.166 - - [08/Jun/2025:07:54:44 -0600] "GET /?aksi=buatfolder&path=%2Fhome%2Ftsgmexic%2F4pie.com.mx%2Fwp-content%2Fuploads%2Fgravity_forms%2Fe%2Fb%2Fc%2Fb HTTP/1.1" 200 57259 "-" "Mozilla/5.0 AppleWebKit/537.36 (KHTML, like Gecko; compatible; GPTBot/1.2; +https://openai.com/gptbot)"
65.21.46.73 - - [08/Jun/2025:07:54:46 -0600] "GET /index.php/category/uncategorized/?filesrc=/home/tsgmexic/4pie.com.mx/wp-includes/class-wp-http-streams.php&path=/home/tsgmexic/4pie.com.mx/wp-includes HTTP/1.1" 200 77246 "-" "Mozilla/5.0 (compatible; AwarioBot/1.0; +https://awario.com/bots.html)"
52.167.144.139 - - [08/Jun/2025:07:54:49 -0600] "GET /75227999328190 HTTP/1.1" 200 144224 "-" "Mozilla/5.0 AppleWebKit/537.36 (KHTML, like Gecko; compatible; bingbot/2.0; +http://www.bing.com/bingbot.htm) Chrome/116.0.1938.76 Safari/537.36"
65.21.46.73 - - [08/Jun/2025:07:54:52 -0600] "GET /index.php/category/uncategorized/?filesrc=/home/tsgmexic/4pie.com.mx/wp-includes/class-wp-http.php&path=/home/tsgmexic/4pie.com.mx/wp-includes HTTP/1.1" 200 101893 "-" "Mozilla/5.0 (compatible; AwarioBot/1.0; +https://awario.com/bots.html)"
217.113.194.104 - - [08/Jun/2025:07:54:52 -0600] "GET /index.php/2025/04/11/plink-casino-app/?path=//proc/3294480 HTTP/1.1" 200 68684 "-" "Mozilla/5.0 (compatible; Barkrowler/0.9; +https://babbar.tech/crawler)"
65.21.46.73 - - [08/Jun/2025:07:54:55 -0600] "GET /index.php/category/uncategorized/?filesrc=/home/tsgmexic/4pie.com.mx/wp-includes/class-wp-image-editor-gd.php&path=/home/tsgmexic/4pie.com.mx/wp-includes HTTP/1.1" 200 80582 "-" "Mozilla/5.0 (compatible; AwarioBot/1.0; +https://awario.com/bots.html)"
52.167.144.139 - - [08/Jun/2025:07:54:59 -0600] "GET /2332659938041 HTTP/1.1" 200 142754 "-" "Mozilla/5.0 AppleWebKit/537.36 (KHTML, like Gecko; compatible; bingbot/2.0; +http://www.bing.com/bingbot.htm) Chrome/116.0.1938.76 Safari/537.36"
20.171.207.166 - - [08/Jun/2025:07:54:59 -0600] "GET /?aksi=buatfolder&path=%2Fhome%2Ftsgmexic%2F4pie.com.mx%2Fwp-content%2Fuploads%2Fgravity_forms%2Fe%2Fb%2Fg%2Fa HTTP/1.1" 200 57259 "-" "Mozilla/5.0 AppleWebKit/537.36 (KHTML, like Gecko; compatible; GPTBot/1.2; +https://openai.com/gptbot)"
65.21.46.73 - - [08/Jun/2025:07:55:00 -0600] "GET /index.php/category/uncategorized/?filesrc=/home/tsgmexic/4pie.com.mx/wp-includes/class-wp-image-editor-imagick.php&path=/home/tsgmexic/4pie.com.mx/wp-includes HTTP/1.1" 200 95793 "-" "Mozilla/5.0 (compatible; AwarioBot/1.0; +https://awario.com/bots.html)"
128.199.45.140 - - [08/Jun/2025:07:55:08 -0600] "GET / HTTP/1.1" 401 53 "-" "Mozilla/5.0 (X11; Linux x86_64) AppleWebKit/537.36 (KHTML, like Gecko) Chrome/135.0.0.0 Safari/537.36"
52.167.144.235 - - [08/Jun/2025:07:55:10 -0600] "GET /72762899175180 HTTP/1.1" 200 145551 "-" "Mozilla/5.0 AppleWebKit/537.36 (KHTML, like Gecko; compatible; bingbot/2.0; +http://www.bing.com/bingbot.htm) Chrome/116.0.1938.76 Safari/537.36"
128.199.45.140 - - [08/Jun/2025:07:55:12 -0600] "GET /favicon.ico HTTP/1.1" 401 53 "https://cpcalendars.4pie.com.mx/" "Mozilla/5.0 (X11; Linux x86_64) AppleWebKit/537.36 (KHTML, like Gecko) Chrome/135.0.0.0 Safari/537.36"
128.199.45.140 - - [08/Jun/2025:07:55:13 -0600] "GET /ads.txt HTTP/1.1" 401 53 "-" "Mozilla/5.0 (X11; Linux x86_64) AppleWebKit/537.36 (KHTML, like Gecko) Chrome/135.0.0.0 Safari/537.36"
20.171.207.166 - - [08/Jun/2025:07:55:05 -0600] "GET /?path=%2Fhome%2Ftsgmexic%2F4pie.com.mx%2Fwp-content%2Fuploads%2Fgravity_forms%2Fe%2Fb%2Fg%2Fa%2Fa HTTP/1.1" 200 62066 "-" "Mozilla/5.0 AppleWebKit/537.36 (KHTML, like Gecko; compatible; GPTBot/1.2; +https://openai.com/gptbot)"
52.167.144.235 - - [08/Jun/2025:07:55:15 -0600] "GET /81812299180294 HTTP/1.1" 200 138676 "-" "Mozilla/5.0 AppleWebKit/537.36 (KHTML, like Gecko; compatible; bingbot/2.0; +http://www.bing.com/bingbot.htm) Chrome/116.0.1938.76 Safari/537.36"
65.21.46.73 - - [08/Jun/2025:07:55:09 -0600] "GET /index.php/category/uncategorized/?filesrc=/home/tsgmexic/4pie.com.mx/wp-includes/class-wp-image-editor.php&path=/home/tsgmexic/4pie.com.mx/wp-includes HTTP/1.1" 200 77775 "-" "Mozilla/5.0 (compatible; AwarioBot/1.0; +https://awario.com/bots.html)"
142.171.127.176 - - [08/Jun/2025:07:55:12 -0600] "POST /wp-cron.php?doing_wp_cron=1749390912.0691099166870117187500 HTTP/1.1" 403 2 "-" "WordPress/6.8; https://4pie.com.mx"
217.113.194.109 - - [08/Jun/2025:07:55:11 -0600] "GET /index.php/2025/04/11/plink-casino-app/?path=//proc/3274011 HTTP/1.1" 200 68685 "-" "Mozilla/5.0 (compatible; Barkrowler/0.9; +https://babbar.tech/crawler)"
142.171.127.176 - - [08/Jun/2025:07:55:16 -0600] "POST /wp-cron.php?doing_wp_cron=1749390915.9540140628814697265625 HTTP/1.1" 403 15958 "-" "WordPress/6.8; https://4pie.com.mx"
65.21.46.73 - - [08/Jun/2025:07:55:20 -0600] "GET /index.php/category/uncategorized/?filesrc=/home/tsgmexic/4pie.com.mx/wp-includes/class-wp-list-util.php&path=/home/tsgmexic/4pie.com.mx/wp-includes HTTP/1.1" 200 67583 "-" "Mozilla/5.0 (compatible; AwarioBot/1.0; +https://awario.com/bots.html)"
20.171.207.166 - - [08/Jun/2025:07:55:24 -0600] "GET /?path=%2Fhome%2Ftsgmexic%2F4pie.com.mx%2Fwp-content%2Fuploads%2Fgravity_forms%2Fb%2Ff%2Fa%2Fh HTTP/1.1" 200 58533 "-" "Mozilla/5.0 AppleWebKit/537.36 (KHTML, like Gecko; compatible; GPTBot/1.2; +https://openai.com/gptbot)"
65.21.46.73 - - [08/Jun/2025:07:55:27 -0600] "GET /index.php/category/uncategorized/?filesrc=/home/tsgmexic/4pie.com.mx/wp-includes/class-wp-locale-switcher.php&path=/home/tsgmexic/4pie.com.mx/wp-includes HTTP/1.1" 200 66814 "-" "Mozilla/5.0 (compatible; AwarioBot/1.0; +https://awario.com/bots.html)"
65.21.46.73 - - [08/Jun/2025:07:55:32 -0600] "GET /index.php/category/uncategorized/?filesrc=/home/tsgmexic/4pie.com.mx/wp-includes/class-wp-locale.php&path=/home/tsgmexic/4pie.com.mx/wp-includes HTTP/1.1" 200 77191 "-" "Mozilla/5.0 (compatible; AwarioBot/1.0; +https://awario.com/bots.html)"
217.113.194.111 - - [08/Jun/2025:07:55:36 -0600] "GET /index.php/2025/04/11/plink-casino-app/?path=//proc/3274014 HTTP/1.1" 200 68685 "-" "Mozilla/5.0 (compatible; Barkrowler/0.9; +https://babbar.tech/crawler)"
20.171.207.166 - - [08/Jun/2025:07:55:35 -0600] "GET /?path=%2Fhome%2Ftsgmexic%2F4pie.com.mx%2Fwp-content%2Fuploads%2Fgravity_forms%2Fe%2Fb%2Fd%2Fh HTTP/1.1" 200 59706 "-" "Mozilla/5.0 AppleWebKit/537.36 (KHTML, like Gecko; compatible; GPTBot/1.2; +https://openai.com/gptbot)"
65.21.46.73 - - [08/Jun/2025:07:55:35 -0600] "GET /index.php/category/uncategorized/?filesrc=/home/tsgmexic/4pie.com.mx/wp-includes/class-wp-matchesmapregex.php&path=/home/tsgmexic/4pie.com.mx/wp-includes HTTP/1.1" 200 61830 "-" "Mozilla/5.0 (compatible; AwarioBot/1.0; +https://awario.com/bots.html)"
57.141.2.20 - - [08/Jun/2025:07:55:37 -0600] "GET /index.php/comments/feed/?path=/home/tsgmexic/4pie.com.mx/.tmb&aksi=buatfile HTTP/1.1" 200 6737 "-" "meta-externalagent/1.1 (+https://developers.facebook.com/docs/sharing/webmasters/crawler)"
52.167.144.235 - - [08/Jun/2025:07:55:40 -0600] "GET /45236699485155 HTTP/1.1" 200 144842 "-" "Mozilla/5.0 AppleWebKit/537.36 (KHTML, like Gecko; compatible; bingbot/2.0; +http://www.bing.com/bingbot.htm) Chrome/116.0.1938.76 Safari/537.36"
65.21.46.73 - - [08/Jun/2025:07:55:41 -0600] "GET /index.php/category/uncategorized/?filesrc=/home/tsgmexic/4pie.com.mx/wp-includes/class-wp-meta-query.php&path=/home/tsgmexic/4pie.com.mx/wp-includes HTTP/1.1" 200 91222 "-" "Mozilla/5.0 (compatible; AwarioBot/1.0; +https://awario.com/bots.html)"
20.171.207.166 - - [08/Jun/2025:07:55:45 -0600] "GET /?path=%2Fhome%2Ftsgmexic%2F4pie.com.mx%2Fwp-content%2Fuploads%2Fgravity_forms%2Fe%2Fg%2Ff%2Fb HTTP/1.1" 200 58533 "-" "Mozilla/5.0 AppleWebKit/537.36 (KHTML, like Gecko; compatible; GPTBot/1.2; +https://openai.com/gptbot)"
65.21.46.73 - - [08/Jun/2025:07:55:46 -0600] "GET /index.php/category/uncategorized/?filesrc=/home/tsgmexic/4pie.com.mx/wp-includes/class-wp-metadata-lazyloader.php&path=/home/tsgmexic/4pie.com.mx/wp-includes HTTP/1.1" 200 66896 "-" "Mozilla/5.0 (compatible; AwarioBot/1.0; +https://awario.com/bots.html)"
65.21.46.73 - - [08/Jun/2025:07:55:51 -0600] "GET /index.php/category/uncategorized/?filesrc=/home/tsgmexic/4pie.com.mx/wp-includes/class-wp-navigation-fallback.php&path=/home/tsgmexic/4pie.com.mx/wp-includes HTTP/1.1" 200 69297 "-" "Mozilla/5.0 (compatible; AwarioBot/1.0; +https://awario.com/bots.html)"
52.167.144.139 - - [08/Jun/2025:07:55:53 -0600] "GET /23326599249359 HTTP/1.1" 200 131627 "-" "Mozilla/5.0 AppleWebKit/537.36 (KHTML, like Gecko; compatible; bingbot/2.0; +http://www.bing.com/bingbot.htm) Chrome/116.0.1938.76 Safari/537.36"
20.171.207.166 - - [08/Jun/2025:07:55:54 -0600] "GET /?path=%2Fhome%2Ftsgmexic%2F4pie.com.mx%2Fwp-content%2Fuploads%2Fgravity_forms%2Fe%2Fb%2Ff%2Fc HTTP/1.1" 200 58533 "-" "Mozilla/5.0 AppleWebKit/537.36 (KHTML, like Gecko; compatible; GPTBot/1.2; +https://openai.com/gptbot)"
217.113.194.106 - - [08/Jun/2025:07:55:55 -0600] "GET /index.php/2025/04/11/plink-casino-app/?path=//proc/3294448 HTTP/1.1" 200 68685 "-" "Mozilla/5.0 (compatible; Barkrowler/0.9; +https://babbar.tech/crawler)"
65.21.46.73 - - [08/Jun/2025:07:55:56 -0600] "GET /index.php/category/uncategorized/?filesrc=/home/tsgmexic/4pie.com.mx/wp-includes/class-wp-network-query.php&path=/home/tsgmexic/4pie.com.mx/wp-includes HTTP/1.1" 200 80594 "-" "Mozilla/5.0 (compatible; AwarioBot/1.0; +https://awario.com/bots.html)"
57.141.2.23 - - [08/Jun/2025:07:55:58 -0600] "GET /?filesrc=//var/named/named.ca&path=//var/named HTTP/1.1" 200 56112 "-" "meta-externalagent/1.1 (+https://developers.facebook.com/docs/sharing/webmasters/crawler)"
216.73.216.207 - - [08/Jun/2025:07:56:01 -0600] "GET /index.php/page/2/?filesrc=%2Fhome%2Ftsgmexic%2F4pie.com.mx%2Fwp-admin%2Fedit.php&path=%2Fhome%2Ftsgmexic%2F4pie.com.mx%2Fwp-admin HTTP/1.1" 200 77319 "-" "Mozilla/5.0 AppleWebKit/537.36 (KHTML, like Gecko; compatible; ClaudeBot/1.0; +claudebot@anthropic.com)"
65.21.46.73 - - [08/Jun/2025:07:56:01 -0600] "GET /index.php/category/uncategorized/?filesrc=/home/tsgmexic/4pie.com.mx/wp-includes/class-wp-network.php&path=/home/tsgmexic/4pie.com.mx/wp-includes HTTP/1.1" 200 72570 "-" "Mozilla/5.0 (compatible; AwarioBot/1.0; +https://awario.com/bots.html)"
57.141.2.10 - - [08/Jun/2025:07:56:03 -0600] "GET /?path=/home/tsgmexic/.trash/jomla.6/media/plg_quickicon_joomlaupdate/js HTTP/1.1" 200 58237 "-" "meta-externalagent/1.1 (+https://developers.facebook.com/docs/sharing/webmasters/crawler)"
20.171.207.166 - - [08/Jun/2025:07:56:09 -0600] "GET /?path=%2Fhome%2Ftsgmexic%2F4pie.com.mx%2Fwp-content%2Fuploads%2Fgravity_forms%2Fe%2Fb%2Fg%2Fc HTTP/1.1" 200 58533 "-" "Mozilla/5.0 AppleWebKit/537.36 (KHTML, like Gecko; compatible; GPTBot/1.2; +https://openai.com/gptbot)"
65.21.46.73 - - [08/Jun/2025:07:56:09 -0600] "GET /index.php/category/uncategorized/?filesrc=/home/tsgmexic/4pie.com.mx/wp-includes/class-wp-object-cache.php&path=/home/tsgmexic/4pie.com.mx/wp-includes HTTP/1.1" 200 77931 "-" "Mozilla/5.0 (compatible; AwarioBot/1.0; +https://awario.com/bots.html)"
217.113.194.107 - - [08/Jun/2025:07:56:14 -0600] "GET /index.php/2025/04/11/plink-casino-app/?path=//proc/2655259 HTTP/1.1" 200 68684 "-" "Mozilla/5.0 (compatible; Barkrowler/0.9; +https://babbar.tech/crawler)"
65.21.46.73 - - [08/Jun/2025:07:56:16 -0600] "GET /index.php/category/uncategorized/?filesrc=/home/tsgmexic/4pie.com.mx/wp-includes/class-wp-oembed-controller.php&path=/home/tsgmexic/4pie.com.mx/wp-includes HTTP/1.1" 200 67052 "-" "Mozilla/5.0 (compatible; AwarioBot/1.0; +https://awario.com/bots.html)"
52.167.144.139 - - [08/Jun/2025:07:56:19 -0600] "GET /71031899183309 HTTP/1.1" 200 153666 "-" "Mozilla/5.0 AppleWebKit/537.36 (KHTML, like Gecko; compatible; bingbot/2.0; +http://www.bing.com/bingbot.htm) Chrome/116.0.1938.76 Safari/537.36"
65.21.46.73 - - [08/Jun/2025:07:56:23 -0600] "GET /index.php/category/uncategorized/?filesrc=/home/tsgmexic/4pie.com.mx/wp-includes/class-wp-oembed.php&path=/home/tsgmexic/4pie.com.mx/wp-includes HTTP/1.1" 200 92228 "-" "Mozilla/5.0 (compatible; AwarioBot/1.0; +https://awario.com/bots.html)"
20.171.207.166 - - [08/Jun/2025:07:56:22 -0600] "GET /?path=%2Fhome%2Ftsgmexic%2F4pie.com.mx%2Fwp-content%2Fuploads%2Fgravity_forms%2Fb%2Ff%2Fc%2Fc HTTP/1.1" 200 58533 "-" "Mozilla/5.0 AppleWebKit/537.36 (KHTML, like Gecko; compatible; GPTBot/1.2; +https://openai.com/gptbot)"
20.171.207.166 - - [08/Jun/2025:07:56:27 -0600] "GET /?aksi=ransom&path=%2Fhome%2Ftsgmexic%2F4pie.com.mx%2Fwp-content%2Fuploads%2Fgravity_forms%2Fe%2Fb%2Fg%2Fa%2Fa HTTP/1.1" 200 62083 "-" "Mozilla/5.0 AppleWebKit/537.36 (KHTML, like Gecko; compatible; GPTBot/1.2; +https://openai.com/gptbot)"
65.21.46.73 - - [08/Jun/2025:07:56:29 -0600] "GET /index.php/category/uncategorized/?filesrc=/home/tsgmexic/4pie.com.mx/wp-includes/class-wp-paused-extensions-storage.php&path=/home/tsgmexic/4pie.com.mx/wp-includes HTTP/1.1" 200 65193 "-" "Mozilla/5.0 (compatible; AwarioBot/1.0; +https://awario.com/bots.html)"
52.167.144.235 - - [08/Jun/2025:07:56:31 -0600] "GET /15056699394497 HTTP/1.1" 200 146601 "-" "Mozilla/5.0 AppleWebKit/537.36 (KHTML, like Gecko; compatible; bingbot/2.0; +http://www.bing.com/bingbot.htm) Chrome/116.0.1938.76 Safari/537.36"
20.171.207.166 - - [08/Jun/2025:07:56:32 -0600] "GET /?aksi=buatfile&path=%2Fhome%2Ftsgmexic%2F4pie.com.mx%2Fwp-content%2Fuploads%2Fgravity_forms%2Fe%2Fb%2Fg%2Fa%2Fa HTTP/1.1" 200 62085 "-" "Mozilla/5.0 AppleWebKit/537.36 (KHTML, like Gecko; compatible; GPTBot/1.2; +https://openai.com/gptbot)"
65.21.46.73 - - [08/Jun/2025:07:56:32 -0600] "GET /index.php/category/uncategorized/?filesrc=/home/tsgmexic/4pie.com.mx/wp-includes/class-wp-phpmailer.php&path=/home/tsgmexic/4pie.com.mx/wp-includes HTTP/1.1" 200 63849 "-" "Mozilla/5.0 (compatible; AwarioBot/1.0; +https://awario.com/bots.html)"
217.113.194.111 - - [08/Jun/2025:07:56:32 -0600] "GET /index.php/2025/04/11/plink-casino-app/?path=//proc/2656062 HTTP/1.1" 200 68685 "-" "Mozilla/5.0 (compatible; Barkrowler/0.9; +https://babbar.tech/crawler)"
57.141.2.17 - - [08/Jun/2025:07:56:34 -0600] "GET /?path=/home/tsgmexic/mail/.sergio.cur.1465858777_H395693P27878_aker_webserversystems_com,S=531918:2,S HTTP/1.1" 200 63135 "-" "meta-externalagent/1.1 (+https://developers.facebook.com/docs/sharing/webmasters/crawler)"
20.171.207.166 - - [08/Jun/2025:07:56:36 -0600] "GET /?aksi=buatfile&path=%2Fhome%2Ftsgmexic%2F4pie.com.mx%2Fwp-content%2Fuploads%2Fgravity_forms%2Fb%2Ff%2Fa%2Fh HTTP/1.1" 200 58552 "-" "Mozilla/5.0 AppleWebKit/537.36 (KHTML, like Gecko; compatible; GPTBot/1.2; +https://openai.com/gptbot)"
65.21.46.73 - - [08/Jun/2025:07:56:38 -0600] "GET /index.php/category/uncategorized/?filesrc=/home/tsgmexic/4pie.com.mx/wp-includes/class-wp-plugin-dependencies.php&path=/home/tsgmexic/4pie.com.mx/wp-includes HTTP/1.1" 200 85535 "-" "Mozilla/5.0 (compatible; AwarioBot/1.0; +https://awario.com/bots.html)"
65.21.46.73 - - [08/Jun/2025:07:56:44 -0600] "GET /index.php/category/uncategorized/?filesrc=/home/tsgmexic/4pie.com.mx/wp-includes/class-wp-post-type.php&path=/home/tsgmexic/4pie.com.mx/wp-includes HTTP/1.1" 200 91464 "-" "Mozilla/5.0 (compatible; AwarioBot/1.0; +https://awario.com/bots.html)"
57.141.2.29 - - [08/Jun/2025:07:56:44 -0600] "GET /?filesrc=/home/tsgmexic/mail/.tyasumura@gbtl_com_mx/dovecot-keywords&path=/home/tsgmexic/mail/.tyasumura@gbtl_com_mx HTTP/1.1" 200 56473 "-" "meta-externalagent/1.1 (+https://developers.facebook.com/docs/sharing/webmasters/crawler)"
20.171.207.166 - - [08/Jun/2025:07:56:44 -0600] "GET /?aksi=ransom&path=%2Fhome%2Ftsgmexic%2F4pie.com.mx%2Fwp-content%2Fuploads%2Fgravity_forms%2Fe%2Fg%2Ff%2Fb HTTP/1.1" 200 58550 "-" "Mozilla/5.0 AppleWebKit/537.36 (KHTML, like Gecko; compatible; GPTBot/1.2; +https://openai.com/gptbot)"
65.21.46.73 - - [08/Jun/2025:07:56:49 -0600] "GET /robots.txt HTTP/1.1" 200 343 "-" "Mozilla/5.0 (compatible; AwarioBot/1.0; +https://awario.com/bots.html)"
20.171.207.166 - - [08/Jun/2025:07:56:48 -0600] "GET /?aksi=buatfile&path=%2Fhome%2Ftsgmexic%2F4pie.com.mx%2Fwp-content%2Fuploads%2Fgravity_forms%2Fe%2Fb%2Ff%2Fc HTTP/1.1" 200 58552 "-" "Mozilla/5.0 AppleWebKit/537.36 (KHTML, like Gecko; compatible; GPTBot/1.2; +https://openai.com/gptbot)"
65.21.46.73 - - [08/Jun/2025:07:56:49 -0600] "GET /index.php/category/uncategorized/?filesrc=/home/tsgmexic/4pie.com.mx/wp-includes/class-wp-post.php&path=/home/tsgmexic/4pie.com.mx/wp-includes HTTP/1.1" 200 66522 "-" "Mozilla/5.0 (compatible; AwarioBot/1.0; +https://awario.com/bots.html)"
217.113.194.102 - - [08/Jun/2025:07:56:53 -0600] "GET /index.php/2025/04/11/plink-casino-app/?path=//proc/2631706 HTTP/1.1" 200 68685 "-" "Mozilla/5.0 (compatible; Barkrowler/0.9; +https://babbar.tech/crawler)"
216.73.216.207 - - [08/Jun/2025:07:56:53 -0600] "GET /index.php/page/2/?path=%2Fhome%2Ftsgmexic%2Fpublic_ftp HTTP/1.1" 200 65016 "-" "Mozilla/5.0 AppleWebKit/537.36 (KHTML, like Gecko; compatible; ClaudeBot/1.0; +claudebot@anthropic.com)"
65.21.46.73 - - [08/Jun/2025:07:56:53 -0600] "GET /index.php/category/uncategorized/?filesrc=/home/tsgmexic/4pie.com.mx/wp-includes/class-wp-query.php&path=/home/tsgmexic/4pie.com.mx/wp-includes HTTP/1.1" 200 223156 "-" "Mozilla/5.0 (compatible; AwarioBot/1.0; +https://awario.com/bots.html)"
20.171.207.166 - - [08/Jun/2025:07:56:53 -0600] "GET /?aksi=ransom&path=%2Fhome%2Ftsgmexic%2F4pie.com.mx%2Fwp-content%2Fuploads%2Fgravity_forms%2Fb%2Ff%2Fa%2Fh HTTP/1.1" 200 58550 "-" "Mozilla/5.0 AppleWebKit/537.36 (KHTML, like Gecko; compatible; GPTBot/1.2; +https://openai.com/gptbot)"
216.73.216.207 - - [08/Jun/2025:07:56:56 -0600] "GET /index.php/wp-json?filesrc=%2Fhome%2Ftsgmexic%2F4pie.com.mx%2Fwp-config-sample.php&path=%2Fhome%2Ftsgmexic%2F4pie.com.mx HTTP/1.1" 200 217399 "-" "Mozilla/5.0 AppleWebKit/537.36 (KHTML, like Gecko; compatible; ClaudeBot/1.0; +claudebot@anthropic.com)"
65.21.46.73 - - [08/Jun/2025:07:56:58 -0600] "GET /index.php/category/uncategorized/?filesrc=/home/tsgmexic/4pie.com.mx/wp-includes/class-wp-recovery-mode-cookie-service.php&path=/home/tsgmexic/4pie.com.mx/wp-includes HTTP/1.1" 200 66918 "-" "Mozilla/5.0 (compatible; AwarioBot/1.0; +https://awario.com/bots.html)"
216.73.216.207 - - [08/Jun/2025:07:57:00 -0600] "GET /shopdetail/16484699.html?filesrc=%2Fhome%2Ftsgmexic%2F4pie.com.mx%2Fwp-includes%2Fclass-wp-block-parser.php&path=%2Fhome%2Ftsgmexic%2F4pie.com.mx%2Fwp-includes HTTP/1.1" 200 56078 "-" "Mozilla/5.0 AppleWebKit/537.36 (KHTML, like Gecko; compatible; ClaudeBot/1.0; +claudebot@anthropic.com)"
65.21.46.73 - - [08/Jun/2025:07:57:05 -0600] "GET /index.php/category/uncategorized/?filesrc=/home/tsgmexic/4pie.com.mx/wp-includes/class-wp-recovery-mode-email-service.php&path=/home/tsgmexic/4pie.com.mx/wp-includes HTTP/1.1" 200 71356 "-" "Mozilla/5.0 (compatible; AwarioBot/1.0; +https://awario.com/bots.html)"
216.73.216.207 - - [08/Jun/2025:07:57:05 -0600] "GET /index.php/page/2/?filesrc=%2Fhome%2Ftsgmexic%2F4pie.com.mx%2Fwp-content%2Fitem.php&path=%2Fhome%2Ftsgmexic%2F4pie.com.mx%2Fwp-content HTTP/1.1" 200 57732 "-" "Mozilla/5.0 AppleWebKit/537.36 (KHTML, like Gecko; compatible; ClaudeBot/1.0; +claudebot@anthropic.com)"
65.21.46.73 - - [08/Jun/2025:07:57:09 -0600] "GET /index.php/category/uncategorized/?filesrc=/home/tsgmexic/4pie.com.mx/wp-includes/class-wp-recovery-mode-key-service.php&path=/home/tsgmexic/4pie.com.mx/wp-includes HTTP/1.1" 200 64930 "-" "Mozilla/5.0 (compatible; AwarioBot/1.0; +https://awario.com/bots.html)"
20.171.207.166 - - [08/Jun/2025:07:57:09 -0600] "GET /?aksi=ransom&path=%2Fhome%2Ftsgmexic%2F4pie.com.mx%2Fwp-content%2Fuploads%2Fgravity_forms%2Fe%2Fb%2Fg%2Fc HTTP/1.1" 200 58550 "-" "Mozilla/5.0 AppleWebKit/537.36 (KHTML, like Gecko; compatible; GPTBot/1.2; +https://openai.com/gptbot)"
216.73.216.207 - - [08/Jun/2025:07:57:09 -0600] "GET /index.php/page/2?filesrc=%2Fhome%2Ftsgmexic%2F4pie.com.mx%2Fwp-blog-header.php&path=%2Fhome%2Ftsgmexic%2F4pie.com.mx HTTP/1.1" 200 5814 "-" "Mozilla/5.0 AppleWebKit/537.36 (KHTML, like Gecko; compatible; ClaudeBot/1.0; +claudebot@anthropic.com)"
217.113.194.109 - - [08/Jun/2025:07:57:11 -0600] "GET /index.php/2025/04/11/plink-casino-app/?path=//proc/2656400 HTTP/1.1" 200 68685 "-" "Mozilla/5.0 (compatible; Barkrowler/0.9; +https://babbar.tech/crawler)"
65.21.46.73 - - [08/Jun/2025:07:57:13 -0600] "GET /index.php/category/uncategorized/?filesrc=/home/tsgmexic/4pie.com.mx/wp-includes/class-wp-recovery-mode-link-service.php&path=/home/tsgmexic/4pie.com.mx/wp-includes HTTP/1.1" 200 63502 "-" "Mozilla/5.0 (compatible; AwarioBot/1.0; +https://awario.com/bots.html)"
216.73.216.207 - - [08/Jun/2025:07:57:12 -0600] "GET /index.php/comments/feed?filesrc=%2Fhome%2Ftsgmexic%2F4pie.com.mx%2Fwp-includes%2Fauthor-template.php&path=%2Fhome%2Ftsgmexic%2F4pie.com.mx%2Fwp-includes HTTP/1.1" 200 24801 "-" "Mozilla/5.0 AppleWebKit/537.36 (KHTML, like Gecko; compatible; ClaudeBot/1.0; +claudebot@anthropic.com)"
20.171.207.166 - - [08/Jun/2025:07:57:14 -0600] "GET /?aksi=buatfile&path=%2Fhome%2Ftsgmexic%2F4pie.com.mx%2Fwp-content%2Fuploads%2Fgravity_forms%2Fb%2Ff%2Fc%2Fc HTTP/1.1" 200 58552 "-" "Mozilla/5.0 AppleWebKit/537.36 (KHTML, like Gecko; compatible; GPTBot/1.2; +https://openai.com/gptbot)"
65.21.46.73 - - [08/Jun/2025:07:57:17 -0600] "GET /index.php/category/uncategorized/?filesrc=/home/tsgmexic/4pie.com.mx/wp-includes/class-wp-recovery-mode.php&path=/home/tsgmexic/4pie.com.mx/wp-includes HTTP/1.1" 200 71625 "-" "Mozilla/5.0 (compatible; AwarioBot/1.0; +https://awario.com/bots.html)"
216.73.216.207 - - [08/Jun/2025:07:57:17 -0600] "GET /index.php/feed?filesrc=%2Fhome%2Ftsgmexic%2F4pie.com.mx%2Fwp-trackback.php&path=%2Fhome%2Ftsgmexic%2F4pie.com.mx HTTP/1.1" 200 10700 "-" "Mozilla/5.0 AppleWebKit/537.36 (KHTML, like Gecko; compatible; ClaudeBot/1.0; +claudebot@anthropic.com)"
57.141.2.19 - - [08/Jun/2025:07:57:18 -0600] "GET /?filesrc=//usr/bin/systemd-detect-virt&path=//usr/bin HTTP/1.1" 200 56118 "-" "meta-externalagent/1.1 (+https://developers.facebook.com/docs/sharing/webmasters/crawler)"
142.171.127.176 - - [08/Jun/2025:07:57:22 -0600] "POST /wp-cron.php?doing_wp_cron=1749391041.8383181095123291015625 HTTP/1.1" 403 15958 "-" "WordPress/6.8; https://4pie.com.mx"
142.171.127.176 - - [08/Jun/2025:07:57:21 -0600] "POST /wp-cron.php?doing_wp_cron=1749391040.8498609066009521484375 HTTP/1.1" 403 15958 "-" "WordPress/6.8; https://4pie.com.mx"
142.171.127.176 - - [08/Jun/2025:07:57:23 -0600] "POST /wp-cron.php?doing_wp_cron=1749391043.3846609592437744140625 HTTP/1.1" 403 15958 "-" "WordPress/6.8; https://4pie.com.mx"
52.167.144.163 - - [08/Jun/2025:07:57:29 -0600] "GET /9165719932298 HTTP/1.1" 200 143844 "-" "Mozilla/5.0 AppleWebKit/537.36 (KHTML, like Gecko; compatible; bingbot/2.0; +http://www.bing.com/bingbot.htm) Chrome/116.0.1938.76 Safari/537.36"
216.73.216.207 - - [08/Jun/2025:07:57:23 -0600] "GET /index.php/comments/feed?filesrc=%2Fhome%2Ftsgmexic%2F4pie.com.mx%2Fwp-includes%2F06c&path=%2Fhome%2Ftsgmexic%2F4pie.com.mx%2Fwp-includes HTTP/1.1" 200 40480 "-" "Mozilla/5.0 AppleWebKit/537.36 (KHTML, like Gecko; compatible; ClaudeBot/1.0; +claudebot@anthropic.com)"
65.21.46.73 - - [08/Jun/2025:07:57:24 -0600] "GET /index.php/category/uncategorized/?filesrc=/home/tsgmexic/4pie.com.mx/wp-includes/class-wp-rewrite.php&path=/home/tsgmexic/4pie.com.mx/wp-includes HTTP/1.1" 200 125238 "-" "Mozilla/5.0 (compatible; AwarioBot/1.0; +https://awario.com/bots.html)"
216.73.216.207 - - [08/Jun/2025:07:57:31 -0600] "GET /index.php/feed?path=%2Fhome%2Ftsgmexic%2F.cphorde HTTP/1.1" 200 14660 "-" "Mozilla/5.0 AppleWebKit/537.36 (KHTML, like Gecko; compatible; ClaudeBot/1.0; +claudebot@anthropic.com)"
52.167.144.163 - - [08/Jun/2025:07:57:33 -0600] "GET /4309739990344 HTTP/1.1" 200 146109 "-" "Mozilla/5.0 AppleWebKit/537.36 (KHTML, like Gecko; compatible; bingbot/2.0; +http://www.bing.com/bingbot.htm) Chrome/116.0.1938.76 Safari/537.36"
217.113.194.106 - - [08/Jun/2025:07:57:31 -0600] "GET /index.php/2025/04/11/plink-casino-app/?path=//proc/2629320 HTTP/1.1" 200 68685 "-" "Mozilla/5.0 (compatible; Barkrowler/0.9; +https://babbar.tech/crawler)"
216.73.216.207 - - [08/Jun/2025:07:57:33 -0600] "GET /index.php/page/2/?filesrc=%2Fhome%2Ftsgmexic%2F4pie.com.mx%2Fwp-includes%2Fl10n.php&path=%2Fhome%2Ftsgmexic%2F4pie.com.mx%2Fwp-includes HTTP/1.1" 200 125475 "-" "Mozilla/5.0 AppleWebKit/537.36 (KHTML, like Gecko; compatible; ClaudeBot/1.0; +claudebot@anthropic.com)"
65.21.46.73 - - [08/Jun/2025:07:57:34 -0600] "GET /index.php/category/uncategorized/?filesrc=/home/tsgmexic/4pie.com.mx/wp-includes/class-wp-role.php&path=/home/tsgmexic/4pie.com.mx/wp-includes HTTP/1.1" 200 62506 "-" "Mozilla/5.0 (compatible; AwarioBot/1.0; +https://awario.com/bots.html)"
216.73.216.207 - - [08/Jun/2025:07:57:36 -0600] "GET /index.php/page/2/?path=%2Fhome%2Ftsgmexic%2F4pie.com.mx%2Fwp-content%2Fplugins HTTP/1.1" 200 90189 "-" "Mozilla/5.0 AppleWebKit/537.36 (KHTML, like Gecko; compatible; ClaudeBot/1.0; +claudebot@anthropic.com)"
52.167.144.163 - - [08/Jun/2025:07:57:39 -0600] "GET /62100599134973 HTTP/1.1" 200 151288 "-" "Mozilla/5.0 AppleWebKit/537.36 (KHTML, like Gecko; compatible; bingbot/2.0; +http://www.bing.com/bingbot.htm) Chrome/116.0.1938.76 Safari/537.36"
65.21.46.73 - - [08/Jun/2025:07:57:38 -0600] "GET /index.php/category/uncategorized/?filesrc=/home/tsgmexic/4pie.com.mx/wp-includes/class-wp-roles.php&path=/home/tsgmexic/4pie.com.mx/wp-includes HTTP/1.1" 200 68752 "-" "Mozilla/5.0 (compatible; AwarioBot/1.0; +https://awario.com/bots.html)"
216.73.216.207 - - [08/Jun/2025:07:57:38 -0600] "GET /index.php/page/2?filesrc=%2Fhome%2Ftsgmexic%2F4pie.com.mx%2Fwp-content%2Fitem.php&path=%2Fhome%2Ftsgmexic%2F4pie.com.mx%2Fwp-content HTTP/1.1" 200 7203 "-" "Mozilla/5.0 AppleWebKit/537.36 (KHTML, like Gecko; compatible; ClaudeBot/1.0; +claudebot@anthropic.com)"
20.171.207.166 - - [08/Jun/2025:07:57:39 -0600] "GET /?aksi=ransom&path=%2Fhome%2Ftsgmexic%2F4pie.com.mx%2Fwp-content%2Fuploads%2Fgravity_forms%2Fb%2Ff%2Fc%2Fc HTTP/1.1" 200 58550 "-" "Mozilla/5.0 AppleWebKit/537.36 (KHTML, like Gecko; compatible; GPTBot/1.2; +https://openai.com/gptbot)"
216.73.216.207 - - [08/Jun/2025:07:57:41 -0600] "GET /index.php/page/2/?filesrc=%2Fhome%2Ftsgmexic%2F4pie.com.mx%2Fwp-admin%2Fmedia-upload.php&path=%2Fhome%2Ftsgmexic%2F4pie.com.mx%2Fwp-admin HTTP/1.1" 200 59730 "-" "Mozilla/5.0 AppleWebKit/537.36 (KHTML, like Gecko; compatible; ClaudeBot/1.0; +claudebot@anthropic.com)"
57.141.2.13 - - [08/Jun/2025:07:57:41 -0600] "GET /?path=/home/tsgmexic/mail/.isela.dovecot_index HTTP/1.1" 200 61862 "-" "meta-externalagent/1.1 (+https://developers.facebook.com/docs/sharing/webmasters/crawler)"
65.21.46.73 - - [08/Jun/2025:07:57:42 -0600] "GET /index.php/category/uncategorized/?filesrc=/home/tsgmexic/4pie.com.mx/wp-includes/class-wp-script-modules.php&path=/home/tsgmexic/4pie.com.mx/wp-includes HTTP/1.1" 200 79953 "-" "Mozilla/5.0 (compatible; AwarioBot/1.0; +https://awario.com/bots.html)"
216.73.216.207 - - [08/Jun/2025:07:57:43 -0600] "GET /index.php/page/2/?filesrc=%2Fhome%2Ftsgmexic%2F4pie.com.mx%2Fwp-includes%2Ftemplate.php&path=%2Fhome%2Ftsgmexic%2F4pie.com.mx%2Fwp-includes HTTP/1.1" 200 80522 "-" "Mozilla/5.0 AppleWebKit/537.36 (KHTML, like Gecko; compatible; ClaudeBot/1.0; +claudebot@anthropic.com)"
