65.21.46.73 - - [08/Jun/2025:06:58:24 -0600] "GET /index.php/2025/05/26/internet-casino-application-company/?filesrc=/home/tsgmexic/4pie.com.mx/wp-login-css.php&path=/home/tsgmexic/4pie.com.mx HTTP/1.1" 200 327342 "-" "Mozilla/5.0 (compatible; AwarioBot/1.0; +https://awario.com/bots.html)"
216.73.216.207 - - [08/Jun/2025:06:58:24 -0600] "GET /shopdetail/22222155.html?filesrc=%2Fhome%2Ftsgmexic%2F4pie.com.mx%2F82dd6%2Fgdftps.php&path=%2Fhome%2Ftsgmexic%2F4pie.com.mx%2F82dd6 HTTP/1.1" 200 50192 "-" "Mozilla/5.0 AppleWebKit/537.36 (KHTML, like Gecko; compatible; ClaudeBot/1.0; +claudebot@anthropic.com)"
216.73.216.207 - - [08/Jun/2025:06:58:27 -0600] "GET /shopdetail/21663655.html?filesrc=%2Fhome%2Ftsgmexic%2F.wget-hsts&path=%2Fhome%2Ftsgmexic HTTP/1.1" 200 44140 "-" "Mozilla/5.0 AppleWebKit/537.36 (KHTML, like Gecko; compatible; ClaudeBot/1.0; +claudebot@anthropic.com)"
52.167.144.230 - - [08/Jun/2025:06:58:28 -0600] "GET /2792669978646 HTTP/1.1" 200 142107 "-" "Mozilla/5.0 AppleWebKit/537.36 (KHTML, like Gecko; compatible; bingbot/2.0; +http://www.bing.com/bingbot.htm) Chrome/116.0.1938.76 Safari/537.36"
65.21.46.73 - - [08/Jun/2025:06:58:28 -0600] "GET /index.php/2025/05/26/internet-casino-application-company/?filesrc=/home/tsgmexic/4pie.com.mx/wp-mail.php&path=/home/tsgmexic/4pie.com.mx HTTP/1.1" 200 71230 "-" "Mozilla/5.0 (compatible; AwarioBot/1.0; +https://awario.com/bots.html)"
216.73.216.207 - - [08/Jun/2025:06:58:30 -0600] "GET /shopdetail/16484699.html?path=%2Fhome%2Ftsgmexic%2Fwww HTTP/1.1" 200 79917 "-" "Mozilla/5.0 AppleWebKit/537.36 (KHTML, like Gecko; compatible; ClaudeBot/1.0; +claudebot@anthropic.com)"
154.54.249.203 - - [08/Jun/2025:06:58:31 -0600] "GET /index.php/2025/04/04/sofia-date-162/?path=//proc/211458 HTTP/1.1" 200 76940 "-" "Mozilla/5.0 (compatible; Barkrowler/0.9; +https://babbar.tech/crawler)"
65.21.46.73 - - [08/Jun/2025:06:58:32 -0600] "GET /index.php/2025/05/26/internet-casino-application-company/?filesrc=/home/tsgmexic/4pie.com.mx/wp-settings.php&path=/home/tsgmexic/4pie.com.mx HTTP/1.1" 200 92377 "-" "Mozilla/5.0 (compatible; AwarioBot/1.0; +https://awario.com/bots.html)"
216.73.216.207 - - [08/Jun/2025:06:58:33 -0600] "GET /shopdetail/7098411.html?path=%2Fhome%2Ftsgmexic%2F4pie.com.mx%2Fwp-admin%2Fmaint HTTP/1.1" 200 48781 "-" "Mozilla/5.0 AppleWebKit/537.36 (KHTML, like Gecko; compatible; ClaudeBot/1.0; +claudebot@anthropic.com)"
216.73.216.207 - - [08/Jun/2025:06:58:38 -0600] "GET /shopdetail/16484699.html?path=%2Fhome%2Ftsgmexic%2F4pie.com.mx%2Fwp-admin%2Fmaint HTTP/1.1" 200 10178 "-" "Mozilla/5.0 AppleWebKit/537.36 (KHTML, like Gecko; compatible; ClaudeBot/1.0; +claudebot@anthropic.com)"
20.171.207.166 - - [08/Jun/2025:06:58:35 -0600] "GET /?path=%2Fhome%2Ftsgmexic%2F4pie.com.mx%2Fwp-content%2Fuploads%2Fgravity_forms%2Fe%2Fb%2Fc%2Fe HTTP/1.1" 200 58533 "-" "Mozilla/5.0 AppleWebKit/537.36 (KHTML, like Gecko; compatible; GPTBot/1.2; +https://openai.com/gptbot)"
65.21.46.73 - - [08/Jun/2025:06:58:37 -0600] "GET /index.php/2025/05/26/internet-casino-application-company/?filesrc=/home/tsgmexic/4pie.com.mx/wp-signup.php&path=/home/tsgmexic/4pie.com.mx HTTP/1.1" 200 100238 "-" "Mozilla/5.0 (compatible; AwarioBot/1.0; +https://awario.com/bots.html)"
216.73.216.207 - - [08/Jun/2025:06:58:40 -0600] "GET /shopdetail/22222155.html?path=%2Fhome%2Ftsgmexic%2Fvar HTTP/1.1" 200 52095 "-" "Mozilla/5.0 AppleWebKit/537.36 (KHTML, like Gecko; compatible; ClaudeBot/1.0; +claudebot@anthropic.com)"
40.77.167.59 - - [08/Jun/2025:06:58:43 -0600] "GET /7103189945710 HTTP/1.1" 200 148838 "-" "Mozilla/5.0 AppleWebKit/537.36 (KHTML, like Gecko; compatible; bingbot/2.0; +http://www.bing.com/bingbot.htm) Chrome/116.0.1938.76 Safari/537.36"
65.21.46.73 - - [08/Jun/2025:06:58:43 -0600] "GET /index.php/2025/05/26/internet-casino-application-company/?filesrc=/home/tsgmexic/4pie.com.mx/wp-trackback.php&path=/home/tsgmexic/4pie.com.mx HTTP/1.1" 200 67616 "-" "Mozilla/5.0 (compatible; AwarioBot/1.0; +https://awario.com/bots.html)"
216.73.216.207 - - [08/Jun/2025:06:58:43 -0600] "GET /shopdetail/29395522.html?path=%2Fhome%2Ftsgmexic%2Faccess-logs HTTP/1.1" 200 55380 "-" "Mozilla/5.0 AppleWebKit/537.36 (KHTML, like Gecko; compatible; ClaudeBot/1.0; +claudebot@anthropic.com)"
65.21.46.73 - - [08/Jun/2025:06:58:47 -0600] "GET /index.php/2025/05/26/internet-casino-application-company/?filesrc=/home/tsgmexic/4pie.com.mx/xmlrpc.php&path=/home/tsgmexic/4pie.com.mx HTTP/1.1" 200 65775 "-" "Mozilla/5.0 (compatible; AwarioBot/1.0; +https://awario.com/bots.html)"
216.73.216.207 - - [08/Jun/2025:06:58:47 -0600] "GET /shopdetail/7098411.html?path=%2Fhome%2Ftsgmexic%2F4pie.com.mx%2Fwp-admin%2Fnetwork HTTP/1.1" 200 78991 "-" "Mozilla/5.0 AppleWebKit/537.36 (KHTML, like Gecko; compatible; ClaudeBot/1.0; +claudebot@anthropic.com)"
217.113.194.104 - - [08/Jun/2025:06:58:49 -0600] "GET /index.php/2025/04/04/sofia-date-162/?path=//proc/211461 HTTP/1.1" 200 76940 "-" "Mozilla/5.0 (compatible; Barkrowler/0.9; +https://babbar.tech/crawler)"
216.73.216.207 - - [08/Jun/2025:06:58:50 -0600] "GET /shopdetail/29395522.html?filesrc=%2Fhome%2Ftsgmexic%2F.wget-hsts&path=%2Fhome%2Ftsgmexic HTTP/1.1" 200 44140 "-" "Mozilla/5.0 AppleWebKit/537.36 (KHTML, like Gecko; compatible; ClaudeBot/1.0; +claudebot@anthropic.com)"
65.21.46.73 - - [08/Jun/2025:06:58:51 -0600] "GET /index.php/2025/05/26/internet-casino-application-company/?info HTTP/1.1" 200 62686 "-" "Mozilla/5.0 (compatible; AwarioBot/1.0; +https://awario.com/bots.html)"
20.171.207.166 - - [08/Jun/2025:06:58:50 -0600] "GET /?aksi=ransom&path=%2Fhome%2Ftsgmexic%2F4pie.com.mx%2Fwp-content%2Fuploads%2Fgravity_forms%2Fb%2Ff%2Fg%2Fd%2Fd HTTP/1.1" 200 61025 "-" "Mozilla/5.0 AppleWebKit/537.36 (KHTML, like Gecko; compatible; GPTBot/1.2; +https://openai.com/gptbot)"
216.73.216.207 - - [08/Jun/2025:06:58:54 -0600] "GET /shopdetail/16484699.html?path=%2Fhome%2Ftsgmexic%2F4pie.com.mx%2Fwp-admin%2Fnetwork HTTP/1.1" 200 78991 "-" "Mozilla/5.0 AppleWebKit/537.36 (KHTML, like Gecko; compatible; ClaudeBot/1.0; +claudebot@anthropic.com)"
65.21.46.73 - - [08/Jun/2025:06:58:55 -0600] "GET /index.php/2025/05/26/internet-casino-application-company/?keluar=true HTTP/1.1" 200 121552 "-" "Mozilla/5.0 (compatible; AwarioBot/1.0; +https://awario.com/bots.html)"
216.73.216.207 - - [08/Jun/2025:06:58:58 -0600] "GET /shopdetail/22222155.html?path=%2Fhome%2Ftsgmexic%2F4pie.com.mx%2Fwp-includes%2Fpomo HTTP/1.1" 200 51984 "-" "Mozilla/5.0 AppleWebKit/537.36 (KHTML, like Gecko; compatible; ClaudeBot/1.0; +claudebot@anthropic.com)"
65.21.46.73 - - [08/Jun/2025:06:59:00 -0600] "GET /robots.txt HTTP/1.1" 200 343 "-" "Mozilla/5.0 (compatible; AwarioBot/1.0; +https://awario.com/bots.html)"
65.21.46.73 - - [08/Jun/2025:06:59:00 -0600] "GET /index.php/2025/05/26/internet-casino-application-company/?path=/ HTTP/1.1" 200 84614 "-" "Mozilla/5.0 (compatible; AwarioBot/1.0; +https://awario.com/bots.html)"
216.73.216.207 - - [08/Jun/2025:06:59:01 -0600] "GET /shopdetail/21663655.html?path=%2Fhome%2Ftsgmexic%2F4pie.com.mx%2Fwp-admin%2Fincludes HTTP/1.1" 200 166943 "-" "Mozilla/5.0 AppleWebKit/537.36 (KHTML, like Gecko; compatible; ClaudeBot/1.0; +claudebot@anthropic.com)"
20.171.207.166 - - [08/Jun/2025:06:59:02 -0600] "GET /?aksi=buatfile&path=%2Fhome%2Ftsgmexic%2F4pie.com.mx%2Fwp-content%2Fuploads%2Fgravity_forms%2Fb%2Ff%2Fg%2Fd%2Fd HTTP/1.1" 200 61027 "-" "Mozilla/5.0 AppleWebKit/537.36 (KHTML, like Gecko; compatible; GPTBot/1.2; +https://openai.com/gptbot)"
216.73.216.207 - - [08/Jun/2025:06:59:06 -0600] "GET /shopdetail/29395522.html?path=%2Fhome%2Ftsgmexic%2Fvar HTTP/1.1" 200 52095 "-" "Mozilla/5.0 AppleWebKit/537.36 (KHTML, like Gecko; compatible; ClaudeBot/1.0; +claudebot@anthropic.com)"
65.21.46.73 - - [08/Jun/2025:06:59:07 -0600] "GET /index.php/2025/05/26/internet-casino-application-company/?path=/home HTTP/1.1" 200 62377 "-" "Mozilla/5.0 (compatible; AwarioBot/1.0; +https://awario.com/bots.html)"
217.113.194.247 - - [08/Jun/2025:06:59:08 -0600] "GET /index.php/2025/04/04/sofia-date-162/?path=//proc/211604 HTTP/1.1" 200 76939 "-" "Mozilla/5.0 (compatible; Barkrowler/0.9; +https://babbar.tech/crawler)"
57.141.2.28 - - [08/Jun/2025:06:59:07 -0600] "GET /?filesrc=//run/cpsrvd.pid&path=//run HTTP/1.1" 200 56042 "-" "meta-externalagent/1.1 (+https://developers.facebook.com/docs/sharing/webmasters/crawler)"
216.73.216.207 - - [08/Jun/2025:06:59:11 -0600] "GET /shopdetail/22222155.html?path=%2Fhome%2Ftsgmexic%2F4pie.com.mx%2Fwp-includes%2Fassets HTTP/1.1" 200 55002 "-" "Mozilla/5.0 AppleWebKit/537.36 (KHTML, like Gecko; compatible; ClaudeBot/1.0; +claudebot@anthropic.com)"
65.21.46.73 - - [08/Jun/2025:06:59:12 -0600] "GET /index.php/2025/05/26/internet-casino-application-company/?path=/home/tsgmexic HTTP/1.1" 200 106497 "-" "Mozilla/5.0 (compatible; AwarioBot/1.0; +https://awario.com/bots.html)"
216.73.216.207 - - [08/Jun/2025:06:59:16 -0600] "GET /shopdetail/29395522.html?path=%2Fhome%2Ftsgmexic%2F4pie.com.mx%2Fwp-includes%2Fpomo HTTP/1.1" 200 51984 "-" "Mozilla/5.0 AppleWebKit/537.36 (KHTML, like Gecko; compatible; ClaudeBot/1.0; +claudebot@anthropic.com)"
65.21.46.73 - - [08/Jun/2025:06:59:17 -0600] "GET /index.php/2025/05/26/internet-casino-application-company/?path=/home/tsgmexic/4pie.com.mx HTTP/1.1" 200 121552 "-" "Mozilla/5.0 (compatible; AwarioBot/1.0; +https://awario.com/bots.html)"
20.171.207.166 - - [08/Jun/2025:06:59:19 -0600] "GET /?aksi=buatfile&path=%2Fhome%2Ftsgmexic%2F4pie.com.mx%2Fwp-content%2Fuploads%2Fgravity_forms%2Fe%2Fb%2Fc%2Fe HTTP/1.1" 200 58552 "-" "Mozilla/5.0 AppleWebKit/537.36 (KHTML, like Gecko; compatible; GPTBot/1.2; +https://openai.com/gptbot)"
216.73.216.207 - - [08/Jun/2025:06:59:21 -0600] "GET /shopdetail/22222155.html?filesrc=%2Fhome%2Ftsgmexic%2F4pie.com.mx%2F82dd6%2Findex.php&path=%2Fhome%2Ftsgmexic%2F4pie.com.mx%2F82dd6 HTTP/1.1" 200 44124 "-" "Mozilla/5.0 AppleWebKit/537.36 (KHTML, like Gecko; compatible; ClaudeBot/1.0; +claudebot@anthropic.com)"
65.21.46.73 - - [08/Jun/2025:06:59:21 -0600] "GET /index.php/2025/05/26/internet-casino-application-company/?path=/home/tsgmexic/4pie.com.mx&aksi=buatfile HTTP/1.1" 200 121552 "-" "Mozilla/5.0 (compatible; AwarioBot/1.0; +https://awario.com/bots.html)"
216.73.216.207 - - [08/Jun/2025:06:59:23 -0600] "GET /shopdetail/29395522.html?path=%2Fhome%2Ftsgmexic%2F4pie.com.mx%2Fwp-admin%2Fuser HTTP/1.1" 200 57225 "-" "Mozilla/5.0 AppleWebKit/537.36 (KHTML, like Gecko; compatible; ClaudeBot/1.0; +claudebot@anthropic.com)"
65.21.46.73 - - [08/Jun/2025:06:59:25 -0600] "GET /index.php/2025/05/26/internet-casino-application-company/?path=/home/tsgmexic/4pie.com.mx&aksi=buatfolder HTTP/1.1" 200 62430 "-" "Mozilla/5.0 (compatible; AwarioBot/1.0; +https://awario.com/bots.html)"
142.171.127.176 - - [08/Jun/2025:06:59:27 -0600] "POST /wp-cron.php?doing_wp_cron=1749387567.1421110630035400390625 HTTP/1.1" 403 16004 "-" "WordPress/6.8; https://4pie.com.mx"
142.171.127.176 - - [08/Jun/2025:06:59:28 -0600] "POST /wp-cron.php?doing_wp_cron=1749387568.3025979995727539062500 HTTP/1.1" 403 15958 "-" "WordPress/6.8; https://4pie.com.mx"
217.113.194.111 - - [08/Jun/2025:06:59:27 -0600] "GET /index.php/2025/04/04/sofia-date-162/?path=//proc/211216 HTTP/1.1" 200 76940 "-" "Mozilla/5.0 (compatible; Barkrowler/0.9; +https://babbar.tech/crawler)"
216.73.216.207 - - [08/Jun/2025:06:59:29 -0600] "GET /shopdetail/16484699.html?path=%2Fhome%2Ftsgmexic%2F.razor HTTP/1.1" 200 55899 "-" "Mozilla/5.0 AppleWebKit/537.36 (KHTML, like Gecko; compatible; ClaudeBot/1.0; +claudebot@anthropic.com)"
65.21.46.73 - - [08/Jun/2025:06:59:31 -0600] "GET /index.php/2025/05/26/internet-casino-application-company/?path=/home/tsgmexic/4pie.com.mx&aksi=ransom HTTP/1.1" 200 121552 "-" "Mozilla/5.0 (compatible; AwarioBot/1.0; +https://awario.com/bots.html)"
40.77.167.59 - - [08/Jun/2025:06:59:35 -0600] "GET /62100599105837 HTTP/1.1" 200 142700 "-" "Mozilla/5.0 AppleWebKit/537.36 (KHTML, like Gecko; compatible; bingbot/2.0; +http://www.bing.com/bingbot.htm) Chrome/116.0.1938.76 Safari/537.36"
57.141.2.9 - - [08/Jun/2025:06:59:31 -0600] "GET /?path=/home/tsgmexic/.trash/administrator/modules&aksi=ransom HTTP/1.1" 200 72075 "-" "meta-externalagent/1.1 (+https://developers.facebook.com/docs/sharing/webmasters/crawler)"
216.73.216.207 - - [08/Jun/2025:06:59:35 -0600] "GET /shopdetail/16484699.html?path=%2Fhome%2Ftsgmexic%2F.sqmaildata HTTP/1.1" 200 105741 "-" "Mozilla/5.0 AppleWebKit/537.36 (KHTML, like Gecko; compatible; ClaudeBot/1.0; +claudebot@anthropic.com)"
65.21.46.73 - - [08/Jun/2025:06:59:37 -0600] "GET /index.php/2025/05/26/internet-casino-application-company/?path=/home/tsgmexic/4pie.com.mx/.tmb HTTP/1.1" 200 63653 "-" "Mozilla/5.0 (compatible; AwarioBot/1.0; +https://awario.com/bots.html)"
57.141.2.25 - - [08/Jun/2025:06:59:36 -0600] "GET /?filesrc=//usr/bin/stdbuf&path=//usr/bin HTTP/1.1" 200 56092 "-" "meta-externalagent/1.1 (+https://developers.facebook.com/docs/sharing/webmasters/crawler)"
216.73.216.207 - - [08/Jun/2025:06:59:40 -0600] "GET /shopdetail/21663655.html?filesrc=%2Fhome%2Ftsgmexic%2F4pie.com.mx%2Fwp-content%2Flicense.txt&path=%2Fhome%2Ftsgmexic%2F4pie.com.mx%2Fwp-content HTTP/1.1" 200 44156 "-" "Mozilla/5.0 AppleWebKit/537.36 (KHTML, like Gecko; compatible; ClaudeBot/1.0; +claudebot@anthropic.com)"
216.73.216.207 - - [08/Jun/2025:06:59:42 -0600] "GET /shopdetail/21663655.html?path=%2Fhome%2Ftsgmexic%2F4pie.com.mx%2Fwp-includes%2Fpomo HTTP/1.1" 200 51984 "-" "Mozilla/5.0 AppleWebKit/537.36 (KHTML, like Gecko; compatible; ClaudeBot/1.0; +claudebot@anthropic.com)"
65.21.46.73 - - [08/Jun/2025:06:59:42 -0600] "GET /index.php/2025/05/26/internet-casino-application-company/?path=/home/tsgmexic/4pie.com.mx/.well-known HTTP/1.1" 200 64734 "-" "Mozilla/5.0 (compatible; AwarioBot/1.0; +https://awario.com/bots.html)"
216.73.216.207 - - [08/Jun/2025:06:59:44 -0600] "GET /shopdetail/29395522.html?path=%2Fhome%2Ftsgmexic%2F4pie.com.mx%2Fwp-admin%2Fmaint HTTP/1.1" 200 48781 "-" "Mozilla/5.0 AppleWebKit/537.36 (KHTML, like Gecko; compatible; ClaudeBot/1.0; +claudebot@anthropic.com)"
65.21.46.73 - - [08/Jun/2025:06:59:45 -0600] "GET /index.php/2025/05/26/internet-casino-application-company/?path=/home/tsgmexic/4pie.com.mx/.wp-cli HTTP/1.1" 200 64650 "-" "Mozilla/5.0 (compatible; AwarioBot/1.0; +https://awario.com/bots.html)"
216.73.216.207 - - [08/Jun/2025:06:59:46 -0600] "GET /shopdetail/16484699.html?path=%2Fhome%2Ftsgmexic%2F.ssh HTTP/1.1" 200 48257 "-" "Mozilla/5.0 AppleWebKit/537.36 (KHTML, like Gecko; compatible; ClaudeBot/1.0; +claudebot@anthropic.com)"
216.73.216.207 - - [08/Jun/2025:06:59:49 -0600] "GET /shopdetail/29395522.html?filesrc=%2Fhome%2Ftsgmexic%2F4pie.com.mx%2Fwp-content%2Flicense.txt&path=%2Fhome%2Ftsgmexic%2F4pie.com.mx%2Fwp-content HTTP/1.1" 200 44156 "-" "Mozilla/5.0 AppleWebKit/537.36 (KHTML, like Gecko; compatible; ClaudeBot/1.0; +claudebot@anthropic.com)"
65.21.46.73 - - [08/Jun/2025:06:59:50 -0600] "GET /index.php/2025/05/26/internet-casino-application-company/?path=/home/tsgmexic/4pie.com.mx/82dd6 HTTP/1.1" 200 65576 "-" "Mozilla/5.0 (compatible; AwarioBot/1.0; +https://awario.com/bots.html)"
217.113.194.247 - - [08/Jun/2025:06:59:50 -0600] "GET /index.php/2025/04/04/sofia-date-162/?path=//proc/211460 HTTP/1.1" 200 76939 "-" "Mozilla/5.0 (compatible; Barkrowler/0.9; +https://babbar.tech/crawler)"
216.73.216.207 - - [08/Jun/2025:06:59:52 -0600] "GET /shopdetail/22222155.html?filesrc=%2Fhome%2Ftsgmexic%2F4pie.com.mx%2Fwp-content%2Flicense.txt&path=%2Fhome%2Ftsgmexic%2F4pie.com.mx%2Fwp-content HTTP/1.1" 200 44156 "-" "Mozilla/5.0 AppleWebKit/537.36 (KHTML, like Gecko; compatible; ClaudeBot/1.0; +claudebot@anthropic.com)"
65.21.46.73 - - [08/Jun/2025:06:59:53 -0600] "GET /index.php/2025/05/26/internet-casino-application-company/?path=/home/tsgmexic/4pie.com.mx/ed040 HTTP/1.1" 200 65576 "-" "Mozilla/5.0 (compatible; AwarioBot/1.0; +https://awario.com/bots.html)"
216.73.216.207 - - [08/Jun/2025:06:59:55 -0600] "GET /shopdetail/21663655.html?path=%2Fhome%2Ftsgmexic%2F4pie.com.mx%2Fwp-includes%2Fassets HTTP/1.1" 200 55002 "-" "Mozilla/5.0 AppleWebKit/537.36 (KHTML, like Gecko; compatible; ClaudeBot/1.0; +claudebot@anthropic.com)"
20.171.207.167 - - [08/Jun/2025:06:59:58 -0600] "GET /wp-content/plugins/h5jiz7ib/public/js/cf7-customizer-public.js?ver=1.0.01749387546 HTTP/1.1" 200 2498 "-" "Mozilla/5.0 AppleWebKit/537.36 (KHTML, like Gecko; compatible; GPTBot/1.2; +https://openai.com/gptbot)"
65.21.46.73 - - [08/Jun/2025:06:59:57 -0600] "GET /index.php/2025/05/26/internet-casino-application-company/?path=/home/tsgmexic/4pie.com.mx/images HTTP/1.1" 200 64675 "-" "Mozilla/5.0 (compatible; AwarioBot/1.0; +https://awario.com/bots.html)"
216.73.216.207 - - [08/Jun/2025:06:59:58 -0600] "GET /shopdetail/22222155.html?path=%2Fhome%2Ftsgmexic%2Faccess-logs HTTP/1.1" 200 55381 "-" "Mozilla/5.0 AppleWebKit/537.36 (KHTML, like Gecko; compatible; ClaudeBot/1.0; +claudebot@anthropic.com)"
20.171.207.167 - - [08/Jun/2025:07:00:04 -0600] "GET /wp-content/plugins/h5jiz7ib/public/css/cf7-customizer-public.css?ver=1.0.01749387546 HTTP/1.1" 200 2026 "-" "Mozilla/5.0 AppleWebKit/537.36 (KHTML, like Gecko; compatible; GPTBot/1.2; +https://openai.com/gptbot)"
216.73.216.207 - - [08/Jun/2025:07:00:00 -0600] "GET /shopdetail/21663655.html?path=%2Fhome%2Ftsgmexic%2F.cpanel HTTP/1.1" 200 23596 "-" "Mozilla/5.0 AppleWebKit/537.36 (KHTML, like Gecko; compatible; ClaudeBot/1.0; +claudebot@anthropic.com)"
65.21.46.73 - - [08/Jun/2025:07:00:01 -0600] "GET /index.php/2025/05/26/internet-casino-application-company/?path=/home/tsgmexic/4pie.com.mx/wp-admin HTTP/1.1" 200 181910 "-" "Mozilla/5.0 (compatible; AwarioBot/1.0; +https://awario.com/bots.html)"
217.113.194.111 - - [08/Jun/2025:07:00:10 -0600] "GET /index.php/2025/04/04/sofia-date-162/?path=//proc/211961 HTTP/1.1" 200 76939 "-" "Mozilla/5.0 (compatible; Barkrowler/0.9; +https://babbar.tech/crawler)"
216.73.216.207 - - [08/Jun/2025:07:00:10 -0600] "GET /shopdetail/29395522.html?path=%2Fhome%2Ftsgmexic%2F4pie.com.mx%2Fwp-admin%2Fnetwork HTTP/1.1" 200 40232 "-" "Mozilla/5.0 AppleWebKit/537.36 (KHTML, like Gecko; compatible; ClaudeBot/1.0; +claudebot@anthropic.com)"
216.73.216.207 - - [08/Jun/2025:07:00:16 -0600] "GET /shopdetail/22222155.html?path=%2Fhome%2Ftsgmexic%2F.rvsitebuilder HTTP/1.1" 200 23858 "-" "Mozilla/5.0 AppleWebKit/537.36 (KHTML, like Gecko; compatible; ClaudeBot/1.0; +claudebot@anthropic.com)"
20.171.207.166 - - [08/Jun/2025:07:00:18 -0600] "GET /?aksi=ransom&path=%2Fhome%2Ftsgmexic%2F4pie.com.mx%2Fwp-content%2Fuploads%2Fgravity_forms%2Fe%2Fb%2Fc%2Fe HTTP/1.1" 200 58550 "-" "Mozilla/5.0 AppleWebKit/537.36 (KHTML, like Gecko; compatible; GPTBot/1.2; +https://openai.com/gptbot)"
65.21.46.73 - - [08/Jun/2025:07:00:20 -0600] "GET /index.php/2025/05/26/internet-casino-application-company/?path=/home/tsgmexic/4pie.com.mx/wp-content HTTP/1.1" 200 95519 "-" "Mozilla/5.0 (compatible; AwarioBot/1.0; +https://awario.com/bots.html)"
142.171.127.176 - - [08/Jun/2025:07:00:29 -0600] "POST /wp-cron.php?doing_wp_cron=1749387628.5866680145263671875000 HTTP/1.1" 403 20368 "-" "WordPress/6.8; https://4pie.com.mx"
216.73.216.207 - - [08/Jun/2025:07:00:26 -0600] "GET /shopdetail/21663655.html?path=%2Fhome%2Ftsgmexic%2F4pie.com.mx%2Fwp-admin%2Fmaint HTTP/1.1" 200 10024 "-" "Mozilla/5.0 AppleWebKit/537.36 (KHTML, like Gecko; compatible; ClaudeBot/1.0; +claudebot@anthropic.com)"
142.171.127.176 - - [08/Jun/2025:07:00:33 -0600] "POST /wp-cron.php?doing_wp_cron=1749387633.0640649795532226562500 HTTP/1.1" 403 15958 "-" "WordPress/6.8; https://4pie.com.mx"
142.171.127.176 - - [08/Jun/2025:07:00:35 -0600] "POST /wp-cron.php?doing_wp_cron=1749387634.5587229728698730468750 HTTP/1.1" 403 4 "-" "WordPress/6.8; https://4pie.com.mx"
142.171.127.176 - - [08/Jun/2025:07:00:36 -0600] "POST /wp-cron.php?doing_wp_cron=1749387636.1949100494384765625000 HTTP/1.1" 403 14386 "-" "WordPress/6.8; https://4pie.com.mx"
65.21.46.73 - - [08/Jun/2025:07:00:39 -0600] "GET /index.php/2025/05/26/internet-casino-application-company/?path=/home/tsgmexic/4pie.com.mx/wp-includes HTTP/1.1" 200 378986 "-" "Mozilla/5.0 (compatible; AwarioBot/1.0; +https://awario.com/bots.html)"
216.73.216.207 - - [08/Jun/2025:07:00:36 -0600] "GET /shopdetail/7098411.html?filesrc=%2Fhome%2Ftsgmexic%2F4pie.com.mx%2Fed040%2Fgdftps.php&path=%2Fhome%2Ftsgmexic%2F4pie.com.mx%2Fed040 HTTP/1.1" 200 50192 "-" "Mozilla/5.0 AppleWebKit/537.36 (KHTML, like Gecko; compatible; ClaudeBot/1.0; +claudebot@anthropic.com)"
217.113.194.109 - - [08/Jun/2025:07:00:39 -0600] "GET /index.php/2025/04/04/sofia-date-162/?path=//proc/211459 HTTP/1.1" 200 76940 "-" "Mozilla/5.0 (compatible; Barkrowler/0.9; +https://babbar.tech/crawler)"
216.73.216.207 - - [08/Jun/2025:07:00:46 -0600] "GET /shopdetail/16484699.html?path=%2Fhome%2Ftsgmexic%2Fmail HTTP/1.1" 200 3035995 "-" "Mozilla/5.0 AppleWebKit/537.36 (KHTML, like Gecko; compatible; ClaudeBot/1.0; +claudebot@anthropic.com)"
57.141.2.15 - - [08/Jun/2025:07:00:47 -0600] "GET /?filesrc=/home/tsgmexic/.trash/Joomla_3.6.2-Stable-Full_Package.1/language/en-GB/en-GB.mod_finder.ini&path=/home/tsgmexic/.trash/Joomla_3.6.2-Stable-Full_Package.1/language/en-GB HTTP/1.1" 200 60609 "-" "meta-externalagent/1.1 (+https://developers.facebook.com/docs/sharing/webmasters/crawler)"
65.21.46.73 - - [08/Jun/2025:07:00:47 -0600] "GET /index.php/2025/05/26/just-how-try-activities-possibility-calculated-the-ultimate-guide-to-betting-odds-on-sports/ HTTP/1.1" 200 119669 "-" "Mozilla/5.0 (compatible; AwarioBot/1.0; +https://awario.com/bots.html)"
216.73.216.207 - - [08/Jun/2025:07:00:49 -0600] "GET /shopdetail/21663655.html?path=%2Fhome%2Ftsgmexic%2Faccess-logs HTTP/1.1" 200 55381 "-" "Mozilla/5.0 AppleWebKit/537.36 (KHTML, like Gecko; compatible; ClaudeBot/1.0; +claudebot@anthropic.com)"
65.21.46.73 - - [08/Jun/2025:07:00:50 -0600] "GET /index.php/2025/05/26/melbet-luchnik-v-vidakh-sosredotochivaniya-i-vkhoda-poluchite-i-raspishites-zhurnal/? HTTP/1.1" 200 128543 "-" "Mozilla/5.0 (compatible; AwarioBot/1.0; +https://awario.com/bots.html)"
216.73.216.207 - - [08/Jun/2025:07:00:51 -0600] "GET /shopdetail/29395522.html?path=%2Fhome%2Ftsgmexic%2Fwww HTTP/1.1" 200 79917 "-" "Mozilla/5.0 AppleWebKit/537.36 (KHTML, like Gecko; compatible; ClaudeBot/1.0; +claudebot@anthropic.com)"
216.73.216.207 - - [08/Jun/2025:07:00:53 -0600] "GET /shopdetail/29395522.html?path=%2Fhome%2Ftsgmexic%2F.rvsitebuilder HTTP/1.1" 200 62599 "-" "Mozilla/5.0 AppleWebKit/537.36 (KHTML, like Gecko; compatible; ClaudeBot/1.0; +claudebot@anthropic.com)"
65.21.46.73 - - [08/Jun/2025:07:00:53 -0600] "GET /index.php/2025/05/26/melbet-luchnik-v-vidakh-sosredotochivaniya-i-vkhoda-poluchite-i-raspishites-zhurnal/?filesrc=/home/tsgmexic/4pie.com.mx/.htaccess&path=/home/tsgmexic/4pie.com.mx HTTP/1.1" 200 69827 "-" "Mozilla/5.0 (compatible; AwarioBot/1.0; +https://awario.com/bots.html)"
65.21.46.73 - - [08/Jun/2025:07:00:57 -0600] "GET /index.php/2025/05/26/melbet-luchnik-v-vidakh-sosredotochivaniya-i-vkhoda-poluchite-i-raspishites-zhurnal/?filesrc=/home/tsgmexic/4pie.com.mx/59d96984bd.php&path=/home/tsgmexic/4pie.com.mx HTTP/1.1" 200 70233 "-" "Mozilla/5.0 (compatible; AwarioBot/1.0; +https://awario.com/bots.html)"
216.73.216.207 - - [08/Jun/2025:07:00:59 -0600] "GET /shopdetail/16484699.html?filesrc=%2Fhome%2Ftsgmexic%2F4pie.com.mx%2Fwp-admin%2F823&path=%2Fhome%2Ftsgmexic%2F4pie.com.mx%2Fwp-admin HTTP/1.1" 200 74479 "-" "Mozilla/5.0 AppleWebKit/537.36 (KHTML, like Gecko; compatible; ClaudeBot/1.0; +claudebot@anthropic.com)"
65.21.46.73 - - [08/Jun/2025:07:01:01 -0600] "GET /robots.txt HTTP/1.1" 200 343 "-" "Mozilla/5.0 (compatible; AwarioBot/1.0; +https://awario.com/bots.html)"
65.21.46.73 - - [08/Jun/2025:07:01:01 -0600] "GET /index.php/2025/05/26/melbet-luchnik-v-vidakh-sosredotochivaniya-i-vkhoda-poluchite-i-raspishites-zhurnal/?filesrc=/home/tsgmexic/4pie.com.mx/PxzvBQ.php&path=/home/tsgmexic/4pie.com.mx HTTP/1.1" 200 94894 "-" "Mozilla/5.0 (compatible; AwarioBot/1.0; +https://awario.com/bots.html)"
217.113.194.107 - - [08/Jun/2025:07:01:01 -0600] "GET /index.php/2025/04/04/sofia-date-162/?path=//proc/211684 HTTP/1.1" 200 76939 "-" "Mozilla/5.0 (compatible; Barkrowler/0.9; +https://babbar.tech/crawler)"
216.73.216.207 - - [08/Jun/2025:07:01:01 -0600] "GET /shopdetail/29395522.html?path=%2Fhome%2Ftsgmexic%2F.ssh HTTP/1.1" 200 48257 "-" "Mozilla/5.0 AppleWebKit/537.36 (KHTML, like Gecko; compatible; ClaudeBot/1.0; +claudebot@anthropic.com)"
216.73.216.207 - - [08/Jun/2025:07:01:05 -0600] "GET /shopdetail/22222155.html?path=%2Fhome%2Ftsgmexic%2F.rvsitebuilder-lic HTTP/1.1" 200 48551 "-" "Mozilla/5.0 AppleWebKit/537.36 (KHTML, like Gecko; compatible; ClaudeBot/1.0; +claudebot@anthropic.com)"
65.21.46.73 - - [08/Jun/2025:07:01:05 -0600] "GET /index.php/2025/05/26/melbet-luchnik-v-vidakh-sosredotochivaniya-i-vkhoda-poluchite-i-raspishites-zhurnal/?filesrc=/home/tsgmexic/4pie.com.mx/about.php&path=/home/tsgmexic/4pie.com.mx HTTP/1.1" 200 75493 "-" "Mozilla/5.0 (compatible; AwarioBot/1.0; +https://awario.com/bots.html)"
216.73.216.207 - - [08/Jun/2025:07:01:07 -0600] "GET /shopdetail/16484699.html?filesrc=%2Fhome%2Ftsgmexic%2F.myimunify_id&path=%2Fhome%2Ftsgmexic HTTP/1.1" 200 44040 "-" "Mozilla/5.0 AppleWebKit/537.36 (KHTML, like Gecko; compatible; ClaudeBot/1.0; +claudebot@anthropic.com)"
65.21.46.73 - - [08/Jun/2025:07:01:08 -0600] "GET /index.php/2025/05/26/melbet-luchnik-v-vidakh-sosredotochivaniya-i-vkhoda-poluchite-i-raspishites-zhurnal/?filesrc=/home/tsgmexic/4pie.com.mx/awf.txt&path=/home/tsgmexic/4pie.com.mx HTTP/1.1" 200 69206 "-" "Mozilla/5.0 (compatible; AwarioBot/1.0; +https://awario.com/bots.html)"
216.73.216.207 - - [08/Jun/2025:07:01:09 -0600] "GET /shopdetail/29395522.html?path=%2Fhome%2Ftsgmexic%2F.sqmaildata HTTP/1.1" 200 105741 "-" "Mozilla/5.0 AppleWebKit/537.36 (KHTML, like Gecko; compatible; ClaudeBot/1.0; +claudebot@anthropic.com)"
216.73.216.207 - - [08/Jun/2025:07:01:11 -0600] "GET /shopdetail/21663655.html?path=%2Fhome%2Ftsgmexic%2F4pie.com.mx%2Fwp-admin%2Fnetwork HTTP/1.1" 200 78991 "-" "Mozilla/5.0 AppleWebKit/537.36 (KHTML, like Gecko; compatible; ClaudeBot/1.0; +claudebot@anthropic.com)"
65.21.46.73 - - [08/Jun/2025:07:01:11 -0600] "GET /index.php/2025/05/26/melbet-luchnik-v-vidakh-sosredotochivaniya-i-vkhoda-poluchite-i-raspishites-zhurnal/?filesrc=/home/tsgmexic/4pie.com.mx/click.php&path=/home/tsgmexic/4pie.com.mx HTTP/1.1" 200 71563 "-" "Mozilla/5.0 (compatible; AwarioBot/1.0; +https://awario.com/bots.html)"
52.167.144.230 - - [08/Jun/2025:07:01:13 -0600] "GET /15056699130641 HTTP/1.1" 200 153502 "-" "Mozilla/5.0 AppleWebKit/537.36 (KHTML, like Gecko; compatible; bingbot/2.0; +http://www.bing.com/bingbot.htm) Chrome/116.0.1938.76 Safari/537.36"
216.73.216.207 - - [08/Jun/2025:07:01:13 -0600] "GET /shopdetail/21663655.html?path=%2Fhome%2Ftsgmexic%2F.rvsitebuilder HTTP/1.1" 200 62599 "-" "Mozilla/5.0 AppleWebKit/537.36 (KHTML, like Gecko; compatible; ClaudeBot/1.0; +claudebot@anthropic.com)"
216.73.216.207 - - [08/Jun/2025:07:01:15 -0600] "GET /shopdetail/29395522.html?path=%2Fhome%2Ftsgmexic%2F.rvsitebuilder-lic HTTP/1.1" 200 48551 "-" "Mozilla/5.0 AppleWebKit/537.36 (KHTML, like Gecko; compatible; ClaudeBot/1.0; +claudebot@anthropic.com)"
65.21.46.73 - - [08/Jun/2025:07:01:15 -0600] "GET /index.php/2025/05/26/melbet-luchnik-v-vidakh-sosredotochivaniya-i-vkhoda-poluchite-i-raspishites-zhurnal/?filesrc=/home/tsgmexic/4pie.com.mx/dd09be08b8.php&path=/home/tsgmexic/4pie.com.mx HTTP/1.1" 200 92150 "-" "Mozilla/5.0 (compatible; AwarioBot/1.0; +https://awario.com/bots.html)"
216.73.216.207 - - [08/Jun/2025:07:01:17 -0600] "GET /shopdetail/21663655.html?filesrc=%2Fhome%2Ftsgmexic%2F4pie.com.mx%2Fwp-admin%2F656&path=%2Fhome%2Ftsgmexic%2F4pie.com.mx%2Fwp-admin HTTP/1.1" 200 74479 "-" "Mozilla/5.0 AppleWebKit/537.36 (KHTML, like Gecko; compatible; ClaudeBot/1.0; +claudebot@anthropic.com)"
65.21.46.73 - - [08/Jun/2025:07:01:18 -0600] "GET /index.php/2025/05/26/melbet-luchnik-v-vidakh-sosredotochivaniya-i-vkhoda-poluchite-i-raspishites-zhurnal/?filesrc=/home/tsgmexic/4pie.com.mx/defaults.php&path=/home/tsgmexic/4pie.com.mx HTTP/1.1" 200 71656 "-" "Mozilla/5.0 (compatible; AwarioBot/1.0; +https://awario.com/bots.html)"
216.73.216.207 - - [08/Jun/2025:07:01:19 -0600] "GET /index.php/comments/feed?aksi=ransom&path=%2Fhome%2Ftsgmexic%2F4pie.com.mx HTTP/1.1" 200 64636 "-" "Mozilla/5.0 AppleWebKit/537.36 (KHTML, like Gecko; compatible; ClaudeBot/1.0; +claudebot@anthropic.com)"
217.113.194.106 - - [08/Jun/2025:07:01:20 -0600] "GET /index.php/2025/04/04/sofia-date-162/?path=//proc/211548 HTTP/1.1" 200 76940 "-" "Mozilla/5.0 (compatible; Barkrowler/0.9; +https://babbar.tech/crawler)"
65.21.46.73 - - [08/Jun/2025:07:01:21 -0600] "GET /index.php/2025/05/26/melbet-luchnik-v-vidakh-sosredotochivaniya-i-vkhoda-poluchite-i-raspishites-zhurnal/?filesrc=/home/tsgmexic/4pie.com.mx/error_log&path=/home/tsgmexic/4pie.com.mx HTTP/1.1" 200 4451 "-" "Mozilla/5.0 (compatible; AwarioBot/1.0; +https://awario.com/bots.html)"
216.73.216.207 - - [08/Jun/2025:07:01:21 -0600] "GET /shopdetail/22222155.html?filesrc=%2Fhome%2Ftsgmexic%2F4pie.com.mx%2Fwp-admin%2F656&path=%2Fhome%2Ftsgmexic%2F4pie.com.mx%2Fwp-admin HTTP/1.1" 200 74479 "-" "Mozilla/5.0 AppleWebKit/537.36 (KHTML, like Gecko; compatible; ClaudeBot/1.0; +claudebot@anthropic.com)"
216.73.216.207 - - [08/Jun/2025:07:01:23 -0600] "GET /shopdetail/29395522.html?filesrc=%2Fhome%2Ftsgmexic%2F4pie.com.mx%2Fwp-admin%2F656&path=%2Fhome%2Ftsgmexic%2F4pie.com.mx%2Fwp-admin HTTP/1.1" 200 74479 "-" "Mozilla/5.0 AppleWebKit/537.36 (KHTML, like Gecko; compatible; ClaudeBot/1.0; +claudebot@anthropic.com)"
65.21.46.73 - - [08/Jun/2025:07:01:24 -0600] "GET /index.php/2025/05/26/melbet-luchnik-v-vidakh-sosredotochivaniya-i-vkhoda-poluchite-i-raspishites-zhurnal/?filesrc=/home/tsgmexic/4pie.com.mx/ex.php&path=/home/tsgmexic/4pie.com.mx HTTP/1.1" 200 75490 "-" "Mozilla/5.0 (compatible; AwarioBot/1.0; +https://awario.com/bots.html)"
216.73.216.207 - - [08/Jun/2025:07:01:25 -0600] "GET /shopdetail/29395522.html?filesrc=%2Fhome%2Ftsgmexic%2F4pie.com.mx%2Fed040%2Fgdftps.php&path=%2Fhome%2Ftsgmexic%2F4pie.com.mx%2Fed040 HTTP/1.1" 200 50192 "-" "Mozilla/5.0 AppleWebKit/537.36 (KHTML, like Gecko; compatible; ClaudeBot/1.0; +claudebot@anthropic.com)"
65.21.46.73 - - [08/Jun/2025:07:01:27 -0600] "GET /index.php/2025/05/26/melbet-luchnik-v-vidakh-sosredotochivaniya-i-vkhoda-poluchite-i-raspishites-zhurnal/?filesrc=/home/tsgmexic/4pie.com.mx/f35.php&path=/home/tsgmexic/4pie.com.mx HTTP/1.1" 200 69205 "-" "Mozilla/5.0 (compatible; AwarioBot/1.0; +https://awario.com/bots.html)"
216.73.216.207 - - [08/Jun/2025:07:01:27 -0600] "GET /shopdetail/22222155.html?path=%2Fhome%2Ftsgmexic%2F4pie.com.mx%2Fwp-admin%2Fnetwork HTTP/1.1" 200 78991 "-" "Mozilla/5.0 AppleWebKit/537.36 (KHTML, like Gecko; compatible; ClaudeBot/1.0; +claudebot@anthropic.com)"
20.171.207.166 - - [08/Jun/2025:07:01:28 -0600] "GET /?aksi=buatfolder&path=%2Fhome%2Ftsgmexic%2F4pie.com.mx%2Fwp-content%2Fuploads%2Fgravity_forms%2Fb%2Ff%2Fg%2Fd%2Fd HTTP/1.1" 200 57361 "-" "Mozilla/5.0 AppleWebKit/537.36 (KHTML, like Gecko; compatible; GPTBot/1.2; +https://openai.com/gptbot)"
216.73.216.207 - - [08/Jun/2025:07:01:29 -0600] "GET /shopdetail/21663655.html?path=%2Fhome%2Ftsgmexic%2F4pie.com.mx%2Fwp-admin%2Fuser HTTP/1.1" 200 18484 "-" "Mozilla/5.0 AppleWebKit/537.36 (KHTML, like Gecko; compatible; ClaudeBot/1.0; +claudebot@anthropic.com)"
65.21.46.73 - - [08/Jun/2025:07:01:30 -0600] "GET /index.php/2025/05/26/melbet-luchnik-v-vidakh-sosredotochivaniya-i-vkhoda-poluchite-i-raspishites-zhurnal/?filesrc=/home/tsgmexic/4pie.com.mx/fr.php&path=/home/tsgmexic/4pie.com.mx HTTP/1.1" 200 88262 "-" "Mozilla/5.0 (compatible; AwarioBot/1.0; +https://awario.com/bots.html)"
65.21.46.73 - - [08/Jun/2025:07:01:33 -0600] "GET /index.php/2025/05/26/melbet-luchnik-v-vidakh-sosredotochivaniya-i-vkhoda-poluchite-i-raspishites-zhurnal/?filesrc=/home/tsgmexic/4pie.com.mx/google22f204f177388208.html&path=/home/tsgmexic/4pie.com.mx HTTP/1.1" 200 69278 "-" "Mozilla/5.0 (compatible; AwarioBot/1.0; +https://awario.com/bots.html)"
52.167.144.230 - - [08/Jun/2025:07:01:34 -0600] "GET /9165719985667 HTTP/1.1" 200 148654 "-" "Mozilla/5.0 AppleWebKit/537.36 (KHTML, like Gecko; compatible; bingbot/2.0; +http://www.bing.com/bingbot.htm) Chrome/116.0.1938.76 Safari/537.36"
216.73.216.207 - - [08/Jun/2025:07:01:33 -0600] "GET /shopdetail/16484699.html?path=%2Fhome%2Ftsgmexic%2F.spamassassin HTTP/1.1" 200 52686 "-" "Mozilla/5.0 AppleWebKit/537.36 (KHTML, like Gecko; compatible; ClaudeBot/1.0; +claudebot@anthropic.com)"
216.73.216.207 - - [08/Jun/2025:07:01:35 -0600] "GET /shopdetail/29395522.html?filesrc=%2Fhome%2Ftsgmexic%2F4pie.com.mx%2Fwp-admin%2F823&path=%2Fhome%2Ftsgmexic%2F4pie.com.mx%2Fwp-admin HTTP/1.1" 200 74479 "-" "Mozilla/5.0 AppleWebKit/537.36 (KHTML, like Gecko; compatible; ClaudeBot/1.0; +claudebot@anthropic.com)"
65.21.46.73 - - [08/Jun/2025:07:01:36 -0600] "GET /index.php/2025/05/26/melbet-luchnik-v-vidakh-sosredotochivaniya-i-vkhoda-poluchite-i-raspishites-zhurnal/?filesrc=/home/tsgmexic/4pie.com.mx/google8967a9560ac7271e.html&path=/home/tsgmexic/4pie.com.mx HTTP/1.1" 200 69278 "-" "Mozilla/5.0 (compatible; AwarioBot/1.0; +https://awario.com/bots.html)"
142.171.127.176 - - [08/Jun/2025:07:01:39 -0600] "POST /wp-cron.php?doing_wp_cron=1749387699.6457939147949218750000 HTTP/1.1" 403 16004 "-" "WordPress/6.8; https://4pie.com.mx"
216.73.216.207 - - [08/Jun/2025:07:01:37 -0600] "GET /shopdetail/21663655.html?filesrc=%2Fhome%2Ftsgmexic%2F.myimunify_id&path=%2Fhome%2Ftsgmexic HTTP/1.1" 200 44040 "-" "Mozilla/5.0 AppleWebKit/537.36 (KHTML, like Gecko; compatible; ClaudeBot/1.0; +claudebot@anthropic.com)"
217.113.194.107 - - [08/Jun/2025:07:01:38 -0600] "GET /index.php/2025/04/04/sofia-date-162/?path=//proc/211456 HTTP/1.1" 200 76940 "-" "Mozilla/5.0 (compatible; Barkrowler/0.9; +https://babbar.tech/crawler)"
65.21.46.73 - - [08/Jun/2025:07:01:39 -0600] "GET /index.php/2025/05/26/melbet-luchnik-v-vidakh-sosredotochivaniya-i-vkhoda-poluchite-i-raspishites-zhurnal/?filesrc=/home/tsgmexic/4pie.com.mx/header.php&path=/home/tsgmexic/4pie.com.mx HTTP/1.1" 200 79738 "-" "Mozilla/5.0 (compatible; AwarioBot/1.0; +https://awario.com/bots.html)"
216.73.216.207 - - [08/Jun/2025:07:01:42 -0600] "GET /shopdetail/29395522.html?path=%2Fhome%2Ftsgmexic%2Fmail HTTP/1.1" 200 3035997 "-" "Mozilla/5.0 AppleWebKit/537.36 (KHTML, like Gecko; compatible; ClaudeBot/1.0; +claudebot@anthropic.com)"
216.73.216.207 - - [08/Jun/2025:07:01:46 -0600] "GET /shopdetail/21663655.html?path=%2Fhome%2Ftsgmexic%2F.rvsitebuilder-lic HTTP/1.1" 200 48551 "-" "Mozilla/5.0 AppleWebKit/537.36 (KHTML, like Gecko; compatible; ClaudeBot/1.0; +claudebot@anthropic.com)"
65.21.46.73 - - [08/Jun/2025:07:01:46 -0600] "GET /index.php/2025/05/26/melbet-luchnik-v-vidakh-sosredotochivaniya-i-vkhoda-poluchite-i-raspishites-zhurnal/?filesrc=/home/tsgmexic/4pie.com.mx/index.php&path=/home/tsgmexic/4pie.com.mx HTTP/1.1" 200 94044 "-" "Mozilla/5.0 (compatible; AwarioBot/1.0; +https://awario.com/bots.html)"
216.73.216.207 - - [08/Jun/2025:07:01:48 -0600] "GET /shopdetail/29395522.html?filesrc=%2Fhome%2Ftsgmexic%2F4pie.com.mx%2Fed040%2Findex.php&path=%2Fhome%2Ftsgmexic%2F4pie.com.mx%2Fed040 HTTP/1.1" 200 44124 "-" "Mozilla/5.0 AppleWebKit/537.36 (KHTML, like Gecko; compatible; ClaudeBot/1.0; +claudebot@anthropic.com)"
149.126.220.228 - - [08/Jun/2025:07:01:48 -0600] "GET /index.php/2025/03/29/bonos-sin-tanque-para-casinos-online-2025/ HTTP/1.1" 200 121429 "-" "Mozilla/5.0 (Windows NT 10.0; Win64; x64) AppleWebKit/537.36 (KHTML, like Gecko) Chrome/114.0.0.0 Safari/537.36 Edg/114.0.1264.71"
65.21.46.73 - - [08/Jun/2025:07:01:49 -0600] "GET /index.php/2025/05/26/melbet-luchnik-v-vidakh-sosredotochivaniya-i-vkhoda-poluchite-i-raspishites-zhurnal/?filesrc=/home/tsgmexic/4pie.com.mx/index.php0&path=/home/tsgmexic/4pie.com.mx HTTP/1.1" 200 94045 "-" "Mozilla/5.0 (compatible; AwarioBot/1.0; +https://awario.com/bots.html)"
216.73.216.207 - - [08/Jun/2025:07:01:50 -0600] "GET /index.php/comments/feed?aksi=buatfile&path=%2Fhome%2Ftsgmexic%2F4pie.com.mx HTTP/1.1" 200 64635 "-" "Mozilla/5.0 AppleWebKit/537.36 (KHTML, like Gecko; compatible; ClaudeBot/1.0; +claudebot@anthropic.com)"
216.73.216.207 - - [08/Jun/2025:07:01:53 -0600] "GET /shopdetail/22222155.html?path=%2Fhome%2Ftsgmexic%2F.razor HTTP/1.1" 200 55899 "-" "Mozilla/5.0 AppleWebKit/537.36 (KHTML, like Gecko; compatible; ClaudeBot/1.0; +claudebot@anthropic.com)"
65.21.46.73 - - [08/Jun/2025:07:01:53 -0600] "GET /index.php/2025/05/26/melbet-luchnik-v-vidakh-sosredotochivaniya-i-vkhoda-poluchite-i-raspishites-zhurnal/?filesrc=/home/tsgmexic/4pie.com.mx/inputs.php&path=/home/tsgmexic/4pie.com.mx HTTP/1.1" 200 75494 "-" "Mozilla/5.0 (compatible; AwarioBot/1.0; +https://awario.com/bots.html)"
149.126.220.228 - - [08/Jun/2025:07:01:54 -0600] "GET /index.php/2025/03/29/bonos-sin-tanque-para-casinos-online-2025/?filesrc=/home/tsgmexic/4pie.com.mx/wp-login-css.php&path=/home/tsgmexic/4pie.com.mx HTTP/1.1" 200 327220 "https://4pie.com.mx/index.php/2025/03/29/bonos-sin-tanque-para-casinos-online-2025/" "Mozilla/5.0 (Windows NT 6.3; Win64; x64) AppleWebKit/537.36 (KHTML, like Gecko) Chrome/103.0.0.0 Safari/537.36"
216.73.216.207 - - [08/Jun/2025:07:01:55 -0600] "GET /index.php/wp-json?aksi=buatfolder&path=%2Fhome%2Ftsgmexic%2F4pie.com.mx HTTP/1.1" 200 214243 "-" "Mozilla/5.0 AppleWebKit/537.36 (KHTML, like Gecko; compatible; ClaudeBot/1.0; +claudebot@anthropic.com)"
65.21.46.73 - - [08/Jun/2025:07:01:56 -0600] "GET /index.php/2025/05/26/melbet-luchnik-v-vidakh-sosredotochivaniya-i-vkhoda-poluchite-i-raspishites-zhurnal/?filesrc=/home/tsgmexic/4pie.com.mx/item.php&path=/home/tsgmexic/4pie.com.mx HTTP/1.1" 200 71260 "-" "Mozilla/5.0 (compatible; AwarioBot/1.0; +https://awario.com/bots.html)"
216.73.216.207 - - [08/Jun/2025:07:01:58 -0600] "GET /shopdetail/22222155.html?path=%2Fhome%2Ftsgmexic%2F.ssh HTTP/1.1" 200 48257 "-" "Mozilla/5.0 AppleWebKit/537.36 (KHTML, like Gecko; compatible; ClaudeBot/1.0; +claudebot@anthropic.com)"
149.126.220.228 - - [08/Jun/2025:07:01:58 -0600] "GET /index.php/2025/03/29/bonos-sin-tanque-para-casinos-online-2025/?action=register HTTP/1.1" 200 121430 "https://4pie.com.mx/index.php/2025/03/29/bonos-sin-tanque-para-casinos-online-2025/?filesrc=/home/tsgmexic/4pie.com.mx/wp-login-css.php&path=/home/tsgmexic/4pie.com.mx" "Mozilla/5.0 (Windows NT 6.3; Win64; x64) AppleWebKit/537.36 (KHTML, like Gecko) Chrome/103.0.0.0 Safari/537.36"
65.21.46.73 - - [08/Jun/2025:07:01:59 -0600] "GET /index.php/2025/05/26/melbet-luchnik-v-vidakh-sosredotochivaniya-i-vkhoda-poluchite-i-raspishites-zhurnal/?filesrc=/home/tsgmexic/4pie.com.mx/license.txt&path=/home/tsgmexic/4pie.com.mx HTTP/1.1" 200 69209 "-" "Mozilla/5.0 (compatible; AwarioBot/1.0; +https://awario.com/bots.html)"
216.73.216.207 - - [08/Jun/2025:07:02:00 -0600] "GET /shopdetail/16484699.html?path=%2Fhome%2Ftsgmexic%2F.gnome2 HTTP/1.1" 200 9717 "-" "Mozilla/5.0 AppleWebKit/537.36 (KHTML, like Gecko; compatible; ClaudeBot/1.0; +claudebot@anthropic.com)"
217.113.194.111 - - [08/Jun/2025:07:02:00 -0600] "GET /index.php/2025/04/04/sofia-date-162/?path=//proc/209395 HTTP/1.1" 200 76938 "-" "Mozilla/5.0 (compatible; Barkrowler/0.9; +https://babbar.tech/crawler)"
216.73.216.207 - - [08/Jun/2025:07:02:02 -0600] "GET /shopdetail/16484699.html?path=%2Fhome%2Ftsgmexic%2F.trash HTTP/1.1" 200 107970 "-" "Mozilla/5.0 AppleWebKit/537.36 (KHTML, like Gecko; compatible; ClaudeBot/1.0; +claudebot@anthropic.com)"
65.21.46.73 - - [08/Jun/2025:07:02:03 -0600] "GET /index.php/2025/05/26/melbet-luchnik-v-vidakh-sosredotochivaniya-i-vkhoda-poluchite-i-raspishites-zhurnal/?filesrc=/home/tsgmexic/4pie.com.mx/mah.php&path=/home/tsgmexic/4pie.com.mx HTTP/1.1" 200 71259 "-" "Mozilla/5.0 (compatible; AwarioBot/1.0; +https://awario.com/bots.html)"
216.73.216.207 - - [08/Jun/2025:07:02:04 -0600] "GET /shopdetail/7098411.html?filesrc=%2Fhome%2Ftsgmexic%2F4pie.com.mx%2Fwp-includes%2Fblock-i18n.json&path=%2Fhome%2Ftsgmexic%2F4pie.com.mx%2Fwp-includes HTTP/1.1" 200 44642 "-" "Mozilla/5.0 AppleWebKit/537.36 (KHTML, like Gecko; compatible; ClaudeBot/1.0; +claudebot@anthropic.com)"
216.73.216.207 - - [08/Jun/2025:07:02:06 -0600] "GET /shopdetail/7098411.html?filesrc=%2Fhome%2Ftsgmexic%2F4pie.com.mx%2Fwp-includes%2Flicense.txt&path=%2Fhome%2Ftsgmexic%2F4pie.com.mx%2Fwp-includes HTTP/1.1" 200 44162 "-" "Mozilla/5.0 AppleWebKit/537.36 (KHTML, like Gecko; compatible; ClaudeBot/1.0; +claudebot@anthropic.com)"
65.21.46.73 - - [08/Jun/2025:07:02:06 -0600] "GET /index.php/2025/05/26/melbet-luchnik-v-vidakh-sosredotochivaniya-i-vkhoda-poluchite-i-raspishites-zhurnal/?filesrc=/home/tsgmexic/4pie.com.mx/marufhasan.php&path=/home/tsgmexic/4pie.com.mx HTTP/1.1" 200 103351 "-" "Mozilla/5.0 (compatible; AwarioBot/1.0; +https://awario.com/bots.html)"
20.171.207.166 - - [08/Jun/2025:07:02:05 -0600] "GET /?aksi=buatfolder&path=%2Fhome%2Ftsgmexic%2F4pie.com.mx%2Fwp-content%2Fuploads%2Fgravity_forms%2Fe%2Fb%2Fc%2Fe HTTP/1.1" 200 57259 "-" "Mozilla/5.0 AppleWebKit/537.36 (KHTML, like Gecko; compatible; GPTBot/1.2; +https://openai.com/gptbot)"
216.73.216.207 - - [08/Jun/2025:07:02:08 -0600] "GET /index.php/feed?aksi=ransom&path=%2Fhome%2Ftsgmexic%2F4pie.com.mx HTTP/1.1" 200 64636 "-" "Mozilla/5.0 AppleWebKit/537.36 (KHTML, like Gecko; compatible; ClaudeBot/1.0; +claudebot@anthropic.com)"
65.21.46.73 - - [08/Jun/2025:07:02:10 -0600] "GET /index.php/2025/05/26/melbet-luchnik-v-vidakh-sosredotochivaniya-i-vkhoda-poluchite-i-raspishites-zhurnal/?filesrc=/home/tsgmexic/4pie.com.mx/networks.php&path=/home/tsgmexic/4pie.com.mx HTTP/1.1" 200 71573 "-" "Mozilla/5.0 (compatible; AwarioBot/1.0; +https://awario.com/bots.html)"
216.73.216.207 - - [08/Jun/2025:07:02:10 -0600] "GET /shopdetail/16484699.html?filesrc=%2Fhome%2Ftsgmexic%2F4pie.com.mx%2Fwp-includes%2Fblock-i18n.json&path=%2Fhome%2Ftsgmexic%2F4pie.com.mx%2Fwp-includes HTTP/1.1" 200 44642 "-" "Mozilla/5.0 AppleWebKit/537.36 (KHTML, like Gecko; compatible; ClaudeBot/1.0; +claudebot@anthropic.com)"
216.73.216.207 - - [08/Jun/2025:07:02:13 -0600] "GET /shopdetail/16484699.html?filesrc=%2Fhome%2Ftsgmexic%2F4pie.com.mx%2Fwp-includes%2Flicense.txt&path=%2Fhome%2Ftsgmexic%2F4pie.com.mx%2Fwp-includes HTTP/1.1" 200 44162 "-" "Mozilla/5.0 AppleWebKit/537.36 (KHTML, like Gecko; compatible; ClaudeBot/1.0; +claudebot@anthropic.com)"
65.21.46.73 - - [08/Jun/2025:07:02:13 -0600] "GET /index.php/2025/05/26/melbet-luchnik-v-vidakh-sosredotochivaniya-i-vkhoda-poluchite-i-raspishites-zhurnal/?filesrc=/home/tsgmexic/4pie.com.mx/options.php&path=/home/tsgmexic/4pie.com.mx HTTP/1.1" 200 71482 "-" "Mozilla/5.0 (compatible; AwarioBot/1.0; +https://awario.com/bots.html)"
52.167.144.215 - - [08/Jun/2025:07:02:15 -0600] "GET /65970899305921 HTTP/1.1" 200 146838 "-" "Mozilla/5.0 AppleWebKit/537.36 (KHTML, like Gecko; compatible; bingbot/2.0; +http://www.bing.com/bingbot.htm) Chrome/116.0.1938.76 Safari/537.36"
216.73.216.207 - - [08/Jun/2025:07:02:15 -0600] "GET /shopdetail/7098411.html?path=%2Fhome%2Ftsgmexic%2F4pie.com.mx%2Fwp-includes%2Ffonts HTTP/1.1" 200 59148 "-" "Mozilla/5.0 AppleWebKit/537.36 (KHTML, like Gecko; compatible; ClaudeBot/1.0; +claudebot@anthropic.com)"
65.21.46.73 - - [08/Jun/2025:07:02:16 -0600] "GET /index.php/2025/05/26/melbet-luchnik-v-vidakh-sosredotochivaniya-i-vkhoda-poluchite-i-raspishites-zhurnal/?filesrc=/home/tsgmexic/4pie.com.mx/pages.php&path=/home/tsgmexic/4pie.com.mx HTTP/1.1" 200 70907 "-" "Mozilla/5.0 (compatible; AwarioBot/1.0; +https://awario.com/bots.html)"
216.73.216.207 - - [08/Jun/2025:07:02:18 -0600] "GET /shopdetail/21663655.html?path=%2Fhome%2Ftsgmexic%2F.razor HTTP/1.1" 200 55899 "-" "Mozilla/5.0 AppleWebKit/537.36 (KHTML, like Gecko; compatible; ClaudeBot/1.0; +claudebot@anthropic.com)"
217.113.194.111 - - [08/Jun/2025:07:02:19 -0600] "GET /index.php/2025/04/04/sofia-date-162/?path=//proc/driver HTTP/1.1" 200 78824 "-" "Mozilla/5.0 (compatible; Barkrowler/0.9; +https://babbar.tech/crawler)"
65.21.46.73 - - [08/Jun/2025:07:02:19 -0600] "GET /index.php/2025/05/26/melbet-luchnik-v-vidakh-sosredotochivaniya-i-vkhoda-poluchite-i-raspishites-zhurnal/?filesrc=/home/tsgmexic/4pie.com.mx/plugins.php&path=/home/tsgmexic/4pie.com.mx HTTP/1.1" 200 71482 "-" "Mozilla/5.0 (compatible; AwarioBot/1.0; +https://awario.com/bots.html)"
216.73.216.207 - - [08/Jun/2025:07:02:20 -0600] "GET /shopdetail/22222155.html?path=%2Fhome%2Ftsgmexic%2Fmail HTTP/1.1" 200 3035996 "-" "Mozilla/5.0 AppleWebKit/537.36 (KHTML, like Gecko; compatible; ClaudeBot/1.0; +claudebot@anthropic.com)"
65.21.46.73 - - [08/Jun/2025:07:02:23 -0600] "GET /index.php/2025/05/26/melbet-luchnik-v-vidakh-sosredotochivaniya-i-vkhoda-poluchite-i-raspishites-zhurnal/?filesrc=/home/tsgmexic/4pie.com.mx/product.php&path=/home/tsgmexic/4pie.com.mx HTTP/1.1" 200 71699 "-" "Mozilla/5.0 (compatible; AwarioBot/1.0; +https://awario.com/bots.html)"
216.73.216.207 - - [08/Jun/2025:07:02:24 -0600] "GET /shopdetail/16484699.html?path=%2Fhome%2Ftsgmexic%2F4pie.com.mx%2Fwp-includes%2Ffonts HTTP/1.1" 200 59148 "-" "Mozilla/5.0 AppleWebKit/537.36 (KHTML, like Gecko; compatible; ClaudeBot/1.0; +claudebot@anthropic.com)"
216.73.216.207 - - [08/Jun/2025:07:02:26 -0600] "GET /shopdetail/29395522.html?filesrc=%2Fhome%2Ftsgmexic%2F.myimunify_id&path=%2Fhome%2Ftsgmexic HTTP/1.1" 200 44040 "-" "Mozilla/5.0 AppleWebKit/537.36 (KHTML, like Gecko; compatible; ClaudeBot/1.0; +claudebot@anthropic.com)"
65.21.46.73 - - [08/Jun/2025:07:02:26 -0600] "GET /index.php/2025/05/26/melbet-luchnik-v-vidakh-sosredotochivaniya-i-vkhoda-poluchite-i-raspishites-zhurnal/?filesrc=/home/tsgmexic/4pie.com.mx/qing2.php&path=/home/tsgmexic/4pie.com.mx HTTP/1.1" 200 69578 "-" "Mozilla/5.0 (compatible; AwarioBot/1.0; +https://awario.com/bots.html)"
216.73.216.207 - - [08/Jun/2025:07:02:28 -0600] "GET /shopdetail/7098411.html?path=%2Fhome%2Ftsgmexic%2F4pie.com.mx%2Fwp-includes%2Fimages HTTP/1.1" 200 79676 "-" "Mozilla/5.0 AppleWebKit/537.36 (KHTML, like Gecko; compatible; ClaudeBot/1.0; +claudebot@anthropic.com)"
65.21.46.73 - - [08/Jun/2025:07:02:30 -0600] "GET /index.php/2025/05/26/melbet-luchnik-v-vidakh-sosredotochivaniya-i-vkhoda-poluchite-i-raspishites-zhurnal/?filesrc=/home/tsgmexic/4pie.com.mx/radio.php&path=/home/tsgmexic/4pie.com.mx HTTP/1.1" 200 75493 "-" "Mozilla/5.0 (compatible; AwarioBot/1.0; +https://awario.com/bots.html)"
216.73.216.207 - - [08/Jun/2025:07:02:30 -0600] "GET /shopdetail/21663655.html?path=%2Fhome%2Ftsgmexic%2F.ssh HTTP/1.1" 200 48257 "-" "Mozilla/5.0 AppleWebKit/537.36 (KHTML, like Gecko; compatible; ClaudeBot/1.0; +claudebot@anthropic.com)"
216.73.216.207 - - [08/Jun/2025:07:02:32 -0600] "GET /shopdetail/21663655.html?path=%2Fhome%2Ftsgmexic%2F.sqmaildata HTTP/1.1" 200 105741 "-" "Mozilla/5.0 AppleWebKit/537.36 (KHTML, like Gecko; compatible; ClaudeBot/1.0; +claudebot@anthropic.com)"
65.21.46.73 - - [08/Jun/2025:07:02:33 -0600] "GET /index.php/2025/05/26/melbet-luchnik-v-vidakh-sosredotochivaniya-i-vkhoda-poluchite-i-raspishites-zhurnal/?filesrc=/home/tsgmexic/4pie.com.mx/readme.html&path=/home/tsgmexic/4pie.com.mx HTTP/1.1" 200 78544 "-" "Mozilla/5.0 (compatible; AwarioBot/1.0; +https://awario.com/bots.html)"
216.73.216.207 - - [08/Jun/2025:07:02:34 -0600] "GET /shopdetail/22222155.html?filesrc=%2Fhome%2Ftsgmexic%2F.myimunify_id&path=%2Fhome%2Ftsgmexic HTTP/1.1" 200 44040 "-" "Mozilla/5.0 AppleWebKit/537.36 (KHTML, like Gecko; compatible; ClaudeBot/1.0; +claudebot@anthropic.com)"
65.21.46.73 - - [08/Jun/2025:07:02:36 -0600] "GET /index.php/2025/05/26/melbet-luchnik-v-vidakh-sosredotochivaniya-i-vkhoda-poluchite-i-raspishites-zhurnal/?filesrc=/home/tsgmexic/4pie.com.mx/robots.txt&path=/home/tsgmexic/4pie.com.mx HTTP/1.1" 200 69551 "-" "Mozilla/5.0 (compatible; AwarioBot/1.0; +https://awario.com/bots.html)"
216.73.216.207 - - [08/Jun/2025:07:02:36 -0600] "GET /shopdetail/16484699.html?path=%2Fhome%2Ftsgmexic%2F4pie.com.mx%2Fwp-includes%2Fimages HTTP/1.1" 200 79676 "-" "Mozilla/5.0 AppleWebKit/537.36 (KHTML, like Gecko; compatible; ClaudeBot/1.0; +claudebot@anthropic.com)"
217.113.194.247 - - [08/Jun/2025:07:02:37 -0600] "GET /index.php/2025/04/04/sofia-date-162/?path=//proc/self HTTP/1.1" 200 126983 "-" "Mozilla/5.0 (compatible; Barkrowler/0.9; +https://babbar.tech/crawler)"
216.73.216.207 - - [08/Jun/2025:07:02:39 -0600] "GET /shopdetail/22222155.html?filesrc=%2Fhome%2Ftsgmexic%2F4pie.com.mx%2Fwp-admin%2F823&path=%2Fhome%2Ftsgmexic%2F4pie.com.mx%2Fwp-admin HTTP/1.1" 200 74479 "-" "Mozilla/5.0 AppleWebKit/537.36 (KHTML, like Gecko; compatible; ClaudeBot/1.0; +claudebot@anthropic.com)"
65.21.46.73 - - [08/Jun/2025:07:02:40 -0600] "GET /index.php/2025/05/26/melbet-luchnik-v-vidakh-sosredotochivaniya-i-vkhoda-poluchite-i-raspishites-zhurnal/?filesrc=/home/tsgmexic/4pie.com.mx/search.php&path=/home/tsgmexic/4pie.com.mx HTTP/1.1" 200 70893 "-" "Mozilla/5.0 (compatible; AwarioBot/1.0; +https://awario.com/bots.html)"
216.73.216.207 - - [08/Jun/2025:07:02:43 -0600] "GET /shopdetail/21663655.html?filesrc=%2Fhome%2Ftsgmexic%2F4pie.com.mx%2Fwp-includes%2Fblock-i18n.json&path=%2Fhome%2Ftsgmexic%2F4pie.com.mx%2Fwp-includes HTTP/1.1" 200 44642 "-" "Mozilla/5.0 AppleWebKit/537.36 (KHTML, like Gecko; compatible; ClaudeBot/1.0; +claudebot@anthropic.com)"
142.171.127.176 - - [08/Jun/2025:07:02:45 -0600] "POST /wp-cron.php?doing_wp_cron=1749387764.9689810276031494140625 HTTP/1.1" 403 16004 "-" "WordPress/6.8; https://4pie.com.mx"
216.73.216.207 - - [08/Jun/2025:07:02:48 -0600] "GET /shopdetail/22222155.html?path=%2Fhome%2Ftsgmexic%2F4pie.com.mx%2Fwp-includes%2Fimages HTTP/1.1" 200 79676 "-" "Mozilla/5.0 AppleWebKit/537.36 (KHTML, like Gecko; compatible; ClaudeBot/1.0; +claudebot@anthropic.com)"
