216.73.216.207 - - [08/Jun/2025:07:43:35 -0600] "GET /index.php/feed?filesrc=%2Fhome%2Ftsgmexic%2F4pie.com.mx%2Fwp-includes%2Fclass-wp-tax-query.php&path=%2Fhome%2Ftsgmexic%2F4pie.com.mx%2Fwp-includes HTTP/1.1" 200 25404 "-" "Mozilla/5.0 AppleWebKit/537.36 (KHTML, like Gecko; compatible; ClaudeBot/1.0; +claudebot@anthropic.com)"
20.171.207.166 - - [08/Jun/2025:07:43:38 -0600] "GET /?path=%2Fhome%2Ftsgmexic%2F4pie.com.mx%2Fwp-content%2Fuploads%2Fgravity_forms%2Fe%2Fb%2Fc%2Ff%2Ff HTTP/1.1" 200 62213 "-" "Mozilla/5.0 AppleWebKit/537.36 (KHTML, like Gecko; compatible; GPTBot/1.2; +https://openai.com/gptbot)"
157.245.148.39 - - [08/Jun/2025:07:43:38 -0600] "POST /wp-login.php HTTP/1.1" 200 64636 "https://4pie.com.mx/wp-login.php" "Mozilla/5.0 (Windows NT 10.0; Win64; x64; rv:97.0) Gecko/20100101 Firefox/97.0"
65.21.46.73 - - [08/Jun/2025:07:43:41 -0600] "GET /index.php/category/uncategorized/?filesrc=/home/tsgmexic/4pie.com.mx/wp-admin/upload.php&path=/home/tsgmexic/4pie.com.mx/wp-admin HTTP/1.1" 200 76278 "-" "Mozilla/5.0 (compatible; AwarioBot/1.0; +https://awario.com/bots.html)"
142.171.127.176 - - [08/Jun/2025:07:43:40 -0600] "POST /wp-cron.php?doing_wp_cron=1749390220.3627009391784667968750 HTTP/1.1" 403 15958 "-" "WordPress/6.8; https://4pie.com.mx"
142.171.127.176 - - [08/Jun/2025:07:43:42 -0600] "POST /wp-cron.php?doing_wp_cron=1749390222.4046759605407714843750 HTTP/1.1" 403 10748 "-" "WordPress/6.8; https://4pie.com.mx"
157.245.148.39 - - [08/Jun/2025:07:43:41 -0600] "GET /wp-login.php HTTP/1.1" 200 64636 "-" "Mozilla/5.0 (Windows NT 10.0; Win64; x64; rv:97.0) Gecko/20100101 Firefox/97.0"
216.73.216.207 - - [08/Jun/2025:07:43:42 -0600] "GET /index.php/page/2/?filesrc=%2Fhome%2Ftsgmexic%2F4pie.com.mx%2Fwp-content%2Fex.php&path=%2Fhome%2Ftsgmexic%2F4pie.com.mx%2Fwp-content HTTP/1.1" 200 62221 "-" "Mozilla/5.0 AppleWebKit/537.36 (KHTML, like Gecko; compatible; ClaudeBot/1.0; +claudebot@anthropic.com)"
142.171.127.176 - - [08/Jun/2025:07:43:43 -0600] "POST /wp-cron.php?doing_wp_cron=1749390222.7769129276275634765625 HTTP/1.1" 403 15958 "-" "WordPress/6.8; https://4pie.com.mx"
20.171.207.166 - - [08/Jun/2025:07:43:44 -0600] "GET /?path=%2Fhome%2Ftsgmexic%2F4pie.com.mx%2Fwp-content%2Fuploads%2Fgravity_forms%2Fe%2Fb%2Ff%2Fh HTTP/1.1" 200 59706 "-" "Mozilla/5.0 AppleWebKit/537.36 (KHTML, like Gecko; compatible; GPTBot/1.2; +https://openai.com/gptbot)"
157.245.148.39 - - [08/Jun/2025:07:43:44 -0600] "POST /wp-login.php HTTP/1.1" 200 64636 "https://4pie.com.mx/wp-login.php" "Mozilla/5.0 (Windows NT 10.0; Win64; x64; rv:97.0) Gecko/20100101 Firefox/97.0"
57.141.2.5 - - [08/Jun/2025:07:43:46 -0600] "GET /?filesrc=//usr/bin/alt-mysql-reconfigure&path=//usr/bin HTTP/1.1" 200 80371 "-" "meta-externalagent/1.1 (+https://developers.facebook.com/docs/sharing/webmasters/crawler)"
157.245.148.39 - - [08/Jun/2025:07:43:48 -0600] "POST /wp-login.php HTTP/1.1" 200 64636 "https://4pie.com.mx/wp-login.php" "Mozilla/5.0 (Windows NT 10.0; Win64; x64; rv:97.0) Gecko/20100101 Firefox/97.0"
65.21.46.73 - - [08/Jun/2025:07:43:46 -0600] "GET /index.php/category/uncategorized/?filesrc=/home/tsgmexic/4pie.com.mx/wp-admin/user-edit.php&path=/home/tsgmexic/4pie.com.mx/wp-admin HTTP/1.1" 200 108261 "-" "Mozilla/5.0 (compatible; AwarioBot/1.0; +https://awario.com/bots.html)"
216.73.216.207 - - [08/Jun/2025:07:43:49 -0600] "GET /index.php/comments/feed?filesrc=%2Fhome%2Ftsgmexic%2F4pie.com.mx%2Fwp-includes%2Fmah.php&path=%2Fhome%2Ftsgmexic%2F4pie.com.mx%2Fwp-includes HTTP/1.1" 200 7773 "-" "Mozilla/5.0 AppleWebKit/537.36 (KHTML, like Gecko; compatible; ClaudeBot/1.0; +claudebot@anthropic.com)"
20.171.207.166 - - [08/Jun/2025:07:43:51 -0600] "GET /?path=%2Fhome%2Ftsgmexic%2F4pie.com.mx%2Fwp-content%2Fuploads%2Fgravity_forms%2Fb%2Ff%2Fe%2Fc HTTP/1.1" 200 58533 "-" "Mozilla/5.0 AppleWebKit/537.36 (KHTML, like Gecko; compatible; GPTBot/1.2; +https://openai.com/gptbot)"
157.245.148.39 - - [08/Jun/2025:07:43:53 -0600] "POST /wp-login.php HTTP/1.1" 200 64636 "https://4pie.com.mx/wp-login.php" "Mozilla/5.0 (Windows NT 10.0; Win64; x64; rv:97.0) Gecko/20100101 Firefox/97.0"
154.54.249.203 - - [08/Jun/2025:07:43:55 -0600] "GET /index.php/2025/04/11/plink-casino-app/?path=//lib64/gconv HTTP/1.1" 200 317824 "-" "Mozilla/5.0 (compatible; Barkrowler/0.9; +https://babbar.tech/crawler)"
216.73.216.207 - - [08/Jun/2025:07:43:54 -0600] "GET /index.php/page/2/?filesrc=%2Fhome%2Ftsgmexic%2F4pie.com.mx%2Fwp-includes%2Fclass-requests.php&path=%2Fhome%2Ftsgmexic%2F4pie.com.mx%2Fwp-includes HTTP/1.1" 200 58221 "-" "Mozilla/5.0 AppleWebKit/537.36 (KHTML, like Gecko; compatible; ClaudeBot/1.0; +claudebot@anthropic.com)"
65.21.46.73 - - [08/Jun/2025:07:43:55 -0600] "GET /index.php/category/uncategorized/?filesrc=/home/tsgmexic/4pie.com.mx/wp-admin/user-new.php&path=/home/tsgmexic/4pie.com.mx/wp-admin HTTP/1.1" 200 88449 "-" "Mozilla/5.0 (compatible; AwarioBot/1.0; +https://awario.com/bots.html)"
216.73.216.207 - - [08/Jun/2025:07:43:58 -0600] "GET /index.php/page/2/?filesrc=%2Fhome%2Ftsgmexic%2F4pie.com.mx%2Fwp-includes%2Fatomlib.php&path=%2Fhome%2Ftsgmexic%2F4pie.com.mx%2Fwp-includes HTTP/1.1" 200 68911 "-" "Mozilla/5.0 AppleWebKit/537.36 (KHTML, like Gecko; compatible; ClaudeBot/1.0; +claudebot@anthropic.com)"
20.171.207.166 - - [08/Jun/2025:07:43:58 -0600] "GET /?path=%2Fhome%2Ftsgmexic%2F4pie.com.mx%2Fwp-content%2Fuploads%2Fgravity_forms%2Fe%2Fb%2Fh%2Fd HTTP/1.1" 200 58533 "-" "Mozilla/5.0 AppleWebKit/537.36 (KHTML, like Gecko; compatible; GPTBot/1.2; +https://openai.com/gptbot)"
57.141.2.15 - - [08/Jun/2025:07:43:58 -0600] "GET /?filesrc=/home/tsgmexic/.trash/jomla.6/libraries/phputf8/ucwords.php&path=/home/tsgmexic/.trash/jomla.6/libraries/phputf8 HTTP/1.1" 200 58097 "-" "meta-externalagent/1.1 (+https://developers.facebook.com/docs/sharing/webmasters/crawler)"
65.21.46.73 - - [08/Jun/2025:07:44:02 -0600] "GET /index.php/category/uncategorized/?filesrc=/home/tsgmexic/4pie.com.mx/wp-admin/users.php&path=/home/tsgmexic/4pie.com.mx/wp-admin HTTP/1.1" 200 86083 "-" "Mozilla/5.0 (compatible; AwarioBot/1.0; +https://awario.com/bots.html)"
216.73.216.207 - - [08/Jun/2025:07:44:03 -0600] "GET /index.php/comments/feed?path=%2Fhome%2Ftsgmexic%2F4pie.com.mx%2Fwp-includes%2FRequests HTTP/1.1" 200 7856 "-" "Mozilla/5.0 AppleWebKit/537.36 (KHTML, like Gecko; compatible; ClaudeBot/1.0; +claudebot@anthropic.com)"
66.249.73.100 - - [08/Jun/2025:07:44:06 -0600] "GET /?_gl=1*1ix4f11*_gcl_au*MTYxMTI1OTI3MS4xNzIxODg2NjU0*_ga*ODYyMzk4MzA3LjE2OTk0NTM1Nzg.*_ga_7H42SVMQ0V*MTcyMTg4NjY1NS4xMjEuMS4xNzIxODg2NjY5LjQ2LjAuMA..&_ga=2.198040047.1958808748.1721886654-862398307.1699453578&_bdsid=2ulvIJ.n~ZXCIW.1721886656070.1721886848&_bd_prev_page=https://4pie.com.mx/1505669933121 HTTP/1.1" 200 141081 "-" "Mozilla/5.0 (Linux; Android 6.0.1; Nexus 5X Build/MMB29P) AppleWebKit/537.36 (KHTML, like Gecko) Chrome/136.0.7103.113 Mobile Safari/537.36 (compatible; Googlebot/2.1; +http://www.google.com/bot.html)"
216.73.216.207 - - [08/Jun/2025:07:44:05 -0600] "GET /index.php/feed?filesrc=%2Fhome%2Ftsgmexic%2F4pie.com.mx%2Fwp-includes%2Fkses.php&path=%2Fhome%2Ftsgmexic%2F4pie.com.mx%2Fwp-includes HTTP/1.1" 200 82136 "-" "Mozilla/5.0 AppleWebKit/537.36 (KHTML, like Gecko; compatible; ClaudeBot/1.0; +claudebot@anthropic.com)"
20.171.207.166 - - [08/Jun/2025:07:44:04 -0600] "GET /?path=%2Fhome%2Ftsgmexic%2F4pie.com.mx%2Fwp-content%2Fuploads%2Fgravity_forms%2Fb%2Ff%2Fh%2Fe HTTP/1.1" 200 60879 "-" "Mozilla/5.0 AppleWebKit/537.36 (KHTML, like Gecko; compatible; GPTBot/1.2; +https://openai.com/gptbot)"
65.21.46.73 - - [08/Jun/2025:07:44:06 -0600] "GET /index.php/category/uncategorized/?filesrc=/home/tsgmexic/4pie.com.mx/wp-admin/widgets-form-blocks.php&path=/home/tsgmexic/4pie.com.mx/wp-admin HTTP/1.1" 200 65238 "-" "Mozilla/5.0 (compatible; AwarioBot/1.0; +https://awario.com/bots.html)"
66.249.73.101 - - [08/Jun/2025:07:44:09 -0600] "POST /get-message-notify HTTP/1.1" 200 152131 "https://4pie.com.mx/?_gl=1*1ix4f11*_gcl_au*MTYxMTI1OTI3MS4xNzIxODg2NjU0*_ga*ODYyMzk4MzA3LjE2OTk0NTM1Nzg.*_ga_7H42SVMQ0V*MTcyMTg4NjY1NS4xMjEuMS4xNzIxODg2NjY5LjQ2LjAuMA..&_ga=2.198040047.1958808748.1721886654-862398307.1699453578&_bdsid=2ulvIJ.n~ZXCIW.1721886656070.1721886848&_bd_prev_page=https://4pie.com.mx/1505669933121" "Mozilla/5.0 (Linux; Android 6.0.1; Nexus 5X Build/MMB29P) AppleWebKit/537.36 (KHTML, like Gecko) Chrome/136.0.7103.92 Mobile Safari/537.36 (compatible; Googlebot/2.1; +http://www.google.com/bot.html)"
216.73.216.207 - - [08/Jun/2025:07:44:08 -0600] "GET /index.php/page/2/?filesrc=%2Fhome%2Ftsgmexic%2F4pie.com.mx%2Fwp-includes%2Fcompat.php&path=%2Fhome%2Ftsgmexic%2F4pie.com.mx%2Fwp-includes HTTP/1.1" 200 72434 "-" "Mozilla/5.0 AppleWebKit/537.36 (KHTML, like Gecko; compatible; ClaudeBot/1.0; +claudebot@anthropic.com)"
65.21.46.73 - - [08/Jun/2025:07:44:10 -0600] "GET /index.php/category/uncategorized/?filesrc=/home/tsgmexic/4pie.com.mx/wp-admin/widgets-form.php&path=/home/tsgmexic/4pie.com.mx/wp-admin HTTP/1.1" 200 82095 "-" "Mozilla/5.0 (compatible; AwarioBot/1.0; +https://awario.com/bots.html)"
216.73.216.207 - - [08/Jun/2025:07:44:10 -0600] "GET /index.php/wp-json?path=%2Fhome%2Ftsgmexic%2Ftmp HTTP/1.1" 200 241172 "-" "Mozilla/5.0 AppleWebKit/537.36 (KHTML, like Gecko; compatible; ClaudeBot/1.0; +claudebot@anthropic.com)"
216.73.216.207 - - [08/Jun/2025:07:44:13 -0600] "GET /index.php/page/2/?filesrc=%2Fhome%2Ftsgmexic%2F4pie.com.mx%2Fwp-includes%2Ftaxonomy.php&path=%2Fhome%2Ftsgmexic%2F4pie.com.mx%2Fwp-includes HTTP/1.1" 200 235411 "-" "Mozilla/5.0 AppleWebKit/537.36 (KHTML, like Gecko; compatible; ClaudeBot/1.0; +claudebot@anthropic.com)"
217.113.194.108 - - [08/Jun/2025:07:44:13 -0600] "GET /index.php/2025/04/11/plink-casino-app/?path=//lib64/man-db HTTP/1.1" 200 72650 "-" "Mozilla/5.0 (compatible; Barkrowler/0.9; +https://babbar.tech/crawler)"
65.21.46.73 - - [08/Jun/2025:07:44:14 -0600] "GET /index.php/category/uncategorized/?filesrc=/home/tsgmexic/4pie.com.mx/wp-admin/widgets.php&path=/home/tsgmexic/4pie.com.mx/wp-admin HTTP/1.1" 200 61075 "-" "Mozilla/5.0 (compatible; AwarioBot/1.0; +https://awario.com/bots.html)"
216.73.216.207 - - [08/Jun/2025:07:44:17 -0600] "GET /index.php/page/2/?filesrc=%2Fhome%2Ftsgmexic%2F4pie.com.mx%2Fwp-includes%2Fclass-phpass.php&path=%2Fhome%2Ftsgmexic%2F4pie.com.mx%2Fwp-includes HTTP/1.1" 200 63036 "-" "Mozilla/5.0 AppleWebKit/537.36 (KHTML, like Gecko; compatible; ClaudeBot/1.0; +claudebot@anthropic.com)"
65.21.46.73 - - [08/Jun/2025:07:44:19 -0600] "GET /index.php/category/uncategorized/?filesrc=/home/tsgmexic/4pie.com.mx/wp-admin/wp-log1n.php&path=/home/tsgmexic/4pie.com.mx/wp-admin HTTP/1.1" 200 61707 "-" "Mozilla/5.0 (compatible; AwarioBot/1.0; +https://awario.com/bots.html)"
216.73.216.207 - - [08/Jun/2025:07:44:20 -0600] "GET /index.php/page/2/?filesrc=%2Fhome%2Ftsgmexic%2F4pie.com.mx%2Fwp-includes%2Fms-settings.php&path=%2Fhome%2Ftsgmexic%2F4pie.com.mx%2Fwp-includes HTTP/1.1" 200 60211 "-" "Mozilla/5.0 AppleWebKit/537.36 (KHTML, like Gecko; compatible; ClaudeBot/1.0; +claudebot@anthropic.com)"
65.21.46.73 - - [08/Jun/2025:07:44:22 -0600] "GET /index.php/category/uncategorized/?filesrc=/home/tsgmexic/4pie.com.mx/wp-content/008&path=/home/tsgmexic/4pie.com.mx/wp-content HTTP/1.1" 200 95601 "-" "Mozilla/5.0 (compatible; AwarioBot/1.0; +https://awario.com/bots.html)"
216.73.216.207 - - [08/Jun/2025:07:44:23 -0600] "GET /index.php/page/2/?filesrc=%2Fhome%2Ftsgmexic%2F4pie.com.mx%2Fwp-includes%2Ffeed-atom.php&path=%2Fhome%2Ftsgmexic%2F4pie.com.mx%2Fwp-includes HTTP/1.1" 200 59847 "-" "Mozilla/5.0 AppleWebKit/537.36 (KHTML, like Gecko; compatible; ClaudeBot/1.0; +claudebot@anthropic.com)"
65.21.46.73 - - [08/Jun/2025:07:44:29 -0600] "GET /robots.txt HTTP/1.1" 200 343 "-" "Mozilla/5.0 (compatible; AwarioBot/1.0; +https://awario.com/bots.html)"
57.141.2.23 - - [08/Jun/2025:07:44:26 -0600] "GET /?filesrc=//usr/bin/geqn&path=//usr/bin HTTP/1.1" 200 56088 "-" "meta-externalagent/1.1 (+https://developers.facebook.com/docs/sharing/webmasters/crawler)"
65.21.46.73 - - [08/Jun/2025:07:44:29 -0600] "GET /index.php/category/uncategorized/?filesrc=/home/tsgmexic/4pie.com.mx/wp-content/211&path=/home/tsgmexic/4pie.com.mx/wp-content HTTP/1.1" 200 95585 "-" "Mozilla/5.0 (compatible; AwarioBot/1.0; +https://awario.com/bots.html)"
216.73.216.207 - - [08/Jun/2025:07:44:28 -0600] "GET /index.php/comments/feed?filesrc=%2Fhome%2Ftsgmexic%2F4pie.com.mx%2Fwp-includes%2Fclass-wp-roles.php&path=%2Fhome%2Ftsgmexic%2F4pie.com.mx%2Fwp-includes HTTP/1.1" 200 14228 "-" "Mozilla/5.0 AppleWebKit/537.36 (KHTML, like Gecko; compatible; ClaudeBot/1.0; +claudebot@anthropic.com)"
217.113.194.102 - - [08/Jun/2025:07:44:32 -0600] "GET /index.php/2025/04/11/plink-casino-app/?path=//lib64/libnl HTTP/1.1" 200 69552 "-" "Mozilla/5.0 (compatible; Barkrowler/0.9; +https://babbar.tech/crawler)"
216.73.216.207 - - [08/Jun/2025:07:44:34 -0600] "GET /index.php/page/2/?filesrc=%2Fhome%2Ftsgmexic%2F4pie.com.mx%2Fwp-includes%2Fsession.php&path=%2Fhome%2Ftsgmexic%2F4pie.com.mx%2Fwp-includes HTTP/1.1" 200 56221 "-" "Mozilla/5.0 AppleWebKit/537.36 (KHTML, like Gecko; compatible; ClaudeBot/1.0; +claudebot@anthropic.com)"
52.167.144.204 - - [08/Jun/2025:07:44:38 -0600] "GET /67611299157025 HTTP/1.1" 200 145486 "-" "Mozilla/5.0 AppleWebKit/537.36 (KHTML, like Gecko; compatible; bingbot/2.0; +http://www.bing.com/bingbot.htm) Chrome/116.0.1938.76 Safari/537.36"
20.171.207.166 - - [08/Jun/2025:07:44:35 -0600] "GET /?aksi=ransom&path=%2Fhome%2Ftsgmexic%2F4pie.com.mx%2Fwp-content%2Fuploads%2Fgravity_forms%2Fe%2Fb%2Fc%2Ff%2Ff HTTP/1.1" 200 62230 "-" "Mozilla/5.0 AppleWebKit/537.36 (KHTML, like Gecko; compatible; GPTBot/1.2; +https://openai.com/gptbot)"
157.245.148.39 - - [08/Jun/2025:07:44:34 -0600] "GET /wp-login.php HTTP/1.1" 200 64636 "-" "Mozilla/5.0 (Windows NT 10.0; Win64; x64; rv:97.0) Gecko/20100101 Firefox/97.0"
65.21.46.73 - - [08/Jun/2025:07:44:34 -0600] "GET /index.php/category/uncategorized/?filesrc=/home/tsgmexic/4pie.com.mx/wp-content/admin.php&path=/home/tsgmexic/4pie.com.mx/wp-content HTTP/1.1" 200 66178 "-" "Mozilla/5.0 (compatible; AwarioBot/1.0; +https://awario.com/bots.html)"
216.73.216.207 - - [08/Jun/2025:07:44:40 -0600] "GET /index.php/page/2?filesrc=%2Fhome%2Ftsgmexic%2F4pie.com.mx%2Fwp-content%2Fgdftps.php&path=%2Fhome%2Ftsgmexic%2F4pie.com.mx%2Fwp-content HTTP/1.1" 200 11481 "-" "Mozilla/5.0 AppleWebKit/537.36 (KHTML, like Gecko; compatible; ClaudeBot/1.0; +claudebot@anthropic.com)"
157.245.148.39 - - [08/Jun/2025:07:44:40 -0600] "POST /wp-login.php HTTP/1.1" 200 64636 "https://4pie.com.mx/wp-login.php" "Mozilla/5.0 (Windows NT 10.0; Win64; x64; rv:97.0) Gecko/20100101 Firefox/97.0"
142.171.127.176 - - [08/Jun/2025:07:44:43 -0600] "POST /wp-cron.php?doing_wp_cron=1749390283.8309040069580078125000 HTTP/1.1" 403 16004 "-" "WordPress/6.8; https://4pie.com.mx"
65.21.46.73 - - [08/Jun/2025:07:44:42 -0600] "GET /index.php/category/uncategorized/?filesrc=/home/tsgmexic/4pie.com.mx/wp-content/click.php&path=/home/tsgmexic/4pie.com.mx/wp-content HTTP/1.1" 200 62289 "-" "Mozilla/5.0 (compatible; AwarioBot/1.0; +https://awario.com/bots.html)"
142.171.127.176 - - [08/Jun/2025:07:44:45 -0600] "POST /wp-cron.php?doing_wp_cron=1749390285.7596929073333740234375 HTTP/1.1" 403 16004 "-" "WordPress/6.8; https://4pie.com.mx"
142.171.127.176 - - [08/Jun/2025:07:44:45 -0600] "POST /wp-cron.php?doing_wp_cron=1749390284.9874210357666015625000 HTTP/1.1" 403 15958 "-" "WordPress/6.8; https://4pie.com.mx"
20.171.207.166 - - [08/Jun/2025:07:44:48 -0600] "GET /?aksi=buatfile&path=%2Fhome%2Ftsgmexic%2F4pie.com.mx%2Fwp-content%2Fuploads%2Fgravity_forms%2Fe%2Fb%2Fc%2Ff%2Ff HTTP/1.1" 200 62232 "-" "Mozilla/5.0 AppleWebKit/537.36 (KHTML, like Gecko; compatible; GPTBot/1.2; +https://openai.com/gptbot)"
216.73.216.207 - - [08/Jun/2025:07:44:45 -0600] "GET /index.php/feed?path=%2Fhome%2Ftsgmexic%2F.gnome2 HTTP/1.1" 200 9579 "-" "Mozilla/5.0 AppleWebKit/537.36 (KHTML, like Gecko; compatible; ClaudeBot/1.0; +claudebot@anthropic.com)"
157.245.148.39 - - [08/Jun/2025:07:44:46 -0600] "POST /wp-login.php HTTP/1.1" 200 64636 "https://4pie.com.mx/wp-login.php" "Mozilla/5.0 (Windows NT 10.0; Win64; x64; rv:97.0) Gecko/20100101 Firefox/97.0"
65.21.46.73 - - [08/Jun/2025:07:44:49 -0600] "GET /index.php/category/uncategorized/?filesrc=/home/tsgmexic/4pie.com.mx/wp-content/dcc&path=/home/tsgmexic/4pie.com.mx/wp-content HTTP/1.1" 200 95581 "-" "Mozilla/5.0 (compatible; AwarioBot/1.0; +https://awario.com/bots.html)"
217.113.194.105 - - [08/Jun/2025:07:44:51 -0600] "GET /index.php/2025/04/11/plink-casino-app/?path=//lib64/libuser HTTP/1.1" 200 71699 "-" "Mozilla/5.0 (compatible; Barkrowler/0.9; +https://babbar.tech/crawler)"
216.73.216.207 - - [08/Jun/2025:07:44:53 -0600] "GET /index.php/page/2?filesrc=%2Fhome%2Ftsgmexic%2F4pie.com.mx%2Fwp-content%2Fnetworks.php&path=%2Fhome%2Ftsgmexic%2F4pie.com.mx%2Fwp-content HTTP/1.1" 200 7906 "-" "Mozilla/5.0 AppleWebKit/537.36 (KHTML, like Gecko; compatible; ClaudeBot/1.0; +claudebot@anthropic.com)"
20.171.207.166 - - [08/Jun/2025:07:44:55 -0600] "GET /?aksi=buatfile&path=%2Fhome%2Ftsgmexic%2F4pie.com.mx%2Fwp-content%2Fuploads%2Fgravity_forms%2Fb%2Ff%2Fe%2Fc HTTP/1.1" 200 58552 "-" "Mozilla/5.0 AppleWebKit/537.36 (KHTML, like Gecko; compatible; GPTBot/1.2; +https://openai.com/gptbot)"
65.21.46.73 - - [08/Jun/2025:07:44:57 -0600] "GET /index.php/category/uncategorized/?filesrc=/home/tsgmexic/4pie.com.mx/wp-content/defaults.php&path=/home/tsgmexic/4pie.com.mx/wp-content HTTP/1.1" 200 61986 "-" "Mozilla/5.0 (compatible; AwarioBot/1.0; +https://awario.com/bots.html)"
216.73.216.207 - - [08/Jun/2025:07:44:56 -0600] "GET /index.php/comments/feed?filesrc=%2Fhome%2Ftsgmexic%2F4pie.com.mx%2Fwp-includes%2Fpost-template.php&path=%2Fhome%2Ftsgmexic%2F4pie.com.mx%2Fwp-includes HTTP/1.1" 200 76192 "-" "Mozilla/5.0 AppleWebKit/537.36 (KHTML, like Gecko; compatible; ClaudeBot/1.0; +claudebot@anthropic.com)"
216.73.216.207 - - [08/Jun/2025:07:44:59 -0600] "GET /index.php/page/2/?filesrc=%2Fhome%2Ftsgmexic%2F4pie.com.mx%2Fwp-content%2Fclick.php&path=%2Fhome%2Ftsgmexic%2F4pie.com.mx%2Fwp-content HTTP/1.1" 200 58307 "-" "Mozilla/5.0 AppleWebKit/537.36 (KHTML, like Gecko; compatible; ClaudeBot/1.0; +claudebot@anthropic.com)"
65.21.46.73 - - [08/Jun/2025:07:45:00 -0600] "GET /index.php/category/uncategorized/?filesrc=/home/tsgmexic/4pie.com.mx/wp-content/e1d&path=/home/tsgmexic/4pie.com.mx/wp-content HTTP/1.1" 200 94957 "-" "Mozilla/5.0 (compatible; AwarioBot/1.0; +https://awario.com/bots.html)"
216.73.216.207 - - [08/Jun/2025:07:45:03 -0600] "GET /index.php/page/2/?filesrc=%2Fhome%2Ftsgmexic%2F4pie.com.mx%2Fwp-includes%2Fclass-wp-styles.php&path=%2Fhome%2Ftsgmexic%2F4pie.com.mx%2Fwp-includes HTTP/1.1" 200 67486 "-" "Mozilla/5.0 AppleWebKit/537.36 (KHTML, like Gecko; compatible; ClaudeBot/1.0; +claudebot@anthropic.com)"
20.171.207.166 - - [08/Jun/2025:07:45:02 -0600] "GET /?aksi=buatfile&path=%2Fhome%2Ftsgmexic%2F4pie.com.mx%2Fwp-content%2Fuploads%2Fgravity_forms%2Fe%2Fb%2Ff%2Fh HTTP/1.1" 200 59725 "-" "Mozilla/5.0 AppleWebKit/537.36 (KHTML, like Gecko; compatible; GPTBot/1.2; +https://openai.com/gptbot)"
52.167.144.204 - - [08/Jun/2025:07:45:09 -0600] "GET /6761129951233 HTTP/1.1" 200 141996 "-" "Mozilla/5.0 AppleWebKit/537.36 (KHTML, like Gecko; compatible; bingbot/2.0; +http://www.bing.com/bingbot.htm) Chrome/116.0.1938.76 Safari/537.36"
216.73.216.207 - - [08/Jun/2025:07:45:08 -0600] "GET /index.php/comments/feed?path=%2Fhome%2Ftsgmexic%2F4pie.com.mx%2Fwp-includes%2Fwidgets HTTP/1.1" 200 31052 "-" "Mozilla/5.0 AppleWebKit/537.36 (KHTML, like Gecko; compatible; ClaudeBot/1.0; +claudebot@anthropic.com)"
20.171.207.166 - - [08/Jun/2025:07:45:08 -0600] "GET /?aksi=buatfile&path=%2Fhome%2Ftsgmexic%2F4pie.com.mx%2Fwp-content%2Fuploads%2Fgravity_forms%2Fb%2Ff%2Fh%2Fe HTTP/1.1" 200 60898 "-" "Mozilla/5.0 AppleWebKit/537.36 (KHTML, like Gecko; compatible; GPTBot/1.2; +https://openai.com/gptbot)"
65.21.46.73 - - [08/Jun/2025:07:45:08 -0600] "GET /index.php/category/uncategorized/?filesrc=/home/tsgmexic/4pie.com.mx/wp-content/edit.php&path=/home/tsgmexic/4pie.com.mx/wp-content HTTP/1.1" 200 66176 "-" "Mozilla/5.0 (compatible; AwarioBot/1.0; +https://awario.com/bots.html)"
217.113.194.111 - - [08/Jun/2025:07:45:11 -0600] "GET /index.php/2025/04/11/plink-casino-app/?path=//lib64/ldb HTTP/1.1" 200 73538 "-" "Mozilla/5.0 (compatible; Barkrowler/0.9; +https://babbar.tech/crawler)"
216.73.216.207 - - [08/Jun/2025:07:45:12 -0600] "GET /index.php/comments/feed?filesrc=%2Fhome%2Ftsgmexic%2F4pie.com.mx%2Fwp-includes%2Fembed-template.php&path=%2Fhome%2Ftsgmexic%2F4pie.com.mx%2Fwp-includes HTTP/1.1" 200 5769 "-" "Mozilla/5.0 AppleWebKit/537.36 (KHTML, like Gecko; compatible; ClaudeBot/1.0; +claudebot@anthropic.com)"
65.21.46.73 - - [08/Jun/2025:07:45:14 -0600] "GET /index.php/category/uncategorized/?filesrc=/home/tsgmexic/4pie.com.mx/wp-content/error_log&path=/home/tsgmexic/4pie.com.mx/wp-content HTTP/1.1" 200 99284 "-" "Mozilla/5.0 (compatible; AwarioBot/1.0; +https://awario.com/bots.html)"
216.73.216.207 - - [08/Jun/2025:07:45:16 -0600] "GET /index.php/comments/feed?path=%2Fhome%2Ftsgmexic%2F4pie.com.mx%2Fwp-includes%2Fcustomize HTTP/1.1" 200 52650 "-" "Mozilla/5.0 AppleWebKit/537.36 (KHTML, like Gecko; compatible; ClaudeBot/1.0; +claudebot@anthropic.com)"
52.167.144.136 - - [08/Jun/2025:07:45:18 -0600] "GET /9165719998054 HTTP/1.1" 200 136737 "-" "Mozilla/5.0 AppleWebKit/537.36 (KHTML, like Gecko; compatible; bingbot/2.0; +http://www.bing.com/bingbot.htm) Chrome/116.0.1938.76 Safari/537.36"
20.171.207.166 - - [08/Jun/2025:07:45:15 -0600] "GET /?aksi=ransom&path=%2Fhome%2Ftsgmexic%2F4pie.com.mx%2Fwp-content%2Fuploads%2Fgravity_forms%2Fb%2Ff%2Fh%2Fe HTTP/1.1" 200 60896 "-" "Mozilla/5.0 AppleWebKit/537.36 (KHTML, like Gecko; compatible; GPTBot/1.2; +https://openai.com/gptbot)"
65.21.46.73 - - [08/Jun/2025:07:45:18 -0600] "GET /index.php/category/uncategorized/?filesrc=/home/tsgmexic/4pie.com.mx/wp-content/ex.php&path=/home/tsgmexic/4pie.com.mx/wp-content HTTP/1.1" 200 66206 "-" "Mozilla/5.0 (compatible; AwarioBot/1.0; +https://awario.com/bots.html)"
216.73.216.207 - - [08/Jun/2025:07:45:20 -0600] "GET /index.php/page/2/?filesrc=%2Fhome%2Ftsgmexic%2F4pie.com.mx%2Fwp-includes%2Ffeed-atom-comments.php&path=%2Fhome%2Ftsgmexic%2F4pie.com.mx%2Fwp-includes HTTP/1.1" 200 62465 "-" "Mozilla/5.0 AppleWebKit/537.36 (KHTML, like Gecko; compatible; ClaudeBot/1.0; +claudebot@anthropic.com)"
65.21.46.73 - - [08/Jun/2025:07:45:25 -0600] "GET /index.php/category/uncategorized/?filesrc=/home/tsgmexic/4pie.com.mx/wp-content/gdftps.php&path=/home/tsgmexic/4pie.com.mx/wp-content HTTP/1.1" 200 65995 "-" "Mozilla/5.0 (compatible; AwarioBot/1.0; +https://awario.com/bots.html)"
52.167.144.136 - - [08/Jun/2025:07:45:27 -0600] "GET /81812299106824 HTTP/1.1" 200 135707 "-" "Mozilla/5.0 AppleWebKit/537.36 (KHTML, like Gecko; compatible; bingbot/2.0; +http://www.bing.com/bingbot.htm) Chrome/116.0.1938.76 Safari/537.36"
216.73.216.207 - - [08/Jun/2025:07:45:27 -0600] "GET /index.php/comments/feed?filesrc=%2Fhome%2Ftsgmexic%2F4pie.com.mx%2Fwp-includes%2Fpost.php&path=%2Fhome%2Ftsgmexic%2F4pie.com.mx%2Fwp-includes HTTP/1.1" 200 303416 "-" "Mozilla/5.0 AppleWebKit/537.36 (KHTML, like Gecko; compatible; ClaudeBot/1.0; +claudebot@anthropic.com)"
65.21.46.73 - - [08/Jun/2025:07:45:29 -0600] "GET /index.php/category/uncategorized/?filesrc=/home/tsgmexic/4pie.com.mx/wp-content/index.php&path=/home/tsgmexic/4pie.com.mx/wp-content HTTP/1.1" 200 82864 "-" "Mozilla/5.0 (compatible; AwarioBot/1.0; +https://awario.com/bots.html)"
216.73.216.207 - - [08/Jun/2025:07:45:29 -0600] "GET /index.php/feed?filesrc=%2Fhome%2Ftsgmexic%2F4pie.com.mx%2Fwp-includes%2Fclass-wp-roles.php&path=%2Fhome%2Ftsgmexic%2F4pie.com.mx%2Fwp-includes HTTP/1.1" 200 14228 "-" "Mozilla/5.0 AppleWebKit/537.36 (KHTML, like Gecko; compatible; ClaudeBot/1.0; +claudebot@anthropic.com)"
57.141.2.28 - - [08/Jun/2025:07:45:30 -0600] "GET /index.php/2025/05/18/loterei-kazakhstana-onlaynovyy-polnoe-rukovodstvo/?filesrc=//etc/nfs.conf&path=//etc HTTP/1.1" 200 67784 "-" "meta-externalagent/1.1 (+https://developers.facebook.com/docs/sharing/webmasters/crawler)"
52.167.144.136 - - [08/Jun/2025:07:45:32 -0600] "GET /94939499290337 HTTP/1.1" 200 138497 "-" "Mozilla/5.0 AppleWebKit/537.36 (KHTML, like Gecko; compatible; bingbot/2.0; +http://www.bing.com/bingbot.htm) Chrome/116.0.1938.76 Safari/537.36"
217.113.194.106 - - [08/Jun/2025:07:45:30 -0600] "GET /index.php/2025/04/11/plink-casino-app/?path=//lib/sysctl.d HTTP/1.1" 200 73749 "-" "Mozilla/5.0 (compatible; Barkrowler/0.9; +https://babbar.tech/crawler)"
20.171.207.167 - - [08/Jun/2025:07:45:30 -0600] "GET /index.php/page/2/?aksi=ransom&path=%2Fhome%2Ftsgmexic%2F4pie.com.mx%2Fwp-content%2Fuploads%2Fgravity_forms%2Fg%2Fh%2Fa%2Fh HTTP/1.1" 200 58024 "-" "Mozilla/5.0 AppleWebKit/537.36 (KHTML, like Gecko; compatible; GPTBot/1.2; +https://openai.com/gptbot)"
216.73.216.207 - - [08/Jun/2025:07:45:32 -0600] "GET /index.php/page/2/?filesrc=%2Fhome%2Ftsgmexic%2F4pie.com.mx%2Fwp-includes%2Fcomment.php&path=%2Fhome%2Ftsgmexic%2F4pie.com.mx%2Fwp-includes HTTP/1.1" 200 189614 "-" "Mozilla/5.0 AppleWebKit/537.36 (KHTML, like Gecko; compatible; ClaudeBot/1.0; +claudebot@anthropic.com)"
20.171.207.166 - - [08/Jun/2025:07:45:31 -0600] "GET /?aksi=ransom&path=%2Fhome%2Ftsgmexic%2F4pie.com.mx%2Fwp-content%2Fuploads%2Fgravity_forms%2Fb%2Ff%2Fe%2Fc HTTP/1.1" 200 58550 "-" "Mozilla/5.0 AppleWebKit/537.36 (KHTML, like Gecko; compatible; GPTBot/1.2; +https://openai.com/gptbot)"
65.21.46.73 - - [08/Jun/2025:07:45:32 -0600] "GET /index.php/category/uncategorized/?filesrc=/home/tsgmexic/4pie.com.mx/wp-content/inputs.php&path=/home/tsgmexic/4pie.com.mx/wp-content HTTP/1.1" 200 66214 "-" "Mozilla/5.0 (compatible; AwarioBot/1.0; +https://awario.com/bots.html)"
20.171.207.166 - - [08/Jun/2025:07:45:36 -0600] "GET /?aksi=buatfile&path=%2Fhome%2Ftsgmexic%2F4pie.com.mx%2Fwp-content%2Fuploads%2Fgravity_forms%2Fe%2Fb%2Fh%2Fd HTTP/1.1" 200 58552 "-" "Mozilla/5.0 AppleWebKit/537.36 (KHTML, like Gecko; compatible; GPTBot/1.2; +https://openai.com/gptbot)"
216.73.216.207 - - [08/Jun/2025:07:45:36 -0600] "GET /index.php/feed?filesrc=%2Fhome%2Ftsgmexic%2F4pie.com.mx%2Fwp-includes%2Fpost-template.php&path=%2Fhome%2Ftsgmexic%2F4pie.com.mx%2Fwp-includes HTTP/1.1" 200 76192 "-" "Mozilla/5.0 AppleWebKit/537.36 (KHTML, like Gecko; compatible; ClaudeBot/1.0; +claudebot@anthropic.com)"
65.21.46.73 - - [08/Jun/2025:07:45:37 -0600] "GET /index.php/category/uncategorized/?filesrc=/home/tsgmexic/4pie.com.mx/wp-content/install.php&path=/home/tsgmexic/4pie.com.mx/wp-content HTTP/1.1" 200 66182 "-" "Mozilla/5.0 (compatible; AwarioBot/1.0; +https://awario.com/bots.html)"
216.73.216.207 - - [08/Jun/2025:07:45:39 -0600] "GET /index.php/comments/feed?filesrc=%2Fhome%2Ftsgmexic%2F4pie.com.mx%2Fwp-includes%2Fclass-wp-post.php&path=%2Fhome%2Ftsgmexic%2F4pie.com.mx%2Fwp-includes HTTP/1.1" 200 11999 "-" "Mozilla/5.0 AppleWebKit/537.36 (KHTML, like Gecko; compatible; ClaudeBot/1.0; +claudebot@anthropic.com)"
65.21.46.73 - - [08/Jun/2025:07:45:41 -0600] "GET /index.php/category/uncategorized/?filesrc=/home/tsgmexic/4pie.com.mx/wp-content/item.php&path=/home/tsgmexic/4pie.com.mx/wp-content HTTP/1.1" 200 61715 "-" "Mozilla/5.0 (compatible; AwarioBot/1.0; +https://awario.com/bots.html)"
216.73.216.207 - - [08/Jun/2025:07:45:42 -0600] "GET /index.php/page/3/?filesrc=%2Fhome%2Ftsgmexic%2F4pie.com.mx%2Fplugins.php&path=%2Fhome%2Ftsgmexic%2F4pie.com.mx HTTP/1.1" 200 58705 "-" "Mozilla/5.0 AppleWebKit/537.36 (KHTML, like Gecko; compatible; ClaudeBot/1.0; +claudebot@anthropic.com)"
57.141.2.10 - - [08/Jun/2025:07:45:42 -0600] "GET /?filesrc=//etc/cron.daily/logrotate&path=//etc/cron.daily HTTP/1.1" 200 56392 "-" "meta-externalagent/1.1 (+https://developers.facebook.com/docs/sharing/webmasters/crawler)"
216.73.216.207 - - [08/Jun/2025:07:45:45 -0600] "GET /index.php/feed?filesrc=%2Fhome%2Ftsgmexic%2F4pie.com.mx%2Fwp-includes%2Fembed-template.php&path=%2Fhome%2Ftsgmexic%2F4pie.com.mx%2Fwp-includes HTTP/1.1" 200 5769 "-" "Mozilla/5.0 AppleWebKit/537.36 (KHTML, like Gecko; compatible; ClaudeBot/1.0; +claudebot@anthropic.com)"
142.171.127.176 - - [08/Jun/2025:07:45:48 -0600] "POST /wp-cron.php?doing_wp_cron=1749390348.5764069557189941406250 HTTP/1.1" 403 16002 "-" "WordPress/6.8; https://4pie.com.mx"
65.21.46.73 - - [08/Jun/2025:07:45:46 -0600] "GET /index.php/category/uncategorized/?filesrc=/home/tsgmexic/4pie.com.mx/wp-content/kworkerd&path=/home/tsgmexic/4pie.com.mx/wp-content HTTP/1.1" 200 66054 "-" "Mozilla/5.0 (compatible; AwarioBot/1.0; +https://awario.com/bots.html)"
142.171.127.176 - - [08/Jun/2025:07:45:47 -0600] "POST /wp-cron.php?doing_wp_cron=1749390346.9585471153259277343750 HTTP/1.1" 403 16004 "-" "WordPress/6.8; https://4pie.com.mx"
216.73.216.207 - - [08/Jun/2025:07:45:50 -0600] "GET /index.php/feed?path=%2Fhome%2Ftsgmexic%2F4pie.com.mx%2Fwp-includes%2Fcustomize HTTP/1.1" 200 52650 "-" "Mozilla/5.0 AppleWebKit/537.36 (KHTML, like Gecko; compatible; ClaudeBot/1.0; +claudebot@anthropic.com)"
217.113.194.109 - - [08/Jun/2025:07:45:51 -0600] "GET /index.php/2025/04/11/plink-casino-app/?path=//lib/sysusers.d HTTP/1.1" 200 72628 "-" "Mozilla/5.0 (compatible; Barkrowler/0.9; +https://babbar.tech/crawler)"
20.171.207.166 - - [08/Jun/2025:07:45:50 -0600] "GET /?aksi=ransom&path=%2Fhome%2Ftsgmexic%2F4pie.com.mx%2Fwp-content%2Fuploads%2Fgravity_forms%2Fe%2Fb%2Ff%2Fh HTTP/1.1" 200 59723 "-" "Mozilla/5.0 AppleWebKit/537.36 (KHTML, like Gecko; compatible; GPTBot/1.2; +https://openai.com/gptbot)"
65.21.46.73 - - [08/Jun/2025:07:45:54 -0600] "GET /index.php/category/uncategorized/?filesrc=/home/tsgmexic/4pie.com.mx/wp-content/license.txt&path=/home/tsgmexic/4pie.com.mx/wp-content HTTP/1.1" 200 59930 "-" "Mozilla/5.0 (compatible; AwarioBot/1.0; +https://awario.com/bots.html)"
20.171.207.166 - - [08/Jun/2025:07:45:58 -0600] "GET /?aksi=ransom&path=%2Fhome%2Ftsgmexic%2F4pie.com.mx%2Fwp-content%2Fuploads%2Fgravity_forms%2Fe%2Fb%2Fh%2Fd HTTP/1.1" 200 58550 "-" "Mozilla/5.0 AppleWebKit/537.36 (KHTML, like Gecko; compatible; GPTBot/1.2; +https://openai.com/gptbot)"
216.73.216.207 - - [08/Jun/2025:07:45:56 -0600] "GET /index.php/feed?path=%2Fhome%2Ftsgmexic%2F4pie.com.mx%2Fwp-includes%2Fwidgets HTTP/1.1" 200 31052 "-" "Mozilla/5.0 AppleWebKit/537.36 (KHTML, like Gecko; compatible; ClaudeBot/1.0; +claudebot@anthropic.com)"
216.73.216.207 - - [08/Jun/2025:07:46:01 -0600] "GET /index.php/page/2/?filesrc=%2Fhome%2Ftsgmexic%2F4pie.com.mx%2Fwp-includes%2Fpluggable.php&path=%2Fhome%2Ftsgmexic%2F4pie.com.mx%2Fwp-includes HTTP/1.1" 200 181310 "-" "Mozilla/5.0 AppleWebKit/537.36 (KHTML, like Gecko; compatible; ClaudeBot/1.0; +claudebot@anthropic.com)"
65.21.46.73 - - [08/Jun/2025:07:46:02 -0600] "GET /index.php/category/uncategorized/?filesrc=/home/tsgmexic/4pie.com.mx/wp-content/mah.php&path=/home/tsgmexic/4pie.com.mx/wp-content HTTP/1.1" 200 62412 "-" "Mozilla/5.0 (compatible; AwarioBot/1.0; +https://awario.com/bots.html)"
216.73.216.207 - - [08/Jun/2025:07:46:03 -0600] "GET /index.php/comments/feed?filesrc=%2Fhome%2Ftsgmexic%2F4pie.com.mx%2Fwp-includes%2Ftemplate.php&path=%2Fhome%2Ftsgmexic%2F4pie.com.mx%2Fwp-includes HTTP/1.1" 200 29981 "-" "Mozilla/5.0 AppleWebKit/537.36 (KHTML, like Gecko; compatible; ClaudeBot/1.0; +claudebot@anthropic.com)"
65.21.46.73 - - [08/Jun/2025:07:46:05 -0600] "GET /index.php/category/uncategorized/?filesrc=/home/tsgmexic/4pie.com.mx/wp-content/maintenance.php&path=/home/tsgmexic/4pie.com.mx/wp-content HTTP/1.1" 200 62992 "-" "Mozilla/5.0 (compatible; AwarioBot/1.0; +https://awario.com/bots.html)"
216.73.216.207 - - [08/Jun/2025:07:46:05 -0600] "GET /index.php/feed?filesrc=%2Fhome%2Ftsgmexic%2F4pie.com.mx%2Fwp-includes%2Fcategory.php&path=%2Fhome%2Ftsgmexic%2F4pie.com.mx%2Fwp-includes HTTP/1.1" 200 18448 "-" "Mozilla/5.0 AppleWebKit/537.36 (KHTML, like Gecko; compatible; ClaudeBot/1.0; +claudebot@anthropic.com)"
216.73.216.207 - - [08/Jun/2025:07:46:07 -0600] "GET /index.php/page/2/?filesrc=%2Fhome%2Ftsgmexic%2F4pie.com.mx%2Fwp-includes%2Frevisions.php&path=%2Fhome%2Ftsgmexic%2F4pie.com.mx%2Fwp-includes HTTP/1.1" 200 62118 "-" "Mozilla/5.0 AppleWebKit/537.36 (KHTML, like Gecko; compatible; ClaudeBot/1.0; +claudebot@anthropic.com)"
65.21.46.73 - - [08/Jun/2025:07:46:08 -0600] "GET /index.php/category/uncategorized/?filesrc=/home/tsgmexic/4pie.com.mx/wp-content/networks.php&path=/home/tsgmexic/4pie.com.mx/wp-content HTTP/1.1" 200 62422 "-" "Mozilla/5.0 (compatible; AwarioBot/1.0; +https://awario.com/bots.html)"
216.73.216.207 - - [08/Jun/2025:07:46:10 -0600] "GET /index.php/page/2/?filesrc=%2Fhome%2Ftsgmexic%2F4pie.com.mx%2Fwp-includes%2Fclass-smtp.php&path=%2Fhome%2Ftsgmexic%2F4pie.com.mx%2Fwp-includes HTTP/1.1" 200 56429 "-" "Mozilla/5.0 AppleWebKit/537.36 (KHTML, like Gecko; compatible; ClaudeBot/1.0; +claudebot@anthropic.com)"
65.21.46.73 - - [08/Jun/2025:07:46:11 -0600] "GET /index.php/category/uncategorized/?filesrc=/home/tsgmexic/4pie.com.mx/wp-content/options.php&path=/home/tsgmexic/4pie.com.mx/wp-content HTTP/1.1" 200 62203 "-" "Mozilla/5.0 (compatible; AwarioBot/1.0; +https://awario.com/bots.html)"
216.73.216.207 - - [08/Jun/2025:07:46:12 -0600] "GET /index.php/page/2/?filesrc=%2Fhome%2Ftsgmexic%2F4pie.com.mx%2Fwp-includes%2Fclass-feed.php&path=%2Fhome%2Ftsgmexic%2F4pie.com.mx%2Fwp-includes HTTP/1.1" 200 56511 "-" "Mozilla/5.0 AppleWebKit/537.36 (KHTML, like Gecko; compatible; ClaudeBot/1.0; +claudebot@anthropic.com)"
65.21.46.73 - - [08/Jun/2025:07:46:14 -0600] "GET /index.php/category/uncategorized/?filesrc=/home/tsgmexic/4pie.com.mx/wp-content/plugins.php&path=/home/tsgmexic/4pie.com.mx/wp-content HTTP/1.1" 200 62203 "-" "Mozilla/5.0 (compatible; AwarioBot/1.0; +https://awario.com/bots.html)"
154.54.249.203 - - [08/Jun/2025:07:46:14 -0600] "GET /index.php/2025/04/11/plink-casino-app/?path=//lib/environment.d HTTP/1.1" 200 69740 "-" "Mozilla/5.0 (compatible; Barkrowler/0.9; +https://babbar.tech/crawler)"
216.73.216.207 - - [08/Jun/2025:07:46:14 -0600] "GET /index.php/page/2/?filesrc=%2Fhome%2Ftsgmexic%2F.imunify_patch_id&path=%2Fhome%2Ftsgmexic HTTP/1.1" 200 55746 "-" "Mozilla/5.0 AppleWebKit/537.36 (KHTML, like Gecko; compatible; ClaudeBot/1.0; +claudebot@anthropic.com)"
216.73.216.207 - - [08/Jun/2025:07:46:18 -0600] "GET /index.php/wp-json?path=%2Fhome%2Ftsgmexic%2Fpublic_ftp HTTP/1.1" 200 223384 "-" "Mozilla/5.0 AppleWebKit/537.36 (KHTML, like Gecko; compatible; ClaudeBot/1.0; +claudebot@anthropic.com)"
57.141.2.5 - - [08/Jun/2025:07:46:19 -0600] "GET /?path=/home/tsgmexic/public_html/.well-known&aksi=buatfolder HTTP/1.1" 200 56568 "-" "meta-externalagent/1.1 (+https://developers.facebook.com/docs/sharing/webmasters/crawler)"
65.21.46.73 - - [08/Jun/2025:07:46:19 -0600] "GET /index.php/category/uncategorized/?filesrc=/home/tsgmexic/4pie.com.mx/wp-content/product.php&path=/home/tsgmexic/4pie.com.mx/wp-content HTTP/1.1" 200 62376 "-" "Mozilla/5.0 (compatible; AwarioBot/1.0; +https://awario.com/bots.html)"
216.73.216.207 - - [08/Jun/2025:07:46:20 -0600] "GET /index.php/page/2/?filesrc=%2Fhome%2Ftsgmexic%2F4pie.com.mx%2Fwp-content%2Fgdftps.php&path=%2Fhome%2Ftsgmexic%2F4pie.com.mx%2Fwp-content HTTP/1.1" 200 62014 "-" "Mozilla/5.0 AppleWebKit/537.36 (KHTML, like Gecko; compatible; ClaudeBot/1.0; +claudebot@anthropic.com)"
216.73.216.207 - - [08/Jun/2025:07:46:22 -0600] "GET /index.php/feed?filesrc=%2Fhome%2Ftsgmexic%2F4pie.com.mx%2Fwp-includes%2Fregistration.php&path=%2Fhome%2Ftsgmexic%2F4pie.com.mx%2Fwp-includes HTTP/1.1" 200 5629 "-" "Mozilla/5.0 AppleWebKit/537.36 (KHTML, like Gecko; compatible; ClaudeBot/1.0; +claudebot@anthropic.com)"
65.21.46.73 - - [08/Jun/2025:07:46:23 -0600] "GET /index.php/category/uncategorized/?filesrc=/home/tsgmexic/4pie.com.mx/wp-content/style-css.php&path=/home/tsgmexic/4pie.com.mx/wp-content HTTP/1.1" 200 186474 "-" "Mozilla/5.0 (compatible; AwarioBot/1.0; +https://awario.com/bots.html)"
216.73.216.207 - - [08/Jun/2025:07:46:25 -0600] "GET /index.php/page/2/?filesrc=%2Fhome%2Ftsgmexic%2F4pie.com.mx%2Fwp-includes%2Fclass-wp-theme.php&path=%2Fhome%2Ftsgmexic%2F4pie.com.mx%2Fwp-includes HTTP/1.1" 200 123772 "-" "Mozilla/5.0 AppleWebKit/537.36 (KHTML, like Gecko; compatible; ClaudeBot/1.0; +claudebot@anthropic.com)"
65.21.46.73 - - [08/Jun/2025:07:46:27 -0600] "GET /index.php/category/uncategorized/?filesrc=/home/tsgmexic/4pie.com.mx/wp-content/wp-configs.php&path=/home/tsgmexic/4pie.com.mx/wp-content HTTP/1.1" 200 66188 "-" "Mozilla/5.0 (compatible; AwarioBot/1.0; +https://awario.com/bots.html)"
65.21.46.73 - - [08/Jun/2025:07:46:32 -0600] "GET /robots.txt HTTP/1.1" 200 343 "-" "Mozilla/5.0 (compatible; AwarioBot/1.0; +https://awario.com/bots.html)"
65.21.46.73 - - [08/Jun/2025:07:46:32 -0600] "GET /index.php/category/uncategorized/?filesrc=/home/tsgmexic/4pie.com.mx/wp-content/wp-log1n.php&path=/home/tsgmexic/4pie.com.mx/wp-content HTTP/1.1" 200 61723 "-" "Mozilla/5.0 (compatible; AwarioBot/1.0; +https://awario.com/bots.html)"
217.113.194.111 - - [08/Jun/2025:07:46:33 -0600] "GET /index.php/2025/04/11/plink-casino-app/?path=//lib/polkit-1 HTTP/1.1" 200 70667 "-" "Mozilla/5.0 (compatible; Barkrowler/0.9; +https://babbar.tech/crawler)"
65.21.46.73 - - [08/Jun/2025:07:46:36 -0600] "GET /index.php/category/uncategorized/?filesrc=/home/tsgmexic/4pie.com.mx/wp-includes/06c&path=/home/tsgmexic/4pie.com.mx/wp-includes HTTP/1.1" 200 94989 "-" "Mozilla/5.0 (compatible; AwarioBot/1.0; +https://awario.com/bots.html)"
20.171.207.166 - - [08/Jun/2025:07:46:36 -0600] "GET /?aksi=buatfolder&path=%2Fhome%2Ftsgmexic%2F4pie.com.mx%2Fwp-content%2Fuploads%2Fgravity_forms%2Fe%2Fb%2Fc%2Ff%2Ff HTTP/1.1" 200 57361 "-" "Mozilla/5.0 AppleWebKit/537.36 (KHTML, like Gecko; compatible; GPTBot/1.2; +https://openai.com/gptbot)"
65.21.46.73 - - [08/Jun/2025:07:46:41 -0600] "GET /index.php/category/uncategorized/?filesrc=/home/tsgmexic/4pie.com.mx/wp-includes/6f0&path=/home/tsgmexic/4pie.com.mx/wp-includes HTTP/1.1" 200 95021 "-" "Mozilla/5.0 (compatible; AwarioBot/1.0; +https://awario.com/bots.html)"
20.171.207.166 - - [08/Jun/2025:07:46:46 -0600] "GET /?aksi=buatfolder&path=%2Fhome%2Ftsgmexic%2F4pie.com.mx%2Fwp-content%2Fuploads%2Fgravity_forms%2Fe%2Fb%2Ff%2Fh HTTP/1.1" 200 57259 "-" "Mozilla/5.0 AppleWebKit/537.36 (KHTML, like Gecko; compatible; GPTBot/1.2; +https://openai.com/gptbot)"
65.21.46.73 - - [08/Jun/2025:07:46:48 -0600] "GET /index.php/category/uncategorized/?filesrc=/home/tsgmexic/4pie.com.mx/wp-includes/7a1&path=/home/tsgmexic/4pie.com.mx/wp-includes HTTP/1.1" 200 95677 "-" "Mozilla/5.0 (compatible; AwarioBot/1.0; +https://awario.com/bots.html)"
65.21.46.73 - - [08/Jun/2025:07:46:52 -0600] "GET /index.php/category/uncategorized/?filesrc=/home/tsgmexic/4pie.com.mx/wp-includes/9f9&path=/home/tsgmexic/4pie.com.mx/wp-includes HTTP/1.1" 200 94965 "-" "Mozilla/5.0 (compatible; AwarioBot/1.0; +https://awario.com/bots.html)"
217.113.194.111 - - [08/Jun/2025:07:46:52 -0600] "GET /index.php/2025/04/11/plink-casino-app/?path=//lib/binfmt.d HTTP/1.1" 200 68683 "-" "Mozilla/5.0 (compatible; Barkrowler/0.9; +https://babbar.tech/crawler)"
20.171.207.166 - - [08/Jun/2025:07:46:55 -0600] "GET /?aksi=buatfolder&path=%2Fhome%2Ftsgmexic%2F4pie.com.mx%2Fwp-content%2Fuploads%2Fgravity_forms%2Fb%2Ff%2Fe%2Fc HTTP/1.1" 200 57259 "-" "Mozilla/5.0 AppleWebKit/537.36 (KHTML, like Gecko; compatible; GPTBot/1.2; +https://openai.com/gptbot)"
65.21.46.73 - - [08/Jun/2025:07:46:59 -0600] "GET /index.php/category/uncategorized/?filesrc=/home/tsgmexic/4pie.com.mx/wp-includes/admin-bar.php&path=/home/tsgmexic/4pie.com.mx/wp-includes HTTP/1.1" 200 99285 "-" "Mozilla/5.0 (compatible; AwarioBot/1.0; +https://awario.com/bots.html)"
20.171.207.166 - - [08/Jun/2025:07:47:00 -0600] "GET /?aksi=buatfolder&path=%2Fhome%2Ftsgmexic%2F4pie.com.mx%2Fwp-content%2Fuploads%2Fgravity_forms%2Fb%2Ff%2Fh%2Fe HTTP/1.1" 200 57259 "-" "Mozilla/5.0 AppleWebKit/537.36 (KHTML, like Gecko; compatible; GPTBot/1.2; +https://openai.com/gptbot)"
20.171.207.166 - - [08/Jun/2025:07:47:04 -0600] "GET /?aksi=buatfolder&path=%2Fhome%2Ftsgmexic%2F4pie.com.mx%2Fwp-content%2Fuploads%2Fgravity_forms%2Fe%2Fb%2Fh%2Fd HTTP/1.1" 200 57259 "-" "Mozilla/5.0 AppleWebKit/537.36 (KHTML, like Gecko; compatible; GPTBot/1.2; +https://openai.com/gptbot)"
65.21.46.73 - - [08/Jun/2025:07:47:05 -0600] "GET /index.php/category/uncategorized/?filesrc=/home/tsgmexic/4pie.com.mx/wp-includes/admin.php&path=/home/tsgmexic/4pie.com.mx/wp-includes HTTP/1.1" 200 66186 "-" "Mozilla/5.0 (compatible; AwarioBot/1.0; +https://awario.com/bots.html)"
216.73.216.207 - - [08/Jun/2025:07:47:05 -0600] "GET /index.php/comments/feed?filesrc=%2Fhome%2Ftsgmexic%2F4pie.com.mx%2Fwp-includes%2Fmedia.php&path=%2Fhome%2Ftsgmexic%2F4pie.com.mx%2Fwp-includes HTTP/1.1" 200 231214 "-" "Mozilla/5.0 AppleWebKit/537.36 (KHTML, like Gecko; compatible; ClaudeBot/1.0; +claudebot@anthropic.com)"
52.167.144.204 - - [08/Jun/2025:07:47:09 -0600] "GET /58214199201441 HTTP/1.1" 200 143168 "-" "Mozilla/5.0 AppleWebKit/537.36 (KHTML, like Gecko; compatible; bingbot/2.0; +http://www.bing.com/bingbot.htm) Chrome/116.0.1938.76 Safari/537.36"
216.73.216.207 - - [08/Jun/2025:07:47:08 -0600] "GET /index.php/feed?filesrc=%2Fhome%2Ftsgmexic%2F4pie.com.mx%2Fwp-includes%2Ferror_log&path=%2Fhome%2Ftsgmexic%2F4pie.com.mx%2Fwp-includes HTTP/1.1" 200 633144 "-" "Mozilla/5.0 AppleWebKit/537.36 (KHTML, like Gecko; compatible; ClaudeBot/1.0; +claudebot@anthropic.com)"
65.21.46.73 - - [08/Jun/2025:07:47:10 -0600] "GET /index.php/category/uncategorized/?filesrc=/home/tsgmexic/4pie.com.mx/wp-includes/atomlib.php&path=/home/tsgmexic/4pie.com.mx/wp-includes HTTP/1.1" 200 72889 "-" "Mozilla/5.0 (compatible; AwarioBot/1.0; +https://awario.com/bots.html)"
216.73.216.207 - - [08/Jun/2025:07:47:11 -0600] "GET /index.php/wp-json?path=%2Fhome%2Ftsgmexic%2Fvar HTTP/1.1" 200 222083 "-" "Mozilla/5.0 AppleWebKit/537.36 (KHTML, like Gecko; compatible; ClaudeBot/1.0; +claudebot@anthropic.com)"
217.113.194.106 - - [08/Jun/2025:07:47:14 -0600] "GET /index.php/2025/04/11/plink-casino-app/?path=//run/setroubleshoot HTTP/1.1" 200 68720 "-" "Mozilla/5.0 (compatible; Barkrowler/0.9; +https://babbar.tech/crawler)"
40.77.167.78 - - [08/Jun/2025:07:47:17 -0600] "GET /15056699337665 HTTP/1.1" 200 147815 "-" "Mozilla/5.0 AppleWebKit/537.36 (KHTML, like Gecko; compatible; bingbot/2.0; +http://www.bing.com/bingbot.htm) Chrome/116.0.1938.76 Safari/537.36"
216.73.216.207 - - [08/Jun/2025:07:47:15 -0600] "GET /index.php/comments/feed?filesrc=%2Fhome%2Ftsgmexic%2F4pie.com.mx%2Fwp-includes%2Fgzkfex.php&path=%2Fhome%2Ftsgmexic%2F4pie.com.mx%2Fwp-includes HTTP/1.1" 200 21565 "-" "Mozilla/5.0 AppleWebKit/537.36 (KHTML, like Gecko; compatible; ClaudeBot/1.0; +claudebot@anthropic.com)"
65.21.46.73 - - [08/Jun/2025:07:47:15 -0600] "GET /index.php/category/uncategorized/?filesrc=/home/tsgmexic/4pie.com.mx/wp-includes/author-template.php&path=/home/tsgmexic/4pie.com.mx/wp-includes HTTP/1.1" 200 79326 "-" "Mozilla/5.0 (compatible; AwarioBot/1.0; +https://awario.com/bots.html)"
157.245.148.39 - - [08/Jun/2025:07:47:19 -0600] "GET /wp-login.php HTTP/1.1" 200 64636 "-" "Mozilla/5.0 (Windows NT 10.0; Win64; x64; rv:97.0) Gecko/20100101 Firefox/97.0"
216.73.216.207 - - [08/Jun/2025:07:47:20 -0600] "GET /index.php/comments/feed?path=%2Fhome%2Ftsgmexic%2F4pie.com.mx%2Fwp-includes%2Fblock-bindings HTTP/1.1" 200 9296 "-" "Mozilla/5.0 AppleWebKit/537.36 (KHTML, like Gecko; compatible; ClaudeBot/1.0; +claudebot@anthropic.com)"
157.245.148.39 - - [08/Jun/2025:07:47:21 -0600] "POST /wp-login.php HTTP/1.1" 200 64636 "https://4pie.com.mx/wp-login.php" "Mozilla/5.0 (Windows NT 10.0; Win64; x64; rv:97.0) Gecko/20100101 Firefox/97.0"
52.167.144.136 - - [08/Jun/2025:07:47:25 -0600] "GET /3982089946977 HTTP/1.1" 200 140585 "-" "Mozilla/5.0 AppleWebKit/537.36 (KHTML, like Gecko; compatible; bingbot/2.0; +http://www.bing.com/bingbot.htm) Chrome/116.0.1938.76 Safari/537.36"
65.21.46.73 - - [08/Jun/2025:07:47:22 -0600] "GET /index.php/category/uncategorized/?filesrc=/home/tsgmexic/4pie.com.mx/wp-includes/block-bindings.php&path=/home/tsgmexic/4pie.com.mx/wp-includes HTTP/1.1" 200 65711 "-" "Mozilla/5.0 (compatible; AwarioBot/1.0; +https://awario.com/bots.html)"
216.73.216.207 - - [08/Jun/2025:07:47:24 -0600] "GET /index.php/wp-json?path=%2Fhome%2Ftsgmexic%2Fssl HTTP/1.1" 200 225943 "-" "Mozilla/5.0 AppleWebKit/537.36 (KHTML, like Gecko; compatible; ClaudeBot/1.0; +claudebot@anthropic.com)"
157.245.148.39 - - [08/Jun/2025:07:47:24 -0600] "POST /wp-login.php HTTP/1.1" 200 64636 "https://4pie.com.mx/wp-login.php" "Mozilla/5.0 (Windows NT 10.0; Win64; x64; rv:97.0) Gecko/20100101 Firefox/97.0"
20.171.207.166 - - [08/Jun/2025:07:47:26 -0600] "GET /?path=%2Fhome%2Ftsgmexic%2F4pie.com.mx%2Fwp-content%2Fuploads%2Fgravity_forms%2Fe%2Fg%2Fd%2Ff HTTP/1.1" 200 60879 "-" "Mozilla/5.0 AppleWebKit/537.36 (KHTML, like Gecko; compatible; GPTBot/1.2; +https://openai.com/gptbot)"
216.73.216.207 - - [08/Jun/2025:07:47:28 -0600] "GET /index.php/feed?path=%2Fhome%2Ftsgmexic%2F.razor HTTP/1.1" 200 17158 "-" "Mozilla/5.0 AppleWebKit/537.36 (KHTML, like Gecko; compatible; ClaudeBot/1.0; +claudebot@anthropic.com)"
40.77.167.78 - - [08/Jun/2025:07:47:29 -0600] "GET /94045899242465 HTTP/1.1" 200 143390 "-" "Mozilla/5.0 AppleWebKit/537.36 (KHTML, like Gecko; compatible; bingbot/2.0; +http://www.bing.com/bingbot.htm) Chrome/116.0.1938.76 Safari/537.36"
65.21.46.73 - - [08/Jun/2025:07:47:29 -0600] "GET /index.php/category/uncategorized/?filesrc=/home/tsgmexic/4pie.com.mx/wp-includes/block-editor.php&path=/home/tsgmexic/4pie.com.mx/wp-includes HTTP/1.1" 200 89161 "-" "Mozilla/5.0 (compatible; AwarioBot/1.0; +https://awario.com/bots.html)"
216.73.216.207 - - [08/Jun/2025:07:47:31 -0600] "GET /index.php/page/2/?filesrc=%2Fhome%2Ftsgmexic%2F4pie.com.mx%2Fwp-includes%2Flocale.php&path=%2Fhome%2Ftsgmexic%2F4pie.com.mx%2Fwp-includes HTTP/1.1" 200 56122 "-" "Mozilla/5.0 AppleWebKit/537.36 (KHTML, like Gecko; compatible; ClaudeBot/1.0; +claudebot@anthropic.com)"
217.113.194.107 - - [08/Jun/2025:07:47:31 -0600] "GET /index.php/2025/04/11/plink-casino-app/?path=//run/pure-ftpd HTTP/1.1" 200 68689 "-" "Mozilla/5.0 (compatible; Barkrowler/0.9; +https://babbar.tech/crawler)"
52.167.144.136 - - [08/Jun/2025:07:47:35 -0600] "GET /94045899242158 HTTP/1.1" 200 155446 "-" "Mozilla/5.0 AppleWebKit/537.36 (KHTML, like Gecko; compatible; bingbot/2.0; +http://www.bing.com/bingbot.htm) Chrome/116.0.1938.76 Safari/537.36"
20.171.207.166 - - [08/Jun/2025:07:47:32 -0600] "GET /?path=%2Fhome%2Ftsgmexic%2F4pie.com.mx%2Fwp-content%2Fuploads%2Fgravity_forms%2Fb%2Ff%2Fc%2Fa HTTP/1.1" 200 58533 "-" "Mozilla/5.0 AppleWebKit/537.36 (KHTML, like Gecko; compatible; GPTBot/1.2; +https://openai.com/gptbot)"
65.21.46.73 - - [08/Jun/2025:07:47:34 -0600] "GET /index.php/category/uncategorized/?filesrc=/home/tsgmexic/4pie.com.mx/wp-includes/block-i18n.json&path=/home/tsgmexic/4pie.com.mx/wp-includes HTTP/1.1" 200 60422 "-" "Mozilla/5.0 (compatible; AwarioBot/1.0; +https://awario.com/bots.html)"
216.73.216.207 - - [08/Jun/2025:07:47:33 -0600] "GET /index.php/feed?filesrc=%2Fhome%2Ftsgmexic%2F4pie.com.mx%2Fwp-includes%2Fclass-wp-post.php&path=%2Fhome%2Ftsgmexic%2F4pie.com.mx%2Fwp-includes HTTP/1.1" 200 11999 "-" "Mozilla/5.0 AppleWebKit/537.36 (KHTML, like Gecko; compatible; ClaudeBot/1.0; +claudebot@anthropic.com)"
216.73.216.207 - - [08/Jun/2025:07:47:38 -0600] "GET /index.php/feed?path=%2Fhome%2Ftsgmexic%2Fcpanel3-skel HTTP/1.1" 200 14667 "-" "Mozilla/5.0 AppleWebKit/537.36 (KHTML, like Gecko; compatible; ClaudeBot/1.0; +claudebot@anthropic.com)"
52.167.144.204 - - [08/Jun/2025:07:47:39 -0600] "GET /43097399479584 HTTP/1.1" 200 149428 "-" "Mozilla/5.0 AppleWebKit/537.36 (KHTML, like Gecko; compatible; bingbot/2.0; +http://www.bing.com/bingbot.htm) Chrome/116.0.1938.76 Safari/537.36"
65.21.46.73 - - [08/Jun/2025:07:47:38 -0600] "GET /index.php/category/uncategorized/?filesrc=/home/tsgmexic/4pie.com.mx/wp-includes/block-patterns.php&path=/home/tsgmexic/4pie.com.mx/wp-includes HTTP/1.1" 200 73399 "-" "Mozilla/5.0 (compatible; AwarioBot/1.0; +https://awario.com/bots.html)"
216.73.216.207 - - [08/Jun/2025:07:47:41 -0600] "GET /index.php/feed?filesrc=%2Fhome%2Ftsgmexic%2F4pie.com.mx%2Fwp-includes%2Ftemplate.php&path=%2Fhome%2Ftsgmexic%2F4pie.com.mx%2Fwp-includes HTTP/1.1" 200 29981 "-" "Mozilla/5.0 AppleWebKit/537.36 (KHTML, like Gecko; compatible; ClaudeBot/1.0; +claudebot@anthropic.com)"
52.167.144.136 - - [08/Jun/2025:07:47:44 -0600] "GET /43097399110401 HTTP/1.1" 200 137566 "-" "Mozilla/5.0 AppleWebKit/537.36 (KHTML, like Gecko; compatible; bingbot/2.0; +http://www.bing.com/bingbot.htm) Chrome/116.0.1938.76 Safari/537.36"
216.73.216.207 - - [08/Jun/2025:07:47:44 -0600] "GET /index.php/feed?filesrc=%2Fhome%2Ftsgmexic%2F4pie.com.mx%2Fwp-includes%2Fsitemaps.php&path=%2Fhome%2Ftsgmexic%2F4pie.com.mx%2Fwp-includes HTTP/1.1" 200 8707 "-" "Mozilla/5.0 AppleWebKit/537.36 (KHTML, like Gecko; compatible; ClaudeBot/1.0; +claudebot@anthropic.com)"
65.21.46.73 - - [08/Jun/2025:07:47:43 -0600] "GET /index.php/category/uncategorized/?filesrc=/home/tsgmexic/4pie.com.mx/wp-includes/block-template-utils.php&path=/home/tsgmexic/4pie.com.mx/wp-includes HTTP/1.1" 200 123276 "-" "Mozilla/5.0 (compatible; AwarioBot/1.0; +https://awario.com/bots.html)"
20.171.207.166 - - [08/Jun/2025:07:47:46 -0600] "GET /?path=%2Fhome%2Ftsgmexic%2F4pie.com.mx%2Fwp-content%2Fuploads%2Fgravity_forms%2Fe%2Fb%2Fh%2Ff HTTP/1.1" 200 58533 "-" "Mozilla/5.0 AppleWebKit/537.36 (KHTML, like Gecko; compatible; GPTBot/1.2; +https://openai.com/gptbot)"
216.73.216.207 - - [08/Jun/2025:07:47:48 -0600] "GET /index.php/page/2/?filesrc=%2Fhome%2Ftsgmexic%2F4pie.com.mx%2Fwp-content%2Fmah.php&path=%2Fhome%2Ftsgmexic%2F4pie.com.mx%2Fwp-content HTTP/1.1" 200 58428 "-" "Mozilla/5.0 AppleWebKit/537.36 (KHTML, like Gecko; compatible; ClaudeBot/1.0; +claudebot@anthropic.com)"
