217.113.194.104 - - [08/Jun/2025:07:47:49 -0600] "GET /index.php/2025/04/11/plink-casino-app/?path=//run/tmpfiles.d HTTP/1.1" 200 69674 "-" "Mozilla/5.0 (compatible; Barkrowler/0.9; +https://babbar.tech/crawler)"
65.21.46.73 - - [08/Jun/2025:07:47:51 -0600] "GET /index.php/category/uncategorized/?filesrc=/home/tsgmexic/4pie.com.mx/wp-includes/block-template.php&path=/home/tsgmexic/4pie.com.mx/wp-includes HTTP/1.1" 200 75674 "-" "Mozilla/5.0 (compatible; AwarioBot/1.0; +https://awario.com/bots.html)"
216.73.216.207 - - [08/Jun/2025:07:47:53 -0600] "GET /index.php/comments/feed?filesrc=%2Fhome%2Ftsgmexic%2F4pie.com.mx%2Fwp-includes%2Fl10n.php&path=%2Fhome%2Ftsgmexic%2F4pie.com.mx%2Fwp-includes HTTP/1.1" 200 74942 "-" "Mozilla/5.0 AppleWebKit/537.36 (KHTML, like Gecko; compatible; ClaudeBot/1.0; +claudebot@anthropic.com)"
142.171.127.176 - - [08/Jun/2025:07:47:54 -0600] "POST /wp-cron.php?doing_wp_cron=1749390473.9303979873657226562500 HTTP/1.1" 403 15958 "-" "WordPress/6.8; https://4pie.com.mx"
20.171.207.166 - - [08/Jun/2025:07:47:51 -0600] "GET /?path=%2Fhome%2Ftsgmexic%2F4pie.com.mx%2Fwp-content%2Fuploads%2Fgravity_forms%2Fb%2Ff%2Fe%2Fa HTTP/1.1" 200 58533 "-" "Mozilla/5.0 AppleWebKit/537.36 (KHTML, like Gecko; compatible; GPTBot/1.2; +https://openai.com/gptbot)"
142.171.127.176 - - [08/Jun/2025:07:47:57 -0600] "POST /wp-cron.php?doing_wp_cron=1749390477.1107211112976074218750 HTTP/1.1" 403 2 "-" "WordPress/6.8; https://4pie.com.mx"
65.21.46.73 - - [08/Jun/2025:07:47:57 -0600] "GET /index.php/category/uncategorized/?filesrc=/home/tsgmexic/4pie.com.mx/wp-includes/blocks.php&path=/home/tsgmexic/4pie.com.mx/wp-includes HTTP/1.1" 200 172318 "-" "Mozilla/5.0 (compatible; AwarioBot/1.0; +https://awario.com/bots.html)"
216.73.216.207 - - [08/Jun/2025:07:47:57 -0600] "GET /index.php/page/2/?filesrc=%2Fhome%2Ftsgmexic%2F4pie.com.mx%2Fwp-includes%2Ftheme.php&path=%2Fhome%2Ftsgmexic%2F4pie.com.mx%2Fwp-includes HTTP/1.1" 200 193539 "-" "Mozilla/5.0 AppleWebKit/537.36 (KHTML, like Gecko; compatible; ClaudeBot/1.0; +claudebot@anthropic.com)"
57.141.2.22 - - [08/Jun/2025:07:48:00 -0600] "GET /?filesrc=//usr/sbin/xfs_mdrestore&path=//usr/sbin HTTP/1.1" 200 56114 "-" "meta-externalagent/1.1 (+https://developers.facebook.com/docs/sharing/webmasters/crawler)"
216.73.216.207 - - [08/Jun/2025:07:48:05 -0600] "GET /index.php/page/2/?filesrc=%2Fhome%2Ftsgmexic%2F4pie.com.mx%2Fwp-includes%2Fclass-pop3.php&path=%2Fhome%2Ftsgmexic%2F4pie.com.mx%2Fwp-includes HTTP/1.1" 200 79016 "-" "Mozilla/5.0 AppleWebKit/537.36 (KHTML, like Gecko; compatible; ClaudeBot/1.0; +claudebot@anthropic.com)"
65.21.46.73 - - [08/Jun/2025:07:48:06 -0600] "GET /index.php/category/uncategorized/?filesrc=/home/tsgmexic/4pie.com.mx/wp-includes/bookmark-template.php&path=/home/tsgmexic/4pie.com.mx/wp-includes HTTP/1.1" 200 73290 "-" "Mozilla/5.0 (compatible; AwarioBot/1.0; +https://awario.com/bots.html)"
40.77.167.78 - - [08/Jun/2025:07:48:09 -0600] "GET /6597089934945 HTTP/1.1" 200 150555 "-" "Mozilla/5.0 AppleWebKit/537.36 (KHTML, like Gecko; compatible; bingbot/2.0; +http://www.bing.com/bingbot.htm) Chrome/116.0.1938.76 Safari/537.36"
216.73.216.207 - - [08/Jun/2025:07:48:08 -0600] "GET /index.php/page/2/?filesrc=%2Fhome%2Ftsgmexic%2F4pie.com.mx%2Fwp-includes%2Fclass-wp-admin-bar.php&path=%2Fhome%2Ftsgmexic%2F4pie.com.mx%2Fwp-includes HTTP/1.1" 200 74964 "-" "Mozilla/5.0 AppleWebKit/537.36 (KHTML, like Gecko; compatible; ClaudeBot/1.0; +claudebot@anthropic.com)"
65.21.46.73 - - [08/Jun/2025:07:48:09 -0600] "GET /index.php/category/uncategorized/?filesrc=/home/tsgmexic/4pie.com.mx/wp-includes/bookmark.php&path=/home/tsgmexic/4pie.com.mx/wp-includes HTTP/1.1" 200 75650 "-" "Mozilla/5.0 (compatible; AwarioBot/1.0; +https://awario.com/bots.html)"
216.73.216.207 - - [08/Jun/2025:07:48:11 -0600] "GET /index.php/comments/feed?filesrc=%2Fhome%2Ftsgmexic%2F4pie.com.mx%2Fwp-includes%2Ferror_log&path=%2Fhome%2Ftsgmexic%2F4pie.com.mx%2Fwp-includes HTTP/1.1" 200 633144 "-" "Mozilla/5.0 AppleWebKit/537.36 (KHTML, like Gecko; compatible; ClaudeBot/1.0; +claudebot@anthropic.com)"
217.113.194.108 - - [08/Jun/2025:07:48:11 -0600] "GET /index.php/2025/04/11/plink-casino-app/?path=//run/rpcbind HTTP/1.1" 200 68678 "-" "Mozilla/5.0 (compatible; Barkrowler/0.9; +https://babbar.tech/crawler)"
20.171.207.166 - - [08/Jun/2025:07:48:12 -0600] "GET /?path=%2Fhome%2Ftsgmexic%2F4pie.com.mx%2Fwp-content%2Fuploads%2Fgravity_forms%2Fb%2Ff%2Fh%2Fg HTTP/1.1" 200 58533 "-" "Mozilla/5.0 AppleWebKit/537.36 (KHTML, like Gecko; compatible; GPTBot/1.2; +https://openai.com/gptbot)"
216.73.216.207 - - [08/Jun/2025:07:48:13 -0600] "GET /index.php/comments/feed?filesrc=%2Fhome%2Ftsgmexic%2F4pie.com.mx%2Fwp-includes%2Fproduct.php&path=%2Fhome%2Ftsgmexic%2F4pie.com.mx%2Fwp-includes HTTP/1.1" 200 7777 "-" "Mozilla/5.0 AppleWebKit/537.36 (KHTML, like Gecko; compatible; ClaudeBot/1.0; +claudebot@anthropic.com)"
65.21.46.73 - - [08/Jun/2025:07:48:13 -0600] "GET /index.php/category/uncategorized/?filesrc=/home/tsgmexic/4pie.com.mx/wp-includes/cache-compat.php&path=/home/tsgmexic/4pie.com.mx/wp-includes HTTP/1.1" 200 65929 "-" "Mozilla/5.0 (compatible; AwarioBot/1.0; +https://awario.com/bots.html)"
216.73.216.207 - - [08/Jun/2025:07:48:16 -0600] "GET /index.php/feed?path=%2Fhome%2Ftsgmexic%2F4pie.com.mx%2Fwp-includes%2FRequests HTTP/1.1" 200 7856 "-" "Mozilla/5.0 AppleWebKit/537.36 (KHTML, like Gecko; compatible; ClaudeBot/1.0; +claudebot@anthropic.com)"
65.21.46.73 - - [08/Jun/2025:07:48:17 -0600] "GET /index.php/category/uncategorized/?filesrc=/home/tsgmexic/4pie.com.mx/wp-includes/cache.php&path=/home/tsgmexic/4pie.com.mx/wp-includes HTTP/1.1" 200 73463 "-" "Mozilla/5.0 (compatible; AwarioBot/1.0; +https://awario.com/bots.html)"
216.73.216.207 - - [08/Jun/2025:07:48:18 -0600] "GET /index.php/page/2/?filesrc=%2Fhome%2Ftsgmexic%2F4pie.com.mx%2Fwp-includes%2Fclass-wp-recovery-mode-email-service.php&path=%2Fhome%2Ftsgmexic%2F4pie.com.mx%2Fwp-includes HTTP/1.1" 200 67407 "-" "Mozilla/5.0 AppleWebKit/537.36 (KHTML, like Gecko; compatible; ClaudeBot/1.0; +claudebot@anthropic.com)"
52.167.144.204 - - [08/Jun/2025:07:48:20 -0600] "GET /43097399114105 HTTP/1.1" 200 146015 "-" "Mozilla/5.0 AppleWebKit/537.36 (KHTML, like Gecko; compatible; bingbot/2.0; +http://www.bing.com/bingbot.htm) Chrome/116.0.1938.76 Safari/537.36"
65.21.46.73 - - [08/Jun/2025:07:48:20 -0600] "GET /index.php/category/uncategorized/?filesrc=/home/tsgmexic/4pie.com.mx/wp-includes/canonical.php&path=/home/tsgmexic/4pie.com.mx/wp-includes HTTP/1.1" 200 95606 "-" "Mozilla/5.0 (compatible; AwarioBot/1.0; +https://awario.com/bots.html)"
57.141.2.8 - - [08/Jun/2025:07:48:18 -0600] "GET /?filesrc=/home/tsgmexic/4pie.com.mx/wp-includes/blocks/pattern.php&path=/home/tsgmexic/4pie.com.mx/wp-includes/blocks HTTP/1.1" 200 58361 "-" "meta-externalagent/1.1 (+https://developers.facebook.com/docs/sharing/webmasters/crawler)"
216.73.216.207 - - [08/Jun/2025:07:48:20 -0600] "GET /index.php/page/2?filesrc=%2Fhome%2Ftsgmexic%2F4pie.com.mx%2Fwp-content%2Fmah.php&path=%2Fhome%2Ftsgmexic%2F4pie.com.mx%2Fwp-content HTTP/1.1" 200 7901 "-" "Mozilla/5.0 AppleWebKit/537.36 (KHTML, like Gecko; compatible; ClaudeBot/1.0; +claudebot@anthropic.com)"
3.94.199.128 - - [08/Jun/2025:07:48:22 -0600] "GET /index.php/2025/05/25/75-gambling-enterprises-instead-of-gamstop-non-gamstop-gambling-enterprise-internet-sites/?aksi=buatfolder&path=/ HTTP/1.1" 200 65017 "-" "Mozilla/5.0 AppleWebKit/537.36 (KHTML, like Gecko; compatible; Amazonbot/0.1; +https://developer.amazon.com/support/amazonbot) Chrome/119.0.6045.214 Safari/537.36"
65.21.46.73 - - [08/Jun/2025:07:48:23 -0600] "GET /index.php/category/uncategorized/?filesrc=/home/tsgmexic/4pie.com.mx/wp-includes/capabilities.php&path=/home/tsgmexic/4pie.com.mx/wp-includes HTTP/1.1" 200 103588 "-" "Mozilla/5.0 (compatible; AwarioBot/1.0; +https://awario.com/bots.html)"
216.73.216.207 - - [08/Jun/2025:07:48:23 -0600] "GET /index.php/page/2/?filesrc=%2Fhome%2Ftsgmexic%2F4pie.com.mx%2Fwp-includes%2Fupdate.php&path=%2Fhome%2Ftsgmexic%2F4pie.com.mx%2Fwp-includes HTTP/1.1" 200 43965 "-" "Mozilla/5.0 AppleWebKit/537.36 (KHTML, like Gecko; compatible; ClaudeBot/1.0; +claudebot@anthropic.com)"
52.3.156.186 - - [08/Jun/2025:07:48:26 -0600] "GET /index.php/2025/05/25/75-gambling-enterprises-instead-of-gamstop-non-gamstop-gambling-enterprise-internet-sites/?path=/home/tsgmexic/.subaccounts HTTP/1.1" 200 70461 "-" "Mozilla/5.0 AppleWebKit/537.36 (KHTML, like Gecko; compatible; Amazonbot/0.1; +https://developer.amazon.com/support/amazonbot) Chrome/119.0.6045.214 Safari/537.36"
216.73.216.207 - - [08/Jun/2025:07:48:27 -0600] "GET /index.php/wp-json?path=%2Fhome%2Ftsgmexic%2F.ssh HTTP/1.1" 200 218245 "-" "Mozilla/5.0 AppleWebKit/537.36 (KHTML, like Gecko; compatible; ClaudeBot/1.0; +claudebot@anthropic.com)"
216.73.216.207 - - [08/Jun/2025:07:48:26 -0600] "GET /index.php/wp-json?path=%2Fhome%2Ftsgmexic%2F.cpanel HTTP/1.1" 200 244352 "-" "Mozilla/5.0 AppleWebKit/537.36 (KHTML, like Gecko; compatible; ClaudeBot/1.0; +claudebot@anthropic.com)"
65.21.46.73 - - [08/Jun/2025:07:48:27 -0600] "GET /index.php/category/uncategorized/?filesrc=/home/tsgmexic/4pie.com.mx/wp-includes/category-template.php&path=/home/tsgmexic/4pie.com.mx/wp-includes HTTP/1.1" 200 118454 "-" "Mozilla/5.0 (compatible; AwarioBot/1.0; +https://awario.com/bots.html)"
216.73.216.207 - - [08/Jun/2025:07:48:28 -0600] "GET /index.php/feed?filesrc=%2Fhome%2Ftsgmexic%2F4pie.com.mx%2Fwp-includes%2Fl10n.php&path=%2Fhome%2Ftsgmexic%2F4pie.com.mx%2Fwp-includes HTTP/1.1" 200 74942 "-" "Mozilla/5.0 AppleWebKit/537.36 (KHTML, like Gecko; compatible; ClaudeBot/1.0; +claudebot@anthropic.com)"
216.73.216.207 - - [08/Jun/2025:07:48:28 -0600] "GET /index.php/page/2/?filesrc=%2Fhome%2Ftsgmexic%2F4pie.com.mx%2Fwp-content%2Findex.php&path=%2Fhome%2Ftsgmexic%2F4pie.com.mx%2Fwp-content HTTP/1.1" 200 78882 "-" "Mozilla/5.0 AppleWebKit/537.36 (KHTML, like Gecko; compatible; ClaudeBot/1.0; +claudebot@anthropic.com)"
54.167.32.123 - - [08/Jun/2025:07:48:30 -0600] "GET /index.php/2025/05/25/75-gambling-enterprises-instead-of-gamstop-non-gamstop-gambling-enterprise-internet-sites/?path=/home/tsgmexic/.razor HTTP/1.1" 200 76870 "-" "Mozilla/5.0 AppleWebKit/537.36 (KHTML, like Gecko; compatible; Amazonbot/0.1; +https://developer.amazon.com/support/amazonbot) Chrome/119.0.6045.214 Safari/537.36"
20.171.207.166 - - [08/Jun/2025:07:48:29 -0600] "GET /?aksi=buatfile&path=%2Fhome%2Ftsgmexic%2F4pie.com.mx%2Fwp-content%2Fuploads%2Fgravity_forms%2Fb%2Ff%2Fc%2Fa HTTP/1.1" 200 58552 "-" "Mozilla/5.0 AppleWebKit/537.36 (KHTML, like Gecko; compatible; GPTBot/1.2; +https://openai.com/gptbot)"
65.21.46.73 - - [08/Jun/2025:07:48:36 -0600] "GET /robots.txt HTTP/1.1" 200 343 "-" "Mozilla/5.0 (compatible; AwarioBot/1.0; +https://awario.com/bots.html)"
216.73.216.207 - - [08/Jun/2025:07:48:28 -0600] "GET /index.php/page/2/?filesrc=%2Fhome%2Ftsgmexic%2F4pie.com.mx%2Fwp-includes%2Fclass-wp-paused-extensions-storage.php&path=%2Fhome%2Ftsgmexic%2F4pie.com.mx%2Fwp-includes HTTP/1.1" 200 48911 "-" "Mozilla/5.0 AppleWebKit/537.36 (KHTML, like Gecko; compatible; ClaudeBot/1.0; +claudebot@anthropic.com)"
217.113.194.107 - - [08/Jun/2025:07:48:29 -0600] "GET /index.php/2025/04/11/plink-casino-app/?path=//run/restartsrv HTTP/1.1" 200 68695 "-" "Mozilla/5.0 (compatible; Barkrowler/0.9; +https://babbar.tech/crawler)"
216.73.216.207 - - [08/Jun/2025:07:48:32 -0600] "GET /index.php/feed?filesrc=%2Fhome%2Ftsgmexic%2F4pie.com.mx%2Fwp-includes%2Fproduct.php&path=%2Fhome%2Ftsgmexic%2F4pie.com.mx%2Fwp-includes HTTP/1.1" 200 7777 "-" "Mozilla/5.0 AppleWebKit/537.36 (KHTML, like Gecko; compatible; ClaudeBot/1.0; +claudebot@anthropic.com)"
216.73.216.207 - - [08/Jun/2025:07:48:34 -0600] "GET /index.php/feed?filesrc=%2Fhome%2Ftsgmexic%2F4pie.com.mx%2Fwp-includes%2Fpost.php&path=%2Fhome%2Ftsgmexic%2F4pie.com.mx%2Fwp-includes HTTP/1.1" 200 303416 "-" "Mozilla/5.0 AppleWebKit/537.36 (KHTML, like Gecko; compatible; ClaudeBot/1.0; +claudebot@anthropic.com)"
216.73.216.207 - - [08/Jun/2025:07:48:32 -0600] "GET /index.php/page/2?path=%2Fhome%2Ftsgmexic%2F4pie.com.mx%2Fwp-content%2Fplugins HTTP/1.1" 200 39780 "-" "Mozilla/5.0 AppleWebKit/537.36 (KHTML, like Gecko; compatible; ClaudeBot/1.0; +claudebot@anthropic.com)"
65.21.46.73 - - [08/Jun/2025:07:48:36 -0600] "GET /index.php/category/uncategorized/?filesrc=/home/tsgmexic/4pie.com.mx/wp-includes/category.php&path=/home/tsgmexic/4pie.com.mx/wp-includes HTTP/1.1" 200 72966 "-" "Mozilla/5.0 (compatible; AwarioBot/1.0; +https://awario.com/bots.html)"
18.232.36.1 - - [08/Jun/2025:07:48:35 -0600] "GET /index.php/2025/05/25/75-gambling-enterprises-instead-of-gamstop-non-gamstop-gambling-enterprise-internet-sites/?path=/home/tsgmexic/scure_nortwest HTTP/1.1" 200 76690 "-" "Mozilla/5.0 AppleWebKit/537.36 (KHTML, like Gecko; compatible; Amazonbot/0.1; +https://developer.amazon.com/support/amazonbot) Chrome/119.0.6045.214 Safari/537.36"
54.80.185.200 - - [08/Jun/2025:07:48:38 -0600] "GET /index.php/2025/05/20/your-ultimate-self-help-guide-to-the-newest-15-finest-low-gamstop-casinos/?path=/home/tsgmexic/.autorespond HTTP/1.1" 200 73346 "-" "Mozilla/5.0 AppleWebKit/537.36 (KHTML, like Gecko; compatible; Amazonbot/0.1; +https://developer.amazon.com/support/amazonbot) Chrome/119.0.6045.214 Safari/537.36"
216.73.216.207 - - [08/Jun/2025:07:48:40 -0600] "GET /index.php/comments/feed?filesrc=%2Fhome%2Ftsgmexic%2F4pie.com.mx%2Fwp-includes%2Ffeed.php&path=%2Fhome%2Ftsgmexic%2F4pie.com.mx%2Fwp-includes HTTP/1.1" 200 29431 "-" "Mozilla/5.0 AppleWebKit/537.36 (KHTML, like Gecko; compatible; ClaudeBot/1.0; +claudebot@anthropic.com)"
18.210.58.238 - - [08/Jun/2025:07:48:42 -0600] "GET /index.php/2025/05/25/75-gambling-enterprises-instead-of-gamstop-non-gamstop-gambling-enterprise-internet-sites/?aksi=buatfile&path=/home/tsgmexic/4pie.com.mx/wp-includes HTTP/1.1" 200 381782 "-" "Mozilla/5.0 AppleWebKit/537.36 (KHTML, like Gecko; compatible; Amazonbot/0.1; +https://developer.amazon.com/support/amazonbot) Chrome/119.0.6045.214 Safari/537.36"
65.21.46.73 - - [08/Jun/2025:07:48:43 -0600] "GET /index.php/category/uncategorized/?filesrc=/home/tsgmexic/4pie.com.mx/wp-includes/class-IXR.php&path=/home/tsgmexic/4pie.com.mx/wp-includes HTTP/1.1" 200 62571 "-" "Mozilla/5.0 (compatible; AwarioBot/1.0; +https://awario.com/bots.html)"
216.73.216.207 - - [08/Jun/2025:07:48:43 -0600] "GET /index.php/page/2?filesrc=%2Fhome%2Ftsgmexic%2F4pie.com.mx%2Fwp-content%2Findex.php&path=%2Fhome%2Ftsgmexic%2F4pie.com.mx%2Fwp-content HTTP/1.1" 200 28351 "-" "Mozilla/5.0 AppleWebKit/537.36 (KHTML, like Gecko; compatible; ClaudeBot/1.0; +claudebot@anthropic.com)"
20.171.207.166 - - [08/Jun/2025:07:48:44 -0600] "GET /?aksi=ransom&path=%2Fhome%2Ftsgmexic%2F4pie.com.mx%2Fwp-content%2Fuploads%2Fgravity_forms%2Fb%2Ff%2Fc%2Fa HTTP/1.1" 200 58550 "-" "Mozilla/5.0 AppleWebKit/537.36 (KHTML, like Gecko; compatible; GPTBot/1.2; +https://openai.com/gptbot)"
44.205.74.196 - - [08/Jun/2025:07:48:46 -0600] "GET /index.php/2025/05/25/75-gambling-enterprises-instead-of-gamstop-non-gamstop-gambling-enterprise-internet-sites/?path=/home/tsgmexic/4pie.com.mx/wp-includes/ID3 HTTP/1.1" 200 87600 "-" "Mozilla/5.0 AppleWebKit/537.36 (KHTML, like Gecko; compatible; Amazonbot/0.1; +https://developer.amazon.com/support/amazonbot) Chrome/119.0.6045.214 Safari/537.36"
65.21.46.73 - - [08/Jun/2025:07:48:47 -0600] "GET /index.php/category/uncategorized/?filesrc=/home/tsgmexic/4pie.com.mx/wp-includes/class-avif-info.php&path=/home/tsgmexic/4pie.com.mx/wp-includes HTTP/1.1" 200 90997 "-" "Mozilla/5.0 (compatible; AwarioBot/1.0; +https://awario.com/bots.html)"
216.73.216.207 - - [08/Jun/2025:07:48:46 -0600] "GET /index.php/page/2/?filesrc=%2Fhome%2Ftsgmexic%2F4pie.com.mx%2Fwp-includes%2Fms-load.php&path=%2Fhome%2Ftsgmexic%2F4pie.com.mx%2Fwp-includes HTTP/1.1" 200 76378 "-" "Mozilla/5.0 AppleWebKit/537.36 (KHTML, like Gecko; compatible; ClaudeBot/1.0; +claudebot@anthropic.com)"
216.73.216.207 - - [08/Jun/2025:07:48:49 -0600] "GET /index.php/comments/feed?path=%2Fhome%2Ftsgmexic%2F4pie.com.mx%2Fwp-includes%2FText HTTP/1.1" 200 9947 "-" "Mozilla/5.0 AppleWebKit/537.36 (KHTML, like Gecko; compatible; ClaudeBot/1.0; +claudebot@anthropic.com)"
54.87.95.7 - - [08/Jun/2025:07:48:50 -0600] "GET /index.php/2025/05/25/75-gambling-enterprises-instead-of-gamstop-non-gamstop-gambling-enterprise-internet-sites/?path=/home/tsgmexic/4pie.com.mx/wp-admin/includes HTTP/1.1" 200 187914 "-" "Mozilla/5.0 AppleWebKit/537.36 (KHTML, like Gecko; compatible; Amazonbot/0.1; +https://developer.amazon.com/support/amazonbot) Chrome/119.0.6045.214 Safari/537.36"
65.21.46.73 - - [08/Jun/2025:07:48:50 -0600] "GET /index.php/category/uncategorized/?filesrc=/home/tsgmexic/4pie.com.mx/wp-includes/class-feed.php&path=/home/tsgmexic/4pie.com.mx/wp-includes HTTP/1.1" 200 60486 "-" "Mozilla/5.0 (compatible; AwarioBot/1.0; +https://awario.com/bots.html)"
20.171.207.166 - - [08/Jun/2025:07:48:51 -0600] "GET /?aksi=buatfile&path=%2Fhome%2Ftsgmexic%2F4pie.com.mx%2Fwp-content%2Fuploads%2Fgravity_forms%2Fe%2Fg%2Fd%2Ff HTTP/1.1" 200 60898 "-" "Mozilla/5.0 AppleWebKit/537.36 (KHTML, like Gecko; compatible; GPTBot/1.2; +https://openai.com/gptbot)"
217.113.194.106 - - [08/Jun/2025:07:48:53 -0600] "GET /index.php/2025/04/11/plink-casino-app/?path=//proc/4039730 HTTP/1.1" 200 68685 "-" "Mozilla/5.0 (compatible; Barkrowler/0.9; +https://babbar.tech/crawler)"
52.202.233.37 - - [08/Jun/2025:07:48:53 -0600] "GET /index.php/2025/05/25/75-gambling-enterprises-instead-of-gamstop-non-gamstop-gambling-enterprise-internet-sites/?path=/home/tsgmexic/4pie.com.mx/wp-includes/theme-compat HTTP/1.1" 200 77818 "-" "Mozilla/5.0 AppleWebKit/537.36 (KHTML, like Gecko; compatible; Amazonbot/0.1; +https://developer.amazon.com/support/amazonbot) Chrome/119.0.6045.214 Safari/537.36"
65.21.46.73 - - [08/Jun/2025:07:48:56 -0600] "GET /index.php/category/uncategorized/?filesrc=/home/tsgmexic/4pie.com.mx/wp-includes/class-http.php&path=/home/tsgmexic/4pie.com.mx/wp-includes HTTP/1.1" 200 60314 "-" "Mozilla/5.0 (compatible; AwarioBot/1.0; +https://awario.com/bots.html)"
3.232.82.72 - - [08/Jun/2025:07:48:58 -0600] "GET /index.php/2025/05/25/75-gambling-enterprises-instead-of-gamstop-non-gamstop-gambling-enterprise-internet-sites/?filesrc=/home/tsgmexic/4pie.com.mx/wp-includes/ms-settings.php&path=/home/tsgmexic/4pie.com.mx/wp-includes HTTP/1.1" 200 69376 "-" "Mozilla/5.0 AppleWebKit/537.36 (KHTML, like Gecko; compatible; Amazonbot/0.1; +https://developer.amazon.com/support/amazonbot) Chrome/119.0.6045.214 Safari/537.36"
20.171.207.166 - - [08/Jun/2025:07:48:58 -0600] "GET /?aksi=buatfile&path=%2Fhome%2Ftsgmexic%2F4pie.com.mx%2Fwp-content%2Fuploads%2Fgravity_forms%2Fb%2Ff%2Fe%2Fa HTTP/1.1" 200 58552 "-" "Mozilla/5.0 AppleWebKit/537.36 (KHTML, like Gecko; compatible; GPTBot/1.2; +https://openai.com/gptbot)"
57.141.2.5 - - [08/Jun/2025:07:49:00 -0600] "GET /index.php/2025/05/18/loterei-kazakhstana-onlaynovyy-polnoe-rukovodstvo/?filesrc=//etc/named.conf.prerebuilddnsconfig&path=//etc HTTP/1.1" 200 70370 "-" "meta-externalagent/1.1 (+https://developers.facebook.com/docs/sharing/webmasters/crawler)"
20.171.207.166 - - [08/Jun/2025:07:49:04 -0600] "GET /?aksi=buatfile&path=%2Fhome%2Ftsgmexic%2F4pie.com.mx%2Fwp-content%2Fuploads%2Fgravity_forms%2Fe%2Fb%2Fh%2Ff HTTP/1.1" 200 58552 "-" "Mozilla/5.0 AppleWebKit/537.36 (KHTML, like Gecko; compatible; GPTBot/1.2; +https://openai.com/gptbot)"
65.21.46.73 - - [08/Jun/2025:07:49:02 -0600] "GET /index.php/category/uncategorized/?filesrc=/home/tsgmexic/4pie.com.mx/wp-includes/class-json.php&path=/home/tsgmexic/4pie.com.mx/wp-includes HTTP/1.1" 200 104615 "-" "Mozilla/5.0 (compatible; AwarioBot/1.0; +https://awario.com/bots.html)"
52.4.229.9 - - [08/Jun/2025:07:49:03 -0600] "GET /index.php/2025/05/25/75-gambling-enterprises-instead-of-gamstop-non-gamstop-gambling-enterprise-internet-sites/?aksi=buatfolder&path=/home/tsgmexic/4pie.com.mx/.well-known HTTP/1.1" 200 65333 "-" "Mozilla/5.0 AppleWebKit/537.36 (KHTML, like Gecko; compatible; Amazonbot/0.1; +https://developer.amazon.com/support/amazonbot) Chrome/119.0.6045.214 Safari/537.36"
52.3.155.146 - - [08/Jun/2025:07:49:06 -0600] "GET /index.php/2025/05/20/your-ultimate-self-help-guide-to-the-newest-15-finest-low-gamstop-casinos/?path=/home/tsgmexic/4pie.com.mx/82dd6/82dd6 HTTP/1.1" 200 64800 "-" "Mozilla/5.0 AppleWebKit/537.36 (KHTML, like Gecko; compatible; Amazonbot/0.1; +https://developer.amazon.com/support/amazonbot) Chrome/119.0.6045.214 Safari/537.36"
65.21.46.73 - - [08/Jun/2025:07:49:08 -0600] "GET /index.php/category/uncategorized/?filesrc=/home/tsgmexic/4pie.com.mx/wp-includes/class-oembed.php&path=/home/tsgmexic/4pie.com.mx/wp-includes HTTP/1.1" 200 60352 "-" "Mozilla/5.0 (compatible; AwarioBot/1.0; +https://awario.com/bots.html)"
18.206.47.187 - - [08/Jun/2025:07:49:09 -0600] "GET /index.php/2025/05/25/75-gambling-enterprises-instead-of-gamstop-non-gamstop-gambling-enterprise-internet-sites/?filesrc=/home/tsgmexic/4pie.com.mx/wp-admin/link-manager.php&path=/home/tsgmexic/4pie.com.mx/wp-admin HTTP/1.1" 200 69951 "-" "Mozilla/5.0 AppleWebKit/537.36 (KHTML, like Gecko; compatible; Amazonbot/0.1; +https://developer.amazon.com/support/amazonbot) Chrome/119.0.6045.214 Safari/537.36"
20.171.207.166 - - [08/Jun/2025:07:49:10 -0600] "GET /?aksi=ransom&path=%2Fhome%2Ftsgmexic%2F4pie.com.mx%2Fwp-content%2Fuploads%2Fgravity_forms%2Fb%2Ff%2Fe%2Fa HTTP/1.1" 200 58550 "-" "Mozilla/5.0 AppleWebKit/537.36 (KHTML, like Gecko; compatible; GPTBot/1.2; +https://openai.com/gptbot)"
217.113.194.109 - - [08/Jun/2025:07:49:12 -0600] "GET /index.php/2025/04/11/plink-casino-app/?path=//proc/4039769 HTTP/1.1" 200 68684 "-" "Mozilla/5.0 (compatible; Barkrowler/0.9; +https://babbar.tech/crawler)"
44.223.193.255 - - [08/Jun/2025:07:49:13 -0600] "GET /index.php/2025/05/25/75-gambling-enterprises-instead-of-gamstop-non-gamstop-gambling-enterprise-internet-sites/?filesrc=/home/tsgmexic/4pie.com.mx/wp-includes/feed-rss2-comments.php&path=/home/tsgmexic/4pie.com.mx/wp-includes HTTP/1.1" 200 69804 "-" "Mozilla/5.0 AppleWebKit/537.36 (KHTML, like Gecko; compatible; Amazonbot/0.1; +https://developer.amazon.com/support/amazonbot) Chrome/119.0.6045.214 Safari/537.36"
20.171.207.166 - - [08/Jun/2025:07:49:15 -0600] "GET /?aksi=buatfile&path=%2Fhome%2Ftsgmexic%2F4pie.com.mx%2Fwp-content%2Fuploads%2Fgravity_forms%2Fb%2Ff%2Fh%2Fg HTTP/1.1" 200 58552 "-" "Mozilla/5.0 AppleWebKit/537.36 (KHTML, like Gecko; compatible; GPTBot/1.2; +https://openai.com/gptbot)"
65.21.46.73 - - [08/Jun/2025:07:49:14 -0600] "GET /index.php/category/uncategorized/?filesrc=/home/tsgmexic/4pie.com.mx/wp-includes/class-phpass.php&path=/home/tsgmexic/4pie.com.mx/wp-includes HTTP/1.1" 200 67009 "-" "Mozilla/5.0 (compatible; AwarioBot/1.0; +https://awario.com/bots.html)"
3.226.106.93 - - [08/Jun/2025:07:49:18 -0600] "GET /index.php/2025/05/20/your-ultimate-self-help-guide-to-the-newest-15-finest-low-gamstop-casinos/?filesrc=/home/tsgmexic/4pie.com.mx/wp-includes/class-wp.php&path=/home/tsgmexic/4pie.com.mx/wp-includes HTTP/1.1" 200 88404 "-" "Mozilla/5.0 AppleWebKit/537.36 (KHTML, like Gecko; compatible; Amazonbot/0.1; +https://developer.amazon.com/support/amazonbot) Chrome/119.0.6045.214 Safari/537.36"
65.21.46.73 - - [08/Jun/2025:07:49:20 -0600] "GET /index.php/category/uncategorized/?filesrc=/home/tsgmexic/4pie.com.mx/wp-includes/class-phpmailer.php&path=/home/tsgmexic/4pie.com.mx/wp-includes HTTP/1.1" 200 60621 "-" "Mozilla/5.0 (compatible; AwarioBot/1.0; +https://awario.com/bots.html)"
52.2.58.41 - - [08/Jun/2025:07:49:23 -0600] "GET /index.php/2025/05/20/your-ultimate-self-help-guide-to-the-newest-15-finest-low-gamstop-casinos/?filesrc=/home/tsgmexic/4pie.com.mx/wp-includes/class-walker-category.php&path=/home/tsgmexic/4pie.com.mx/wp-includes HTTP/1.1" 200 70214 "-" "Mozilla/5.0 AppleWebKit/537.36 (KHTML, like Gecko; compatible; Amazonbot/0.1; +https://developer.amazon.com/support/amazonbot) Chrome/119.0.6045.214 Safari/537.36"
3.219.80.71 - - [08/Jun/2025:07:49:25 -0600] "GET /index.php/2025/05/20/your-ultimate-self-help-guide-to-the-newest-15-finest-low-gamstop-casinos/?filesrc=/home/tsgmexic/4pie.com.mx/wp-includes/class-wp-block-list.php&path=/home/tsgmexic/4pie.com.mx/wp-includes HTTP/1.1" 200 66196 "-" "Mozilla/5.0 AppleWebKit/537.36 (KHTML, like Gecko; compatible; Amazonbot/0.1; +https://developer.amazon.com/support/amazonbot) Chrome/119.0.6045.214 Safari/537.36"
65.21.46.73 - - [08/Jun/2025:07:49:25 -0600] "GET /index.php/category/uncategorized/?filesrc=/home/tsgmexic/4pie.com.mx/wp-includes/class-pop3.php&path=/home/tsgmexic/4pie.com.mx/wp-includes HTTP/1.1" 200 82991 "-" "Mozilla/5.0 (compatible; AwarioBot/1.0; +https://awario.com/bots.html)"
184.73.47.24 - - [08/Jun/2025:07:49:29 -0600] "GET /index.php/2025/05/25/75-gambling-enterprises-instead-of-gamstop-non-gamstop-gambling-enterprise-internet-sites/?filesrc=/home/tsgmexic/4pie.com.mx/wp-includes/class-wp-recovery-mode.php&path=/home/tsgmexic/4pie.com.mx/wp-includes HTTP/1.1" 200 76805 "-" "Mozilla/5.0 AppleWebKit/537.36 (KHTML, like Gecko; compatible; Amazonbot/0.1; +https://developer.amazon.com/support/amazonbot) Chrome/119.0.6045.214 Safari/537.36"
217.113.194.104 - - [08/Jun/2025:07:49:30 -0600] "GET /index.php/2025/04/11/plink-casino-app/?path=//proc/4039824 HTTP/1.1" 200 68684 "-" "Mozilla/5.0 (compatible; Barkrowler/0.9; +https://babbar.tech/crawler)"
65.21.46.73 - - [08/Jun/2025:07:49:33 -0600] "GET /index.php/category/uncategorized/?filesrc=/home/tsgmexic/4pie.com.mx/wp-includes/class-requests.php&path=/home/tsgmexic/4pie.com.mx/wp-includes HTTP/1.1" 200 62192 "-" "Mozilla/5.0 (compatible; AwarioBot/1.0; +https://awario.com/bots.html)"
44.221.180.179 - - [08/Jun/2025:07:49:33 -0600] "GET /index.php/2025/05/20/your-ultimate-self-help-guide-to-the-newest-15-finest-low-gamstop-casinos/?filesrc=/home/tsgmexic/4pie.com.mx/wp-includes/wp-diff.php&path=/home/tsgmexic/4pie.com.mx/wp-includes HTTP/1.1" 200 62164 "-" "Mozilla/5.0 AppleWebKit/537.36 (KHTML, like Gecko; compatible; Amazonbot/0.1; +https://developer.amazon.com/support/amazonbot) Chrome/119.0.6045.214 Safari/537.36"
52.167.144.204 - - [08/Jun/2025:07:49:40 -0600] "GET /64538799277635 HTTP/1.1" 200 143970 "-" "Mozilla/5.0 AppleWebKit/537.36 (KHTML, like Gecko; compatible; bingbot/2.0; +http://www.bing.com/bingbot.htm) Chrome/116.0.1938.76 Safari/537.36"
20.171.207.166 - - [08/Jun/2025:07:49:39 -0600] "GET /?aksi=ransom&path=%2Fhome%2Ftsgmexic%2F4pie.com.mx%2Fwp-content%2Fuploads%2Fgravity_forms%2Fe%2Fg%2Fd%2Ff HTTP/1.1" 200 60896 "-" "Mozilla/5.0 AppleWebKit/537.36 (KHTML, like Gecko; compatible; GPTBot/1.2; +https://openai.com/gptbot)"
34.224.132.215 - - [08/Jun/2025:07:49:38 -0600] "GET /index.php/2025/05/20/your-ultimate-self-help-guide-to-the-newest-15-finest-low-gamstop-casinos/?filesrc=/home/tsgmexic/4pie.com.mx/wp-includes/class-wp-ajax-response.php&path=/home/tsgmexic/4pie.com.mx/wp-includes HTTP/1.1" 200 67051 "-" "Mozilla/5.0 AppleWebKit/537.36 (KHTML, like Gecko; compatible; Amazonbot/0.1; +https://developer.amazon.com/support/amazonbot) Chrome/119.0.6045.214 Safari/537.36"
65.21.46.73 - - [08/Jun/2025:07:49:40 -0600] "GET /index.php/category/uncategorized/?filesrc=/home/tsgmexic/4pie.com.mx/wp-includes/class-simplepie.php&path=/home/tsgmexic/4pie.com.mx/wp-includes HTTP/1.1" 200 60410 "-" "Mozilla/5.0 (compatible; AwarioBot/1.0; +https://awario.com/bots.html)"
34.233.219.155 - - [08/Jun/2025:07:49:42 -0600] "GET /index.php/2025/05/25/75-gambling-enterprises-instead-of-gamstop-non-gamstop-gambling-enterprise-internet-sites/?filesrc=/home/tsgmexic/4pie.com.mx/wp-includes/class-wp-theme-json.php&path=/home/tsgmexic/4pie.com.mx/wp-includes HTTP/1.1" 200 231992 "-" "Mozilla/5.0 AppleWebKit/537.36 (KHTML, like Gecko; compatible; Amazonbot/0.1; +https://developer.amazon.com/support/amazonbot) Chrome/119.0.6045.214 Safari/537.36"
20.171.207.166 - - [08/Jun/2025:07:49:47 -0600] "GET /?aksi=ransom&path=%2Fhome%2Ftsgmexic%2F4pie.com.mx%2Fwp-content%2Fuploads%2Fgravity_forms%2Fe%2Fb%2Fh%2Ff HTTP/1.1" 200 58550 "-" "Mozilla/5.0 AppleWebKit/537.36 (KHTML, like Gecko; compatible; GPTBot/1.2; +https://openai.com/gptbot)"
65.21.46.73 - - [08/Jun/2025:07:49:47 -0600] "GET /index.php/category/uncategorized/?filesrc=/home/tsgmexic/4pie.com.mx/wp-includes/class-smtp.php&path=/home/tsgmexic/4pie.com.mx/wp-includes HTTP/1.1" 200 60404 "-" "Mozilla/5.0 (compatible; AwarioBot/1.0; +https://awario.com/bots.html)"
47.79.123.29 - - [08/Jun/2025:07:49:48 -0600] "GET /index.php/2025/05/20/your-ultimate-self-help-guide-to-the-newest-15-finest-low-gamstop-casinos HTTP/1.1" 200 64636 "https://4pie.com.mx/index.php/2025/05/20/your-ultimate-self-help-guide-to-the-newest-15-finest-low-gamstop-casinos" "Mozilla/5.0 (Windows NT 10.0; Win64; x64) AppleWebKit/537.36 (KHTML, like Gecko) Chrome/114.0.0.0 Safari/537.36 Edg/114.0.1823.43"
65.21.46.73 - - [08/Jun/2025:07:49:50 -0600] "GET /index.php/category/uncategorized/?filesrc=/home/tsgmexic/4pie.com.mx/wp-includes/class-snoopy.php&path=/home/tsgmexic/4pie.com.mx/wp-includes HTTP/1.1" 200 102250 "-" "Mozilla/5.0 (compatible; AwarioBot/1.0; +https://awario.com/bots.html)"
217.113.194.247 - - [08/Jun/2025:07:49:52 -0600] "GET /index.php/2025/04/11/plink-casino-app/?path=//proc/4039746 HTTP/1.1" 200 68685 "-" "Mozilla/5.0 (compatible; Barkrowler/0.9; +https://babbar.tech/crawler)"
65.21.46.73 - - [08/Jun/2025:07:49:55 -0600] "GET /index.php/category/uncategorized/?filesrc=/home/tsgmexic/4pie.com.mx/wp-includes/class-walker-category-dropdown.php&path=/home/tsgmexic/4pie.com.mx/wp-includes HTTP/1.1" 200 62563 "-" "Mozilla/5.0 (compatible; AwarioBot/1.0; +https://awario.com/bots.html)"
142.171.127.176 - - [08/Jun/2025:07:49:58 -0600] "POST /wp-cron.php?doing_wp_cron=1749390598.1571450233459472656250 HTTP/1.1" 403 16004 "-" "WordPress/6.8; https://4pie.com.mx"
52.167.144.163 - - [08/Jun/2025:07:50:09 -0600] "GET /75227999397271 HTTP/1.1" 200 139742 "-" "Mozilla/5.0 AppleWebKit/537.36 (KHTML, like Gecko; compatible; bingbot/2.0; +http://www.bing.com/bingbot.htm) Chrome/116.0.1938.76 Safari/537.36"
65.21.46.73 - - [08/Jun/2025:07:50:01 -0600] "GET /index.php/category/uncategorized/?filesrc=/home/tsgmexic/4pie.com.mx/wp-includes/class-walker-category.php&path=/home/tsgmexic/4pie.com.mx/wp-includes HTTP/1.1" 200 68804 "-" "Mozilla/5.0 (compatible; AwarioBot/1.0; +https://awario.com/bots.html)"
52.167.144.163 - - [08/Jun/2025:07:50:12 -0600] "GET /81812299251137 HTTP/1.1" 200 144296 "-" "Mozilla/5.0 AppleWebKit/537.36 (KHTML, like Gecko; compatible; bingbot/2.0; +http://www.bing.com/bingbot.htm) Chrome/116.0.1938.76 Safari/537.36"
20.171.207.166 - - [08/Jun/2025:07:50:11 -0600] "GET /?aksi=ransom&path=%2Fhome%2Ftsgmexic%2F4pie.com.mx%2Fwp-content%2Fuploads%2Fgravity_forms%2Fb%2Ff%2Fh%2Fg HTTP/1.1" 200 58550 "-" "Mozilla/5.0 AppleWebKit/537.36 (KHTML, like Gecko; compatible; GPTBot/1.2; +https://openai.com/gptbot)"
217.113.194.111 - - [08/Jun/2025:07:50:12 -0600] "GET /index.php/2025/04/11/plink-casino-app/?path=//proc/848084 HTTP/1.1" 200 68679 "-" "Mozilla/5.0 (compatible; Barkrowler/0.9; +https://babbar.tech/crawler)"
52.167.144.235 - - [08/Jun/2025:07:50:16 -0600] "GET /81812299171073 HTTP/1.1" 200 144537 "-" "Mozilla/5.0 AppleWebKit/537.36 (KHTML, like Gecko; compatible; bingbot/2.0; +http://www.bing.com/bingbot.htm) Chrome/116.0.1938.76 Safari/537.36"
65.21.46.73 - - [08/Jun/2025:07:50:14 -0600] "GET /index.php/category/uncategorized/?filesrc=/home/tsgmexic/4pie.com.mx/wp-includes/class-walker-comment.php&path=/home/tsgmexic/4pie.com.mx/wp-includes HTTP/1.1" 200 75328 "-" "Mozilla/5.0 (compatible; AwarioBot/1.0; +https://awario.com/bots.html)"
65.21.46.73 - - [08/Jun/2025:07:50:19 -0600] "GET /index.php/category/uncategorized/?filesrc=/home/tsgmexic/4pie.com.mx/wp-includes/class-walker-nav-menu.php&path=/home/tsgmexic/4pie.com.mx/wp-includes HTTP/1.1" 200 72437 "-" "Mozilla/5.0 (compatible; AwarioBot/1.0; +https://awario.com/bots.html)"
65.21.46.73 - - [08/Jun/2025:07:50:23 -0600] "GET /index.php/category/uncategorized/?filesrc=/home/tsgmexic/4pie.com.mx/wp-includes/class-walker-page-dropdown.php&path=/home/tsgmexic/4pie.com.mx/wp-includes HTTP/1.1" 200 62790 "-" "Mozilla/5.0 (compatible; AwarioBot/1.0; +https://awario.com/bots.html)"
65.21.46.73 - - [08/Jun/2025:07:50:27 -0600] "GET /index.php/category/uncategorized/?filesrc=/home/tsgmexic/4pie.com.mx/wp-includes/class-walker-page.php&path=/home/tsgmexic/4pie.com.mx/wp-includes HTTP/1.1" 200 67885 "-" "Mozilla/5.0 (compatible; AwarioBot/1.0; +https://awario.com/bots.html)"
65.21.46.73 - - [08/Jun/2025:07:50:30 -0600] "GET /index.php/category/uncategorized/?filesrc=/home/tsgmexic/4pie.com.mx/wp-includes/class-wp-admin-bar.php&path=/home/tsgmexic/4pie.com.mx/wp-includes HTTP/1.1" 200 78931 "-" "Mozilla/5.0 (compatible; AwarioBot/1.0; +https://awario.com/bots.html)"
217.113.194.104 - - [08/Jun/2025:07:50:32 -0600] "GET /index.php/2025/04/11/plink-casino-app/?path=//proc/737587 HTTP/1.1" 200 68679 "-" "Mozilla/5.0 (compatible; Barkrowler/0.9; +https://babbar.tech/crawler)"
65.21.46.73 - - [08/Jun/2025:07:50:33 -0600] "GET /index.php/category/uncategorized/?filesrc=/home/tsgmexic/4pie.com.mx/wp-includes/class-wp-ajax-response.php&path=/home/tsgmexic/4pie.com.mx/wp-includes HTTP/1.1" 200 65642 "-" "Mozilla/5.0 (compatible; AwarioBot/1.0; +https://awario.com/bots.html)"
65.21.46.73 - - [08/Jun/2025:07:50:37 -0600] "GET /robots.txt HTTP/1.1" 200 343 "-" "Mozilla/5.0 (compatible; AwarioBot/1.0; +https://awario.com/bots.html)"
65.21.46.73 - - [08/Jun/2025:07:50:37 -0600] "GET /index.php/category/uncategorized/?filesrc=/home/tsgmexic/4pie.com.mx/wp-includes/class-wp-application-passwords.php&path=/home/tsgmexic/4pie.com.mx/wp-includes HTTP/1.1" 200 77135 "-" "Mozilla/5.0 (compatible; AwarioBot/1.0; +https://awario.com/bots.html)"
65.21.46.73 - - [08/Jun/2025:07:50:40 -0600] "GET /index.php/category/uncategorized/?filesrc=/home/tsgmexic/4pie.com.mx/wp-includes/class-wp-block-bindings-registry.php&path=/home/tsgmexic/4pie.com.mx/wp-includes HTTP/1.1" 200 68581 "-" "Mozilla/5.0 (compatible; AwarioBot/1.0; +https://awario.com/bots.html)"
65.21.46.73 - - [08/Jun/2025:07:50:44 -0600] "GET /index.php/category/uncategorized/?filesrc=/home/tsgmexic/4pie.com.mx/wp-includes/class-wp-block-bindings-source.php&path=/home/tsgmexic/4pie.com.mx/wp-includes HTTP/1.1" 200 63034 "-" "Mozilla/5.0 (compatible; AwarioBot/1.0; +https://awario.com/bots.html)"
20.171.207.166 - - [08/Jun/2025:07:50:47 -0600] "GET /?aksi=buatfolder&path=%2Fhome%2Ftsgmexic%2F4pie.com.mx%2Fwp-content%2Fuploads%2Fgravity_forms%2Fb%2Ff%2Fe%2Fa HTTP/1.1" 200 57259 "-" "Mozilla/5.0 AppleWebKit/537.36 (KHTML, like Gecko; compatible; GPTBot/1.2; +https://openai.com/gptbot)"
65.21.46.73 - - [08/Jun/2025:07:50:47 -0600] "GET /index.php/category/uncategorized/?filesrc=/home/tsgmexic/4pie.com.mx/wp-includes/class-wp-block-editor-context.php&path=/home/tsgmexic/4pie.com.mx/wp-includes HTTP/1.1" 200 61341 "-" "Mozilla/5.0 (compatible; AwarioBot/1.0; +https://awario.com/bots.html)"
217.113.194.102 - - [08/Jun/2025:07:50:50 -0600] "GET /index.php/2025/04/11/plink-casino-app/?path=//proc/737591 HTTP/1.1" 200 68678 "-" "Mozilla/5.0 (compatible; Barkrowler/0.9; +https://babbar.tech/crawler)"
216.73.216.207 - - [08/Jun/2025:07:50:52 -0600] "GET /index.php/page/2/?filesrc=%2Fhome%2Ftsgmexic%2F4pie.com.mx%2Fwp-includes%2Fclass-wp-term.php&path=%2Fhome%2Ftsgmexic%2F4pie.com.mx%2Fwp-includes HTTP/1.1" 200 61351 "-" "Mozilla/5.0 AppleWebKit/537.36 (KHTML, like Gecko; compatible; ClaudeBot/1.0; +claudebot@anthropic.com)"
65.21.46.73 - - [08/Jun/2025:07:50:52 -0600] "GET /index.php/category/uncategorized/?filesrc=/home/tsgmexic/4pie.com.mx/wp-includes/class-wp-block-list.php&path=/home/tsgmexic/4pie.com.mx/wp-includes HTTP/1.1" 200 64784 "-" "Mozilla/5.0 (compatible; AwarioBot/1.0; +https://awario.com/bots.html)"
216.73.216.207 - - [08/Jun/2025:07:50:54 -0600] "GET /shopdetail/16484699.html?filesrc=%2Fhome%2Ftsgmexic%2F4pie.com.mx%2Fwp-includes%2Fclass-wp-block-bindings-source.php&path=%2Fhome%2Ftsgmexic%2F4pie.com.mx%2Fwp-includes HTTP/1.1" 200 47235 "-" "Mozilla/5.0 AppleWebKit/537.36 (KHTML, like Gecko; compatible; ClaudeBot/1.0; +claudebot@anthropic.com)"
216.73.216.207 - - [08/Jun/2025:07:50:56 -0600] "GET /index.php/page/2/?filesrc=%2Fhome%2Ftsgmexic%2F4pie.com.mx%2Fwp-includes%2Fversion.php&path=%2Fhome%2Ftsgmexic%2F4pie.com.mx%2Fwp-includes HTTP/1.1" 200 57081 "-" "Mozilla/5.0 AppleWebKit/537.36 (KHTML, like Gecko; compatible; ClaudeBot/1.0; +claudebot@anthropic.com)"
65.21.46.73 - - [08/Jun/2025:07:50:56 -0600] "GET /index.php/category/uncategorized/?filesrc=/home/tsgmexic/4pie.com.mx/wp-includes/class-wp-block-metadata-registry.php&path=/home/tsgmexic/4pie.com.mx/wp-includes HTTP/1.1" 200 71954 "-" "Mozilla/5.0 (compatible; AwarioBot/1.0; +https://awario.com/bots.html)"
216.73.216.207 - - [08/Jun/2025:07:50:59 -0600] "GET /index.php/feed?path=%2Fhome%2Ftsgmexic%2Fmail HTTP/1.1" 200 2997256 "-" "Mozilla/5.0 AppleWebKit/537.36 (KHTML, like Gecko; compatible; ClaudeBot/1.0; +claudebot@anthropic.com)"
65.21.46.73 - - [08/Jun/2025:07:51:01 -0600] "GET /index.php/category/uncategorized/?filesrc=/home/tsgmexic/4pie.com.mx/wp-includes/class-wp-block-parser-block.php&path=/home/tsgmexic/4pie.com.mx/wp-includes HTTP/1.1" 200 62602 "-" "Mozilla/5.0 (compatible; AwarioBot/1.0; +https://awario.com/bots.html)"
216.73.216.207 - - [08/Jun/2025:07:51:03 -0600] "GET /index.php/comments/feed?path=%2Fhome%2Ftsgmexic%2F4pie.com.mx%2Fwp-includes%2FID3 HTTP/1.1" 200 27872 "-" "Mozilla/5.0 AppleWebKit/537.36 (KHTML, like Gecko; compatible; ClaudeBot/1.0; +claudebot@anthropic.com)"
20.171.207.166 - - [08/Jun/2025:07:51:04 -0600] "GET /?aksi=buatfolder&path=%2Fhome%2Ftsgmexic%2F4pie.com.mx%2Fwp-content%2Fuploads%2Fgravity_forms%2Fe%2Fg%2Fd%2Ff HTTP/1.1" 200 57259 "-" "Mozilla/5.0 AppleWebKit/537.36 (KHTML, like Gecko; compatible; GPTBot/1.2; +https://openai.com/gptbot)"
65.21.46.73 - - [08/Jun/2025:07:51:06 -0600] "GET /index.php/category/uncategorized/?filesrc=/home/tsgmexic/4pie.com.mx/wp-includes/class-wp-block-parser-frame.php&path=/home/tsgmexic/4pie.com.mx/wp-includes HTTP/1.1" 200 62013 "-" "Mozilla/5.0 (compatible; AwarioBot/1.0; +https://awario.com/bots.html)"
217.113.194.103 - - [08/Jun/2025:07:51:07 -0600] "GET /index.php/2025/04/11/plink-casino-app/?path=//proc/737589 HTTP/1.1" 200 68679 "-" "Mozilla/5.0 (compatible; Barkrowler/0.9; +https://babbar.tech/crawler)"
65.21.46.73 - - [08/Jun/2025:07:51:10 -0600] "GET /index.php/category/uncategorized/?filesrc=/home/tsgmexic/4pie.com.mx/wp-includes/class-wp-block-parser.php&path=/home/tsgmexic/4pie.com.mx/wp-includes HTTP/1.1" 200 71868 "-" "Mozilla/5.0 (compatible; AwarioBot/1.0; +https://awario.com/bots.html)"
20.171.207.166 - - [08/Jun/2025:07:51:11 -0600] "GET /?aksi=buatfolder&path=%2Fhome%2Ftsgmexic%2F4pie.com.mx%2Fwp-content%2Fuploads%2Fgravity_forms%2Fe%2Fb%2Fh%2Ff HTTP/1.1" 200 57259 "-" "Mozilla/5.0 AppleWebKit/537.36 (KHTML, like Gecko; compatible; GPTBot/1.2; +https://openai.com/gptbot)"
65.21.46.73 - - [08/Jun/2025:07:51:15 -0600] "GET /index.php/category/uncategorized/?filesrc=/home/tsgmexic/4pie.com.mx/wp-includes/class-wp-block-pattern-categories-registry.php&path=/home/tsgmexic/4pie.com.mx/wp-includes HTTP/1.1" 200 65439 "-" "Mozilla/5.0 (compatible; AwarioBot/1.0; +https://awario.com/bots.html)"
65.21.46.73 - - [08/Jun/2025:07:51:21 -0600] "GET /index.php/category/uncategorized/?filesrc=/home/tsgmexic/4pie.com.mx/wp-includes/class-wp-block-patterns-registry.php&path=/home/tsgmexic/4pie.com.mx/wp-includes HTTP/1.1" 200 70874 "-" "Mozilla/5.0 (compatible; AwarioBot/1.0; +https://awario.com/bots.html)"
217.113.194.106 - - [08/Jun/2025:07:51:25 -0600] "GET /index.php/2025/04/11/plink-casino-app/?path=//proc/737592 HTTP/1.1" 200 68678 "-" "Mozilla/5.0 (compatible; Barkrowler/0.9; +https://babbar.tech/crawler)"
65.21.46.73 - - [08/Jun/2025:07:51:26 -0600] "GET /index.php/category/uncategorized/?filesrc=/home/tsgmexic/4pie.com.mx/wp-includes/class-wp-block-styles-registry.php&path=/home/tsgmexic/4pie.com.mx/wp-includes HTTP/1.1" 200 66457 "-" "Mozilla/5.0 (compatible; AwarioBot/1.0; +https://awario.com/bots.html)"
47.79.120.224 - - [08/Jun/2025:07:51:29 -0600] "GET /index.php/2025/05/25/75-gambling-enterprises-instead-of-gamstop-non-gamstop-gambling-enterprise-internet-sites/ HTTP/1.1" 200 124348 "https://4pie.com.mx/index.php/2025/05/25/75-gambling-enterprises-instead-of-gamstop-non-gamstop-gambling-enterprise-internet-sites/" "Mozilla/5.0 (Windows NT 10.0; Win64; x64) AppleWebKit/537.36 (KHTML, like Gecko) Chrome/114.0.0.0 Safari/537.36 Edg/114.0.1823.43"
20.171.207.166 - - [08/Jun/2025:07:51:30 -0600] "GET /?aksi=buatfolder&path=%2Fhome%2Ftsgmexic%2F4pie.com.mx%2Fwp-content%2Fuploads%2Fgravity_forms%2Fb%2Ff%2Fc%2Fa HTTP/1.1" 200 57259 "-" "Mozilla/5.0 AppleWebKit/537.36 (KHTML, like Gecko; compatible; GPTBot/1.2; +https://openai.com/gptbot)"
65.21.46.73 - - [08/Jun/2025:07:51:32 -0600] "GET /index.php/category/uncategorized/?filesrc=/home/tsgmexic/4pie.com.mx/wp-includes/class-wp-block-supports.php&path=/home/tsgmexic/4pie.com.mx/wp-includes HTTP/1.1" 200 65685 "-" "Mozilla/5.0 (compatible; AwarioBot/1.0; +https://awario.com/bots.html)"
20.171.207.166 - - [08/Jun/2025:07:51:35 -0600] "GET /?aksi=buatfolder&path=%2Fhome%2Ftsgmexic%2F4pie.com.mx%2Fwp-content%2Fuploads%2Fgravity_forms%2Fb%2Ff%2Fh%2Fg HTTP/1.1" 200 57259 "-" "Mozilla/5.0 AppleWebKit/537.36 (KHTML, like Gecko; compatible; GPTBot/1.2; +https://openai.com/gptbot)"
65.21.46.73 - - [08/Jun/2025:07:51:37 -0600] "GET /index.php/category/uncategorized/?filesrc=/home/tsgmexic/4pie.com.mx/wp-includes/class-wp-block-template.php&path=/home/tsgmexic/4pie.com.mx/wp-includes HTTP/1.1" 200 62006 "-" "Mozilla/5.0 (compatible; AwarioBot/1.0; +https://awario.com/bots.html)"
20.171.207.167 - - [08/Jun/2025:07:51:43 -0600] "GET /wp-content/plugins/h5jiz7ib/public/css/cf7-customizer-public.css?ver=1.0.01749390649 HTTP/1.1" 200 2026 "-" "Mozilla/5.0 AppleWebKit/537.36 (KHTML, like Gecko; compatible; GPTBot/1.2; +https://openai.com/gptbot)"
65.21.46.73 - - [08/Jun/2025:07:51:40 -0600] "GET /index.php/category/uncategorized/?filesrc=/home/tsgmexic/4pie.com.mx/wp-includes/class-wp-block-templates-registry.php&path=/home/tsgmexic/4pie.com.mx/wp-includes HTTP/1.1" 200 67386 "-" "Mozilla/5.0 (compatible; AwarioBot/1.0; +https://awario.com/bots.html)"
20.171.207.167 - - [08/Jun/2025:07:51:46 -0600] "GET /wp-content/plugins/h5jiz7ib/public/js/cf7-customizer-public.js?ver=1.0.01749390649 HTTP/1.1" 200 2498 "-" "Mozilla/5.0 AppleWebKit/537.36 (KHTML, like Gecko; compatible; GPTBot/1.2; +https://openai.com/gptbot)"
216.73.216.207 - - [08/Jun/2025:07:51:45 -0600] "GET /index.php/feed?filesrc=%2Fhome%2Ftsgmexic%2F4pie.com.mx%2Fwp-includes%2Fclass-walker-category.php&path=%2Fhome%2Ftsgmexic%2F4pie.com.mx%2Fwp-includes HTTP/1.1" 200 14273 "-" "Mozilla/5.0 AppleWebKit/537.36 (KHTML, like Gecko; compatible; ClaudeBot/1.0; +claudebot@anthropic.com)"
217.113.194.106 - - [08/Jun/2025:07:51:45 -0600] "GET /index.php/2025/04/11/plink-casino-app/?path=//proc/737588 HTTP/1.1" 200 68679 "-" "Mozilla/5.0 (compatible; Barkrowler/0.9; +https://babbar.tech/crawler)"
20.171.207.166 - - [08/Jun/2025:07:51:47 -0600] "GET /?path=%2Fhome%2Ftsgmexic%2F4pie.com.mx%2Fwp-content%2Fuploads%2Fgravity_forms%2Fe%2Fb%2Fg%2Fa HTTP/1.1" 200 60759 "-" "Mozilla/5.0 AppleWebKit/537.36 (KHTML, like Gecko; compatible; GPTBot/1.2; +https://openai.com/gptbot)"
65.21.46.73 - - [08/Jun/2025:07:51:46 -0600] "GET /index.php/category/uncategorized/?filesrc=/home/tsgmexic/4pie.com.mx/wp-includes/class-wp-block-type-registry.php&path=/home/tsgmexic/4pie.com.mx/wp-includes HTTP/1.1" 200 65064 "-" "Mozilla/5.0 (compatible; AwarioBot/1.0; +https://awario.com/bots.html)"
216.73.216.207 - - [08/Jun/2025:07:51:48 -0600] "GET /index.php/feed?path=%2Fhome%2Ftsgmexic%2F4pie.com.mx%2Fwp-includes%2Fblocks HTTP/1.1" 200 186038 "-" "Mozilla/5.0 AppleWebKit/537.36 (KHTML, like Gecko; compatible; ClaudeBot/1.0; +claudebot@anthropic.com)"
20.171.207.166 - - [08/Jun/2025:07:51:50 -0600] "GET /?path=%2Fhome%2Ftsgmexic%2F4pie.com.mx%2Fwp-content%2Fuploads%2Fgravity_forms%2Fe%2Fb%2Fc%2Fb HTTP/1.1" 200 58533 "-" "Mozilla/5.0 AppleWebKit/537.36 (KHTML, like Gecko; compatible; GPTBot/1.2; +https://openai.com/gptbot)"
65.21.46.73 - - [08/Jun/2025:07:51:51 -0600] "GET /index.php/category/uncategorized/?filesrc=/home/tsgmexic/4pie.com.mx/wp-includes/class-wp-block-type.php&path=/home/tsgmexic/4pie.com.mx/wp-includes HTTP/1.1" 200 77390 "-" "Mozilla/5.0 (compatible; AwarioBot/1.0; +https://awario.com/bots.html)"
216.73.216.207 - - [08/Jun/2025:07:51:52 -0600] "GET /index.php/page/2/?filesrc=%2Fhome%2Ftsgmexic%2F4pie.com.mx%2Fwp-includes%2Fcomment-template.php&path=%2Fhome%2Ftsgmexic%2F4pie.com.mx%2Fwp-includes HTTP/1.1" 200 161671 "-" "Mozilla/5.0 AppleWebKit/537.36 (KHTML, like Gecko; compatible; ClaudeBot/1.0; +claudebot@anthropic.com)"
216.73.216.207 - - [08/Jun/2025:07:51:57 -0600] "GET /index.php/page/2/?filesrc=%2Fhome%2Ftsgmexic%2F4pie.com.mx%2Fwp-includes%2Fblocks.php&path=%2Fhome%2Ftsgmexic%2F4pie.com.mx%2Fwp-includes HTTP/1.1" 200 168339 "-" "Mozilla/5.0 AppleWebKit/537.36 (KHTML, like Gecko; compatible; ClaudeBot/1.0; +claudebot@anthropic.com)"
65.21.46.73 - - [08/Jun/2025:07:51:57 -0600] "GET /index.php/category/uncategorized/?filesrc=/home/tsgmexic/4pie.com.mx/wp-includes/class-wp-block.php&path=/home/tsgmexic/4pie.com.mx/wp-includes HTTP/1.1" 200 83824 "-" "Mozilla/5.0 (compatible; AwarioBot/1.0; +https://awario.com/bots.html)"
142.171.127.176 - - [08/Jun/2025:07:52:00 -0600] "POST /wp-cron.php?doing_wp_cron=1749390720.7504251003265380859375 HTTP/1.1" 403 15958 "-" "WordPress/6.8; https://4pie.com.mx"
52.167.144.163 - - [08/Jun/2025:07:52:08 -0600] "GET /67611299411713 HTTP/1.1" 200 144348 "-" "Mozilla/5.0 AppleWebKit/537.36 (KHTML, like Gecko; compatible; bingbot/2.0; +http://www.bing.com/bingbot.htm) Chrome/116.0.1938.76 Safari/537.36"
57.141.2.20 - - [08/Jun/2025:07:52:02 -0600] "GET /wp-sitemap.xml?filesrc=//usr/bin/wmf2eps&path=//usr/bin HTTP/1.1" 200 5160 "-" "meta-externalagent/1.1 (+https://developers.facebook.com/docs/sharing/webmasters/crawler)"
216.73.216.207 - - [08/Jun/2025:07:52:03 -0600] "GET /shopdetail/7098411.html?filesrc=%2Fhome%2Ftsgmexic%2F4pie.com.mx%2Fwp-includes%2Fclass-wp-http-requests-response.php&path=%2Fhome%2Ftsgmexic%2F4pie.com.mx%2Fwp-includes HTTP/1.1" 200 48745 "-" "Mozilla/5.0 AppleWebKit/537.36 (KHTML, like Gecko; compatible; ClaudeBot/1.0; +claudebot@anthropic.com)"
142.171.127.176 - - [08/Jun/2025:07:52:04 -0600] "POST /wp-cron.php?doing_wp_cron=1749390724.2672550678253173828125 HTTP/1.1" 403 15958 "-" "WordPress/6.8; https://4pie.com.mx"
217.113.194.109 - - [08/Jun/2025:07:52:04 -0600] "GET /index.php/2025/04/11/plink-casino-app/?path=//proc/4040050 HTTP/1.1" 200 68684 "-" "Mozilla/5.0 (compatible; Barkrowler/0.9; +https://babbar.tech/crawler)"
65.21.46.73 - - [08/Jun/2025:07:52:07 -0600] "GET /index.php/category/uncategorized/?filesrc=/home/tsgmexic/4pie.com.mx/wp-includes/class-wp-classic-to-block-menu-converter.php&path=/home/tsgmexic/4pie.com.mx/wp-includes HTTP/1.1" 200 64224 "-" "Mozilla/5.0 (compatible; AwarioBot/1.0; +https://awario.com/bots.html)"
52.167.144.235 - - [08/Jun/2025:07:52:13 -0600] "GET /4523669946593 HTTP/1.1" 200 152266 "-" "Mozilla/5.0 AppleWebKit/537.36 (KHTML, like Gecko; compatible; bingbot/2.0; +http://www.bing.com/bingbot.htm) Chrome/116.0.1938.76 Safari/537.36"
20.171.207.166 - - [08/Jun/2025:07:52:06 -0600] "GET /?path=%2Fhome%2Ftsgmexic%2F4pie.com.mx%2Fwp-content%2Fuploads%2Fgravity_forms%2Fe%2Fg%2Ff%2Fd HTTP/1.1" 200 58533 "-" "Mozilla/5.0 AppleWebKit/537.36 (KHTML, like Gecko; compatible; GPTBot/1.2; +https://openai.com/gptbot)"
216.73.216.207 - - [08/Jun/2025:07:52:12 -0600] "GET /shopdetail/7098411.html?filesrc=%2Fhome%2Ftsgmexic%2F4pie.com.mx%2Fwp-includes%2Fclass-wp-block-parser-frame.php&path=%2Fhome%2Ftsgmexic%2F4pie.com.mx%2Fwp-includes HTTP/1.1" 200 7614 "-" "Mozilla/5.0 AppleWebKit/537.36 (KHTML, like Gecko; compatible; ClaudeBot/1.0; +claudebot@anthropic.com)"
65.21.46.73 - - [08/Jun/2025:07:52:16 -0600] "GET /index.php/category/uncategorized/?filesrc=/home/tsgmexic/4pie.com.mx/wp-includes/class-wp-comment-query.php&path=/home/tsgmexic/4pie.com.mx/wp-includes HTTP/1.1" 200 109638 "-" "Mozilla/5.0 (compatible; AwarioBot/1.0; +https://awario.com/bots.html)"
52.167.144.235 - - [08/Jun/2025:07:52:19 -0600] "GET /14496799381833 HTTP/1.1" 200 152996 "-" "Mozilla/5.0 AppleWebKit/537.36 (KHTML, like Gecko; compatible; bingbot/2.0; +http://www.bing.com/bingbot.htm) Chrome/116.0.1938.76 Safari/537.36"
65.21.46.73 - - [08/Jun/2025:07:52:19 -0600] "GET /index.php/category/uncategorized/?filesrc=/home/tsgmexic/4pie.com.mx/wp-includes/class-wp-comment.php&path=/home/tsgmexic/4pie.com.mx/wp-includes HTTP/1.1" 200 69501 "-" "Mozilla/5.0 (compatible; AwarioBot/1.0; +https://awario.com/bots.html)"
65.21.46.73 - - [08/Jun/2025:07:52:23 -0600] "GET /index.php/category/uncategorized/?filesrc=/home/tsgmexic/4pie.com.mx/wp-includes/class-wp-customize-control.php&path=/home/tsgmexic/4pie.com.mx/wp-includes HTTP/1.1" 200 87904 "-" "Mozilla/5.0 (compatible; AwarioBot/1.0; +https://awario.com/bots.html)"
20.171.207.166 - - [08/Jun/2025:07:52:24 -0600] "GET /?path=%2Fhome%2Ftsgmexic%2F4pie.com.mx%2Fwp-content%2Fuploads%2Fgravity_forms%2Fb%2Ff%2Fe%2Fe HTTP/1.1" 200 58533 "-" "Mozilla/5.0 AppleWebKit/537.36 (KHTML, like Gecko; compatible; GPTBot/1.2; +https://openai.com/gptbot)"
217.113.194.105 - - [08/Jun/2025:07:52:27 -0600] "GET /index.php/2025/04/11/plink-casino-app/?path=//proc/1311748 HTTP/1.1" 200 68684 "-" "Mozilla/5.0 (compatible; Barkrowler/0.9; +https://babbar.tech/crawler)"
