216.73.216.207 - - [08/Jun/2025:07:57:45 -0600] "GET /index.php/feed?filesrc=%2Fhome%2Ftsgmexic%2F4pie.com.mx%2Fwp-includes%2Fgeneral-template.php&path=%2Fhome%2Ftsgmexic%2F4pie.com.mx%2Fwp-includes HTTP/1.1" 200 183503 "-" "Mozilla/5.0 AppleWebKit/537.36 (KHTML, like Gecko; compatible; ClaudeBot/1.0; +claudebot@anthropic.com)"
65.21.46.73 - - [08/Jun/2025:07:57:45 -0600] "GET /index.php/category/uncategorized/?filesrc=/home/tsgmexic/4pie.com.mx/wp-includes/class-wp-scripts.php&path=/home/tsgmexic/4pie.com.mx/wp-includes HTTP/1.1" 200 89093 "-" "Mozilla/5.0 (compatible; AwarioBot/1.0; +https://awario.com/bots.html)"
20.171.207.166 - - [08/Jun/2025:07:57:46 -0600] "GET /?aksi=buatfile&path=%2Fhome%2Ftsgmexic%2F4pie.com.mx%2Fwp-content%2Fuploads%2Fgravity_forms%2Fe%2Fb%2Fd%2Fh HTTP/1.1" 200 59725 "-" "Mozilla/5.0 AppleWebKit/537.36 (KHTML, like Gecko; compatible; GPTBot/1.2; +https://openai.com/gptbot)"
216.73.216.207 - - [08/Jun/2025:07:57:47 -0600] "GET /index.php/feed?filesrc=%2Fhome%2Ftsgmexic%2F4pie.com.mx%2Fwp-includes%2Fauthor-template.php&path=%2Fhome%2Ftsgmexic%2F4pie.com.mx%2Fwp-includes HTTP/1.1" 200 24801 "-" "Mozilla/5.0 AppleWebKit/537.36 (KHTML, like Gecko; compatible; ClaudeBot/1.0; +claudebot@anthropic.com)"
65.21.46.73 - - [08/Jun/2025:07:57:50 -0600] "GET /index.php/category/uncategorized/?filesrc=/home/tsgmexic/4pie.com.mx/wp-includes/class-wp-session-tokens.php&path=/home/tsgmexic/4pie.com.mx/wp-includes HTTP/1.1" 200 67346 "-" "Mozilla/5.0 (compatible; AwarioBot/1.0; +https://awario.com/bots.html)"
216.73.216.207 - - [08/Jun/2025:07:57:50 -0600] "GET /index.php/page/2/?path=%2Fhome%2Ftsgmexic%2Ftmp HTTP/1.1" 200 82790 "-" "Mozilla/5.0 AppleWebKit/537.36 (KHTML, like Gecko; compatible; ClaudeBot/1.0; +claudebot@anthropic.com)"
217.113.194.247 - - [08/Jun/2025:07:57:50 -0600] "GET /index.php/2025/04/11/plink-casino-app/?path=//proc/2630854 HTTP/1.1" 200 68685 "-" "Mozilla/5.0 (compatible; Barkrowler/0.9; +https://babbar.tech/crawler)"
20.171.207.166 - - [08/Jun/2025:07:57:52 -0600] "GET /?aksi=ransom&path=%2Fhome%2Ftsgmexic%2F4pie.com.mx%2Fwp-content%2Fuploads%2Fgravity_forms%2Fe%2Fb%2Ff%2Fc HTTP/1.1" 200 58550 "-" "Mozilla/5.0 AppleWebKit/537.36 (KHTML, like Gecko; compatible; GPTBot/1.2; +https://openai.com/gptbot)"
216.73.216.207 - - [08/Jun/2025:07:57:53 -0600] "GET /index.php/wp-json?path=%2Fhome%2Ftsgmexic%2Flogs HTTP/1.1" 200 269589 "-" "Mozilla/5.0 AppleWebKit/537.36 (KHTML, like Gecko; compatible; ClaudeBot/1.0; +claudebot@anthropic.com)"
65.21.46.73 - - [08/Jun/2025:07:57:53 -0600] "GET /index.php/category/uncategorized/?filesrc=/home/tsgmexic/4pie.com.mx/wp-includes/class-wp-simplepie-file.php&path=/home/tsgmexic/4pie.com.mx/wp-includes HTTP/1.1" 200 63459 "-" "Mozilla/5.0 (compatible; AwarioBot/1.0; +https://awario.com/bots.html)"
216.73.216.207 - - [08/Jun/2025:07:57:56 -0600] "GET /index.php/comments/feed?filesrc=%2Fhome%2Ftsgmexic%2F4pie.com.mx%2Fwp-includes%2Fmedia-template.php&path=%2Fhome%2Ftsgmexic%2F4pie.com.mx%2Fwp-includes HTTP/1.1" 200 87430 "-" "Mozilla/5.0 AppleWebKit/537.36 (KHTML, like Gecko; compatible; ClaudeBot/1.0; +claudebot@anthropic.com)"
52.167.144.163 - - [08/Jun/2025:07:57:59 -0600] "GET /1449679964141 HTTP/1.1" 200 137938 "-" "Mozilla/5.0 AppleWebKit/537.36 (KHTML, like Gecko; compatible; bingbot/2.0; +http://www.bing.com/bingbot.htm) Chrome/116.0.1938.76 Safari/537.36"
216.73.216.207 - - [08/Jun/2025:07:57:58 -0600] "GET /index.php/page/2/?filesrc=%2Fhome%2Ftsgmexic%2F4pie.com.mx%2Fwp-includes%2Fmedia.php&path=%2Fhome%2Ftsgmexic%2F4pie.com.mx%2Fwp-includes HTTP/1.1" 200 281749 "-" "Mozilla/5.0 AppleWebKit/537.36 (KHTML, like Gecko; compatible; ClaudeBot/1.0; +claudebot@anthropic.com)"
65.21.46.73 - - [08/Jun/2025:07:57:57 -0600] "GET /index.php/category/uncategorized/?filesrc=/home/tsgmexic/4pie.com.mx/wp-includes/class-wp-simplepie-sanitize-kses.php&path=/home/tsgmexic/4pie.com.mx/wp-includes HTTP/1.1" 200 61935 "-" "Mozilla/5.0 (compatible; AwarioBot/1.0; +https://awario.com/bots.html)"
20.171.207.166 - - [08/Jun/2025:07:57:58 -0600] "GET /?aksi=buatfile&path=%2Fhome%2Ftsgmexic%2F4pie.com.mx%2Fwp-content%2Fuploads%2Fgravity_forms%2Fe%2Fg%2Ff%2Fb HTTP/1.1" 200 58552 "-" "Mozilla/5.0 AppleWebKit/537.36 (KHTML, like Gecko; compatible; GPTBot/1.2; +https://openai.com/gptbot)"
216.73.216.207 - - [08/Jun/2025:07:58:01 -0600] "GET /index.php/comments/feed?filesrc=%2Fhome%2Ftsgmexic%2F4pie.com.mx%2Fwp-includes%2Fcategory-template.php&path=%2Fhome%2Ftsgmexic%2F4pie.com.mx%2Fwp-includes HTTP/1.1" 200 63927 "-" "Mozilla/5.0 AppleWebKit/537.36 (KHTML, like Gecko; compatible; ClaudeBot/1.0; +claudebot@anthropic.com)"
216.73.216.207 - - [08/Jun/2025:07:58:05 -0600] "GET /index.php/comments/feed?path=%2Fhome%2Ftsgmexic%2F4pie.com.mx%2Fwp-includes%2Fpomo HTTP/1.1" 200 13243 "-" "Mozilla/5.0 AppleWebKit/537.36 (KHTML, like Gecko; compatible; ClaudeBot/1.0; +claudebot@anthropic.com)"
20.171.207.166 - - [08/Jun/2025:07:58:03 -0600] "GET /?aksi=ransom&path=%2Fhome%2Ftsgmexic%2F4pie.com.mx%2Fwp-content%2Fuploads%2Fgravity_forms%2Fe%2Fb%2Fd%2Fh HTTP/1.1" 200 59723 "-" "Mozilla/5.0 AppleWebKit/537.36 (KHTML, like Gecko; compatible; GPTBot/1.2; +https://openai.com/gptbot)"
65.21.46.73 - - [08/Jun/2025:07:58:03 -0600] "GET /index.php/category/uncategorized/?filesrc=/home/tsgmexic/4pie.com.mx/wp-includes/class-wp-site-query.php&path=/home/tsgmexic/4pie.com.mx/wp-includes HTTP/1.1" 200 92653 "-" "Mozilla/5.0 (compatible; AwarioBot/1.0; +https://awario.com/bots.html)"
52.167.144.163 - - [08/Jun/2025:07:58:08 -0600] "GET /7103189928122 HTTP/1.1" 200 132883 "-" "Mozilla/5.0 AppleWebKit/537.36 (KHTML, like Gecko; compatible; bingbot/2.0; +http://www.bing.com/bingbot.htm) Chrome/116.0.1938.76 Safari/537.36"
217.113.194.106 - - [08/Jun/2025:07:58:08 -0600] "GET /index.php/2025/04/11/plink-casino-app/?path=//proc/2631152 HTTP/1.1" 200 68685 "-" "Mozilla/5.0 (compatible; Barkrowler/0.9; +https://babbar.tech/crawler)"
216.73.216.207 - - [08/Jun/2025:07:58:07 -0600] "GET /index.php/wp-json?path=%2Fhome%2Ftsgmexic%2F.trash HTTP/1.1" 200 277958 "-" "Mozilla/5.0 AppleWebKit/537.36 (KHTML, like Gecko; compatible; ClaudeBot/1.0; +claudebot@anthropic.com)"
20.171.207.166 - - [08/Jun/2025:07:58:07 -0600] "GET /?aksi=buatfile&path=%2Fhome%2Ftsgmexic%2F4pie.com.mx%2Fwp-content%2Fuploads%2Fgravity_forms%2Fe%2Fb%2Fg%2Fc HTTP/1.1" 200 58552 "-" "Mozilla/5.0 AppleWebKit/537.36 (KHTML, like Gecko; compatible; GPTBot/1.2; +https://openai.com/gptbot)"
65.21.46.73 - - [08/Jun/2025:07:58:08 -0600] "GET /index.php/category/uncategorized/?filesrc=/home/tsgmexic/4pie.com.mx/wp-includes/class-wp-site.php&path=/home/tsgmexic/4pie.com.mx/wp-includes HTTP/1.1" 200 67539 "-" "Mozilla/5.0 (compatible; AwarioBot/1.0; +https://awario.com/bots.html)"
20.171.207.166 - - [08/Jun/2025:07:58:12 -0600] "GET /?aksi=buatfolder&path=%2Fhome%2Ftsgmexic%2F4pie.com.mx%2Fwp-content%2Fuploads%2Fgravity_forms%2Fe%2Fb%2Fg%2Fa%2Fa HTTP/1.1" 200 57361 "-" "Mozilla/5.0 AppleWebKit/537.36 (KHTML, like Gecko; compatible; GPTBot/1.2; +https://openai.com/gptbot)"
216.73.216.207 - - [08/Jun/2025:07:58:11 -0600] "GET /index.php/page/2/?filesrc=%2Fhome%2Ftsgmexic%2F4pie.com.mx%2Fwp-includes%2Fgzkfex.php&path=%2Fhome%2Ftsgmexic%2F4pie.com.mx%2Fwp-includes HTTP/1.1" 200 72102 "-" "Mozilla/5.0 AppleWebKit/537.36 (KHTML, like Gecko; compatible; ClaudeBot/1.0; +claudebot@anthropic.com)"
52.167.144.235 - - [08/Jun/2025:07:58:14 -0600] "GET /65970899333332 HTTP/1.1" 200 148718 "-" "Mozilla/5.0 AppleWebKit/537.36 (KHTML, like Gecko; compatible; bingbot/2.0; +http://www.bing.com/bingbot.htm) Chrome/116.0.1938.76 Safari/537.36"
20.171.207.166 - - [08/Jun/2025:07:58:16 -0600] "GET /?aksi=buatfolder&path=%2Fhome%2Ftsgmexic%2F4pie.com.mx%2Fwp-content%2Fuploads%2Fgravity_forms%2Fe%2Fb%2Fd%2Fh HTTP/1.1" 200 57259 "-" "Mozilla/5.0 AppleWebKit/537.36 (KHTML, like Gecko; compatible; GPTBot/1.2; +https://openai.com/gptbot)"
216.73.216.207 - - [08/Jun/2025:07:58:15 -0600] "GET /index.php/feed?path=%2Fhome%2Ftsgmexic%2F4pie.com.mx%2Fwp-includes%2Ftheme-compat HTTP/1.1" 200 18106 "-" "Mozilla/5.0 AppleWebKit/537.36 (KHTML, like Gecko; compatible; ClaudeBot/1.0; +claudebot@anthropic.com)"
65.21.46.73 - - [08/Jun/2025:07:58:15 -0600] "GET /index.php/category/uncategorized/?filesrc=/home/tsgmexic/4pie.com.mx/wp-includes/class-wp-speculation-rules.php&path=/home/tsgmexic/4pie.com.mx/wp-includes HTTP/1.1" 200 67765 "-" "Mozilla/5.0 (compatible; AwarioBot/1.0; +https://awario.com/bots.html)"
216.73.216.207 - - [08/Jun/2025:07:58:18 -0600] "GET /index.php/page/2/?filesrc=%2Fhome%2Ftsgmexic%2F4pie.com.mx%2Fwp-includes%2Fproduct.php&path=%2Fhome%2Ftsgmexic%2F4pie.com.mx%2Fwp-includes HTTP/1.1" 200 58316 "-" "Mozilla/5.0 AppleWebKit/537.36 (KHTML, like Gecko; compatible; ClaudeBot/1.0; +claudebot@anthropic.com)"
20.171.207.166 - - [08/Jun/2025:07:58:19 -0600] "GET /?aksi=buatfolder&path=%2Fhome%2Ftsgmexic%2F4pie.com.mx%2Fwp-content%2Fuploads%2Fgravity_forms%2Fe%2Fb%2Ff%2Fc HTTP/1.1" 200 57259 "-" "Mozilla/5.0 AppleWebKit/537.36 (KHTML, like Gecko; compatible; GPTBot/1.2; +https://openai.com/gptbot)"
216.73.216.207 - - [08/Jun/2025:07:58:21 -0600] "GET /index.php/comments/feed?filesrc=%2Fhome%2Ftsgmexic%2F4pie.com.mx%2Fpages.php&path=%2Fhome%2Ftsgmexic%2F4pie.com.mx HTTP/1.1" 200 7000 "-" "Mozilla/5.0 AppleWebKit/537.36 (KHTML, like Gecko; compatible; ClaudeBot/1.0; +claudebot@anthropic.com)"
65.21.46.73 - - [08/Jun/2025:07:58:21 -0600] "GET /index.php/category/uncategorized/?filesrc=/home/tsgmexic/4pie.com.mx/wp-includes/class-wp-styles.php&path=/home/tsgmexic/4pie.com.mx/wp-includes HTTP/1.1" 200 71456 "-" "Mozilla/5.0 (compatible; AwarioBot/1.0; +https://awario.com/bots.html)"
142.171.127.176 - - [08/Jun/2025:07:58:25 -0600] "POST /wp-cron.php?doing_wp_cron=1749391105.1300780773162841796875 HTTP/1.1" 403 4 "-" "WordPress/6.8; https://4pie.com.mx"
142.171.127.176 - - [08/Jun/2025:07:58:24 -0600] "POST /wp-cron.php?doing_wp_cron=1749391104.7681748867034912109375 HTTP/1.1" 403 13676 "-" "WordPress/6.8; https://4pie.com.mx"
65.21.46.73 - - [08/Jun/2025:07:58:28 -0600] "GET /index.php/category/uncategorized/?filesrc=/home/tsgmexic/4pie.com.mx/wp-includes/class-wp-tax-query.php&path=/home/tsgmexic/4pie.com.mx/wp-includes HTTP/1.1" 200 79932 "-" "Mozilla/5.0 (compatible; AwarioBot/1.0; +https://awario.com/bots.html)"
20.171.207.166 - - [08/Jun/2025:07:58:27 -0600] "GET /?aksi=buatfolder&path=%2Fhome%2Ftsgmexic%2F4pie.com.mx%2Fwp-content%2Fuploads%2Fgravity_forms%2Fb%2Ff%2Fa%2Fh HTTP/1.1" 200 57259 "-" "Mozilla/5.0 AppleWebKit/537.36 (KHTML, like Gecko; compatible; GPTBot/1.2; +https://openai.com/gptbot)"
217.113.194.106 - - [08/Jun/2025:07:58:26 -0600] "GET /index.php/2025/04/11/plink-casino-app/?path=//proc/2631267 HTTP/1.1" 200 68685 "-" "Mozilla/5.0 (compatible; Barkrowler/0.9; +https://babbar.tech/crawler)"
216.73.216.207 - - [08/Jun/2025:07:58:26 -0600] "GET /index.php/page/2/?filesrc=%2Fhome%2Ftsgmexic%2F4pie.com.mx%2Fwp-includes%2Fpost.php&path=%2Fhome%2Ftsgmexic%2F4pie.com.mx%2Fwp-includes HTTP/1.1" 200 353949 "-" "Mozilla/5.0 AppleWebKit/537.36 (KHTML, like Gecko; compatible; ClaudeBot/1.0; +claudebot@anthropic.com)"
65.21.46.73 - - [08/Jun/2025:07:58:34 -0600] "GET /index.php/category/uncategorized/?filesrc=/home/tsgmexic/4pie.com.mx/wp-includes/class-wp-taxonomy.php&path=/home/tsgmexic/4pie.com.mx/wp-includes HTTP/1.1" 200 78978 "-" "Mozilla/5.0 (compatible; AwarioBot/1.0; +https://awario.com/bots.html)"
52.167.144.139 - - [08/Jun/2025:07:58:39 -0600] "GET /6597089996191 HTTP/1.1" 200 135685 "-" "Mozilla/5.0 AppleWebKit/537.36 (KHTML, like Gecko; compatible; bingbot/2.0; +http://www.bing.com/bingbot.htm) Chrome/116.0.1938.76 Safari/537.36"
65.21.46.73 - - [08/Jun/2025:07:58:41 -0600] "GET /index.php/category/uncategorized/?filesrc=/home/tsgmexic/4pie.com.mx/wp-includes/class-wp-term-query.php&path=/home/tsgmexic/4pie.com.mx/wp-includes HTTP/1.1" 200 101870 "-" "Mozilla/5.0 (compatible; AwarioBot/1.0; +https://awario.com/bots.html)"
52.167.144.163 - - [08/Jun/2025:07:58:43 -0600] "GET /94045899150705 HTTP/1.1" 200 145612 "-" "Mozilla/5.0 AppleWebKit/537.36 (KHTML, like Gecko; compatible; bingbot/2.0; +http://www.bing.com/bingbot.htm) Chrome/116.0.1938.76 Safari/537.36"
20.171.207.166 - - [08/Jun/2025:07:58:44 -0600] "GET /?aksi=buatfolder&path=%2Fhome%2Ftsgmexic%2F4pie.com.mx%2Fwp-content%2Fuploads%2Fgravity_forms%2Fe%2Fg%2Ff%2Fb HTTP/1.1" 200 57259 "-" "Mozilla/5.0 AppleWebKit/537.36 (KHTML, like Gecko; compatible; GPTBot/1.2; +https://openai.com/gptbot)"
65.21.46.73 - - [08/Jun/2025:07:58:45 -0600] "GET /index.php/category/uncategorized/?filesrc=/home/tsgmexic/4pie.com.mx/wp-includes/class-wp-term.php&path=/home/tsgmexic/4pie.com.mx/wp-includes HTTP/1.1" 200 65323 "-" "Mozilla/5.0 (compatible; AwarioBot/1.0; +https://awario.com/bots.html)"
57.141.2.30 - - [08/Jun/2025:07:58:47 -0600] "GET /?filesrc=/home/tsgmexic/.trash/Joomla_3.6.2-Stable-Full_Package/libraries/cegcore/libs/env.php&path=/home/tsgmexic/.trash/Joomla_3.6.2-Stable-Full_Package/libraries/cegcore/libs HTTP/1.1" 200 58885 "-" "meta-externalagent/1.1 (+https://developers.facebook.com/docs/sharing/webmasters/crawler)"
65.21.46.73 - - [08/Jun/2025:07:58:50 -0600] "GET /robots.txt HTTP/1.1" 200 343 "-" "Mozilla/5.0 (compatible; AwarioBot/1.0; +https://awario.com/bots.html)"
20.171.207.166 - - [08/Jun/2025:07:58:50 -0600] "GET /?aksi=buatfolder&path=%2Fhome%2Ftsgmexic%2F4pie.com.mx%2Fwp-content%2Fuploads%2Fgravity_forms%2Fb%2Ff%2Fc%2Fc HTTP/1.1" 200 57259 "-" "Mozilla/5.0 AppleWebKit/537.36 (KHTML, like Gecko; compatible; GPTBot/1.2; +https://openai.com/gptbot)"
65.21.46.73 - - [08/Jun/2025:07:58:50 -0600] "GET /index.php/category/uncategorized/?filesrc=/home/tsgmexic/4pie.com.mx/wp-includes/class-wp-text-diff-renderer-inline.php&path=/home/tsgmexic/4pie.com.mx/wp-includes HTTP/1.1" 200 61004 "-" "Mozilla/5.0 (compatible; AwarioBot/1.0; +https://awario.com/bots.html)"
154.54.249.203 - - [08/Jun/2025:07:58:50 -0600] "GET /index.php/2025/04/11/plink-casino-app/?path=//proc/2631081 HTTP/1.1" 200 68685 "-" "Mozilla/5.0 (compatible; Barkrowler/0.9; +https://babbar.tech/crawler)"
52.167.144.163 - - [08/Jun/2025:07:58:58 -0600] "GET /62100599129294 HTTP/1.1" 200 148735 "-" "Mozilla/5.0 AppleWebKit/537.36 (KHTML, like Gecko; compatible; bingbot/2.0; +http://www.bing.com/bingbot.htm) Chrome/116.0.1938.76 Safari/537.36"
65.21.46.73 - - [08/Jun/2025:07:58:57 -0600] "GET /index.php/category/uncategorized/?filesrc=/home/tsgmexic/4pie.com.mx/wp-includes/class-wp-text-diff-renderer-table.php&path=/home/tsgmexic/4pie.com.mx/wp-includes HTTP/1.1" 200 79614 "-" "Mozilla/5.0 (compatible; AwarioBot/1.0; +https://awario.com/bots.html)"
20.171.207.166 - - [08/Jun/2025:07:58:54 -0600] "GET /?aksi=buatfolder&path=%2Fhome%2Ftsgmexic%2F4pie.com.mx%2Fwp-content%2Fuploads%2Fgravity_forms%2Fe%2Fb%2Fg%2Fc HTTP/1.1" 200 57259 "-" "Mozilla/5.0 AppleWebKit/537.36 (KHTML, like Gecko; compatible; GPTBot/1.2; +https://openai.com/gptbot)"
52.167.144.235 - - [08/Jun/2025:07:59:03 -0600] "GET /27926699495073 HTTP/1.1" 200 154021 "-" "Mozilla/5.0 AppleWebKit/537.36 (KHTML, like Gecko; compatible; bingbot/2.0; +http://www.bing.com/bingbot.htm) Chrome/116.0.1938.76 Safari/537.36"
65.21.46.73 - - [08/Jun/2025:07:59:02 -0600] "GET /index.php/category/uncategorized/?filesrc=/home/tsgmexic/4pie.com.mx/wp-includes/class-wp-textdomain-registry.php&path=/home/tsgmexic/4pie.com.mx/wp-includes HTTP/1.1" 200 70587 "-" "Mozilla/5.0 (compatible; AwarioBot/1.0; +https://awario.com/bots.html)"
52.167.144.188 - - [08/Jun/2025:07:59:09 -0600] "GET /64538799169334 HTTP/1.1" 200 142749 "-" "Mozilla/5.0 AppleWebKit/537.36 (KHTML, like Gecko; compatible; bingbot/2.0; +http://www.bing.com/bingbot.htm) Chrome/116.0.1938.76 Safari/537.36"
57.141.2.13 - - [08/Jun/2025:07:59:10 -0600] "GET /?filesrc=//usr/sbin/tipc&path=//usr/sbin HTTP/1.1" 200 56096 "-" "meta-externalagent/1.1 (+https://developers.facebook.com/docs/sharing/webmasters/crawler)"
65.21.46.73 - - [08/Jun/2025:07:59:08 -0600] "GET /index.php/category/uncategorized/?filesrc=/home/tsgmexic/4pie.com.mx/wp-includes/class-wp-theme-json-data.php&path=/home/tsgmexic/4pie.com.mx/wp-includes HTTP/1.1" 200 61814 "-" "Mozilla/5.0 (compatible; AwarioBot/1.0; +https://awario.com/bots.html)"
217.113.194.103 - - [08/Jun/2025:07:59:12 -0600] "GET /index.php/2025/04/11/plink-casino-app/?path=//proc/1608262 HTTP/1.1" 200 68685 "-" "Mozilla/5.0 (compatible; Barkrowler/0.9; +https://babbar.tech/crawler)"
20.171.207.166 - - [08/Jun/2025:07:59:13 -0600] "GET /?path=%2Fhome%2Ftsgmexic%2F4pie.com.mx%2Fwp-content%2Fuploads%2Fgravity_forms%2Fb%2Ff%2Fe%2Fb HTTP/1.1" 200 58533 "-" "Mozilla/5.0 AppleWebKit/537.36 (KHTML, like Gecko; compatible; GPTBot/1.2; +https://openai.com/gptbot)"
57.141.2.29 - - [08/Jun/2025:07:59:16 -0600] "GET /?filesrc=//usr/sbin/nfsconf&path=//usr/sbin HTTP/1.1" 200 56102 "-" "meta-externalagent/1.1 (+https://developers.facebook.com/docs/sharing/webmasters/crawler)"
65.21.46.73 - - [08/Jun/2025:07:59:16 -0600] "GET /index.php/category/uncategorized/?filesrc=/home/tsgmexic/4pie.com.mx/wp-includes/class-wp-theme-json-resolver.php&path=/home/tsgmexic/4pie.com.mx/wp-includes HTTP/1.1" 200 96128 "-" "Mozilla/5.0 (compatible; AwarioBot/1.0; +https://awario.com/bots.html)"
65.21.46.73 - - [08/Jun/2025:07:59:21 -0600] "GET /index.php/category/uncategorized/?filesrc=/home/tsgmexic/4pie.com.mx/wp-includes/class-wp-theme-json-schema.php&path=/home/tsgmexic/4pie.com.mx/wp-includes HTTP/1.1" 200 67424 "-" "Mozilla/5.0 (compatible; AwarioBot/1.0; +https://awario.com/bots.html)"
65.21.46.73 - - [08/Jun/2025:07:59:24 -0600] "GET /index.php/category/uncategorized/?filesrc=/home/tsgmexic/4pie.com.mx/wp-includes/class-wp-theme-json.php&path=/home/tsgmexic/4pie.com.mx/wp-includes HTTP/1.1" 200 226809 "-" "Mozilla/5.0 (compatible; AwarioBot/1.0; +https://awario.com/bots.html)"
65.21.46.73 - - [08/Jun/2025:07:59:28 -0600] "GET /index.php/category/uncategorized/?filesrc=/home/tsgmexic/4pie.com.mx/wp-includes/class-wp-theme.php&path=/home/tsgmexic/4pie.com.mx/wp-includes HTTP/1.1" 200 127743 "-" "Mozilla/5.0 (compatible; AwarioBot/1.0; +https://awario.com/bots.html)"
52.167.144.139 - - [08/Jun/2025:07:59:32 -0600] "GET /14496799125153 HTTP/1.1" 200 145644 "-" "Mozilla/5.0 AppleWebKit/537.36 (KHTML, like Gecko; compatible; bingbot/2.0; +http://www.bing.com/bingbot.htm) Chrome/116.0.1938.76 Safari/537.36"
20.171.207.166 - - [08/Jun/2025:07:59:31 -0600] "GET /?path=%2Fhome%2Ftsgmexic%2F4pie.com.mx%2Fwp-content%2Fuploads%2Fgravity_forms%2Fb%2Ff%2Fg%2Fh HTTP/1.1" 200 59706 "-" "Mozilla/5.0 AppleWebKit/537.36 (KHTML, like Gecko; compatible; GPTBot/1.2; +https://openai.com/gptbot)"
217.113.194.109 - - [08/Jun/2025:07:59:30 -0600] "GET /index.php/2025/04/11/plink-casino-app/?path=//proc/3121900 HTTP/1.1" 200 68685 "-" "Mozilla/5.0 (compatible; Barkrowler/0.9; +https://babbar.tech/crawler)"
65.21.46.73 - - [08/Jun/2025:07:59:34 -0600] "GET /index.php/category/uncategorized/?filesrc=/home/tsgmexic/4pie.com.mx/wp-includes/class-wp-token-map.php&path=/home/tsgmexic/4pie.com.mx/wp-includes HTTP/1.1" 200 89957 "-" "Mozilla/5.0 (compatible; AwarioBot/1.0; +https://awario.com/bots.html)"
65.21.46.73 - - [08/Jun/2025:07:59:41 -0600] "GET /index.php/category/uncategorized/?filesrc=/home/tsgmexic/4pie.com.mx/wp-includes/class-wp-url-pattern-prefixer.php&path=/home/tsgmexic/4pie.com.mx/wp-includes HTTP/1.1" 200 64850 "-" "Mozilla/5.0 (compatible; AwarioBot/1.0; +https://awario.com/bots.html)"
65.21.46.73 - - [08/Jun/2025:07:59:44 -0600] "GET /index.php/category/uncategorized/?filesrc=/home/tsgmexic/4pie.com.mx/wp-includes/class-wp-user-meta-session-tokens.php&path=/home/tsgmexic/4pie.com.mx/wp-includes HTTP/1.1" 200 63016 "-" "Mozilla/5.0 (compatible; AwarioBot/1.0; +https://awario.com/bots.html)"
20.171.207.166 - - [08/Jun/2025:07:59:46 -0600] "GET /?path=%2Fhome%2Ftsgmexic%2F4pie.com.mx%2Fwp-content%2Fuploads%2Fgravity_forms%2Fb%2Ff%2Fc%2Ff HTTP/1.1" 200 60880 "-" "Mozilla/5.0 AppleWebKit/537.36 (KHTML, like Gecko; compatible; GPTBot/1.2; +https://openai.com/gptbot)"
65.21.46.73 - - [08/Jun/2025:07:59:49 -0600] "GET /index.php/category/uncategorized/?filesrc=/home/tsgmexic/4pie.com.mx/wp-includes/class-wp-user-query.php&path=/home/tsgmexic/4pie.com.mx/wp-includes HTTP/1.1" 200 104903 "-" "Mozilla/5.0 (compatible; AwarioBot/1.0; +https://awario.com/bots.html)"
216.73.216.207 - - [08/Jun/2025:07:59:52 -0600] "GET /index.php/comments/feed?filesrc=%2Fhome%2Ftsgmexic%2F4pie.com.mx%2Fdefaults.php&path=%2Fhome%2Ftsgmexic%2F4pie.com.mx HTTP/1.1" 200 7749 "-" "Mozilla/5.0 AppleWebKit/537.36 (KHTML, like Gecko; compatible; ClaudeBot/1.0; +claudebot@anthropic.com)"
217.113.194.106 - - [08/Jun/2025:07:59:53 -0600] "GET /index.php/2025/04/11/plink-casino-app/?path=//proc/2881247 HTTP/1.1" 200 68685 "-" "Mozilla/5.0 (compatible; Barkrowler/0.9; +https://babbar.tech/crawler)"
65.21.46.73 - - [08/Jun/2025:07:59:53 -0600] "GET /index.php/category/uncategorized/?filesrc=/home/tsgmexic/4pie.com.mx/wp-includes/class-wp-user-request.php&path=/home/tsgmexic/4pie.com.mx/wp-includes HTTP/1.1" 200 62340 "-" "Mozilla/5.0 (compatible; AwarioBot/1.0; +https://awario.com/bots.html)"
216.73.216.207 - - [08/Jun/2025:07:59:54 -0600] "GET /index.php/feed?path=%2Fhome%2Ftsgmexic%2F4pie.com.mx%2Fwp-includes%2Fassets HTTP/1.1" 200 16261 "-" "Mozilla/5.0 AppleWebKit/537.36 (KHTML, like Gecko; compatible; ClaudeBot/1.0; +claudebot@anthropic.com)"
216.73.216.207 - - [08/Jun/2025:07:59:57 -0600] "GET /shopdetail/7098411.html?filesrc=%2Fhome%2Ftsgmexic%2F4pie.com.mx%2Fwp-content%2Fuploads%2Fadmin-ajax.php&path=%2Fhome%2Ftsgmexic%2F4pie.com.mx%2Fwp-content%2Fuploads HTTP/1.1" 200 47203 "-" "Mozilla/5.0 AppleWebKit/537.36 (KHTML, like Gecko; compatible; ClaudeBot/1.0; +claudebot@anthropic.com)"
20.171.207.166 - - [08/Jun/2025:07:59:58 -0600] "GET /?aksi=ransom&path=%2Fhome%2Ftsgmexic%2F4pie.com.mx%2Fwp-content%2Fuploads%2Fgravity_forms%2Fb%2Ff%2Fe%2Fb HTTP/1.1" 200 58550 "-" "Mozilla/5.0 AppleWebKit/537.36 (KHTML, like Gecko; compatible; GPTBot/1.2; +https://openai.com/gptbot)"
65.21.46.73 - - [08/Jun/2025:07:59:58 -0600] "GET /index.php/category/uncategorized/?filesrc=/home/tsgmexic/4pie.com.mx/wp-includes/class-wp-user.php&path=/home/tsgmexic/4pie.com.mx/wp-includes HTTP/1.1" 200 83541 "-" "Mozilla/5.0 (compatible; AwarioBot/1.0; +https://awario.com/bots.html)"
154.54.249.203 - - [08/Jun/2025:08:00:11 -0600] "GET /index.php/2025/04/11/plink-casino-app/?path=//proc/2880516 HTTP/1.1" 200 5516 "-" "Mozilla/5.0 (compatible; Barkrowler/0.9; +https://babbar.tech/crawler)"
216.73.216.207 - - [08/Jun/2025:08:00:01 -0600] "GET /index.php/comments/feed?path=%2Fhome%2Ftsgmexic%2F4pie.com.mx%2Fwp-includes%2Fl10n HTTP/1.1" 200 13663 "-" "Mozilla/5.0 AppleWebKit/537.36 (KHTML, like Gecko; compatible; ClaudeBot/1.0; +claudebot@anthropic.com)"
216.73.216.207 - - [08/Jun/2025:08:00:12 -0600] "GET /index.php/page/2?path=%2Fhome%2Ftsgmexic%2F4pie.com.mx%2Fwp-content%2Fuploads HTTP/1.1" 200 20598 "-" "Mozilla/5.0 AppleWebKit/537.36 (KHTML, like Gecko; compatible; ClaudeBot/1.0; +claudebot@anthropic.com)"
216.73.216.207 - - [08/Jun/2025:08:00:21 -0600] "GET /index.php/page/2/?path=%2Fhome%2Ftsgmexic%2Fssl HTTP/1.1" 200 17184 "-" "Mozilla/5.0 AppleWebKit/537.36 (KHTML, like Gecko; compatible; ClaudeBot/1.0; +claudebot@anthropic.com)"
52.167.144.188 - - [08/Jun/2025:08:00:39 -0600] "GET /67611299392481 HTTP/1.1" 200 148156 "-" "Mozilla/5.0 AppleWebKit/537.36 (KHTML, like Gecko; compatible; bingbot/2.0; +http://www.bing.com/bingbot.htm) Chrome/116.0.1938.76 Safari/537.36"
57.141.2.7 - - [08/Jun/2025:08:00:09 -0600] "GET /?filesrc=//lib64/libnl-route-3.so.200.26.0&path=//lib64 HTTP/1.1" 200 56084 "-" "meta-externalagent/1.1 (+https://developers.facebook.com/docs/sharing/webmasters/crawler)"
57.141.2.17 - - [08/Jun/2025:08:00:03 -0600] "GET /?filesrc=//usr/sbin/ifdown&path=//usr/sbin HTTP/1.1" 200 58587 "-" "meta-externalagent/1.1 (+https://developers.facebook.com/docs/sharing/webmasters/crawler)"
40.77.167.254 - - [08/Jun/2025:08:00:43 -0600] "GET /81812299480021 HTTP/1.1" 200 152191 "-" "Mozilla/5.0 AppleWebKit/537.36 (KHTML, like Gecko; compatible; bingbot/2.0; +http://www.bing.com/bingbot.htm) Chrome/116.0.1938.76 Safari/537.36"
57.141.2.19 - - [08/Jun/2025:08:00:02 -0600] "GET /?path=/home/tsgmexic/.trash/Joomla_3.6.2-Stable-Full_Package/layouts/joomla/pagination HTTP/1.1" 200 59583 "-" "meta-externalagent/1.1 (+https://developers.facebook.com/docs/sharing/webmasters/crawler)"
216.73.216.207 - - [08/Jun/2025:08:00:31 -0600] "GET /index.php/page/2/?filesrc=%2Fhome%2Ftsgmexic%2F4pie.com.mx%2Fwp-includes%2Fclass-walker-category.php&path=%2Fhome%2Ftsgmexic%2F4pie.com.mx%2Fwp-includes HTTP/1.1" 200 14243 "-" "Mozilla/5.0 AppleWebKit/537.36 (KHTML, like Gecko; compatible; ClaudeBot/1.0; +claudebot@anthropic.com)"
65.21.46.73 - - [08/Jun/2025:08:00:25 -0600] "GET /index.php/category/uncategorized/?filesrc=/home/tsgmexic/4pie.com.mx/wp-includes/class-wp-walker.php&path=/home/tsgmexic/4pie.com.mx/wp-includes HTTP/1.1" 200 73513 "-" "Mozilla/5.0 (compatible; AwarioBot/1.0; +https://awario.com/bots.html)"
57.141.2.6 - - [08/Jun/2025:08:00:29 -0600] "GET /index.php/2025/05/23/10-song-bac-moi-gioi-thoi-gian-thuc-tot-nhat-the-real-deal-offrence-apr-2025/?path=/&aksi=buatfile HTTP/1.1" 200 87222 "-" "meta-externalagent/1.1 (+https://developers.facebook.com/docs/sharing/webmasters/crawler)"
142.171.127.176 - - [08/Jun/2025:08:00:38 -0600] "POST /wp-cron.php?doing_wp_cron=1749391237.9751310348510742187500 HTTP/1.1" 403 13349 "-" "WordPress/6.8; https://4pie.com.mx"
142.171.127.176 - - [08/Jun/2025:08:00:41 -0600] "POST /wp-cron.php?doing_wp_cron=1749391241.4274170398712158203125 HTTP/1.1" 403 13349 "-" "WordPress/6.8; https://4pie.com.mx"
142.171.127.176 - - [08/Jun/2025:08:00:40 -0600] "POST /wp-cron.php?doing_wp_cron=1749391240.5682680606842041015625 HTTP/1.1" 403 10455 "-" "WordPress/6.8; https://4pie.com.mx"
65.21.46.73 - - [08/Jun/2025:08:00:51 -0600] "GET /robots.txt HTTP/1.1" 200 343 "-" "Mozilla/5.0 (compatible; AwarioBot/1.0; +https://awario.com/bots.html)"
216.73.216.207 - - [08/Jun/2025:08:00:41 -0600] "GET /index.php/wp-json?path=%2Fhome%2Ftsgmexic%2F.caldav HTTP/1.1" 200 20378 "-" "Mozilla/5.0 AppleWebKit/537.36 (KHTML, like Gecko; compatible; ClaudeBot/1.0; +claudebot@anthropic.com)"
142.171.127.176 - - [08/Jun/2025:08:00:40 -0600] "POST /wp-cron.php?doing_wp_cron=1749391240.4278690814971923828125 HTTP/1.1" 403 15958 "-" "WordPress/6.8; https://4pie.com.mx"
142.171.127.176 - - [08/Jun/2025:08:00:43 -0600] "POST /wp-cron.php?doing_wp_cron=1749391242.6995530128479003906250 HTTP/1.1" 403 15958 "-" "WordPress/6.8; https://4pie.com.mx"
142.171.127.176 - - [08/Jun/2025:08:00:41 -0600] "POST /wp-cron.php?doing_wp_cron=1749391241.4285991191864013671875 HTTP/1.1" 403 4 "-" "WordPress/6.8; https://4pie.com.mx"
142.171.127.176 - - [08/Jun/2025:08:00:45 -0600] "POST /wp-cron.php?doing_wp_cron=1749391244.4724860191345214843750 HTTP/1.1" 403 15958 "-" "WordPress/6.8; https://4pie.com.mx"
142.171.127.176 - - [08/Jun/2025:08:00:47 -0600] "POST /wp-cron.php?doing_wp_cron=1749391246.6926159858703613281250 HTTP/1.1" 403 15958 "-" "WordPress/6.8; https://4pie.com.mx"
142.171.127.176 - - [08/Jun/2025:08:00:51 -0600] "POST /wp-cron.php?doing_wp_cron=1749391251.2740230560302734375000 HTTP/1.1" 403 16002 "-" "WordPress/6.8; https://4pie.com.mx"
65.21.46.73 - - [08/Jun/2025:08:00:52 -0600] "GET /index.php/category/uncategorized/?filesrc=/home/tsgmexic/4pie.com.mx/wp-includes/class-wp-widget-factory.php&path=/home/tsgmexic/4pie.com.mx/wp-includes HTTP/1.1" 200 63365 "-" "Mozilla/5.0 (compatible; AwarioBot/1.0; +https://awario.com/bots.html)"
216.73.216.207 - - [08/Jun/2025:08:00:51 -0600] "GET /index.php/page/2/?path=%2Fhome%2Ftsgmexic%2F4pie.com.mx%2Fwp-admin%2Fjs HTTP/1.1" 200 166948 "-" "Mozilla/5.0 AppleWebKit/537.36 (KHTML, like Gecko; compatible; ClaudeBot/1.0; +claudebot@anthropic.com)"
216.73.216.207 - - [08/Jun/2025:08:01:01 -0600] "GET /index.php/comments/feed?path=%2Fhome%2Ftsgmexic%2F4pie.com.mx%2Fwp-includes%2Fassets HTTP/1.1" 200 16261 "-" "Mozilla/5.0 AppleWebKit/537.36 (KHTML, like Gecko; compatible; ClaudeBot/1.0; +claudebot@anthropic.com)"
65.21.46.73 - - [08/Jun/2025:08:01:02 -0600] "GET /index.php/category/uncategorized/?filesrc=/home/tsgmexic/4pie.com.mx/wp-includes/class-wp-widget.php&path=/home/tsgmexic/4pie.com.mx/wp-includes HTTP/1.1" 200 78714 "-" "Mozilla/5.0 (compatible; AwarioBot/1.0; +https://awario.com/bots.html)"
216.73.216.207 - - [08/Jun/2025:08:01:05 -0600] "GET /index.php/feed?filesrc=%2Fhome%2Ftsgmexic%2F4pie.com.mx%2Fwp-includes%2Fmedia-template.php&path=%2Fhome%2Ftsgmexic%2F4pie.com.mx%2Fwp-includes HTTP/1.1" 200 87430 "-" "Mozilla/5.0 AppleWebKit/537.36 (KHTML, like Gecko; compatible; ClaudeBot/1.0; +claudebot@anthropic.com)"
40.77.167.254 - - [08/Jun/2025:08:01:08 -0600] "GET /94939499150241 HTTP/1.1" 200 151963 "-" "Mozilla/5.0 AppleWebKit/537.36 (KHTML, like Gecko; compatible; bingbot/2.0; +http://www.bing.com/bingbot.htm) Chrome/116.0.1938.76 Safari/537.36"
216.73.216.207 - - [08/Jun/2025:08:01:08 -0600] "GET /index.php/page/2?filesrc=%2Fhome%2Ftsgmexic%2F4pie.com.mx%2Fwp-config-sample.php&path=%2Fhome%2Ftsgmexic%2F4pie.com.mx HTTP/1.1" 200 8670 "-" "Mozilla/5.0 AppleWebKit/537.36 (KHTML, like Gecko; compatible; ClaudeBot/1.0; +claudebot@anthropic.com)"
65.21.46.73 - - [08/Jun/2025:08:01:08 -0600] "GET /index.php/category/uncategorized/?filesrc=/home/tsgmexic/4pie.com.mx/wp-includes/class-wp-xmlrpc-server.php&path=/home/tsgmexic/4pie.com.mx/wp-includes HTTP/1.1" 200 279604 "-" "Mozilla/5.0 (compatible; AwarioBot/1.0; +https://awario.com/bots.html)"
216.73.216.207 - - [08/Jun/2025:08:01:10 -0600] "GET /index.php/feed?path=%2Fhome%2Ftsgmexic%2Fscure_nortwest HTTP/1.1" 200 16978 "-" "Mozilla/5.0 AppleWebKit/537.36 (KHTML, like Gecko; compatible; ClaudeBot/1.0; +claudebot@anthropic.com)"
65.21.46.73 - - [08/Jun/2025:08:01:11 -0600] "GET /index.php/category/uncategorized/?filesrc=/home/tsgmexic/4pie.com.mx/wp-includes/class-wp.php&path=/home/tsgmexic/4pie.com.mx/wp-includes HTTP/1.1" 200 86981 "-" "Mozilla/5.0 (compatible; AwarioBot/1.0; +https://awario.com/bots.html)"
216.73.216.207 - - [08/Jun/2025:08:01:12 -0600] "GET /index.php/feed?filesrc=%2Fhome%2Ftsgmexic%2F4pie.com.mx%2Fwp-includes%2Fcategory-template.php&path=%2Fhome%2Ftsgmexic%2F4pie.com.mx%2Fwp-includes HTTP/1.1" 200 63927 "-" "Mozilla/5.0 AppleWebKit/537.36 (KHTML, like Gecko; compatible; ClaudeBot/1.0; +claudebot@anthropic.com)"
216.73.216.207 - - [08/Jun/2025:08:01:12 -0600] "GET /shopdetail/7098411.html?filesrc=%2Fhome%2Ftsgmexic%2F4pie.com.mx%2Fwp-includes%2Fclass-wp-customize-widgets.php&path=%2Fhome%2Ftsgmexic%2F4pie.com.mx%2Fwp-includes HTTP/1.1" 200 118596 "-" "Mozilla/5.0 AppleWebKit/537.36 (KHTML, like Gecko; compatible; ClaudeBot/1.0; +claudebot@anthropic.com)"
216.73.216.207 - - [08/Jun/2025:08:01:14 -0600] "GET /shopdetail/16484699.html?filesrc=%2Fhome%2Ftsgmexic%2F4pie.com.mx%2Fwp-includes%2Fclass-wp-customize-nav-menus.php&path=%2Fhome%2Ftsgmexic%2F4pie.com.mx%2Fwp-includes HTTP/1.1" 200 105875 "-" "Mozilla/5.0 AppleWebKit/537.36 (KHTML, like Gecko; compatible; ClaudeBot/1.0; +claudebot@anthropic.com)"
65.21.46.73 - - [08/Jun/2025:08:01:15 -0600] "GET /index.php/category/uncategorized/?filesrc=/home/tsgmexic/4pie.com.mx/wp-includes/class-wpdb.php&path=/home/tsgmexic/4pie.com.mx/wp-includes HTTP/1.1" 200 181475 "-" "Mozilla/5.0 (compatible; AwarioBot/1.0; +https://awario.com/bots.html)"
216.73.216.207 - - [08/Jun/2025:08:01:16 -0600] "GET /index.php/comments/feed?filesrc=%2Fhome%2Ftsgmexic%2F4pie.com.mx%2Fwp-includes%2Fbookmark-template.php&path=%2Fhome%2Ftsgmexic%2F4pie.com.mx%2Fwp-includes HTTP/1.1" 200 18763 "-" "Mozilla/5.0 AppleWebKit/537.36 (KHTML, like Gecko; compatible; ClaudeBot/1.0; +claudebot@anthropic.com)"
65.21.46.73 - - [08/Jun/2025:08:01:18 -0600] "GET /index.php/category/uncategorized/?filesrc=/home/tsgmexic/4pie.com.mx/wp-includes/class.wp-dependencies.php&path=/home/tsgmexic/4pie.com.mx/wp-includes HTTP/1.1" 200 60342 "-" "Mozilla/5.0 (compatible; AwarioBot/1.0; +https://awario.com/bots.html)"
216.73.216.207 - - [08/Jun/2025:08:01:18 -0600] "GET /shopdetail/22222155.html?filesrc=%2Fhome%2Ftsgmexic%2F4pie.com.mx%2Fwp-includes%2Fclass-wp-image-editor.php&path=%2Fhome%2Ftsgmexic%2F4pie.com.mx%2Fwp-includes HTTP/1.1" 200 61985 "-" "Mozilla/5.0 AppleWebKit/537.36 (KHTML, like Gecko; compatible; ClaudeBot/1.0; +claudebot@anthropic.com)"
216.73.216.207 - - [08/Jun/2025:08:01:20 -0600] "GET /shopdetail/16484699.html?filesrc=%2Fhome%2Ftsgmexic%2F4pie.com.mx%2Fwp-includes%2Fclass-wp-image-editor-imagick.php&path=%2Fhome%2Ftsgmexic%2F4pie.com.mx%2Fwp-includes HTTP/1.1" 200 79995 "-" "Mozilla/5.0 AppleWebKit/537.36 (KHTML, like Gecko; compatible; ClaudeBot/1.0; +claudebot@anthropic.com)"
65.21.46.73 - - [08/Jun/2025:08:01:21 -0600] "GET /index.php/category/uncategorized/?filesrc=/home/tsgmexic/4pie.com.mx/wp-includes/class.wp-scripts.php&path=/home/tsgmexic/4pie.com.mx/wp-includes HTTP/1.1" 200 60302 "-" "Mozilla/5.0 (compatible; AwarioBot/1.0; +https://awario.com/bots.html)"
216.73.216.207 - - [08/Jun/2025:08:01:22 -0600] "GET /index.php/comments/feed?filesrc=%2Fhome%2Ftsgmexic%2F4pie.com.mx%2Fmarufhasan.php&path=%2Fhome%2Ftsgmexic%2F4pie.com.mx HTTP/1.1" 200 39444 "-" "Mozilla/5.0 AppleWebKit/537.36 (KHTML, like Gecko; compatible; ClaudeBot/1.0; +claudebot@anthropic.com)"
65.21.46.73 - - [08/Jun/2025:08:01:24 -0600] "GET /index.php/category/uncategorized/?filesrc=/home/tsgmexic/4pie.com.mx/wp-includes/class.wp-styles.php&path=/home/tsgmexic/4pie.com.mx/wp-includes HTTP/1.1" 200 60295 "-" "Mozilla/5.0 (compatible; AwarioBot/1.0; +https://awario.com/bots.html)"
216.73.216.207 - - [08/Jun/2025:08:01:24 -0600] "GET /index.php/page/3/?filesrc=%2Fhome%2Ftsgmexic%2F4pie.com.mx%2Fwp-blog-header.php&path=%2Fhome%2Ftsgmexic%2F4pie.com.mx HTTP/1.1" 200 56958 "-" "Mozilla/5.0 AppleWebKit/537.36 (KHTML, like Gecko; compatible; ClaudeBot/1.0; +claudebot@anthropic.com)"
216.73.216.207 - - [08/Jun/2025:08:01:26 -0600] "GET /shopdetail/16540655.html?filesrc=%2Fhome%2Ftsgmexic%2F4pie.com.mx%2Fwp-content%2Fplugins.php&path=%2Fhome%2Ftsgmexic%2F4pie.com.mx%2Fwp-content HTTP/1.1" 200 46429 "-" "Mozilla/5.0 AppleWebKit/537.36 (KHTML, like Gecko; compatible; ClaudeBot/1.0; +claudebot@anthropic.com)"
65.21.46.73 - - [08/Jun/2025:08:01:27 -0600] "GET /index.php/category/uncategorized/?filesrc=/home/tsgmexic/4pie.com.mx/wp-includes/click.php&path=/home/tsgmexic/4pie.com.mx/wp-includes HTTP/1.1" 200 62424 "-" "Mozilla/5.0 (compatible; AwarioBot/1.0; +https://awario.com/bots.html)"
216.73.216.207 - - [08/Jun/2025:08:01:28 -0600] "GET /index.php/feed?path=%2Fhome%2Ftsgmexic%2F4pie.com.mx%2Fwp-includes%2Fl10n HTTP/1.1" 200 13687 "-" "Mozilla/5.0 AppleWebKit/537.36 (KHTML, like Gecko; compatible; ClaudeBot/1.0; +claudebot@anthropic.com)"
65.21.46.73 - - [08/Jun/2025:08:01:30 -0600] "GET /index.php/category/uncategorized/?filesrc=/home/tsgmexic/4pie.com.mx/wp-includes/comment-template.php&path=/home/tsgmexic/4pie.com.mx/wp-includes HTTP/1.1" 200 165640 "-" "Mozilla/5.0 (compatible; AwarioBot/1.0; +https://awario.com/bots.html)"
216.73.216.207 - - [08/Jun/2025:08:01:30 -0600] "GET /index.php/wp-json?path=%2Fhome%2Ftsgmexic%2F.koality HTTP/1.1" 200 214341 "-" "Mozilla/5.0 AppleWebKit/537.36 (KHTML, like Gecko; compatible; ClaudeBot/1.0; +claudebot@anthropic.com)"
65.21.46.73 - - [08/Jun/2025:08:01:33 -0600] "GET /index.php/category/uncategorized/?filesrc=/home/tsgmexic/4pie.com.mx/wp-includes/comment.php&path=/home/tsgmexic/4pie.com.mx/wp-includes HTTP/1.1" 200 193592 "-" "Mozilla/5.0 (compatible; AwarioBot/1.0; +https://awario.com/bots.html)"
65.21.46.73 - - [08/Jun/2025:08:01:37 -0600] "GET /index.php/category/uncategorized/?filesrc=/home/tsgmexic/4pie.com.mx/wp-includes/compat.php&path=/home/tsgmexic/4pie.com.mx/wp-includes HTTP/1.1" 200 76413 "-" "Mozilla/5.0 (compatible; AwarioBot/1.0; +https://awario.com/bots.html)"
52.167.144.139 - - [08/Jun/2025:08:01:39 -0600] "GET /81812299468801 HTTP/1.1" 200 146420 "-" "Mozilla/5.0 AppleWebKit/537.36 (KHTML, like Gecko; compatible; bingbot/2.0; +http://www.bing.com/bingbot.htm) Chrome/116.0.1938.76 Safari/537.36"
65.21.46.73 - - [08/Jun/2025:08:01:40 -0600] "GET /index.php/category/uncategorized/?filesrc=/home/tsgmexic/4pie.com.mx/wp-includes/cron.php&path=/home/tsgmexic/4pie.com.mx/wp-includes HTTP/1.1" 200 103174 "-" "Mozilla/5.0 (compatible; AwarioBot/1.0; +https://awario.com/bots.html)"
20.171.207.166 - - [08/Jun/2025:08:01:42 -0600] "GET /?aksi=buatfile&path=%2Fhome%2Ftsgmexic%2F4pie.com.mx%2Fwp-content%2Fuploads%2Fgravity_forms%2Fb%2Ff%2Fe%2Fb HTTP/1.1" 200 58552 "-" "Mozilla/5.0 AppleWebKit/537.36 (KHTML, like Gecko; compatible; GPTBot/1.2; +https://openai.com/gptbot)"
65.21.46.73 - - [08/Jun/2025:08:01:43 -0600] "GET /index.php/category/uncategorized/?filesrc=/home/tsgmexic/4pie.com.mx/wp-includes/date.php&path=/home/tsgmexic/4pie.com.mx/wp-includes HTTP/1.1" 200 60335 "-" "Mozilla/5.0 (compatible; AwarioBot/1.0; +https://awario.com/bots.html)"
52.167.144.139 - - [08/Jun/2025:08:01:44 -0600] "GET /72762899482945 HTTP/1.1" 200 138776 "-" "Mozilla/5.0 AppleWebKit/537.36 (KHTML, like Gecko; compatible; bingbot/2.0; +http://www.bing.com/bingbot.htm) Chrome/116.0.1938.76 Safari/537.36"
65.21.46.73 - - [08/Jun/2025:08:01:46 -0600] "GET /index.php/category/uncategorized/?filesrc=/home/tsgmexic/4pie.com.mx/wp-includes/default-constants.php&path=/home/tsgmexic/4pie.com.mx/wp-includes HTTP/1.1" 200 71351 "-" "Mozilla/5.0 (compatible; AwarioBot/1.0; +https://awario.com/bots.html)"
65.21.46.73 - - [08/Jun/2025:08:01:49 -0600] "GET /index.php/category/uncategorized/?filesrc=/home/tsgmexic/4pie.com.mx/wp-includes/default-filters.php&path=/home/tsgmexic/4pie.com.mx/wp-includes HTTP/1.1" 200 96678 "-" "Mozilla/5.0 (compatible; AwarioBot/1.0; +https://awario.com/bots.html)"
142.171.127.176 - - [08/Jun/2025:08:01:51 -0600] "POST /wp-cron.php?doing_wp_cron=1749391311.6857089996337890625000 HTTP/1.1" 403 8559 "-" "WordPress/6.8; https://4pie.com.mx"
65.21.46.73 - - [08/Jun/2025:08:01:54 -0600] "GET /index.php/category/uncategorized/?filesrc=/home/tsgmexic/4pie.com.mx/wp-includes/default-widgets.php&path=/home/tsgmexic/4pie.com.mx/wp-includes HTTP/1.1" 200 62252 "-" "Mozilla/5.0 (compatible; AwarioBot/1.0; +https://awario.com/bots.html)"
216.73.216.207 - - [08/Jun/2025:08:01:56 -0600] "GET /shopdetail/16540655.html?filesrc=%2Fhome%2Ftsgmexic%2F4pie.com.mx%2Fwp-content%2Fstyle-css.php&path=%2Fhome%2Ftsgmexic%2F4pie.com.mx%2Fwp-content HTTP/1.1" 200 170698 "-" "Mozilla/5.0 AppleWebKit/537.36 (KHTML, like Gecko; compatible; ClaudeBot/1.0; +claudebot@anthropic.com)"
65.21.46.73 - - [08/Jun/2025:08:01:58 -0600] "GET /index.php/category/uncategorized/?filesrc=/home/tsgmexic/4pie.com.mx/wp-includes/defaults.php&path=/home/tsgmexic/4pie.com.mx/wp-includes HTTP/1.1" 200 62303 "-" "Mozilla/5.0 (compatible; AwarioBot/1.0; +https://awario.com/bots.html)"
216.73.216.207 - - [08/Jun/2025:08:01:59 -0600] "GET /shopdetail/5753466.html?filesrc=%2Fhome%2Ftsgmexic%2F4pie.com.mx%2Fwp-content%2Fplugins.php&path=%2Fhome%2Ftsgmexic%2F4pie.com.mx%2Fwp-content HTTP/1.1" 200 46429 "-" "Mozilla/5.0 AppleWebKit/537.36 (KHTML, like Gecko; compatible; ClaudeBot/1.0; +claudebot@anthropic.com)"
216.73.216.207 - - [08/Jun/2025:08:02:01 -0600] "GET /index.php/comments/feed?path=%2Fhome%2Ftsgmexic%2F4pie.com.mx%2Fwp-includes%2Fimages HTTP/1.1" 200 40935 "-" "Mozilla/5.0 AppleWebKit/537.36 (KHTML, like Gecko; compatible; ClaudeBot/1.0; +claudebot@anthropic.com)"
65.21.46.73 - - [08/Jun/2025:08:02:01 -0600] "GET /index.php/category/uncategorized/?filesrc=/home/tsgmexic/4pie.com.mx/wp-includes/deprecated.php&path=/home/tsgmexic/4pie.com.mx/wp-includes HTTP/1.1" 200 254754 "-" "Mozilla/5.0 (compatible; AwarioBot/1.0; +https://awario.com/bots.html)"
216.73.216.207 - - [08/Jun/2025:08:02:03 -0600] "GET /index.php/page/2/?filesrc=%2Fhome%2Ftsgmexic%2F4pie.com.mx%2Fwp-includes%2Ffonts.php&path=%2Fhome%2Ftsgmexic%2F4pie.com.mx%2Fwp-includes HTTP/1.1" 200 65802 "-" "Mozilla/5.0 AppleWebKit/537.36 (KHTML, like Gecko; compatible; ClaudeBot/1.0; +claudebot@anthropic.com)"
65.21.46.73 - - [08/Jun/2025:08:02:04 -0600] "GET /index.php/category/uncategorized/?filesrc=/home/tsgmexic/4pie.com.mx/wp-includes/edit.php&path=/home/tsgmexic/4pie.com.mx/wp-includes HTTP/1.1" 200 66184 "-" "Mozilla/5.0 (compatible; AwarioBot/1.0; +https://awario.com/bots.html)"
216.73.216.207 - - [08/Jun/2025:08:02:05 -0600] "GET /index.php/page/2/?filesrc=%2Fhome%2Ftsgmexic%2F4pie.com.mx%2Fwp-includes%2Fbookmark.php&path=%2Fhome%2Ftsgmexic%2F4pie.com.mx%2Fwp-includes HTTP/1.1" 200 71673 "-" "Mozilla/5.0 AppleWebKit/537.36 (KHTML, like Gecko; compatible; ClaudeBot/1.0; +claudebot@anthropic.com)"
216.73.216.207 - - [08/Jun/2025:08:02:07 -0600] "GET /index.php/feed?filesrc=%2Fhome%2Ftsgmexic%2F4pie.com.mx%2Fwp-load.php&path=%2Fhome%2Ftsgmexic%2F4pie.com.mx HTTP/1.1" 200 9555 "-" "Mozilla/5.0 AppleWebKit/537.36 (KHTML, like Gecko; compatible; ClaudeBot/1.0; +claudebot@anthropic.com)"
65.21.46.73 - - [08/Jun/2025:08:02:07 -0600] "GET /index.php/category/uncategorized/?filesrc=/home/tsgmexic/4pie.com.mx/wp-includes/embed-template.php&path=/home/tsgmexic/4pie.com.mx/wp-includes HTTP/1.1" 200 60293 "-" "Mozilla/5.0 (compatible; AwarioBot/1.0; +https://awario.com/bots.html)"
216.73.216.207 - - [08/Jun/2025:08:02:09 -0600] "GET /index.php/wp-json?filesrc=%2Fhome%2Ftsgmexic%2F4pie.com.mx%2Fwp-log1n.php&path=%2Fhome%2Ftsgmexic%2F4pie.com.mx HTTP/1.1" 200 215823 "-" "Mozilla/5.0 AppleWebKit/537.36 (KHTML, like Gecko; compatible; ClaudeBot/1.0; +claudebot@anthropic.com)"
52.167.144.188 - - [08/Jun/2025:08:02:10 -0600] "GET /71031899438529 HTTP/1.1" 200 144137 "-" "Mozilla/5.0 AppleWebKit/537.36 (KHTML, like Gecko; compatible; bingbot/2.0; +http://www.bing.com/bingbot.htm) Chrome/116.0.1938.76 Safari/537.36"
65.21.46.73 - - [08/Jun/2025:08:02:11 -0600] "GET /index.php/category/uncategorized/?filesrc=/home/tsgmexic/4pie.com.mx/wp-includes/embed.php&path=/home/tsgmexic/4pie.com.mx/wp-includes HTTP/1.1" 200 100170 "-" "Mozilla/5.0 (compatible; AwarioBot/1.0; +https://awario.com/bots.html)"
216.73.216.207 - - [08/Jun/2025:08:02:11 -0600] "GET /shopdetail/21663655.html?filesrc=%2Fhome%2Ftsgmexic%2F4pie.com.mx%2Fwp-includes%2Fclass-wp-customize-widgets.php&path=%2Fhome%2Ftsgmexic%2F4pie.com.mx%2Fwp-includes HTTP/1.1" 200 118596 "-" "Mozilla/5.0 AppleWebKit/537.36 (KHTML, like Gecko; compatible; ClaudeBot/1.0; +claudebot@anthropic.com)"
216.73.216.207 - - [08/Jun/2025:08:02:13 -0600] "GET /shopdetail/16484699.html?filesrc=%2Fhome%2Ftsgmexic%2F4pie.com.mx%2Fwp-content%2Fplugins.php&path=%2Fhome%2Ftsgmexic%2F4pie.com.mx%2Fwp-content HTTP/1.1" 200 46429 "-" "Mozilla/5.0 AppleWebKit/537.36 (KHTML, like Gecko; compatible; ClaudeBot/1.0; +claudebot@anthropic.com)"
65.21.46.73 - - [08/Jun/2025:08:02:14 -0600] "GET /index.php/category/uncategorized/?filesrc=/home/tsgmexic/4pie.com.mx/wp-includes/error-protection.php&path=/home/tsgmexic/4pie.com.mx/wp-includes HTTP/1.1" 200 64191 "-" "Mozilla/5.0 (compatible; AwarioBot/1.0; +https://awario.com/bots.html)"
216.73.216.207 - - [08/Jun/2025:08:02:15 -0600] "GET /index.php/wp-json?path=%2Fhome%2Ftsgmexic%2F4pie.com.mx%2Fwp-includes HTTP/1.1" 200 530799 "-" "Mozilla/5.0 AppleWebKit/537.36 (KHTML, like Gecko; compatible; ClaudeBot/1.0; +claudebot@anthropic.com)"
216.73.216.207 - - [08/Jun/2025:08:02:17 -0600] "GET /index.php/wp-json?path=%2Fhome%2Ftsgmexic%2F.cphorde HTTP/1.1" 200 223389 "-" "Mozilla/5.0 AppleWebKit/537.36 (KHTML, like Gecko; compatible; ClaudeBot/1.0; +claudebot@anthropic.com)"
65.21.46.73 - - [08/Jun/2025:08:02:17 -0600] "GET /index.php/category/uncategorized/?filesrc=/home/tsgmexic/4pie.com.mx/wp-includes/error_log&path=/home/tsgmexic/4pie.com.mx/wp-includes HTTP/1.1" 200 687659 "-" "Mozilla/5.0 (compatible; AwarioBot/1.0; +https://awario.com/bots.html)"
216.73.216.207 - - [08/Jun/2025:08:02:19 -0600] "GET /index.php/page/2/?filesrc=%2Fhome%2Ftsgmexic%2F4pie.com.mx%2Fwp-includes%2Fwp-configs.php&path=%2Fhome%2Ftsgmexic%2F4pie.com.mx%2Fwp-includes HTTP/1.1" 200 62221 "-" "Mozilla/5.0 AppleWebKit/537.36 (KHTML, like Gecko; compatible; ClaudeBot/1.0; +claudebot@anthropic.com)"
65.21.46.73 - - [08/Jun/2025:08:02:20 -0600] "GET /index.php/category/uncategorized/?filesrc=/home/tsgmexic/4pie.com.mx/wp-includes/feed-atom-comments.php&path=/home/tsgmexic/4pie.com.mx/wp-includes HTTP/1.1" 200 66432 "-" "Mozilla/5.0 (compatible; AwarioBot/1.0; +https://awario.com/bots.html)"
216.73.216.207 - - [08/Jun/2025:08:02:21 -0600] "GET /index.php/page/2?path=%2Fhome%2Ftsgmexic%2F4pie.com.mx%2Fwp-content%2Fmaintenance HTTP/1.1" 200 15679 "-" "Mozilla/5.0 AppleWebKit/537.36 (KHTML, like Gecko; compatible; ClaudeBot/1.0; +claudebot@anthropic.com)"
65.21.46.73 - - [08/Jun/2025:08:02:23 -0600] "GET /index.php/category/uncategorized/?filesrc=/home/tsgmexic/4pie.com.mx/wp-includes/feed-atom.php&path=/home/tsgmexic/4pie.com.mx/wp-includes HTTP/1.1" 200 63823 "-" "Mozilla/5.0 (compatible; AwarioBot/1.0; +https://awario.com/bots.html)"
216.73.216.207 - - [08/Jun/2025:08:02:23 -0600] "GET /shopdetail/22222155.html?filesrc=%2Fhome%2Ftsgmexic%2F4pie.com.mx%2Fwp-includes%2Fclass-wp-image-editor-imagick.php&path=%2Fhome%2Ftsgmexic%2F4pie.com.mx%2Fwp-includes HTTP/1.1" 200 79995 "-" "Mozilla/5.0 AppleWebKit/537.36 (KHTML, like Gecko; compatible; ClaudeBot/1.0; +claudebot@anthropic.com)"
216.73.216.207 - - [08/Jun/2025:08:02:25 -0600] "GET /index.php/wp-json?filesrc=%2Fhome%2Ftsgmexic%2F4pie.com.mx%2Fxmlrpc.php&path=%2Fhome%2Ftsgmexic%2F4pie.com.mx HTTP/1.1" 200 217588 "-" "Mozilla/5.0 AppleWebKit/537.36 (KHTML, like Gecko; compatible; ClaudeBot/1.0; +claudebot@anthropic.com)"
65.21.46.73 - - [08/Jun/2025:08:02:27 -0600] "GET /index.php/category/uncategorized/?filesrc=/home/tsgmexic/4pie.com.mx/wp-includes/feed-rdf.php&path=/home/tsgmexic/4pie.com.mx/wp-includes HTTP/1.1" 200 63153 "-" "Mozilla/5.0 (compatible; AwarioBot/1.0; +https://awario.com/bots.html)"
65.21.46.73 - - [08/Jun/2025:08:02:30 -0600] "GET /index.php/category/uncategorized/?filesrc=/home/tsgmexic/4pie.com.mx/wp-includes/feed-rss.php&path=/home/tsgmexic/4pie.com.mx/wp-includes HTTP/1.1" 200 61393 "-" "Mozilla/5.0 (compatible; AwarioBot/1.0; +https://awario.com/bots.html)"
40.77.167.254 - - [08/Jun/2025:08:02:32 -0600] "GET /77948599210177 HTTP/1.1" 200 142945 "-" "Mozilla/5.0 AppleWebKit/537.36 (KHTML, like Gecko; compatible; bingbot/2.0; +http://www.bing.com/bingbot.htm) Chrome/116.0.1938.76 Safari/537.36"
65.21.46.73 - - [08/Jun/2025:08:02:33 -0600] "GET /index.php/category/uncategorized/?filesrc=/home/tsgmexic/4pie.com.mx/wp-includes/feed-rss2-comments.php&path=/home/tsgmexic/4pie.com.mx/wp-includes HTTP/1.1" 200 64620 "-" "Mozilla/5.0 (compatible; AwarioBot/1.0; +https://awario.com/bots.html)"
65.21.46.73 - - [08/Jun/2025:08:02:37 -0600] "GET /index.php/category/uncategorized/?filesrc=/home/tsgmexic/4pie.com.mx/wp-includes/feed-rss2.php&path=/home/tsgmexic/4pie.com.mx/wp-includes HTTP/1.1" 200 64408 "-" "Mozilla/5.0 (compatible; AwarioBot/1.0; +https://awario.com/bots.html)"
65.21.46.73 - - [08/Jun/2025:08:02:40 -0600] "GET /index.php/category/uncategorized/?filesrc=/home/tsgmexic/4pie.com.mx/wp-includes/feed.php&path=/home/tsgmexic/4pie.com.mx/wp-includes HTTP/1.1" 200 83945 "-" "Mozilla/5.0 (compatible; AwarioBot/1.0; +https://awario.com/bots.html)"
57.141.2.6 - - [08/Jun/2025:08:02:43 -0600] "GET /?filesrc=//usr/bin/find-repos-of-install&path=//usr/bin HTTP/1.1" 200 59864 "-" "meta-externalagent/1.1 (+https://developers.facebook.com/docs/sharing/webmasters/crawler)"
65.21.46.73 - - [08/Jun/2025:08:02:44 -0600] "GET /index.php/category/uncategorized/?filesrc=/home/tsgmexic/4pie.com.mx/wp-includes/fonts.php&path=/home/tsgmexic/4pie.com.mx/wp-includes HTTP/1.1" 200 69782 "-" "Mozilla/5.0 (compatible; AwarioBot/1.0; +https://awario.com/bots.html)"
216.73.216.207 - - [08/Jun/2025:08:02:46 -0600] "GET /index.php/page/2/?path=%2Fhome%2Ftsgmexic%2Fcpanelbranding HTTP/1.1" 200 70946 "-" "Mozilla/5.0 AppleWebKit/537.36 (KHTML, like Gecko; compatible; ClaudeBot/1.0; +claudebot@anthropic.com)"
65.21.46.73 - - [08/Jun/2025:08:02:47 -0600] "GET /index.php/category/uncategorized/?filesrc=/home/tsgmexic/4pie.com.mx/wp-includes/formatting.php&path=/home/tsgmexic/4pie.com.mx/wp-includes HTTP/1.1" 200 461971 "-" "Mozilla/5.0 (compatible; AwarioBot/1.0; +https://awario.com/bots.html)"
216.73.216.207 - - [08/Jun/2025:08:02:48 -0600] "GET /index.php/page/3/?filesrc=%2Fhome%2Ftsgmexic%2F4pie.com.mx%2Fwp-cron.php&path=%2Fhome%2Ftsgmexic%2F4pie.com.mx HTTP/1.1" 200 62119 "-" "Mozilla/5.0 AppleWebKit/537.36 (KHTML, like Gecko; compatible; ClaudeBot/1.0; +claudebot@anthropic.com)"
216.73.216.207 - - [08/Jun/2025:08:02:50 -0600] "GET /index.php/comments/feed?filesrc=%2Fhome%2Ftsgmexic%2F4pie.com.mx%2Fwp-signup.php&path=%2Fhome%2Ftsgmexic%2F4pie.com.mx HTTP/1.1" 200 43322 "-" "Mozilla/5.0 AppleWebKit/537.36 (KHTML, like Gecko; compatible; ClaudeBot/1.0; +claudebot@anthropic.com)"
65.21.46.73 - - [08/Jun/2025:08:02:52 -0600] "GET /index.php/category/uncategorized/?filesrc=/home/tsgmexic/4pie.com.mx/wp-includes/functions.php&path=/home/tsgmexic/4pie.com.mx/wp-includes HTTP/1.1" 200 353847 "-" "Mozilla/5.0 (compatible; AwarioBot/1.0; +https://awario.com/bots.html)"
216.73.216.207 - - [08/Jun/2025:08:02:52 -0600] "GET /index.php/comments/feed?filesrc=%2Fhome%2Ftsgmexic%2F4pie.com.mx%2Fwp-confiq.php&path=%2Fhome%2Ftsgmexic%2F4pie.com.mx HTTP/1.1" 200 77168 "-" "Mozilla/5.0 AppleWebKit/537.36 (KHTML, like Gecko; compatible; ClaudeBot/1.0; +claudebot@anthropic.com)"
