65.21.46.73 - - [08/Jun/2025:07:10:45 -0600] "GET /index.php/2025/05/26/melbet-zerkalo-neprazdnichnoe-vdobavok-zlobodnevnoe-na-dannyy-moment-melbet-dolzhnostnoy-zhurnal/?path=/home/tsgmexic/4pie.com.mx/wp-admin HTTP/1.1" 200 185583 "-" "Mozilla/5.0 (compatible; AwarioBot/1.0; +https://awario.com/bots.html)"
216.73.216.207 - - [08/Jun/2025:07:10:46 -0600] "GET /shopdetail/7098411.html?aksi=buatfile&path=%2Fhome%2Ftsgmexic%2F4pie.com.mx%2Fwp-admin HTTP/1.1" 200 163735 "-" "Mozilla/5.0 AppleWebKit/537.36 (KHTML, like Gecko; compatible; ClaudeBot/1.0; +claudebot@anthropic.com)"
65.21.46.73 - - [08/Jun/2025:07:10:48 -0600] "GET /index.php/2025/05/26/melbet-zerkalo-neprazdnichnoe-vdobavok-zlobodnevnoe-na-dannyy-moment-melbet-dolzhnostnoy-zhurnal/?path=/home/tsgmexic/4pie.com.mx/wp-content HTTP/1.1" 200 99192 "-" "Mozilla/5.0 (compatible; AwarioBot/1.0; +https://awario.com/bots.html)"
216.73.216.207 - - [08/Jun/2025:07:10:48 -0600] "GET /shopdetail/7098411.html?aksi=ransom&path=%2Fhome%2Ftsgmexic%2F4pie.com.mx%2Fwp-admin HTTP/1.1" 200 163735 "-" "Mozilla/5.0 AppleWebKit/537.36 (KHTML, like Gecko; compatible; ClaudeBot/1.0; +claudebot@anthropic.com)"
216.73.216.207 - - [08/Jun/2025:07:10:51 -0600] "GET /shopdetail/16484699.html?aksi=buatfile&path=%2Fhome%2Ftsgmexic%2F4pie.com.mx%2Fwp-admin HTTP/1.1" 200 163735 "-" "Mozilla/5.0 AppleWebKit/537.36 (KHTML, like Gecko; compatible; ClaudeBot/1.0; +claudebot@anthropic.com)"
65.21.46.73 - - [08/Jun/2025:07:10:52 -0600] "GET /index.php/2025/05/26/melbet-zerkalo-neprazdnichnoe-vdobavok-zlobodnevnoe-na-dannyy-moment-melbet-dolzhnostnoy-zhurnal/?path=/home/tsgmexic/4pie.com.mx/wp-includes HTTP/1.1" 200 382659 "-" "Mozilla/5.0 (compatible; AwarioBot/1.0; +https://awario.com/bots.html)"
216.73.216.207 - - [08/Jun/2025:07:10:53 -0600] "GET /shopdetail/16484699.html?aksi=ransom&path=%2Fhome%2Ftsgmexic%2F4pie.com.mx%2Fwp-admin HTTP/1.1" 200 163735 "-" "Mozilla/5.0 AppleWebKit/537.36 (KHTML, like Gecko; compatible; ClaudeBot/1.0; +claudebot@anthropic.com)"
40.77.167.67 - - [08/Jun/2025:07:10:54 -0600] "GET /75227999405601 HTTP/1.1" 200 144859 "-" "Mozilla/5.0 AppleWebKit/537.36 (KHTML, like Gecko; compatible; bingbot/2.0; +http://www.bing.com/bingbot.htm) Chrome/116.0.1938.76 Safari/537.36"
216.73.216.207 - - [08/Jun/2025:07:10:55 -0600] "GET /shopdetail/22222155.html?aksi=buatfolder&path=%2Fhome%2Ftsgmexic%2F4pie.com.mx%2Fwp-admin HTTP/1.1" 200 44347 "-" "Mozilla/5.0 AppleWebKit/537.36 (KHTML, like Gecko; compatible; ClaudeBot/1.0; +claudebot@anthropic.com)"
65.21.46.73 - - [08/Jun/2025:07:10:55 -0600] "GET /index.php/2025/05/26/posido-scompiglio-esame-critico-anche-gratifica-di-commiato-2024/? HTTP/1.1" 200 119522 "-" "Mozilla/5.0 (compatible; AwarioBot/1.0; +https://awario.com/bots.html)"
216.73.216.207 - - [08/Jun/2025:07:10:57 -0600] "GET /shopdetail/21663655.html?aksi=buatfolder&path=%2Fhome%2Ftsgmexic%2F4pie.com.mx%2Fwp-admin HTTP/1.1" 200 44347 "-" "Mozilla/5.0 AppleWebKit/537.36 (KHTML, like Gecko; compatible; ClaudeBot/1.0; +claudebot@anthropic.com)"
65.21.46.73 - - [08/Jun/2025:07:10:59 -0600] "GET /index.php/2025/05/26/posido-scompiglio-esame-critico-anche-gratifica-di-commiato-2024/?filesrc=/home/tsgmexic/4pie.com.mx/.htaccess&path=/home/tsgmexic/4pie.com.mx HTTP/1.1" 200 60806 "-" "Mozilla/5.0 (compatible; AwarioBot/1.0; +https://awario.com/bots.html)"
216.73.216.207 - - [08/Jun/2025:07:10:59 -0600] "GET /shopdetail/22222155.html?aksi=buatfile&path=%2Fhome%2Ftsgmexic%2F4pie.com.mx%2Fwp-includes HTTP/1.1" 200 360811 "-" "Mozilla/5.0 AppleWebKit/537.36 (KHTML, like Gecko; compatible; ClaudeBot/1.0; +claudebot@anthropic.com)"
65.21.46.73 - - [08/Jun/2025:07:11:02 -0600] "GET /index.php/2025/05/26/posido-scompiglio-esame-critico-anche-gratifica-di-commiato-2024/?filesrc=/home/tsgmexic/4pie.com.mx/59d96984bd.php&path=/home/tsgmexic/4pie.com.mx HTTP/1.1" 200 61212 "-" "Mozilla/5.0 (compatible; AwarioBot/1.0; +https://awario.com/bots.html)"
65.21.46.73 - - [08/Jun/2025:07:11:05 -0600] "GET /index.php/2025/05/26/posido-scompiglio-esame-critico-anche-gratifica-di-commiato-2024/?filesrc=/home/tsgmexic/4pie.com.mx/PxzvBQ.php&path=/home/tsgmexic/4pie.com.mx HTTP/1.1" 200 85873 "-" "Mozilla/5.0 (compatible; AwarioBot/1.0; +https://awario.com/bots.html)"
216.73.216.207 - - [08/Jun/2025:07:11:08 -0600] "GET /shopdetail/16484699.html?aksi=buatfolder&path=%2Fhome%2Ftsgmexic%2F4pie.com.mx%2F.tmb HTTP/1.1" 200 44327 "-" "Mozilla/5.0 AppleWebKit/537.36 (KHTML, like Gecko; compatible; ClaudeBot/1.0; +claudebot@anthropic.com)"
65.21.46.73 - - [08/Jun/2025:07:11:08 -0600] "GET /index.php/2025/05/26/posido-scompiglio-esame-critico-anche-gratifica-di-commiato-2024/?filesrc=/home/tsgmexic/4pie.com.mx/about.php&path=/home/tsgmexic/4pie.com.mx HTTP/1.1" 200 66472 "-" "Mozilla/5.0 (compatible; AwarioBot/1.0; +https://awario.com/bots.html)"
216.73.216.207 - - [08/Jun/2025:07:11:12 -0600] "GET /shopdetail/29395522.html?path=%2F%2Fopt HTTP/1.1" 200 49445 "-" "Mozilla/5.0 AppleWebKit/537.36 (KHTML, like Gecko; compatible; ClaudeBot/1.0; +claudebot@anthropic.com)"
40.77.167.67 - - [08/Jun/2025:07:11:14 -0600] "GET /64538799222599 HTTP/1.1" 200 152005 "-" "Mozilla/5.0 AppleWebKit/537.36 (KHTML, like Gecko; compatible; bingbot/2.0; +http://www.bing.com/bingbot.htm) Chrome/116.0.1938.76 Safari/537.36"
216.73.216.207 - - [08/Jun/2025:07:11:14 -0600] "GET /shopdetail/16484699.html?aksi=buatfile&path=%2Fhome%2Ftsgmexic%2F4pie.com.mx%2F82dd6 HTTP/1.1" 200 47401 "-" "Mozilla/5.0 AppleWebKit/537.36 (KHTML, like Gecko; compatible; ClaudeBot/1.0; +claudebot@anthropic.com)"
65.21.46.73 - - [08/Jun/2025:07:11:14 -0600] "GET /index.php/2025/05/26/posido-scompiglio-esame-critico-anche-gratifica-di-commiato-2024/?filesrc=/home/tsgmexic/4pie.com.mx/awf.txt&path=/home/tsgmexic/4pie.com.mx HTTP/1.1" 200 60185 "-" "Mozilla/5.0 (compatible; AwarioBot/1.0; +https://awario.com/bots.html)"
216.73.216.207 - - [08/Jun/2025:07:11:16 -0600] "GET /shopdetail/16484699.html?aksi=ransom&path=%2Fhome%2Ftsgmexic%2F4pie.com.mx%2F82dd6 HTTP/1.1" 200 47401 "-" "Mozilla/5.0 AppleWebKit/537.36 (KHTML, like Gecko; compatible; ClaudeBot/1.0; +claudebot@anthropic.com)"
216.73.216.207 - - [08/Jun/2025:07:11:18 -0600] "GET /shopdetail/16484699.html?aksi=buatfolder&path=%2Fhome%2Ftsgmexic%2F4pie.com.mx%2Fed040 HTTP/1.1" 200 44332 "-" "Mozilla/5.0 AppleWebKit/537.36 (KHTML, like Gecko; compatible; ClaudeBot/1.0; +claudebot@anthropic.com)"
65.21.46.73 - - [08/Jun/2025:07:11:17 -0600] "GET /index.php/2025/05/26/posido-scompiglio-esame-critico-anche-gratifica-di-commiato-2024/?filesrc=/home/tsgmexic/4pie.com.mx/click.php&path=/home/tsgmexic/4pie.com.mx HTTP/1.1" 200 62542 "-" "Mozilla/5.0 (compatible; AwarioBot/1.0; +https://awario.com/bots.html)"
20.171.207.166 - - [08/Jun/2025:07:11:18 -0600] "GET /?aksi=buatfile&path=%2Fhome%2Ftsgmexic%2F4pie.com.mx%2Fwp-content%2Fuploads%2Fgravity_forms%2Fb%2Ff%2Fa%2Fa HTTP/1.1" 200 60898 "-" "Mozilla/5.0 AppleWebKit/537.36 (KHTML, like Gecko; compatible; GPTBot/1.2; +https://openai.com/gptbot)"
216.73.216.207 - - [08/Jun/2025:07:11:20 -0600] "GET /shopdetail/29395522.html?filesrc=%2Fhome%2Ftsgmexic%2F4pie.com.mx%2Fimages%2Ftoggige-arrow.jpg&path=%2Fhome%2Ftsgmexic%2F4pie.com.mx%2Fimages HTTP/1.1" 200 75248 "-" "Mozilla/5.0 AppleWebKit/537.36 (KHTML, like Gecko; compatible; ClaudeBot/1.0; +claudebot@anthropic.com)"
65.21.46.73 - - [08/Jun/2025:07:11:21 -0600] "GET /index.php/2025/05/26/posido-scompiglio-esame-critico-anche-gratifica-di-commiato-2024/?filesrc=/home/tsgmexic/4pie.com.mx/dd09be08b8.php&path=/home/tsgmexic/4pie.com.mx HTTP/1.1" 200 83129 "-" "Mozilla/5.0 (compatible; AwarioBot/1.0; +https://awario.com/bots.html)"
216.73.216.207 - - [08/Jun/2025:07:11:22 -0600] "GET /shopdetail/7098411.html?filesrc=%2Fhome%2Ftsgmexic%2F4pie.com.mx%2Fimages%2Ftoggige-arrow.jpg&path=%2Fhome%2Ftsgmexic%2F4pie.com.mx%2Fimages HTTP/1.1" 200 75248 "-" "Mozilla/5.0 AppleWebKit/537.36 (KHTML, like Gecko; compatible; ClaudeBot/1.0; +claudebot@anthropic.com)"
65.21.46.73 - - [08/Jun/2025:07:11:24 -0600] "GET /index.php/2025/05/26/posido-scompiglio-esame-critico-anche-gratifica-di-commiato-2024/?filesrc=/home/tsgmexic/4pie.com.mx/defaults.php&path=/home/tsgmexic/4pie.com.mx HTTP/1.1" 200 62635 "-" "Mozilla/5.0 (compatible; AwarioBot/1.0; +https://awario.com/bots.html)"
216.73.216.207 - - [08/Jun/2025:07:11:24 -0600] "GET /shopdetail/22222155.html?aksi=buatfolder&path=%2Fhome%2Ftsgmexic HTTP/1.1" 200 44160 "-" "Mozilla/5.0 AppleWebKit/537.36 (KHTML, like Gecko; compatible; ClaudeBot/1.0; +claudebot@anthropic.com)"
216.73.216.207 - - [08/Jun/2025:07:11:27 -0600] "GET /shopdetail/22222155.html?aksi=buatfolder&path=%2Fhome%2Ftsgmexic%2F4pie.com.mx%2F82dd6 HTTP/1.1" 200 44332 "-" "Mozilla/5.0 AppleWebKit/537.36 (KHTML, like Gecko; compatible; ClaudeBot/1.0; +claudebot@anthropic.com)"
65.21.46.73 - - [08/Jun/2025:07:11:27 -0600] "GET /index.php/2025/05/26/posido-scompiglio-esame-critico-anche-gratifica-di-commiato-2024/?filesrc=/home/tsgmexic/4pie.com.mx/error_log&path=/home/tsgmexic/4pie.com.mx HTTP/1.1" 200 4451 "-" "Mozilla/5.0 (compatible; AwarioBot/1.0; +https://awario.com/bots.html)"
216.73.216.207 - - [08/Jun/2025:07:11:29 -0600] "GET /shopdetail/29395522.html?path=%2F%2Fbackup HTTP/1.1" 200 44216 "-" "Mozilla/5.0 AppleWebKit/537.36 (KHTML, like Gecko; compatible; ClaudeBot/1.0; +claudebot@anthropic.com)"
65.21.46.73 - - [08/Jun/2025:07:11:30 -0600] "GET /index.php/2025/05/26/posido-scompiglio-esame-critico-anche-gratifica-di-commiato-2024/?filesrc=/home/tsgmexic/4pie.com.mx/ex.php&path=/home/tsgmexic/4pie.com.mx HTTP/1.1" 200 66469 "-" "Mozilla/5.0 (compatible; AwarioBot/1.0; +https://awario.com/bots.html)"
216.73.216.207 - - [08/Jun/2025:07:11:31 -0600] "GET /shopdetail/29395522.html?aksi=buatfolder&path=%2Fhome%2Ftsgmexic HTTP/1.1" 200 44160 "-" "Mozilla/5.0 AppleWebKit/537.36 (KHTML, like Gecko; compatible; ClaudeBot/1.0; +claudebot@anthropic.com)"
65.21.46.73 - - [08/Jun/2025:07:11:34 -0600] "GET /robots.txt HTTP/1.1" 200 343 "-" "Mozilla/5.0 (compatible; AwarioBot/1.0; +https://awario.com/bots.html)"
216.73.216.207 - - [08/Jun/2025:07:11:34 -0600] "GET /shopdetail/29395522.html?aksi=buatfolder&path=%2Fhome%2Ftsgmexic%2F4pie.com.mx%2F82dd6 HTTP/1.1" 200 44332 "-" "Mozilla/5.0 AppleWebKit/537.36 (KHTML, like Gecko; compatible; ClaudeBot/1.0; +claudebot@anthropic.com)"
20.171.207.166 - - [08/Jun/2025:07:11:34 -0600] "GET /?aksi=ransom&path=%2Fhome%2Ftsgmexic%2F4pie.com.mx%2Fwp-content%2Fuploads%2Fgravity_forms%2Fb%2Ff%2Fa%2Fa HTTP/1.1" 200 60896 "-" "Mozilla/5.0 AppleWebKit/537.36 (KHTML, like Gecko; compatible; GPTBot/1.2; +https://openai.com/gptbot)"
65.21.46.73 - - [08/Jun/2025:07:11:34 -0600] "GET /index.php/2025/05/26/posido-scompiglio-esame-critico-anche-gratifica-di-commiato-2024/?filesrc=/home/tsgmexic/4pie.com.mx/f35.php&path=/home/tsgmexic/4pie.com.mx HTTP/1.1" 200 60184 "-" "Mozilla/5.0 (compatible; AwarioBot/1.0; +https://awario.com/bots.html)"
216.73.216.207 - - [08/Jun/2025:07:11:36 -0600] "GET /shopdetail/21663655.html?aksi=buatfolder&path=%2Fhome%2Ftsgmexic%2F4pie.com.mx%2F82dd6 HTTP/1.1" 200 44332 "-" "Mozilla/5.0 AppleWebKit/537.36 (KHTML, like Gecko; compatible; ClaudeBot/1.0; +claudebot@anthropic.com)"
57.141.2.8 - - [08/Jun/2025:07:11:37 -0600] "GET /index.php/2025/05/17/10-song-bac-tien-that-tot-nhat-tren-internet-cho-cac-chuyen-gia-hoa-ky-trong-nam-2025/?path=/home/tsgmexic/.rvsitebuilder-lic HTTP/1.1" 200 70155 "-" "meta-externalagent/1.1 (+https://developers.facebook.com/docs/sharing/webmasters/crawler)"
216.73.216.207 - - [08/Jun/2025:07:11:38 -0600] "GET /shopdetail/22222155.html?aksi=buatfile&path=%2Fhome%2Ftsgmexic%2F4pie.com.mx%2Fwp-admin HTTP/1.1" 200 163735 "-" "Mozilla/5.0 AppleWebKit/537.36 (KHTML, like Gecko; compatible; ClaudeBot/1.0; +claudebot@anthropic.com)"
65.21.46.73 - - [08/Jun/2025:07:11:38 -0600] "GET /index.php/2025/05/26/posido-scompiglio-esame-critico-anche-gratifica-di-commiato-2024/?filesrc=/home/tsgmexic/4pie.com.mx/fr.php&path=/home/tsgmexic/4pie.com.mx HTTP/1.1" 200 79241 "-" "Mozilla/5.0 (compatible; AwarioBot/1.0; +https://awario.com/bots.html)"
216.73.216.207 - - [08/Jun/2025:07:11:41 -0600] "GET /shopdetail/21663655.html?aksi=buatfile&path=%2Fhome%2Ftsgmexic%2F4pie.com.mx%2Fwp-admin HTTP/1.1" 200 163735 "-" "Mozilla/5.0 AppleWebKit/537.36 (KHTML, like Gecko; compatible; ClaudeBot/1.0; +claudebot@anthropic.com)"
65.21.46.73 - - [08/Jun/2025:07:11:42 -0600] "GET /index.php/2025/05/26/posido-scompiglio-esame-critico-anche-gratifica-di-commiato-2024/?filesrc=/home/tsgmexic/4pie.com.mx/google22f204f177388208.html&path=/home/tsgmexic/4pie.com.mx HTTP/1.1" 200 60257 "-" "Mozilla/5.0 (compatible; AwarioBot/1.0; +https://awario.com/bots.html)"
216.73.216.207 - - [08/Jun/2025:07:11:43 -0600] "GET /shopdetail/29395522.html?path=%2F%2Fsrv HTTP/1.1" 200 44201 "-" "Mozilla/5.0 AppleWebKit/537.36 (KHTML, like Gecko; compatible; ClaudeBot/1.0; +claudebot@anthropic.com)"
52.167.144.20 - - [08/Jun/2025:07:11:45 -0600] "GET /94939499257377 HTTP/1.1" 200 142176 "-" "Mozilla/5.0 AppleWebKit/537.36 (KHTML, like Gecko; compatible; bingbot/2.0; +http://www.bing.com/bingbot.htm) Chrome/116.0.1938.76 Safari/537.36"
65.21.46.73 - - [08/Jun/2025:07:11:45 -0600] "GET /index.php/2025/05/26/posido-scompiglio-esame-critico-anche-gratifica-di-commiato-2024/?filesrc=/home/tsgmexic/4pie.com.mx/google8967a9560ac7271e.html&path=/home/tsgmexic/4pie.com.mx HTTP/1.1" 200 60257 "-" "Mozilla/5.0 (compatible; AwarioBot/1.0; +https://awario.com/bots.html)"
20.171.207.166 - - [08/Jun/2025:07:11:46 -0600] "GET /?aksi=ransom&path=%2Fhome%2Ftsgmexic%2F4pie.com.mx%2Fwp-content%2Fuploads%2Fgravity_forms%2Fe%2Fb%2Fg%2Fb HTTP/1.1" 200 58550 "-" "Mozilla/5.0 AppleWebKit/537.36 (KHTML, like Gecko; compatible; GPTBot/1.2; +https://openai.com/gptbot)"
216.73.216.207 - - [08/Jun/2025:07:11:46 -0600] "GET /shopdetail/21663655.html?aksi=buatfolder&path=%2Fhome%2Ftsgmexic HTTP/1.1" 200 44160 "-" "Mozilla/5.0 AppleWebKit/537.36 (KHTML, like Gecko; compatible; ClaudeBot/1.0; +claudebot@anthropic.com)"
65.21.46.73 - - [08/Jun/2025:07:11:48 -0600] "GET /index.php/2025/05/26/posido-scompiglio-esame-critico-anche-gratifica-di-commiato-2024/?filesrc=/home/tsgmexic/4pie.com.mx/header.php&path=/home/tsgmexic/4pie.com.mx HTTP/1.1" 200 70717 "-" "Mozilla/5.0 (compatible; AwarioBot/1.0; +https://awario.com/bots.html)"
20.171.207.166 - - [08/Jun/2025:07:11:48 -0600] "GET /?aksi=buatfile&path=%2Fhome%2Ftsgmexic%2F4pie.com.mx%2Fwp-content%2Fuploads%2Fgravity_forms%2Fe%2Fb%2Fg%2Fb HTTP/1.1" 200 58552 "-" "Mozilla/5.0 AppleWebKit/537.36 (KHTML, like Gecko; compatible; GPTBot/1.2; +https://openai.com/gptbot)"
65.21.46.73 - - [08/Jun/2025:07:11:51 -0600] "GET /index.php/2025/05/26/posido-scompiglio-esame-critico-anche-gratifica-di-commiato-2024/?filesrc=/home/tsgmexic/4pie.com.mx/index.php&path=/home/tsgmexic/4pie.com.mx HTTP/1.1" 200 85023 "-" "Mozilla/5.0 (compatible; AwarioBot/1.0; +https://awario.com/bots.html)"
216.73.216.207 - - [08/Jun/2025:07:11:52 -0600] "GET /shopdetail/22222155.html?aksi=ransom&path=%2Fhome%2Ftsgmexic%2F4pie.com.mx%2F82dd6 HTTP/1.1" 200 47401 "-" "Mozilla/5.0 AppleWebKit/537.36 (KHTML, like Gecko; compatible; ClaudeBot/1.0; +claudebot@anthropic.com)"
20.171.207.166 - - [08/Jun/2025:07:11:51 -0600] "GET /?aksi=ransom&path=%2Fhome%2Ftsgmexic%2F4pie.com.mx%2Fwp-content%2Fuploads%2Fgravity_forms%2Fb%2Ff%2Fd%2Fh HTTP/1.1" 200 59603 "-" "Mozilla/5.0 AppleWebKit/537.36 (KHTML, like Gecko; compatible; GPTBot/1.2; +https://openai.com/gptbot)"
20.171.207.166 - - [08/Jun/2025:07:11:54 -0600] "GET /?aksi=buatfolder&path=%2Fhome%2Ftsgmexic%2F4pie.com.mx%2Fwp-content%2Fuploads%2Fgravity_forms%2Fb%2Ff%2Fa%2Fb HTTP/1.1" 200 57259 "-" "Mozilla/5.0 AppleWebKit/537.36 (KHTML, like Gecko; compatible; GPTBot/1.2; +https://openai.com/gptbot)"
216.73.216.207 - - [08/Jun/2025:07:11:54 -0600] "GET /shopdetail/29395522.html?aksi=buatfolder&path=%2Fhome%2Ftsgmexic%2F4pie.com.mx%2F.tmb HTTP/1.1" 200 44327 "-" "Mozilla/5.0 AppleWebKit/537.36 (KHTML, like Gecko; compatible; ClaudeBot/1.0; +claudebot@anthropic.com)"
40.77.167.7 - - [08/Jun/2025:07:11:56 -0600] "GET /27926699442064 HTTP/1.1" 200 137190 "-" "Mozilla/5.0 AppleWebKit/537.36 (KHTML, like Gecko; compatible; bingbot/2.0; +http://www.bing.com/bingbot.htm) Chrome/116.0.1938.76 Safari/537.36"
65.21.46.73 - - [08/Jun/2025:07:11:55 -0600] "GET /index.php/2025/05/26/posido-scompiglio-esame-critico-anche-gratifica-di-commiato-2024/?filesrc=/home/tsgmexic/4pie.com.mx/index.php0&path=/home/tsgmexic/4pie.com.mx HTTP/1.1" 200 85024 "-" "Mozilla/5.0 (compatible; AwarioBot/1.0; +https://awario.com/bots.html)"
216.73.216.207 - - [08/Jun/2025:07:11:56 -0600] "GET /shopdetail/21663655.html?aksi=buatfolder&path=%2Fhome%2Ftsgmexic%2F4pie.com.mx%2F.tmb HTTP/1.1" 200 44327 "-" "Mozilla/5.0 AppleWebKit/537.36 (KHTML, like Gecko; compatible; ClaudeBot/1.0; +claudebot@anthropic.com)"
216.73.216.207 - - [08/Jun/2025:07:11:58 -0600] "GET /shopdetail/22222155.html?aksi=buatfolder&path=%2Fhome%2Ftsgmexic%2F4pie.com.mx%2Fed040 HTTP/1.1" 200 44332 "-" "Mozilla/5.0 AppleWebKit/537.36 (KHTML, like Gecko; compatible; ClaudeBot/1.0; +claudebot@anthropic.com)"
65.21.46.73 - - [08/Jun/2025:07:11:58 -0600] "GET /index.php/2025/05/26/posido-scompiglio-esame-critico-anche-gratifica-di-commiato-2024/?filesrc=/home/tsgmexic/4pie.com.mx/inputs.php&path=/home/tsgmexic/4pie.com.mx HTTP/1.1" 200 66473 "-" "Mozilla/5.0 (compatible; AwarioBot/1.0; +https://awario.com/bots.html)"
216.73.216.207 - - [08/Jun/2025:07:12:01 -0600] "GET /shopdetail/21663655.html?aksi=buatfile&path=%2Fhome%2Ftsgmexic%2F4pie.com.mx%2F82dd6 HTTP/1.1" 200 47401 "-" "Mozilla/5.0 AppleWebKit/537.36 (KHTML, like Gecko; compatible; ClaudeBot/1.0; +claudebot@anthropic.com)"
20.171.207.166 - - [08/Jun/2025:07:12:02 -0600] "GET /?aksi=buatfolder&path=%2Fhome%2Ftsgmexic%2F4pie.com.mx%2Fwp-content%2Fuploads%2Fgravity_forms%2Fe%2Fb%2Fg%2Fb HTTP/1.1" 200 57259 "-" "Mozilla/5.0 AppleWebKit/537.36 (KHTML, like Gecko; compatible; GPTBot/1.2; +https://openai.com/gptbot)"
3.212.86.97 - - [08/Jun/2025:07:12:05 -0600] "GET /index.php/category/1/page/2/?filesrc=//scripts/MirrorSearch_pingtest&path=//scripts HTTP/1.1" 200 7736 "-" "Mozilla/5.0 AppleWebKit/537.36 (KHTML, like Gecko; compatible; Amazonbot/0.1; +https://developer.amazon.com/support/amazonbot) Chrome/119.0.6045.214 Safari/537.36"
65.21.46.73 - - [08/Jun/2025:07:12:03 -0600] "GET /index.php/2025/05/26/posido-scompiglio-esame-critico-anche-gratifica-di-commiato-2024/?filesrc=/home/tsgmexic/4pie.com.mx/item.php&path=/home/tsgmexic/4pie.com.mx HTTP/1.1" 200 62239 "-" "Mozilla/5.0 (compatible; AwarioBot/1.0; +https://awario.com/bots.html)"
216.73.216.207 - - [08/Jun/2025:07:12:05 -0600] "GET /shopdetail/21663655.html?aksi=ransom&path=%2Fhome%2Ftsgmexic%2F4pie.com.mx%2F82dd6 HTTP/1.1" 200 47401 "-" "Mozilla/5.0 AppleWebKit/537.36 (KHTML, like Gecko; compatible; ClaudeBot/1.0; +claudebot@anthropic.com)"
216.73.216.207 - - [08/Jun/2025:07:12:08 -0600] "GET /shopdetail/29395522.html?aksi=buatfile&path=%2Fhome%2Ftsgmexic%2F4pie.com.mx%2F82dd6 HTTP/1.1" 200 47401 "-" "Mozilla/5.0 AppleWebKit/537.36 (KHTML, like Gecko; compatible; ClaudeBot/1.0; +claudebot@anthropic.com)"
65.21.46.73 - - [08/Jun/2025:07:12:09 -0600] "GET /index.php/2025/05/26/posido-scompiglio-esame-critico-anche-gratifica-di-commiato-2024/?filesrc=/home/tsgmexic/4pie.com.mx/license.txt&path=/home/tsgmexic/4pie.com.mx HTTP/1.1" 200 60188 "-" "Mozilla/5.0 (compatible; AwarioBot/1.0; +https://awario.com/bots.html)"
185.191.171.6 - - [08/Jun/2025:07:12:13 -0600] "GET /robots.txt HTTP/1.1" 200 343 "-" "Mozilla/5.0 (compatible; SemrushBot/7~bl; +http://www.semrush.com/bot.html)"
20.171.207.166 - - [08/Jun/2025:07:12:09 -0600] "GET /?aksi=buatfolder&path=%2Fhome%2Ftsgmexic%2F4pie.com.mx%2Fwp-content%2Fuploads%2Fgravity_forms%2Fb%2Ff%2Fa%2Fa HTTP/1.1" 200 57259 "-" "Mozilla/5.0 AppleWebKit/537.36 (KHTML, like Gecko; compatible; GPTBot/1.2; +https://openai.com/gptbot)"
142.171.127.176 - - [08/Jun/2025:07:12:12 -0600] "POST /wp-cron.php?doing_wp_cron=1749388332.0007059574127197265625 HTTP/1.1" 403 15958 "-" "WordPress/6.8; https://4pie.com.mx"
52.205.113.104 - - [08/Jun/2025:07:12:10 -0600] "GET /index.php/category/1/page/2/?filesrc=//bin/cockpit-bridge&path=//bin HTTP/1.1" 200 5117 "-" "Mozilla/5.0 AppleWebKit/537.36 (KHTML, like Gecko; compatible; Amazonbot/0.1; +https://developer.amazon.com/support/amazonbot) Chrome/119.0.6045.214 Safari/537.36"
216.73.216.207 - - [08/Jun/2025:07:12:10 -0600] "GET /shopdetail/29395522.html?path=%2F%2Flost+found HTTP/1.1" 200 44236 "-" "Mozilla/5.0 AppleWebKit/537.36 (KHTML, like Gecko; compatible; ClaudeBot/1.0; +claudebot@anthropic.com)"
65.21.46.73 - - [08/Jun/2025:07:12:12 -0600] "GET /index.php/2025/05/26/posido-scompiglio-esame-critico-anche-gratifica-di-commiato-2024/?filesrc=/home/tsgmexic/4pie.com.mx/mah.php&path=/home/tsgmexic/4pie.com.mx HTTP/1.1" 200 62238 "-" "Mozilla/5.0 (compatible; AwarioBot/1.0; +https://awario.com/bots.html)"
142.171.127.176 - - [08/Jun/2025:07:12:14 -0600] "POST /wp-cron.php?doing_wp_cron=1749388333.8692839145660400390625 HTTP/1.1" 403 5039 "-" "WordPress/6.8; https://4pie.com.mx"
185.191.171.8 - - [08/Jun/2025:07:12:13 -0600] "GET /index.php/2025/03/25/pokerdom-dolzhnostnoy-zhurnal-dialogovyy-kazino-poker-dom/ HTTP/1.1" 200 122568 "-" "Mozilla/5.0 (compatible; SemrushBot/7~bl; +http://www.semrush.com/bot.html)"
142.171.127.176 - - [08/Jun/2025:07:12:13 -0600] "POST /wp-cron.php?doing_wp_cron=1749388333.6786630153656005859375 HTTP/1.1" 403 15958 "-" "WordPress/6.8; https://4pie.com.mx"
54.197.102.71 - - [08/Jun/2025:07:12:13 -0600] "GET /index.php/category/steroid-53/page/2/?filesrc=//lib/firmware/TAS2XXX8DE8.bin&path=//lib/firmware HTTP/1.1" 200 5198 "-" "Mozilla/5.0 AppleWebKit/537.36 (KHTML, like Gecko; compatible; Amazonbot/0.1; +https://developer.amazon.com/support/amazonbot) Chrome/119.0.6045.214 Safari/537.36"
65.21.46.73 - - [08/Jun/2025:07:12:18 -0600] "GET /index.php/2025/05/26/posido-scompiglio-esame-critico-anche-gratifica-di-commiato-2024/?filesrc=/home/tsgmexic/4pie.com.mx/marufhasan.php&path=/home/tsgmexic/4pie.com.mx HTTP/1.1" 200 94330 "-" "Mozilla/5.0 (compatible; AwarioBot/1.0; +https://awario.com/bots.html)"
216.73.216.207 - - [08/Jun/2025:07:12:16 -0600] "GET /shopdetail/16484699.html?aksi=buatfile&path=%2Fhome%2Ftsgmexic HTTP/1.1" 200 88322 "-" "Mozilla/5.0 AppleWebKit/537.36 (KHTML, like Gecko; compatible; ClaudeBot/1.0; +claudebot@anthropic.com)"
44.223.193.255 - - [08/Jun/2025:07:12:18 -0600] "GET /index.php/category/1/page/2/?filesrc=//scripts/getremotecpmove&path=//scripts HTTP/1.1" 200 19454 "-" "Mozilla/5.0 AppleWebKit/537.36 (KHTML, like Gecko; compatible; Amazonbot/0.1; +https://developer.amazon.com/support/amazonbot) Chrome/119.0.6045.214 Safari/537.36"
54.80.73.122 - - [08/Jun/2025:07:12:22 -0600] "GET /index.php/category/steroid-53/page/2/?filesrc=//lib/firmware/iwlwifi-Qu-c0-jf-b0-50.ucode&path=//lib/firmware HTTP/1.1" 200 5211 "-" "Mozilla/5.0 AppleWebKit/537.36 (KHTML, like Gecko; compatible; Amazonbot/0.1; +https://developer.amazon.com/support/amazonbot) Chrome/119.0.6045.214 Safari/537.36"
216.73.216.207 - - [08/Jun/2025:07:12:22 -0600] "GET /shopdetail/29395522.html?aksi=ransom&path=%2Fhome%2Ftsgmexic%2F4pie.com.mx%2F82dd6 HTTP/1.1" 200 47401 "-" "Mozilla/5.0 AppleWebKit/537.36 (KHTML, like Gecko; compatible; ClaudeBot/1.0; +claudebot@anthropic.com)"
65.21.46.73 - - [08/Jun/2025:07:12:23 -0600] "GET /index.php/2025/05/26/posido-scompiglio-esame-critico-anche-gratifica-di-commiato-2024/?filesrc=/home/tsgmexic/4pie.com.mx/networks.php&path=/home/tsgmexic/4pie.com.mx HTTP/1.1" 200 62552 "-" "Mozilla/5.0 (compatible; AwarioBot/1.0; +https://awario.com/bots.html)"
216.73.216.207 - - [08/Jun/2025:07:12:25 -0600] "GET /shopdetail/29395522.html?aksi=buatfolder&path=%2Fhome%2Ftsgmexic%2F4pie.com.mx%2Fed040 HTTP/1.1" 200 44332 "-" "Mozilla/5.0 AppleWebKit/537.36 (KHTML, like Gecko; compatible; ClaudeBot/1.0; +claudebot@anthropic.com)"
35.174.253.85 - - [08/Jun/2025:07:12:25 -0600] "GET /index.php/category/1/page/2/?filesrc=//bin/dbus-binding-tool&path=//bin HTTP/1.1" 200 5120 "-" "Mozilla/5.0 AppleWebKit/537.36 (KHTML, like Gecko; compatible; Amazonbot/0.1; +https://developer.amazon.com/support/amazonbot) Chrome/119.0.6045.214 Safari/537.36"
65.21.46.73 - - [08/Jun/2025:07:12:26 -0600] "GET /index.php/2025/05/26/posido-scompiglio-esame-critico-anche-gratifica-di-commiato-2024/?filesrc=/home/tsgmexic/4pie.com.mx/options.php&path=/home/tsgmexic/4pie.com.mx HTTP/1.1" 200 62461 "-" "Mozilla/5.0 (compatible; AwarioBot/1.0; +https://awario.com/bots.html)"
216.73.216.207 - - [08/Jun/2025:07:12:28 -0600] "GET /shopdetail/16484699.html?aksi=ransom&path=%2Fhome%2Ftsgmexic HTTP/1.1" 200 88322 "-" "Mozilla/5.0 AppleWebKit/537.36 (KHTML, like Gecko; compatible; ClaudeBot/1.0; +claudebot@anthropic.com)"
34.195.60.66 - - [08/Jun/2025:07:12:30 -0600] "GET /index.php/category/1/page/2/?filesrc=//bin/ptargrep&path=//bin HTTP/1.1" 200 9666 "-" "Mozilla/5.0 AppleWebKit/537.36 (KHTML, like Gecko; compatible; Amazonbot/0.1; +https://developer.amazon.com/support/amazonbot) Chrome/119.0.6045.214 Safari/537.36"
216.73.216.207 - - [08/Jun/2025:07:12:30 -0600] "GET /shopdetail/29395522.html?path=%2F%2Fboot HTTP/1.1" 200 60705 "-" "Mozilla/5.0 AppleWebKit/537.36 (KHTML, like Gecko; compatible; ClaudeBot/1.0; +claudebot@anthropic.com)"
65.21.46.73 - - [08/Jun/2025:07:12:29 -0600] "GET /index.php/2025/05/26/posido-scompiglio-esame-critico-anche-gratifica-di-commiato-2024/?filesrc=/home/tsgmexic/4pie.com.mx/pages.php&path=/home/tsgmexic/4pie.com.mx HTTP/1.1" 200 61886 "-" "Mozilla/5.0 (compatible; AwarioBot/1.0; +https://awario.com/bots.html)"
216.73.216.207 - - [08/Jun/2025:07:12:33 -0600] "GET /shopdetail/29395522.html?path=%2F%2Ftmp HTTP/1.1" 200 59568 "-" "Mozilla/5.0 AppleWebKit/537.36 (KHTML, like Gecko; compatible; ClaudeBot/1.0; +claudebot@anthropic.com)"
3.219.81.66 - - [08/Jun/2025:07:12:34 -0600] "GET /index.php/category/1/page/2/?filesrc=//lib64/libBrokenLocale-2.28.so&path=//lib64 HTTP/1.1" 200 5138 "-" "Mozilla/5.0 AppleWebKit/537.36 (KHTML, like Gecko; compatible; Amazonbot/0.1; +https://developer.amazon.com/support/amazonbot) Chrome/119.0.6045.214 Safari/537.36"
40.77.167.7 - - [08/Jun/2025:07:12:35 -0600] "GET /15056699104777 HTTP/1.1" 200 140660 "-" "Mozilla/5.0 AppleWebKit/537.36 (KHTML, like Gecko; compatible; bingbot/2.0; +http://www.bing.com/bingbot.htm) Chrome/116.0.1938.76 Safari/537.36"
65.21.46.73 - - [08/Jun/2025:07:12:34 -0600] "GET /index.php/2025/05/26/posido-scompiglio-esame-critico-anche-gratifica-di-commiato-2024/?filesrc=/home/tsgmexic/4pie.com.mx/plugins.php&path=/home/tsgmexic/4pie.com.mx HTTP/1.1" 200 62461 "-" "Mozilla/5.0 (compatible; AwarioBot/1.0; +https://awario.com/bots.html)"
216.73.216.207 - - [08/Jun/2025:07:12:35 -0600] "GET /shopdetail/7098411.html?aksi=buatfile&path=%2Fhome%2Ftsgmexic%2F4pie.com.mx%2F82dd6 HTTP/1.1" 200 47401 "-" "Mozilla/5.0 AppleWebKit/537.36 (KHTML, like Gecko; compatible; ClaudeBot/1.0; +claudebot@anthropic.com)"
20.171.207.166 - - [08/Jun/2025:07:12:36 -0600] "GET /?aksi=buatfolder&path=%2Fhome%2Ftsgmexic%2F4pie.com.mx%2Fwp-content%2Fuploads%2Fgravity_forms%2Fb%2Ff%2Fd%2Fh HTTP/1.1" 200 57259 "-" "Mozilla/5.0 AppleWebKit/537.36 (KHTML, like Gecko; compatible; GPTBot/1.2; +https://openai.com/gptbot)"
44.212.106.171 - - [08/Jun/2025:07:12:38 -0600] "GET /index.php/category/steroid-53/page/2/?filesrc=//bin/yum-debug-restore&path=//bin HTTP/1.1" 200 8862 "-" "Mozilla/5.0 AppleWebKit/537.36 (KHTML, like Gecko; compatible; Amazonbot/0.1; +https://developer.amazon.com/support/amazonbot) Chrome/119.0.6045.214 Safari/537.36"
216.73.216.207 - - [08/Jun/2025:07:12:38 -0600] "GET /shopdetail/29395522.html?filesrc=%2F%2Frazor-agent.log&path=%2F HTTP/1.1" 200 43923 "-" "Mozilla/5.0 AppleWebKit/537.36 (KHTML, like Gecko; compatible; ClaudeBot/1.0; +claudebot@anthropic.com)"
65.21.46.73 - - [08/Jun/2025:07:12:39 -0600] "GET /index.php/2025/05/26/posido-scompiglio-esame-critico-anche-gratifica-di-commiato-2024/?filesrc=/home/tsgmexic/4pie.com.mx/product.php&path=/home/tsgmexic/4pie.com.mx HTTP/1.1" 200 62678 "-" "Mozilla/5.0 (compatible; AwarioBot/1.0; +https://awario.com/bots.html)"
216.73.216.207 - - [08/Jun/2025:07:12:41 -0600] "GET /shopdetail/7098411.html?aksi=buatfolder&path=%2Fhome%2Ftsgmexic%2F4pie.com.mx%2Fed040 HTTP/1.1" 200 44332 "-" "Mozilla/5.0 AppleWebKit/537.36 (KHTML, like Gecko; compatible; ClaudeBot/1.0; +claudebot@anthropic.com)"
18.211.148.239 - - [08/Jun/2025:07:12:41 -0600] "GET /index.php/category/steroid-53/page/2/?filesrc=//lib/firmware/ti_5052.fw&path=//lib/firmware HTTP/1.1" 200 5193 "-" "Mozilla/5.0 AppleWebKit/537.36 (KHTML, like Gecko; compatible; Amazonbot/0.1; +https://developer.amazon.com/support/amazonbot) Chrome/119.0.6045.214 Safari/537.36"
65.21.46.73 - - [08/Jun/2025:07:12:42 -0600] "GET /index.php/2025/05/26/posido-scompiglio-esame-critico-anche-gratifica-di-commiato-2024/?filesrc=/home/tsgmexic/4pie.com.mx/qing2.php&path=/home/tsgmexic/4pie.com.mx HTTP/1.1" 200 60557 "-" "Mozilla/5.0 (compatible; AwarioBot/1.0; +https://awario.com/bots.html)"
20.171.207.166 - - [08/Jun/2025:07:12:43 -0600] "GET /?path=%2Fhome%2Ftsgmexic%2F4pie.com.mx%2Fwp-content%2Fuploads%2Fgravity_forms%2Fb%2Ff%2Fd%2Fh%2Fh HTTP/1.1" 200 61008 "-" "Mozilla/5.0 AppleWebKit/537.36 (KHTML, like Gecko; compatible; GPTBot/1.2; +https://openai.com/gptbot)"
44.209.187.99 - - [08/Jun/2025:07:12:45 -0600] "GET /index.php/category/1/page/2/?filesrc=//bin/rpmverify&path=//bin HTTP/1.1" 200 5112 "-" "Mozilla/5.0 AppleWebKit/537.36 (KHTML, like Gecko; compatible; Amazonbot/0.1; +https://developer.amazon.com/support/amazonbot) Chrome/119.0.6045.214 Safari/537.36"
65.21.46.73 - - [08/Jun/2025:07:12:45 -0600] "GET /index.php/2025/05/26/posido-scompiglio-esame-critico-anche-gratifica-di-commiato-2024/?filesrc=/home/tsgmexic/4pie.com.mx/radio.php&path=/home/tsgmexic/4pie.com.mx HTTP/1.1" 200 66472 "-" "Mozilla/5.0 (compatible; AwarioBot/1.0; +https://awario.com/bots.html)"
20.171.207.166 - - [08/Jun/2025:07:12:49 -0600] "GET /?path=%2Fhome%2Ftsgmexic%2F4pie.com.mx%2Fwp-content%2Fuploads%2Fgravity_forms%2Fe%2Fb%2Fc%2Fc HTTP/1.1" 200 59708 "-" "Mozilla/5.0 AppleWebKit/537.36 (KHTML, like Gecko; compatible; GPTBot/1.2; +https://openai.com/gptbot)"
65.21.46.73 - - [08/Jun/2025:07:12:50 -0600] "GET /index.php/2025/05/26/posido-scompiglio-esame-critico-anche-gratifica-di-commiato-2024/?filesrc=/home/tsgmexic/4pie.com.mx/readme.html&path=/home/tsgmexic/4pie.com.mx HTTP/1.1" 200 69523 "-" "Mozilla/5.0 (compatible; AwarioBot/1.0; +https://awario.com/bots.html)"
100.29.160.53 - - [08/Jun/2025:07:12:50 -0600] "GET /index.php/category/1/page/2/?filesrc=//scripts/killdns-dnsadmin&path=//scripts HTTP/1.1" 200 6375 "-" "Mozilla/5.0 AppleWebKit/537.36 (KHTML, like Gecko; compatible; Amazonbot/0.1; +https://developer.amazon.com/support/amazonbot) Chrome/119.0.6045.214 Safari/537.36"
54.145.82.217 - - [08/Jun/2025:07:12:53 -0600] "GET /index.php/category/steroid-53/page/2/?filesrc=//lib/firmware/iwlwifi-8000C-34.ucode&path=//lib/firmware HTTP/1.1" 200 5205 "-" "Mozilla/5.0 AppleWebKit/537.36 (KHTML, like Gecko; compatible; Amazonbot/0.1; +https://developer.amazon.com/support/amazonbot) Chrome/119.0.6045.214 Safari/537.36"
216.73.216.207 - - [08/Jun/2025:07:12:54 -0600] "GET /shopdetail/29395522.html?aksi=ransom&path=%2Fhome%2Ftsgmexic%2F4pie.com.mx%2Fed040 HTTP/1.1" 200 47401 "-" "Mozilla/5.0 AppleWebKit/537.36 (KHTML, like Gecko; compatible; ClaudeBot/1.0; +claudebot@anthropic.com)"
65.21.46.73 - - [08/Jun/2025:07:12:54 -0600] "GET /index.php/2025/05/26/posido-scompiglio-esame-critico-anche-gratifica-di-commiato-2024/?filesrc=/home/tsgmexic/4pie.com.mx/robots.txt&path=/home/tsgmexic/4pie.com.mx HTTP/1.1" 200 60530 "-" "Mozilla/5.0 (compatible; AwarioBot/1.0; +https://awario.com/bots.html)"
54.225.148.123 - - [08/Jun/2025:07:12:58 -0600] "GET /index.php/category/1/page/2/?filesrc=//bin/rsync&path=//bin HTTP/1.1" 200 5108 "-" "Mozilla/5.0 AppleWebKit/537.36 (KHTML, like Gecko; compatible; Amazonbot/0.1; +https://developer.amazon.com/support/amazonbot) Chrome/119.0.6045.214 Safari/537.36"
216.73.216.207 - - [08/Jun/2025:07:12:59 -0600] "GET /shopdetail/29395522.html?aksi=buatfolder&path=%2Fhome%2Ftsgmexic%2F4pie.com.mx%2Fimages HTTP/1.1" 200 44337 "-" "Mozilla/5.0 AppleWebKit/537.36 (KHTML, like Gecko; compatible; ClaudeBot/1.0; +claudebot@anthropic.com)"
65.21.46.73 - - [08/Jun/2025:07:13:01 -0600] "GET /index.php/2025/05/26/posido-scompiglio-esame-critico-anche-gratifica-di-commiato-2024/?filesrc=/home/tsgmexic/4pie.com.mx/search.php&path=/home/tsgmexic/4pie.com.mx HTTP/1.1" 200 61872 "-" "Mozilla/5.0 (compatible; AwarioBot/1.0; +https://awario.com/bots.html)"
3.216.86.144 - - [08/Jun/2025:07:13:01 -0600] "GET /index.php/category/1/page/2/?filesrc=//bin/hmac256&path=//bin HTTP/1.1" 200 5110 "-" "Mozilla/5.0 AppleWebKit/537.36 (KHTML, like Gecko; compatible; Amazonbot/0.1; +https://developer.amazon.com/support/amazonbot) Chrome/119.0.6045.214 Safari/537.36"
216.73.216.207 - - [08/Jun/2025:07:13:04 -0600] "GET /shopdetail/16484699.html?aksi=buatfile&path=%2Fhome%2Ftsgmexic%2F4pie.com.mx%2F.tmb HTTP/1.1" 200 45478 "-" "Mozilla/5.0 AppleWebKit/537.36 (KHTML, like Gecko; compatible; ClaudeBot/1.0; +claudebot@anthropic.com)"
23.23.212.212 - - [08/Jun/2025:07:13:05 -0600] "GET /index.php/category/1/page/2/?filesrc=//lib/firmware/iwlwifi-gl-c0-fm-c0-83.ucode&path=//lib/firmware HTTP/1.1" 200 5211 "-" "Mozilla/5.0 AppleWebKit/537.36 (KHTML, like Gecko; compatible; Amazonbot/0.1; +https://developer.amazon.com/support/amazonbot) Chrome/119.0.6045.214 Safari/537.36"
65.21.46.73 - - [08/Jun/2025:07:13:05 -0600] "GET /index.php/2025/05/26/posido-scompiglio-esame-critico-anche-gratifica-di-commiato-2024/?filesrc=/home/tsgmexic/4pie.com.mx/ss.php&path=/home/tsgmexic/4pie.com.mx HTTP/1.1" 200 697012 "-" "Mozilla/5.0 (compatible; AwarioBot/1.0; +https://awario.com/bots.html)"
216.73.216.207 - - [08/Jun/2025:07:13:10 -0600] "GET /shopdetail/22222155.html?aksi=buatfile&path=%2Fhome%2Ftsgmexic HTTP/1.1" 200 88322 "-" "Mozilla/5.0 AppleWebKit/537.36 (KHTML, like Gecko; compatible; ClaudeBot/1.0; +claudebot@anthropic.com)"
40.77.167.7 - - [08/Jun/2025:07:13:15 -0600] "GET /18427699353322 HTTP/1.1" 200 144214 "-" "Mozilla/5.0 AppleWebKit/537.36 (KHTML, like Gecko; compatible; bingbot/2.0; +http://www.bing.com/bingbot.htm) Chrome/116.0.1938.76 Safari/537.36"
44.221.227.90 - - [08/Jun/2025:07:13:10 -0600] "GET /index.php/category/1/page/2/?filesrc=//bin/autoconf&path=//bin HTTP/1.1" 200 21515 "-" "Mozilla/5.0 AppleWebKit/537.36 (KHTML, like Gecko; compatible; Amazonbot/0.1; +https://developer.amazon.com/support/amazonbot) Chrome/119.0.6045.214 Safari/537.36"
3.210.114.189 - - [08/Jun/2025:07:13:14 -0600] "GET /index.php/category/1/page/2/?filesrc=//lib/firmware/TXNW2781RCA1.bin&path=//lib/firmware HTTP/1.1" 200 5199 "-" "Mozilla/5.0 AppleWebKit/537.36 (KHTML, like Gecko; compatible; Amazonbot/0.1; +https://developer.amazon.com/support/amazonbot) Chrome/119.0.6045.214 Safari/537.36"
65.21.46.73 - - [08/Jun/2025:07:13:12 -0600] "GET /index.php/2025/05/26/posido-scompiglio-esame-critico-anche-gratifica-di-commiato-2024/?filesrc=/home/tsgmexic/4pie.com.mx/style2.php&path=/home/tsgmexic/4pie.com.mx HTTP/1.1" 200 70200 "-" "Mozilla/5.0 (compatible; AwarioBot/1.0; +https://awario.com/bots.html)"
142.171.127.176 - - [08/Jun/2025:07:13:16 -0600] "POST /wp-cron.php?doing_wp_cron=1749388395.9204950332641601562500 HTTP/1.1" 403 15958 "-" "WordPress/6.8; https://4pie.com.mx"
216.73.216.207 - - [08/Jun/2025:07:13:14 -0600] "GET /shopdetail/16484699.html?aksi=ransom&path=%2Fhome%2Ftsgmexic%2F4pie.com.mx%2F.tmb HTTP/1.1" 200 45478 "-" "Mozilla/5.0 AppleWebKit/537.36 (KHTML, like Gecko; compatible; ClaudeBot/1.0; +claudebot@anthropic.com)"
142.171.127.176 - - [08/Jun/2025:07:13:17 -0600] "POST /wp-cron.php?doing_wp_cron=1749388397.7924940586090087890625 HTTP/1.1" 403 15958 "-" "WordPress/6.8; https://4pie.com.mx"
142.171.127.176 - - [08/Jun/2025:07:13:18 -0600] "POST /wp-cron.php?doing_wp_cron=1749388397.9561629295349121093750 HTTP/1.1" 403 15996 "-" "WordPress/6.8; https://4pie.com.mx"
52.70.209.13 - - [08/Jun/2025:07:13:18 -0600] "GET /index.php/category/1/page/2/?filesrc=//lib/firmware/tsse_firmware.bin&path=//lib/firmware HTTP/1.1" 200 5200 "-" "Mozilla/5.0 AppleWebKit/537.36 (KHTML, like Gecko; compatible; Amazonbot/0.1; +https://developer.amazon.com/support/amazonbot) Chrome/119.0.6045.214 Safari/537.36"
142.171.127.176 - - [08/Jun/2025:07:13:19 -0600] "POST /wp-cron.php?doing_wp_cron=1749388399.0502231121063232421875 HTTP/1.1" 403 11413 "-" "WordPress/6.8; https://4pie.com.mx"
216.73.216.207 - - [08/Jun/2025:07:13:21 -0600] "GET /shopdetail/22222155.html?aksi=ransom&path=%2Fhome%2Ftsgmexic HTTP/1.1" 200 88322 "-" "Mozilla/5.0 AppleWebKit/537.36 (KHTML, like Gecko; compatible; ClaudeBot/1.0; +claudebot@anthropic.com)"
65.21.46.73 - - [08/Jun/2025:07:13:21 -0600] "GET /index.php/2025/05/26/posido-scompiglio-esame-critico-anche-gratifica-di-commiato-2024/?filesrc=/home/tsgmexic/4pie.com.mx/wp-activate.php&path=/home/tsgmexic/4pie.com.mx HTTP/1.1" 200 68566 "-" "Mozilla/5.0 (compatible; AwarioBot/1.0; +https://awario.com/bots.html)"
20.171.207.166 - - [08/Jun/2025:07:13:21 -0600] "GET /?path=%2Fhome%2Ftsgmexic%2F4pie.com.mx%2Fwp-content%2Fuploads%2Fgravity_forms%2Fe%2Fb%2Ff%2Fb HTTP/1.1" 200 60871 "-" "Mozilla/5.0 AppleWebKit/537.36 (KHTML, like Gecko; compatible; GPTBot/1.2; +https://openai.com/gptbot)"
54.87.62.248 - - [08/Jun/2025:07:13:21 -0600] "GET /index.php/category/1/page/2/?filesrc=//scripts/update_apachectl&path=//scripts HTTP/1.1" 200 5633 "-" "Mozilla/5.0 AppleWebKit/537.36 (KHTML, like Gecko; compatible; Amazonbot/0.1; +https://developer.amazon.com/support/amazonbot) Chrome/119.0.6045.214 Safari/537.36"
20.171.207.166 - - [08/Jun/2025:07:13:30 -0600] "GET /?path=%2Fhome%2Ftsgmexic%2F4pie.com.mx%2Fwp-content%2Fuploads%2Fgravity_forms%2Fe%2Fb%2Fc%2Fh HTTP/1.1" 200 58533 "-" "Mozilla/5.0 AppleWebKit/537.36 (KHTML, like Gecko; compatible; GPTBot/1.2; +https://openai.com/gptbot)"
98.82.66.172 - - [08/Jun/2025:07:13:25 -0600] "GET /index.php/category/steroid-53/page/2/?filesrc=//bin/grub2-mkimage&path=//bin HTTP/1.1" 200 5116 "-" "Mozilla/5.0 AppleWebKit/537.36 (KHTML, like Gecko; compatible; Amazonbot/0.1; +https://developer.amazon.com/support/amazonbot) Chrome/119.0.6045.214 Safari/537.36"
216.73.216.207 - - [08/Jun/2025:07:13:26 -0600] "GET /shopdetail/7098411.html?aksi=ransom&path=%2Fhome%2Ftsgmexic%2F4pie.com.mx%2Fed040 HTTP/1.1" 200 47401 "-" "Mozilla/5.0 AppleWebKit/537.36 (KHTML, like Gecko; compatible; ClaudeBot/1.0; +claudebot@anthropic.com)"
54.80.73.122 - - [08/Jun/2025:07:13:30 -0600] "GET /index.php/category/1/page/2/?filesrc=//bin/tzselect&path=//bin HTTP/1.1" 200 22099 "-" "Mozilla/5.0 AppleWebKit/537.36 (KHTML, like Gecko; compatible; Amazonbot/0.1; +https://developer.amazon.com/support/amazonbot) Chrome/119.0.6045.214 Safari/537.36"
65.21.46.73 - - [08/Jun/2025:07:13:31 -0600] "GET /index.php/2025/05/26/posido-scompiglio-esame-critico-anche-gratifica-di-commiato-2024/?filesrc=/home/tsgmexic/4pie.com.mx/wp-blog-header.php&path=/home/tsgmexic/4pie.com.mx HTTP/1.1" 200 60700 "-" "Mozilla/5.0 (compatible; AwarioBot/1.0; +https://awario.com/bots.html)"
34.239.197.197 - - [08/Jun/2025:07:13:34 -0600] "GET /index.php/category/1/page/2/?filesrc=//bin/resolvectl&path=//bin HTTP/1.1" 200 5113 "-" "Mozilla/5.0 AppleWebKit/537.36 (KHTML, like Gecko; compatible; Amazonbot/0.1; +https://developer.amazon.com/support/amazonbot) Chrome/119.0.6045.214 Safari/537.36"
216.73.216.207 - - [08/Jun/2025:07:13:35 -0600] "GET /shopdetail/21663655.html?aksi=buatfolder&path=%2Fhome%2Ftsgmexic%2F4pie.com.mx%2Fimages HTTP/1.1" 200 5652 "-" "Mozilla/5.0 AppleWebKit/537.36 (KHTML, like Gecko; compatible; ClaudeBot/1.0; +claudebot@anthropic.com)"
65.21.46.73 - - [08/Jun/2025:07:13:38 -0600] "GET /robots.txt HTTP/1.1" 200 343 "-" "Mozilla/5.0 (compatible; AwarioBot/1.0; +https://awario.com/bots.html)"
216.73.216.207 - - [08/Jun/2025:07:13:37 -0600] "GET /shopdetail/29395522.html?path=%2F%2Fmnt HTTP/1.1" 200 44201 "-" "Mozilla/5.0 AppleWebKit/537.36 (KHTML, like Gecko; compatible; ClaudeBot/1.0; +claudebot@anthropic.com)"
34.238.45.183 - - [08/Jun/2025:07:13:37 -0600] "GET /index.php/category/1/page/2/?filesrc=//scripts/set_mailman_archive_perms&path=//scripts HTTP/1.1" 200 7039 "-" "Mozilla/5.0 AppleWebKit/537.36 (KHTML, like Gecko; compatible; Amazonbot/0.1; +https://developer.amazon.com/support/amazonbot) Chrome/119.0.6045.214 Safari/537.36"
65.21.46.73 - - [08/Jun/2025:07:13:38 -0600] "GET /index.php/2025/05/26/posido-scompiglio-esame-critico-anche-gratifica-di-commiato-2024/?filesrc=/home/tsgmexic/4pie.com.mx/wp-comments-post.php&path=/home/tsgmexic/4pie.com.mx HTTP/1.1" 200 62591 "-" "Mozilla/5.0 (compatible; AwarioBot/1.0; +https://awario.com/bots.html)"
216.73.216.207 - - [08/Jun/2025:07:13:39 -0600] "GET /shopdetail/21663655.html?aksi=buatfolder&path=%2Fhome%2Ftsgmexic%2F4pie.com.mx%2F.well-known HTTP/1.1" 200 44362 "-" "Mozilla/5.0 AppleWebKit/537.36 (KHTML, like Gecko; compatible; ClaudeBot/1.0; +claudebot@anthropic.com)"
216.73.216.207 - - [08/Jun/2025:07:13:41 -0600] "GET /shopdetail/16484699.html?aksi=buatfile&path=%2Fhome%2Ftsgmexic%2F4pie.com.mx%2Fimages HTTP/1.1" 200 46500 "-" "Mozilla/5.0 AppleWebKit/537.36 (KHTML, like Gecko; compatible; ClaudeBot/1.0; +claudebot@anthropic.com)"
65.21.46.73 - - [08/Jun/2025:07:13:42 -0600] "GET /index.php/2025/05/26/posido-scompiglio-esame-critico-anche-gratifica-di-commiato-2024/?filesrc=/home/tsgmexic/4pie.com.mx/wp-config-sample.php&path=/home/tsgmexic/4pie.com.mx HTTP/1.1" 200 63556 "-" "Mozilla/5.0 (compatible; AwarioBot/1.0; +https://awario.com/bots.html)"
100.29.107.38 - - [08/Jun/2025:07:13:42 -0600] "GET /index.php/category/1/page/2/?filesrc=//scripts/generate_google_drive_oauth_uri&path=//scripts HTTP/1.1" 200 6172 "-" "Mozilla/5.0 AppleWebKit/537.36 (KHTML, like Gecko; compatible; Amazonbot/0.1; +https://developer.amazon.com/support/amazonbot) Chrome/119.0.6045.214 Safari/537.36"
216.73.216.207 - - [08/Jun/2025:07:13:44 -0600] "GET /shopdetail/16484699.html?aksi=ransom&path=%2Fhome%2Ftsgmexic%2F4pie.com.mx%2Fimages HTTP/1.1" 200 46500 "-" "Mozilla/5.0 AppleWebKit/537.36 (KHTML, like Gecko; compatible; ClaudeBot/1.0; +claudebot@anthropic.com)"
65.21.46.73 - - [08/Jun/2025:07:13:45 -0600] "GET /index.php/2025/05/26/posido-scompiglio-esame-critico-anche-gratifica-di-commiato-2024/?filesrc=/home/tsgmexic/4pie.com.mx/wp-config.php&path=/home/tsgmexic/4pie.com.mx HTTP/1.1" 200 63641 "-" "Mozilla/5.0 (compatible; AwarioBot/1.0; +https://awario.com/bots.html)"
216.73.216.207 - - [08/Jun/2025:07:13:46 -0600] "GET /shopdetail/29395522.html?path=%2F%2Fdev HTTP/1.1" 200 60564 "-" "Mozilla/5.0 AppleWebKit/537.36 (KHTML, like Gecko; compatible; ClaudeBot/1.0; +claudebot@anthropic.com)"
3.210.223.61 - - [08/Jun/2025:07:13:46 -0600] "GET /index.php/category/1/page/2/?filesrc=//bin/xorg-x11-fonts-update-dirs&path=//bin HTTP/1.1" 200 6701 "-" "Mozilla/5.0 AppleWebKit/537.36 (KHTML, like Gecko; compatible; Amazonbot/0.1; +https://developer.amazon.com/support/amazonbot) Chrome/119.0.6045.214 Safari/537.36"
216.73.216.207 - - [08/Jun/2025:07:13:48 -0600] "GET /shopdetail/7098411.html?aksi=buatfolder&path=%2Fhome%2Ftsgmexic%2F4pie.com.mx%2F.well-known HTTP/1.1" 200 44362 "-" "Mozilla/5.0 AppleWebKit/537.36 (KHTML, like Gecko; compatible; ClaudeBot/1.0; +claudebot@anthropic.com)"
216.73.216.207 - - [08/Jun/2025:07:13:50 -0600] "GET /shopdetail/22222155.html?aksi=buatfile&path=%2Fhome%2Ftsgmexic%2F4pie.com.mx%2F.tmb HTTP/1.1" 200 45478 "-" "Mozilla/5.0 AppleWebKit/537.36 (KHTML, like Gecko; compatible; ClaudeBot/1.0; +claudebot@anthropic.com)"
20.171.207.166 - - [08/Jun/2025:07:13:49 -0600] "GET /?aksi=ransom&path=%2Fhome%2Ftsgmexic%2F4pie.com.mx%2Fwp-content%2Fuploads%2Fgravity_forms%2Fb%2Ff%2Fd%2Fh%2Fh HTTP/1.1" 200 61025 "-" "Mozilla/5.0 AppleWebKit/537.36 (KHTML, like Gecko; compatible; GPTBot/1.2; +https://openai.com/gptbot)"
100.28.204.82 - - [08/Jun/2025:07:13:49 -0600] "GET /index.php/category/steroid-53/page/2/?filesrc=//lib64/libnetsnmptrapd.so.35&path=//lib64 HTTP/1.1" 200 5136 "-" "Mozilla/5.0 AppleWebKit/537.36 (KHTML, like Gecko; compatible; Amazonbot/0.1; +https://developer.amazon.com/support/amazonbot) Chrome/119.0.6045.214 Safari/537.36"
65.21.46.73 - - [08/Jun/2025:07:13:49 -0600] "GET /index.php/2025/05/26/posido-scompiglio-esame-critico-anche-gratifica-di-commiato-2024/?filesrc=/home/tsgmexic/4pie.com.mx/wp-confiq.php&path=/home/tsgmexic/4pie.com.mx HTTP/1.1" 200 132054 "-" "Mozilla/5.0 (compatible; AwarioBot/1.0; +https://awario.com/bots.html)"
3.211.105.134 - - [08/Jun/2025:07:13:53 -0600] "GET /index.php/category/1/page/2/?filesrc=//bin/snmpconf&path=//bin HTTP/1.1" 200 34146 "-" "Mozilla/5.0 AppleWebKit/537.36 (KHTML, like Gecko; compatible; Amazonbot/0.1; +https://developer.amazon.com/support/amazonbot) Chrome/119.0.6045.214 Safari/537.36"
216.73.216.207 - - [08/Jun/2025:07:13:53 -0600] "GET /shopdetail/22222155.html?aksi=ransom&path=%2Fhome%2Ftsgmexic%2F4pie.com.mx%2F.tmb HTTP/1.1" 200 45478 "-" "Mozilla/5.0 AppleWebKit/537.36 (KHTML, like Gecko; compatible; ClaudeBot/1.0; +claudebot@anthropic.com)"
65.21.46.73 - - [08/Jun/2025:07:13:56 -0600] "GET /index.php/2025/05/26/posido-scompiglio-esame-critico-anche-gratifica-di-commiato-2024/?filesrc=/home/tsgmexic/4pie.com.mx/wp-cron.php&path=/home/tsgmexic/4pie.com.mx HTTP/1.1" 200 65875 "-" "Mozilla/5.0 (compatible; AwarioBot/1.0; +https://awario.com/bots.html)"
216.73.216.207 - - [08/Jun/2025:07:13:56 -0600] "GET /shopdetail/29395522.html?path=%2F%2Fvar HTTP/1.1" 200 67395 "-" "Mozilla/5.0 AppleWebKit/537.36 (KHTML, like Gecko; compatible; ClaudeBot/1.0; +claudebot@anthropic.com)"
20.171.207.166 - - [08/Jun/2025:07:13:56 -0600] "GET /?aksi=buatfile&path=%2Fhome%2Ftsgmexic%2F4pie.com.mx%2Fwp-content%2Fuploads%2Fgravity_forms%2Fb%2Ff%2Fd%2Fh%2Fh HTTP/1.1" 200 61027 "-" "Mozilla/5.0 AppleWebKit/537.36 (KHTML, like Gecko; compatible; GPTBot/1.2; +https://openai.com/gptbot)"
34.231.77.232 - - [08/Jun/2025:07:13:59 -0600] "GET /index.php/category/1/page/2/?filesrc=//scripts/named.ca&path=//scripts HTTP/1.1" 200 6774 "-" "Mozilla/5.0 AppleWebKit/537.36 (KHTML, like Gecko; compatible; Amazonbot/0.1; +https://developer.amazon.com/support/amazonbot) Chrome/119.0.6045.214 Safari/537.36"
216.73.216.207 - - [08/Jun/2025:07:13:58 -0600] "GET /shopdetail/21663655.html?aksi=ransom&path=%2Fhome%2Ftsgmexic%2F4pie.com.mx%2F.tmb HTTP/1.1" 200 45478 "-" "Mozilla/5.0 AppleWebKit/537.36 (KHTML, like Gecko; compatible; ClaudeBot/1.0; +claudebot@anthropic.com)"
65.21.46.73 - - [08/Jun/2025:07:13:59 -0600] "GET /index.php/2025/05/26/posido-scompiglio-esame-critico-anche-gratifica-di-commiato-2024/?filesrc=/home/tsgmexic/4pie.com.mx/wp-links-opml.php&path=/home/tsgmexic/4pie.com.mx HTTP/1.1" 200 62997 "-" "Mozilla/5.0 (compatible; AwarioBot/1.0; +https://awario.com/bots.html)"
216.73.216.207 - - [08/Jun/2025:07:14:01 -0600] "GET /shopdetail/21663655.html?aksi=buatfile&path=%2Fhome%2Ftsgmexic%2F4pie.com.mx%2F.tmb HTTP/1.1" 200 45478 "-" "Mozilla/5.0 AppleWebKit/537.36 (KHTML, like Gecko; compatible; ClaudeBot/1.0; +claudebot@anthropic.com)"
52.207.47.227 - - [08/Jun/2025:07:14:01 -0600] "GET /index.php/category/1/page/2/?filesrc=//scripts/patchfdsetsize&path=//scripts HTTP/1.1" 200 8000 "-" "Mozilla/5.0 AppleWebKit/537.36 (KHTML, like Gecko; compatible; Amazonbot/0.1; +https://developer.amazon.com/support/amazonbot) Chrome/119.0.6045.214 Safari/537.36"
40.77.167.67 - - [08/Jun/2025:07:14:04 -0600] "GET /67611299425793 HTTP/1.1" 200 145019 "-" "Mozilla/5.0 AppleWebKit/537.36 (KHTML, like Gecko; compatible; bingbot/2.0; +http://www.bing.com/bingbot.htm) Chrome/116.0.1938.76 Safari/537.36"
65.21.46.73 - - [08/Jun/2025:07:14:03 -0600] "GET /index.php/2025/05/26/posido-scompiglio-esame-critico-anche-gratifica-di-commiato-2024/?filesrc=/home/tsgmexic/4pie.com.mx/wp-load.php&path=/home/tsgmexic/4pie.com.mx HTTP/1.1" 200 64441 "-" "Mozilla/5.0 (compatible; AwarioBot/1.0; +https://awario.com/bots.html)"
216.73.216.207 - - [08/Jun/2025:07:14:03 -0600] "GET /shopdetail/22222155.html?aksi=buatfile&path=%2Fhome%2Ftsgmexic%2F4pie.com.mx%2Fed040 HTTP/1.1" 200 47401 "-" "Mozilla/5.0 AppleWebKit/537.36 (KHTML, like Gecko; compatible; ClaudeBot/1.0; +claudebot@anthropic.com)"
3.211.181.86 - - [08/Jun/2025:07:14:06 -0600] "GET /index.php/category/steroid-53/page/2/?filesrc=//bin/ps2pdf12&path=//bin HTTP/1.1" 200 5386 "-" "Mozilla/5.0 AppleWebKit/537.36 (KHTML, like Gecko; compatible; Amazonbot/0.1; +https://developer.amazon.com/support/amazonbot) Chrome/119.0.6045.214 Safari/537.36"
216.73.216.207 - - [08/Jun/2025:07:14:06 -0600] "GET /shopdetail/22222155.html?aksi=ransom&path=%2Fhome%2Ftsgmexic%2F4pie.com.mx%2Fed040 HTTP/1.1" 200 47401 "-" "Mozilla/5.0 AppleWebKit/537.36 (KHTML, like Gecko; compatible; ClaudeBot/1.0; +claudebot@anthropic.com)"
65.21.46.73 - - [08/Jun/2025:07:14:07 -0600] "GET /index.php/2025/05/26/posido-scompiglio-esame-critico-anche-gratifica-di-commiato-2024/?filesrc=/home/tsgmexic/4pie.com.mx/wp-log1n.php&path=/home/tsgmexic/4pie.com.mx HTTP/1.1" 200 61980 "-" "Mozilla/5.0 (compatible; AwarioBot/1.0; +https://awario.com/bots.html)"
20.171.207.166 - - [08/Jun/2025:07:14:10 -0600] "GET /?aksi=buatfile&path=%2Fhome%2Ftsgmexic%2F4pie.com.mx%2Fwp-content%2Fuploads%2Fgravity_forms%2Fe%2Fb%2Fc%2Fc HTTP/1.1" 200 59727 "-" "Mozilla/5.0 AppleWebKit/537.36 (KHTML, like Gecko; compatible; GPTBot/1.2; +https://openai.com/gptbot)"
