20.171.207.62 - - [08/Jun/2025:07:18:09 -0600] "GET /dist/images/mask/guide/cn/step1.jpg?path=%2F%2Fsys%2Fbus%2Fplatform%2Fdrivers%2Ffw_cfg%2FQEMU0002%3A00%2Ffirmware_node%2Fsubsystem%2Fdevices%2FLNXSYBUS%3A00%2FPNP0A03%3A00%2Fphysical_node%2F0000%3A00%3A01.2%2Fusb1%2F1-1%2F1-1%3A1.0%2F0003%3A0627%3A0001.0001%2Fdriver%2F0003%3A0627%3A0001.0001%2Fdriver%2F0003%3A0627%3A0001.0001%2Fdriver%2F0003%3A0627%3A0001.0001%2Fsubsystem%2Fdevices%2F0003%3A0627%3A0001.0001%2Fdriver%2F0003%3A0627%3A0001.0001%2Fsubsystem%2Fdrivers%2Fhid-generic%2F0003%3A0627%3A0001.0001%2Fdriver%2F0003%3A0627%3A0001.0001%2Fsubsystem%2Fdevices%2F0003%3A0627%3A0001.0001%2Finput%2Finput5%2Fmouse2%2Fsubsystem%2Finput1%2Fdevice%2Fwakeup HTTP/1.1" 200 21024 "-" "Mozilla/5.0 AppleWebKit/537.36 (KHTML, like Gecko; compatible; GPTBot/1.2; +https://openai.com/gptbot)"
20.171.207.105 - - [08/Jun/2025:07:18:11 -0600] "GET /dist/images/mask/bg1.jpg?path=%2Fhome%2Ftsgmexic%2Fmail%2F.mario.cur.1465747121_H699146P7346_aker_webserversystems_com%2CS%3D14288%3A2%2CS HTTP/1.1" 200 50849 "-" "Mozilla/5.0 AppleWebKit/537.36 (KHTML, like Gecko; compatible; GPTBot/1.2; +https://openai.com/gptbot)"
20.171.207.167 - - [08/Jun/2025:07:18:11 -0600] "GET /dist/images/mask/guide/cn/step1.jpg?path=%2F%2Fsys%2Fbus%2Fplatform%2Fdrivers%2Ffw_cfg%2FQEMU0002%3A00%2Ffirmware_node%2Fsubsystem%2Fdevices%2FLNXSYBUS%3A00%2FPNP0A03%3A00%2Fphysical_node%2F0000%3A00%3A01.2%2Fusb1%2F1-1%2F1-1%3A1.0%2F0003%3A0627%3A0001.0001%2Fdriver%2F0003%3A0627%3A0001.0001%2Fdriver%2F0003%3A0627%3A0001.0001%2Fdriver%2F0003%3A0627%3A0001.0001%2Fsubsystem%2Fdevices%2F0003%3A0627%3A0001.0001%2Fdriver%2F0003%3A0627%3A0001.0001%2Fdriver%2F0003%3A0627%3A0001.0001%2Fsubsystem%2Fdrivers%2Fhid-generic%2F0003%3A0627%3A0001.0001%2Fdriver%2F0003%3A0627%3A0001.0001%2Finput%2Finput5%2Fsubsystem%2Finput4%2Fsubsystem%2Fmouse2%2Fsubsystem%2Fevent1 HTTP/1.1" 200 69931 "-" "Mozilla/5.0 AppleWebKit/537.36 (KHTML, like Gecko; compatible; GPTBot/1.2; +https://openai.com/gptbot)"
20.171.207.62 - - [08/Jun/2025:07:18:13 -0600] "GET /dist/images/mask/guide/cn/step1.jpg?path=%2F%2Fsys%2Fbus%2Fplatform%2Fdrivers%2Ffw_cfg%2FQEMU0002%3A00%2Ffirmware_node%2Fsubsystem%2Fdevices%2FLNXSYBUS%3A00%2FPNP0A03%3A00%2Fphysical_node%2F0000%3A00%3A01.2%2Fusb1%2F1-1%2F1-1%3A1.0%2F0003%3A0627%3A0001.0001%2Fdriver%2F0003%3A0627%3A0001.0001%2Fdriver%2F0003%3A0627%3A0001.0001%2Fdriver%2F0003%3A0627%3A0001.0001%2Fsubsystem%2Fdevices%2F0003%3A0627%3A0001.0001%2Fdriver%2F0003%3A0627%3A0001.0001%2Fsubsystem%2Fdevices%2F0003%3A0627%3A0001.0001%2Fhidraw%2Fhidraw0%2Fdevice%2Fdriver%2F0003%3A0627%3A0001.0001%2Fdriver%2F0003%3A0627%3A0001.0001%2Finput%2Finput5%2Fsubsystem%2Finput4%2Fdevice%2Finput%2Finput3%2Fid HTTP/1.1" 200 30853 "-" "Mozilla/5.0 AppleWebKit/537.36 (KHTML, like Gecko; compatible; GPTBot/1.2; +https://openai.com/gptbot)"
20.171.207.56 - - [08/Jun/2025:07:18:13 -0600] "GET /?aksi=ransom&path=%2Fhome%2Ftsgmexic%2F4pie.com.mx%2Fwp-content%2Fuploads%2Fgravity_forms%2Fg%2Ff%2Fe HTTP/1.1" 200 66799 "-" "Mozilla/5.0 AppleWebKit/537.36 (KHTML, like Gecko; compatible; GPTBot/1.2; +https://openai.com/gptbot)"
20.171.207.167 - - [08/Jun/2025:07:18:16 -0600] "GET /dist/images/mask/guide/cn/step1.jpg?path=%2F%2Fsys%2Fbus%2Fplatform%2Fdrivers%2Ffw_cfg%2FQEMU0002%3A00%2Ffirmware_node%2Fsubsystem%2Fdevices%2FLNXSYBUS%3A00%2FPNP0A03%3A00%2Fphysical_node%2F0000%3A00%3A01.2%2Fusb1%2F1-1%2F1-1%3A1.0%2F0003%3A0627%3A0001.0001%2Fdriver%2F0003%3A0627%3A0001.0001%2Fdriver%2F0003%3A0627%3A0001.0001%2Fdriver%2F0003%3A0627%3A0001.0001%2Fdriver%2F0003%3A0627%3A0001.0001%2Fsubsystem%2Fdevices%2F0003%3A0627%3A0001.0001%2Fdriver%2F0003%3A0627%3A0001.0001%2Fdriver%2F0003%3A0627%3A0001.0001%2Finput%2Finput5%2Fsubsystem%2Finput4%2Fdevice%2Finput%2Finput4%2Fevent2%2Fsubsystem%2Fevent5 HTTP/1.1" 200 67946 "-" "Mozilla/5.0 AppleWebKit/537.36 (KHTML, like Gecko; compatible; GPTBot/1.2; +https://openai.com/gptbot)"
216.73.216.207 - - [08/Jun/2025:07:18:12 -0600] "GET /?filesrc=%2Fhome%2Ftsgmexic%2F4pie.com.mx%2Fwp-includes%2Fjs%2Fwp-custom-header.min.js&path=%2Fhome%2Ftsgmexic%2F4pie.com.mx%2Fwp-includes%2Fjs HTTP/1.1" 200 61499 "-" "Mozilla/5.0 AppleWebKit/537.36 (KHTML, like Gecko; compatible; ClaudeBot/1.0; +claudebot@anthropic.com)"
20.171.207.166 - - [08/Jun/2025:07:18:15 -0600] "GET /?aksi=buatfile&path=%2Fhome%2Ftsgmexic%2F4pie.com.mx%2Fwp-content%2Fuploads%2Fgravity_forms%2Fh%2Fb%2Fa%2Fb HTTP/1.1" 200 58533 "-" "Mozilla/5.0 AppleWebKit/537.36 (KHTML, like Gecko; compatible; GPTBot/1.2; +https://openai.com/gptbot)"
20.171.207.105 - - [08/Jun/2025:07:18:14 -0600] "GET /dist/images/mask/bg1.jpg?path=%2Fhome%2Ftsgmexic%2Fmail%2F.mario.cur.1465746984_H359519P6886_aker_webserversystems_com%2CS%3D23014%3A2%2CS HTTP/1.1" 200 50849 "-" "Mozilla/5.0 AppleWebKit/537.36 (KHTML, like Gecko; compatible; GPTBot/1.2; +https://openai.com/gptbot)"
20.171.207.62 - - [08/Jun/2025:07:18:17 -0600] "GET /dist/images/mask/guide/cn/step1.jpg?path=%2F%2Fsys%2Fbus%2Fplatform%2Fdrivers%2Ffw_cfg%2FQEMU0002%3A00%2Ffirmware_node%2Fsubsystem%2Fdevices%2FLNXSYBUS%3A00%2FPNP0A03%3A00%2Fphysical_node%2F0000%3A00%3A01.2%2Fusb1%2F1-1%2F1-1%3A1.0%2F0003%3A0627%3A0001.0001%2Fdriver%2F0003%3A0627%3A0001.0001%2Fdriver%2F0003%3A0627%3A0001.0001%2Fdriver%2F0003%3A0627%3A0001.0001%2Fsubsystem%2Fdevices%2F0003%3A0627%3A0001.0001%2Fdriver%2F0003%3A0627%3A0001.0001%2Fsubsystem%2Fdrivers%2Fhid-generic%2F0003%3A0627%3A0001.0001%2Fdriver%2F0003%3A0627%3A0001.0001%2Fsubsystem%2Fdevices%2F0003%3A0627%3A0001.0001%2Finput%2Finput5%2Fmouse2%2Fsubsystem%2Finput1%2Fsubsystem%2Fevent5 HTTP/1.1" 200 31231 "-" "Mozilla/5.0 AppleWebKit/537.36 (KHTML, like Gecko; compatible; GPTBot/1.2; +https://openai.com/gptbot)"
20.171.207.56 - - [08/Jun/2025:07:18:18 -0600] "GET /?aksi=ransom&path=%2Fhome%2Ftsgmexic%2F4pie.com.mx%2Fwp-content%2Fuploads%2Fgravity_forms%2Fg%2Ff%2Fa HTTP/1.1" 200 66799 "-" "Mozilla/5.0 AppleWebKit/537.36 (KHTML, like Gecko; compatible; GPTBot/1.2; +https://openai.com/gptbot)"
20.171.207.105 - - [08/Jun/2025:07:18:19 -0600] "GET /dist/images/mask/bg1.jpg?path=%2Fhome%2Ftsgmexic%2Fmail%2F.nax.cur.1465252170_H929952P43499_aker_webserversystems_com%2CS%3D36654%3A2%2CS HTTP/1.1" 200 50827 "-" "Mozilla/5.0 AppleWebKit/537.36 (KHTML, like Gecko; compatible; GPTBot/1.2; +https://openai.com/gptbot)"
20.171.207.166 - - [08/Jun/2025:07:18:19 -0600] "GET /?aksi=ransom&path=%2Fhome%2Ftsgmexic%2F4pie.com.mx%2Fwp-content%2Fuploads%2Fgravity_forms%2Fh%2Fb%2Fa%2Fb HTTP/1.1" 200 58531 "-" "Mozilla/5.0 AppleWebKit/537.36 (KHTML, like Gecko; compatible; GPTBot/1.2; +https://openai.com/gptbot)"
216.73.216.207 - - [08/Jun/2025:07:18:19 -0600] "GET /?filesrc=%2Fhome%2Ftsgmexic%2F4pie.com.mx%2Fwp-includes%2Fcustomize%2Fclass-wp-customize-header-image-setting.php&path=%2Fhome%2Ftsgmexic%2F4pie.com.mx%2Fwp-includes%2Fcustomize HTTP/1.1" 200 58417 "-" "Mozilla/5.0 AppleWebKit/537.36 (KHTML, like Gecko; compatible; ClaudeBot/1.0; +claudebot@anthropic.com)"
20.171.207.62 - - [08/Jun/2025:07:18:21 -0600] "GET /dist/images/mask/guide/cn/step1.jpg?path=%2F%2Fsys%2Fbus%2Fplatform%2Fdrivers%2Ffw_cfg%2FQEMU0002%3A00%2Ffirmware_node%2Fsubsystem%2Fdevices%2FLNXSYBUS%3A00%2FPNP0A03%3A00%2Fphysical_node%2F0000%3A00%3A01.2%2Fusb1%2F1-1%2F1-1%3A1.0%2F0003%3A0627%3A0001.0001%2Fdriver%2F0003%3A0627%3A0001.0001%2Fdriver%2F0003%3A0627%3A0001.0001%2Fdriver%2F0003%3A0627%3A0001.0001%2Fsubsystem%2Fdevices%2F0003%3A0627%3A0001.0001%2Fdriver%2F0003%3A0627%3A0001.0001%2Fsubsystem%2Fdrivers%2Fhid-generic%2F0003%3A0627%3A0001.0001%2Fdriver%2F0003%3A0627%3A0001.0001%2Fsubsystem%2Fdevices%2F0003%3A0627%3A0001.0001%2Finput%2Finput5%2Fmouse2%2Fsubsystem%2Finput1%2Fsubsystem%2Fevent1 HTTP/1.1" 200 31231 "-" "Mozilla/5.0 AppleWebKit/537.36 (KHTML, like Gecko; compatible; GPTBot/1.2; +https://openai.com/gptbot)"
20.171.207.167 - - [08/Jun/2025:07:18:22 -0600] "GET /dist/images/mask/guide/cn/step1.jpg?path=%2F%2Fsys%2Fbus%2Fplatform%2Fdrivers%2Ffw_cfg%2FQEMU0002%3A00%2Ffirmware_node%2Fsubsystem%2Fdevices%2FLNXSYBUS%3A00%2FPNP0A03%3A00%2Fphysical_node%2F0000%3A00%3A01.2%2Fusb1%2F1-1%2F1-1%3A1.0%2F0003%3A0627%3A0001.0001%2Fdriver%2F0003%3A0627%3A0001.0001%2Fdriver%2F0003%3A0627%3A0001.0001%2Fdriver%2F0003%3A0627%3A0001.0001%2Fsubsystem%2Fdevices%2F0003%3A0627%3A0001.0001%2Fdriver%2F0003%3A0627%3A0001.0001%2Fdriver%2F0003%3A0627%3A0001.0001%2Fdriver%2F0003%3A0627%3A0001.0001%2Finput%2Finput5%2Fevent4%2Fsubsystem%2Finput5%2Fevent4%2Fsubsystem%2Fevent5%2Fdevice%2Fevent5 HTTP/1.1" 200 67970 "-" "Mozilla/5.0 AppleWebKit/537.36 (KHTML, like Gecko; compatible; GPTBot/1.2; +https://openai.com/gptbot)"
20.171.207.56 - - [08/Jun/2025:07:18:22 -0600] "GET /?aksi=ransom&path=%2Fhome%2Ftsgmexic%2F4pie.com.mx%2Fwp-content%2Fuploads%2Fgravity_forms%2Fg%2Fd%2Fe HTTP/1.1" 200 67965 "-" "Mozilla/5.0 AppleWebKit/537.36 (KHTML, like Gecko; compatible; GPTBot/1.2; +https://openai.com/gptbot)"
20.171.207.62 - - [08/Jun/2025:07:18:24 -0600] "GET /dist/images/mask/guide/cn/step1.jpg?path=%2F%2Fsys%2Fbus%2Fplatform%2Fdrivers%2Ffw_cfg%2FQEMU0002%3A00%2Ffirmware_node%2Fsubsystem%2Fdevices%2FLNXSYBUS%3A00%2FPNP0A03%3A00%2Fphysical_node%2F0000%3A00%3A01.2%2Fusb1%2F1-1%2F1-1%3A1.0%2F0003%3A0627%3A0001.0001%2Fdriver%2F0003%3A0627%3A0001.0001%2Fdriver%2F0003%3A0627%3A0001.0001%2Fdriver%2F0003%3A0627%3A0001.0001%2Fsubsystem%2Fdevices%2F0003%3A0627%3A0001.0001%2Fdriver%2F0003%3A0627%3A0001.0001%2Fsubsystem%2Fdevices%2F0003%3A0627%3A0001.0001%2Fhidraw%2Fhidraw0%2Fdevice%2Fdriver%2F0003%3A0627%3A0001.0001%2Fdriver%2F0003%3A0627%3A0001.0001%2Finput%2Finput5%2Fsubsystem%2Finput4%2Fdevice%2Finput%2Finput3%2Fpower HTTP/1.1" 200 33930 "-" "Mozilla/5.0 AppleWebKit/537.36 (KHTML, like Gecko; compatible; GPTBot/1.2; +https://openai.com/gptbot)"
20.171.207.166 - - [08/Jun/2025:07:18:23 -0600] "GET /?aksi=buatfile&path=%2Fhome%2Ftsgmexic%2F4pie.com.mx%2Fwp-content%2Fuploads%2Fgravity_forms%2Fc%2Fb%2Fa%2Fc HTTP/1.1" 200 58533 "-" "Mozilla/5.0 AppleWebKit/537.36 (KHTML, like Gecko; compatible; GPTBot/1.2; +https://openai.com/gptbot)"
216.73.216.207 - - [08/Jun/2025:07:18:23 -0600] "GET /?filesrc=%2Fhome%2Ftsgmexic%2F4pie.com.mx%2Fwp-includes%2Fjs%2FhoverIntent.js&path=%2Fhome%2Ftsgmexic%2F4pie.com.mx%2Fwp-includes%2Fjs HTTP/1.1" 200 63803 "-" "Mozilla/5.0 AppleWebKit/537.36 (KHTML, like Gecko; compatible; ClaudeBot/1.0; +claudebot@anthropic.com)"
20.171.207.62 - - [08/Jun/2025:07:18:26 -0600] "GET /dist/images/mask/guide/cn/step1.jpg?path=%2F%2Fsys%2Fbus%2Fplatform%2Fdrivers%2Ffw_cfg%2FQEMU0002%3A00%2Ffirmware_node%2Fsubsystem%2Fdevices%2FLNXSYBUS%3A00%2FPNP0A03%3A00%2Fphysical_node%2F0000%3A00%3A01.2%2Fusb1%2F1-1%2F1-1%3A1.0%2F0003%3A0627%3A0001.0001%2Fdriver%2F0003%3A0627%3A0001.0001%2Fdriver%2F0003%3A0627%3A0001.0001%2Fdriver%2F0003%3A0627%3A0001.0001%2Fsubsystem%2Fdevices%2F0003%3A0627%3A0001.0001%2Fdriver%2F0003%3A0627%3A0001.0001%2Fsubsystem%2Fdevices%2F0003%3A0627%3A0001.0001%2Fhidraw%2Fhidraw0%2Fdevice%2Fdriver%2F0003%3A0627%3A0001.0001%2Fdriver%2F0003%3A0627%3A0001.0001%2Finput%2Finput5%2Fsubsystem%2Finput4%2Fdevice%2Finput%2Finput4%2Fevent2 HTTP/1.1" 200 32141 "-" "Mozilla/5.0 AppleWebKit/537.36 (KHTML, like Gecko; compatible; GPTBot/1.2; +https://openai.com/gptbot)"
20.171.207.105 - - [08/Jun/2025:07:18:25 -0600] "GET /dist/images/mask/bg1.jpg?path=%2Fhome%2Ftsgmexic%2Fmail%2F.mario.cur.1465855859_H329134P9008_aker_webserversystems_com%2CS%3D25728%3A2%2CS HTTP/1.1" 200 50849 "-" "Mozilla/5.0 AppleWebKit/537.36 (KHTML, like Gecko; compatible; GPTBot/1.2; +https://openai.com/gptbot)"
20.171.207.166 - - [08/Jun/2025:07:18:26 -0600] "GET /?aksi=ransom&path=%2Fhome%2Ftsgmexic%2F4pie.com.mx%2Fwp-content%2Fuploads%2Fgravity_forms%2Fh%2Fb%2Ff%2Fc HTTP/1.1" 200 58531 "-" "Mozilla/5.0 AppleWebKit/537.36 (KHTML, like Gecko; compatible; GPTBot/1.2; +https://openai.com/gptbot)"
20.171.207.62 - - [08/Jun/2025:07:18:29 -0600] "GET /dist/images/mask/guide/cn/step1.jpg?path=%2F%2Fsys%2Fbus%2Fplatform%2Fdrivers%2Ffw_cfg%2FQEMU0002%3A00%2Ffirmware_node%2Fsubsystem%2Fdevices%2FLNXSYBUS%3A00%2FPNP0A03%3A00%2Fphysical_node%2F0000%3A00%3A01.2%2Fusb1%2F1-1%2F1-1%3A1.0%2F0003%3A0627%3A0001.0001%2Fdriver%2F0003%3A0627%3A0001.0001%2Fdriver%2F0003%3A0627%3A0001.0001%2Fdriver%2F0003%3A0627%3A0001.0001%2Fsubsystem%2Fdevices%2F0003%3A0627%3A0001.0001%2Fdriver%2F0003%3A0627%3A0001.0001%2Fsubsystem%2Fdevices%2F0003%3A0627%3A0001.0001%2Fhidraw%2Fhidraw0%2Fdevice%2Fdriver%2F0003%3A0627%3A0001.0001%2Fdriver%2F0003%3A0627%3A0001.0001%2Finput%2Finput5%2Fsubsystem%2Finput4%2Fdevice%2Finput%2Finput4%2Fid HTTP/1.1" 200 30853 "-" "Mozilla/5.0 AppleWebKit/537.36 (KHTML, like Gecko; compatible; GPTBot/1.2; +https://openai.com/gptbot)"
216.73.216.207 - - [08/Jun/2025:07:18:27 -0600] "GET /?filesrc=%2Fhome%2Ftsgmexic%2F4pie.com.mx%2Fwp-includes%2Fjs%2Fwp-util.js&path=%2Fhome%2Ftsgmexic%2F4pie.com.mx%2Fwp-includes%2Fjs HTTP/1.1" 200 61242 "-" "Mozilla/5.0 AppleWebKit/537.36 (KHTML, like Gecko; compatible; ClaudeBot/1.0; +claudebot@anthropic.com)"
20.171.207.56 - - [08/Jun/2025:07:18:27 -0600] "GET /?aksi=ransom&path=%2Fhome%2Ftsgmexic%2F4pie.com.mx%2Fwp-content%2Fuploads%2Fgravity_forms%2Fg%2Ff%2Ff HTTP/1.1" 200 66799 "-" "Mozilla/5.0 AppleWebKit/537.36 (KHTML, like Gecko; compatible; GPTBot/1.2; +https://openai.com/gptbot)"
20.171.207.167 - - [08/Jun/2025:07:18:31 -0600] "GET /dist/images/mask/guide/cn/step1.jpg?path=%2F%2Fsys%2Fbus%2Fplatform%2Fdrivers%2Ffw_cfg%2FQEMU0002%3A00%2Ffirmware_node%2Fsubsystem%2Fdevices%2FLNXSYBUS%3A00%2FPNP0A03%3A00%2Fphysical_node%2F0000%3A00%3A01.2%2Fusb1%2F1-1%2F1-1%3A1.0%2F0003%3A0627%3A0001.0001%2Fdriver%2F0003%3A0627%3A0001.0001%2Fdriver%2F0003%3A0627%3A0001.0001%2Fdriver%2F0003%3A0627%3A0001.0001%2Fsubsystem%2Fdevices%2F0003%3A0627%3A0001.0001%2Fdriver%2F0003%3A0627%3A0001.0001%2Fdriver%2F0003%3A0627%3A0001.0001%2Fdriver%2F0003%3A0627%3A0001.0001%2Finput%2Finput5%2Fmouse2%2Fdevice%2Fsubsystem%2Finput5%2Fsubsystem%2Finput3%2Fevent3%2Fpower HTTP/1.1" 200 69630 "-" "Mozilla/5.0 AppleWebKit/537.36 (KHTML, like Gecko; compatible; GPTBot/1.2; +https://openai.com/gptbot)"
20.171.207.105 - - [08/Jun/2025:07:18:30 -0600] "GET /dist/images/mask/bg1.jpg?path=%2Fhome%2Ftsgmexic%2Fmail%2F.nax.cur.1465600311_H527425P6902_aker_webserversystems_com%2CS%3D17524%3A2%2CS HTTP/1.1" 200 50805 "-" "Mozilla/5.0 AppleWebKit/537.36 (KHTML, like Gecko; compatible; GPTBot/1.2; +https://openai.com/gptbot)"
20.171.207.62 - - [08/Jun/2025:07:18:31 -0600] "GET /dist/images/mask/guide/cn/step1.jpg?path=%2F%2Fsys%2Fbus%2Fplatform%2Fdrivers%2Ffw_cfg%2FQEMU0002%3A00%2Ffirmware_node%2Fsubsystem%2Fdevices%2FLNXSYBUS%3A00%2FPNP0A03%3A00%2Fphysical_node%2F0000%3A00%3A01.2%2Fusb1%2F1-1%2F1-1%3A1.0%2F0003%3A0627%3A0001.0001%2Fdriver%2F0003%3A0627%3A0001.0001%2Fdriver%2F0003%3A0627%3A0001.0001%2Fdriver%2F0003%3A0627%3A0001.0001%2Fsubsystem%2Fdevices%2F0003%3A0627%3A0001.0001%2Fdriver%2F0003%3A0627%3A0001.0001%2Fsubsystem%2Fdrivers%2Fhid-generic%2F0003%3A0627%3A0001.0001%2Fdriver%2F0003%3A0627%3A0001.0001%2Fsubsystem%2Fdevices%2F0003%3A0627%3A0001.0001%2Finput%2Finput5%2Fmouse2%2Fsubsystem%2Finput1%2Fdevice%2Finput HTTP/1.1" 200 21008 "-" "Mozilla/5.0 AppleWebKit/537.36 (KHTML, like Gecko; compatible; GPTBot/1.2; +https://openai.com/gptbot)"
20.171.207.56 - - [08/Jun/2025:07:18:31 -0600] "GET /?aksi=ransom&path=%2Fhome%2Ftsgmexic%2F4pie.com.mx%2Fwp-content%2Fuploads%2Fgravity_forms%2Fg%2Ff%2Fc HTTP/1.1" 200 66799 "-" "Mozilla/5.0 AppleWebKit/537.36 (KHTML, like Gecko; compatible; GPTBot/1.2; +https://openai.com/gptbot)"
216.73.216.207 - - [08/Jun/2025:07:18:32 -0600] "GET /?path=%2Fhome%2Ftsgmexic%2F4pie.com.mx%2Fwp-includes%2Fhtml-api%2Fhtml-api HTTP/1.1" 200 60265 "-" "Mozilla/5.0 AppleWebKit/537.36 (KHTML, like Gecko; compatible; ClaudeBot/1.0; +claudebot@anthropic.com)"
20.171.207.105 - - [08/Jun/2025:07:18:34 -0600] "GET /dist/images/mask/bg1.jpg?path=%2Fhome%2Ftsgmexic%2Fmail%2F.mario.cur.1465578741_H166817P2921_aker_webserversystems_com%2CS%3D25406%3A2%2CS%2Ftmp HTTP/1.1" 200 44901 "-" "Mozilla/5.0 AppleWebKit/537.36 (KHTML, like Gecko; compatible; GPTBot/1.2; +https://openai.com/gptbot)"
20.171.207.62 - - [08/Jun/2025:07:18:34 -0600] "GET /dist/images/mask/guide/cn/step1.jpg?path=%2F%2Fsys%2Fbus%2Fplatform%2Fdrivers%2Ffw_cfg%2FQEMU0002%3A00%2Ffirmware_node%2Fsubsystem%2Fdevices%2FLNXSYBUS%3A00%2FPNP0A03%3A00%2Fphysical_node%2F0000%3A00%3A01.2%2Fusb1%2F1-1%2F1-1%3A1.0%2F0003%3A0627%3A0001.0001%2Fdriver%2F0003%3A0627%3A0001.0001%2Fdriver%2F0003%3A0627%3A0001.0001%2Fdriver%2F0003%3A0627%3A0001.0001%2Fsubsystem%2Fdevices%2F0003%3A0627%3A0001.0001%2Fdriver%2F0003%3A0627%3A0001.0001%2Fsubsystem%2Fdrivers%2Fhid-generic%2F0003%3A0627%3A0001.0001%2Fdriver%2F0003%3A0627%3A0001.0001%2Fsubsystem%2Fdevices%2F0003%3A0627%3A0001.0001%2Finput%2Finput5%2Fmouse2%2Fsubsystem%2Finput1%2Fevent1%2Fsubsystem%2Fmouse2 HTTP/1.1" 200 31882 "-" "Mozilla/5.0 AppleWebKit/537.36 (KHTML, like Gecko; compatible; GPTBot/1.2; +https://openai.com/gptbot)"
20.171.207.56 - - [08/Jun/2025:07:18:36 -0600] "GET /?aksi=ransom&path=%2Fhome%2Ftsgmexic%2F4pie.com.mx%2Fwp-content%2Fuploads%2Fgravity_forms%2Fg%2Fa%2Fd HTTP/1.1" 200 67964 "-" "Mozilla/5.0 AppleWebKit/537.36 (KHTML, like Gecko; compatible; GPTBot/1.2; +https://openai.com/gptbot)"
20.171.207.167 - - [08/Jun/2025:07:18:35 -0600] "GET /dist/images/mask/guide/cn/step1.jpg?path=%2F%2Fsys%2Fbus%2Fplatform%2Fdrivers%2Ffw_cfg%2FQEMU0002%3A00%2Ffirmware_node%2Fsubsystem%2Fdevices%2FLNXSYBUS%3A00%2FPNP0A03%3A00%2Fphysical_node%2F0000%3A00%3A01.2%2Fusb1%2F1-1%2F1-1%3A1.0%2F0003%3A0627%3A0001.0001%2Fdriver%2F0003%3A0627%3A0001.0001%2Fdriver%2F0003%3A0627%3A0001.0001%2Fdriver%2F0003%3A0627%3A0001.0001%2Fsubsystem%2Fdevices%2F0003%3A0627%3A0001.0001%2Fdriver%2F0003%3A0627%3A0001.0001%2Fdriver%2F0003%3A0627%3A0001.0001%2Fsubsystem%2Fdrivers%2Fhid-generic%2F0003%3A0627%3A0001.0001%2Fsubsystem%2Fdevices%2F0003%3A0627%3A0001.0001%2Finput%2Finput5%2Fsubsystem%2Finput6%2Fevent5%2Fsubsystem%2Fmouse2 HTTP/1.1" 200 69964 "-" "Mozilla/5.0 AppleWebKit/537.36 (KHTML, like Gecko; compatible; GPTBot/1.2; +https://openai.com/gptbot)"
20.171.207.62 - - [08/Jun/2025:07:18:37 -0600] "GET /dist/images/mask/guide/cn/step1.jpg?path=%2F%2Fsys%2Fbus%2Fplatform%2Fdrivers%2Ffw_cfg%2FQEMU0002%3A00%2Ffirmware_node%2Fsubsystem%2Fdevices%2FLNXSYBUS%3A00%2FPNP0A03%3A00%2Fphysical_node%2F0000%3A00%3A01.2%2Fusb1%2F1-1%2F1-1%3A1.0%2F0003%3A0627%3A0001.0001%2Fdriver%2F0003%3A0627%3A0001.0001%2Fdriver%2F0003%3A0627%3A0001.0001%2Fdriver%2F0003%3A0627%3A0001.0001%2Fsubsystem%2Fdevices%2F0003%3A0627%3A0001.0001%2Fdriver%2F0003%3A0627%3A0001.0001%2Fsubsystem%2Fdrivers%2Fhid-generic%2F0003%3A0627%3A0001.0001%2Fdriver%2F0003%3A0627%3A0001.0001%2Fsubsystem%2Fdevices%2F0003%3A0627%3A0001.0001%2Finput%2Finput5%2Fmouse2%2Fsubsystem%2Finput1%2Fsubsystem%2Finput0 HTTP/1.1" 200 49353 "-" "Mozilla/5.0 AppleWebKit/537.36 (KHTML, like Gecko; compatible; GPTBot/1.2; +https://openai.com/gptbot)"
20.171.207.105 - - [08/Jun/2025:07:18:38 -0600] "GET /dist/images/mask/bg1.jpg?path=%2Fhome%2Ftsgmexic%2Fmail%2F.mario.cur.1465578741_H166817P2921_aker_webserversystems_com%2CS%3D25406%3A2%2CS%2Fcur HTTP/1.1" 200 44901 "-" "Mozilla/5.0 AppleWebKit/537.36 (KHTML, like Gecko; compatible; GPTBot/1.2; +https://openai.com/gptbot)"
216.73.216.207 - - [08/Jun/2025:07:18:37 -0600] "GET /?filesrc=%2Fhome%2Ftsgmexic%2F4pie.com.mx%2Fwp-includes%2Fjs%2Fcustomize-preview.js&path=%2Fhome%2Ftsgmexic%2F4pie.com.mx%2Fwp-includes%2Fjs HTTP/1.1" 200 84650 "-" "Mozilla/5.0 AppleWebKit/537.36 (KHTML, like Gecko; compatible; ClaudeBot/1.0; +claudebot@anthropic.com)"
142.171.127.176 - - [08/Jun/2025:07:18:40 -0600] "POST /wp-cron.php?doing_wp_cron=1749388720.5599689483642578125000 HTTP/1.1" 403 23958 "-" "WordPress/6.8; https://4pie.com.mx"
20.171.207.166 - - [08/Jun/2025:07:18:36 -0600] "GET /?aksi=ransom&path=%2Fhome%2Ftsgmexic%2F4pie.com.mx%2Fwp-content%2Fuploads%2Fgravity_forms%2Fb%2Ff%2Fh%2Fb HTTP/1.1" 200 58531 "-" "Mozilla/5.0 AppleWebKit/537.36 (KHTML, like Gecko; compatible; GPTBot/1.2; +https://openai.com/gptbot)"
142.171.127.176 - - [08/Jun/2025:07:18:38 -0600] "POST /wp-cron.php?doing_wp_cron=1749388718.7221469879150390625000 HTTP/1.1" 403 4 "-" "WordPress/6.8; https://4pie.com.mx"
216.73.216.207 - - [08/Jun/2025:07:18:42 -0600] "GET /?filesrc=%2Fhome%2Ftsgmexic%2F4pie.com.mx%2Fwp-includes%2Fjs%2Fwp-lists.js&path=%2Fhome%2Ftsgmexic%2F4pie.com.mx%2Fwp-includes%2Fjs HTTP/1.1" 200 30986 "-" "Mozilla/5.0 AppleWebKit/537.36 (KHTML, like Gecko; compatible; ClaudeBot/1.0; +claudebot@anthropic.com)"
20.171.207.167 - - [08/Jun/2025:07:18:40 -0600] "GET /dist/images/mask/guide/cn/step1.jpg?path=%2F%2Fsys%2Fbus%2Fplatform%2Fdrivers%2Ffw_cfg%2FQEMU0002%3A00%2Ffirmware_node%2Fsubsystem%2Fdevices%2FLNXSYBUS%3A00%2FPNP0A03%3A00%2Fphysical_node%2F0000%3A00%3A01.2%2Fusb1%2F1-1%2F1-1%3A1.0%2F0003%3A0627%3A0001.0001%2Fdriver%2F0003%3A0627%3A0001.0001%2Fdriver%2F0003%3A0627%3A0001.0001%2Fdriver%2F0003%3A0627%3A0001.0001%2Fsubsystem%2Fdevices%2F0003%3A0627%3A0001.0001%2Fdriver%2F0003%3A0627%3A0001.0001%2Fdriver%2F0003%3A0627%3A0001.0001%2Fsubsystem%2Fdrivers%2Fhid-generic%2F0003%3A0627%3A0001.0001%2Fsubsystem%2Fdevices%2F0003%3A0627%3A0001.0001%2Finput%2Finput5%2Fsubsystem%2Finput6%2Fevent5%2Fsubsystem%2Finput6 HTTP/1.1" 200 88086 "-" "Mozilla/5.0 AppleWebKit/537.36 (KHTML, like Gecko; compatible; GPTBot/1.2; +https://openai.com/gptbot)"
142.171.127.176 - - [08/Jun/2025:07:18:40 -0600] "POST /wp-cron.php?doing_wp_cron=1749388720.2215199470520019531250 HTTP/1.1" 403 2 "-" "WordPress/6.8; https://4pie.com.mx"
142.171.127.176 - - [08/Jun/2025:07:18:40 -0600] "POST /wp-cron.php?doing_wp_cron=1749388720.7926409244537353515625 HTTP/1.1" 403 23958 "-" "WordPress/6.8; https://4pie.com.mx"
20.171.207.105 - - [08/Jun/2025:07:18:42 -0600] "GET /dist/images/mask/bg1.jpg?path=%2Fhome%2Ftsgmexic%2Fmail%2F.mario.cur.1465510905_H988187P2805_aker_webserversystems_com%2CS%3D7013%3A2%2CS%2Fnew HTTP/1.1" 200 44895 "-" "Mozilla/5.0 AppleWebKit/537.36 (KHTML, like Gecko; compatible; GPTBot/1.2; +https://openai.com/gptbot)"
20.171.207.167 - - [08/Jun/2025:07:18:45 -0600] "GET /dist/images/mask/guide/cn/step1.jpg?path=%2F%2Fsys%2Fbus%2Fplatform%2Fdrivers%2Ffw_cfg%2FQEMU0002%3A00%2Ffirmware_node%2Fsubsystem%2Fdevices%2FLNXSYBUS%3A00%2FPNP0A03%3A00%2Fphysical_node%2F0000%3A00%3A01.2%2Fusb1%2F1-1%2F1-1%3A1.0%2F0003%3A0627%3A0001.0001%2Fdriver%2F0003%3A0627%3A0001.0001%2Fdriver%2F0003%3A0627%3A0001.0001%2Fdriver%2F0003%3A0627%3A0001.0001%2Fsubsystem%2Fdevices%2F0003%3A0627%3A0001.0001%2Fdriver%2F0003%3A0627%3A0001.0001%2Fdriver%2F0003%3A0627%3A0001.0001%2Fsubsystem%2Fdrivers%2Fhid-generic%2F0003%3A0627%3A0001.0001%2Fsubsystem%2Fdevices%2F0003%3A0627%3A0001.0001%2Finput%2Finput5%2Fsubsystem%2Finput6%2Fevent5%2Fsubsystem%2Fevent2 HTTP/1.1" 200 69964 "-" "Mozilla/5.0 AppleWebKit/537.36 (KHTML, like Gecko; compatible; GPTBot/1.2; +https://openai.com/gptbot)"
20.171.207.56 - - [08/Jun/2025:07:18:41 -0600] "GET /?aksi=ransom&path=%2Fhome%2Ftsgmexic%2F4pie.com.mx%2Fwp-content%2Fuploads%2Fgravity_forms%2Fg%2Fa%2Fc HTTP/1.1" 200 66799 "-" "Mozilla/5.0 AppleWebKit/537.36 (KHTML, like Gecko; compatible; GPTBot/1.2; +https://openai.com/gptbot)"
216.73.216.207 - - [08/Jun/2025:07:18:44 -0600] "GET /?filesrc=%2Fhome%2Ftsgmexic%2Fcpmove_failed_mysql_dbs.1670569014%2FqOsX5fr6C9S.php&path=%2Fhome%2Ftsgmexic%2Fcpmove_failed_mysql_dbs.1670569014 HTTP/1.1" 200 56447 "-" "Mozilla/5.0 AppleWebKit/537.36 (KHTML, like Gecko; compatible; ClaudeBot/1.0; +claudebot@anthropic.com)"
20.171.207.62 - - [08/Jun/2025:07:18:41 -0600] "GET /dist/images/mask/guide/cn/step1.jpg?path=%2F%2Fsys%2Fbus%2Fplatform%2Fdrivers%2Ffw_cfg%2FQEMU0002%3A00%2Ffirmware_node%2Fsubsystem%2Fdevices%2FLNXSYBUS%3A00%2FPNP0A03%3A00%2Fphysical_node%2F0000%3A00%3A01.2%2Fusb1%2F1-1%2F1-1%3A1.0%2F0003%3A0627%3A0001.0001%2Fdriver%2F0003%3A0627%3A0001.0001%2Fdriver%2F0003%3A0627%3A0001.0001%2Fdriver%2F0003%3A0627%3A0001.0001%2Fsubsystem%2Fdevices%2F0003%3A0627%3A0001.0001%2Fdriver%2F0003%3A0627%3A0001.0001%2Fsubsystem%2Fdevices%2F0003%3A0627%3A0001.0001%2Fhidraw%2Fhidraw0%2Fdevice%2Fdriver%2F0003%3A0627%3A0001.0001%2Fdriver%2F0003%3A0627%3A0001.0001%2Finput%2Finput5%2Fsubsystem%2Finput4%2Fdevice%2Finput%2Finput4%2Fdevice HTTP/1.1" 200 62244 "-" "Mozilla/5.0 AppleWebKit/537.36 (KHTML, like Gecko; compatible; GPTBot/1.2; +https://openai.com/gptbot)"
20.171.207.105 - - [08/Jun/2025:07:18:46 -0600] "GET /dist/images/mask/bg1.jpg?path=%2Fhome%2Ftsgmexic%2Fmail%2F.mario.cur.1465510905_H988187P2805_aker_webserversystems_com%2CS%3D7013%3A2%2CS%2Ftmp HTTP/1.1" 200 44895 "-" "Mozilla/5.0 AppleWebKit/537.36 (KHTML, like Gecko; compatible; GPTBot/1.2; +https://openai.com/gptbot)"
20.171.207.56 - - [08/Jun/2025:07:18:47 -0600] "GET /?aksi=ransom&path=%2Fhome%2Ftsgmexic%2F4pie.com.mx%2Fwp-content%2Fuploads%2Fgravity_forms%2Fg%2Fd%2Fg HTTP/1.1" 200 66799 "-" "Mozilla/5.0 AppleWebKit/537.36 (KHTML, like Gecko; compatible; GPTBot/1.2; +https://openai.com/gptbot)"
20.171.207.62 - - [08/Jun/2025:07:18:48 -0600] "GET /dist/images/mask/guide/cn/step1.jpg?path=%2F%2Fsys%2Fbus%2Fplatform%2Fdrivers%2Ffw_cfg%2FQEMU0002%3A00%2Ffirmware_node%2Fsubsystem%2Fdevices%2FLNXSYBUS%3A00%2FPNP0A03%3A00%2Fphysical_node%2F0000%3A00%3A01.2%2Fusb1%2F1-1%2F1-1%3A1.0%2F0003%3A0627%3A0001.0001%2Fdriver%2F0003%3A0627%3A0001.0001%2Fdriver%2F0003%3A0627%3A0001.0001%2Fdriver%2F0003%3A0627%3A0001.0001%2Fsubsystem%2Fdevices%2F0003%3A0627%3A0001.0001%2Fdriver%2F0003%3A0627%3A0001.0001%2Fsubsystem%2Fdrivers%2Fhid-generic%2F0003%3A0627%3A0001.0001%2Fdriver%2F0003%3A0627%3A0001.0001%2Fsubsystem%2Fdevices%2F0003%3A0627%3A0001.0001%2Finput%2Finput5%2Fmouse2%2Fsubsystem%2Finput1%2Fsubsystem%2Fevent3 HTTP/1.1" 200 31231 "-" "Mozilla/5.0 AppleWebKit/537.36 (KHTML, like Gecko; compatible; GPTBot/1.2; +https://openai.com/gptbot)"
20.171.207.166 - - [08/Jun/2025:07:18:47 -0600] "GET /?aksi=ransom&path=%2Fhome%2Ftsgmexic%2F4pie.com.mx%2Fwp-content%2Fuploads%2Fgravity_forms%2Fb%2Ff%2Fd%2Fg HTTP/1.1" 200 58531 "-" "Mozilla/5.0 AppleWebKit/537.36 (KHTML, like Gecko; compatible; GPTBot/1.2; +https://openai.com/gptbot)"
216.73.216.207 - - [08/Jun/2025:07:18:48 -0600] "GET /?filesrc=%2Fhome%2Ftsgmexic%2F4pie.com.mx%2Fwp-includes%2Fcustomize%2Fclass-wp-customize-nav-menu-item-setting.php&path=%2Fhome%2Ftsgmexic%2F4pie.com.mx%2Fwp-includes%2Fcustomize HTTP/1.1" 200 85167 "-" "Mozilla/5.0 AppleWebKit/537.36 (KHTML, like Gecko; compatible; ClaudeBot/1.0; +claudebot@anthropic.com)"
20.171.207.167 - - [08/Jun/2025:07:18:49 -0600] "GET /dist/images/mask/guide/cn/step1.jpg?path=%2F%2Fsys%2Fbus%2Fplatform%2Fdrivers%2Ffw_cfg%2FQEMU0002%3A00%2Ffirmware_node%2Fsubsystem%2Fdevices%2FLNXSYBUS%3A00%2FPNP0A03%3A00%2Fphysical_node%2F0000%3A00%3A01.2%2Fusb1%2F1-1%2F1-1%3A1.0%2F0003%3A0627%3A0001.0001%2Fdriver%2F0003%3A0627%3A0001.0001%2Fdriver%2F0003%3A0627%3A0001.0001%2Fdriver%2F0003%3A0627%3A0001.0001%2Fsubsystem%2Fdevices%2F0003%3A0627%3A0001.0001%2Fdriver%2F0003%3A0627%3A0001.0001%2Fdriver%2F0003%3A0627%3A0001.0001%2Fsubsystem%2Fdrivers%2Fhid-generic%2F0003%3A0627%3A0001.0001%2Fsubsystem%2Fdevices%2F0003%3A0627%3A0001.0001%2Finput%2Finput5%2Fsubsystem%2Finput6%2Fevent5%2Fsubsystem%2Fmouse1 HTTP/1.1" 200 69964 "-" "Mozilla/5.0 AppleWebKit/537.36 (KHTML, like Gecko; compatible; GPTBot/1.2; +https://openai.com/gptbot)"
20.171.207.105 - - [08/Jun/2025:07:18:51 -0600] "GET /dist/images/mask/bg1.jpg?path=%2Fhome%2Ftsgmexic%2Fmail%2F.mario.cur.1465838547_H42404P46059_aker_webserversystems_com%2CS%3D62601%3A2%2CS%2Ftmp HTTP/1.1" 200 44901 "-" "Mozilla/5.0 AppleWebKit/537.36 (KHTML, like Gecko; compatible; GPTBot/1.2; +https://openai.com/gptbot)"
20.171.207.167 - - [08/Jun/2025:07:18:53 -0600] "GET /dist/images/mask/guide/cn/step1.jpg?path=%2F%2Fsys%2Fbus%2Fplatform%2Fdrivers%2Ffw_cfg%2FQEMU0002%3A00%2Ffirmware_node%2Fsubsystem%2Fdevices%2FLNXSYBUS%3A00%2FPNP0A03%3A00%2Fphysical_node%2F0000%3A00%3A01.2%2Fusb1%2F1-1%2F1-1%3A1.0%2F0003%3A0627%3A0001.0001%2Fdriver%2F0003%3A0627%3A0001.0001%2Fdriver%2F0003%3A0627%3A0001.0001%2Fdriver%2F0003%3A0627%3A0001.0001%2Fsubsystem%2Fdevices%2F0003%3A0627%3A0001.0001%2Fdriver%2F0003%3A0627%3A0001.0001%2Fdriver%2F0003%3A0627%3A0001.0001%2Fsubsystem%2Fdrivers%2Fhid-generic%2F0003%3A0627%3A0001.0001%2Fsubsystem%2Fdevices%2F0003%3A0627%3A0001.0001%2Finput%2Finput5%2Fsubsystem%2Finput6%2Fevent5%2Fsubsystem%2Fmouse0 HTTP/1.1" 200 69964 "-" "Mozilla/5.0 AppleWebKit/537.36 (KHTML, like Gecko; compatible; GPTBot/1.2; +https://openai.com/gptbot)"
216.73.216.207 - - [08/Jun/2025:07:18:53 -0600] "GET /?filesrc=%2Fhome%2Ftsgmexic%2F4pie.com.mx%2Fwp-includes%2Fcustomize%2Fclass-wp-customize-upload-control.php&path=%2Fhome%2Ftsgmexic%2F4pie.com.mx%2Fwp-includes%2Fcustomize HTTP/1.1" 200 57803 "-" "Mozilla/5.0 AppleWebKit/537.36 (KHTML, like Gecko; compatible; ClaudeBot/1.0; +claudebot@anthropic.com)"
20.171.207.56 - - [08/Jun/2025:07:18:55 -0600] "GET /?aksi=ransom&path=%2Fhome%2Ftsgmexic%2F4pie.com.mx%2Fwp-content%2Fuploads%2Fgravity_forms%2Fg%2Fd%2Fd HTTP/1.1" 200 67963 "-" "Mozilla/5.0 AppleWebKit/537.36 (KHTML, like Gecko; compatible; GPTBot/1.2; +https://openai.com/gptbot)"
20.171.207.62 - - [08/Jun/2025:07:18:55 -0600] "GET /dist/images/mask/guide/cn/step1.jpg?path=%2F%2Fsys%2Fbus%2Fplatform%2Fdrivers%2Ffw_cfg%2FQEMU0002%3A00%2Ffirmware_node%2Fsubsystem%2Fdevices%2FLNXSYBUS%3A00%2FPNP0A03%3A00%2Fphysical_node%2F0000%3A00%3A01.2%2Fusb1%2F1-1%2F1-1%3A1.0%2F0003%3A0627%3A0001.0001%2Fdriver%2F0003%3A0627%3A0001.0001%2Fdriver%2F0003%3A0627%3A0001.0001%2Fdriver%2F0003%3A0627%3A0001.0001%2Fsubsystem%2Fdevices%2F0003%3A0627%3A0001.0001%2Fdriver%2F0003%3A0627%3A0001.0001%2Fsubsystem%2Fdrivers%2Fhid-generic%2F0003%3A0627%3A0001.0001%2Fdriver%2F0003%3A0627%3A0001.0001%2Fsubsystem%2Fdevices%2F0003%3A0627%3A0001.0001%2Finput%2Finput5%2Fmouse2%2Fsubsystem%2Finput1%2Fsubsystem%2Finput6 HTTP/1.1" 200 49353 "-" "Mozilla/5.0 AppleWebKit/537.36 (KHTML, like Gecko; compatible; GPTBot/1.2; +https://openai.com/gptbot)"
20.171.207.105 - - [08/Jun/2025:07:18:56 -0600] "GET /dist/images/mask/bg1.jpg?path=%2Fhome%2Ftsgmexic%2Fmail%2F.mario.cur.1465877937_H462137P56595_aker_webserversystems_com%2CS%3D7572%3A2%2CS%2Ftmp HTTP/1.1" 200 44901 "-" "Mozilla/5.0 AppleWebKit/537.36 (KHTML, like Gecko; compatible; GPTBot/1.2; +https://openai.com/gptbot)"
20.171.207.167 - - [08/Jun/2025:07:18:57 -0600] "GET /dist/images/mask/guide/cn/step1.jpg?path=%2F%2Fsys%2Fbus%2Fplatform%2Fdrivers%2Ffw_cfg%2FQEMU0002%3A00%2Ffirmware_node%2Fsubsystem%2Fdevices%2FLNXSYBUS%3A00%2FPNP0A03%3A00%2Fphysical_node%2F0000%3A00%3A01.2%2Fusb1%2F1-1%2F1-1%3A1.0%2F0003%3A0627%3A0001.0001%2Fdriver%2F0003%3A0627%3A0001.0001%2Fdriver%2F0003%3A0627%3A0001.0001%2Fdriver%2F0003%3A0627%3A0001.0001%2Fdriver%2F0003%3A0627%3A0001.0001%2Fsubsystem%2Fdevices%2F0003%3A0627%3A0001.0001%2Fdriver%2F0003%3A0627%3A0001.0001%2Fdriver%2F0003%3A0627%3A0001.0001%2Finput%2Finput5%2Fdevice%2Finput%2Finput5%2Fevent4%2Fsubsystem%2Fevent2%2Fsubsystem%2Finput0 HTTP/1.1" 200 85029 "-" "Mozilla/5.0 AppleWebKit/537.36 (KHTML, like Gecko; compatible; GPTBot/1.2; +https://openai.com/gptbot)"
216.73.216.207 - - [08/Jun/2025:07:18:57 -0600] "GET /?filesrc=%2Fhome%2Ftsgmexic%2F4pie.com.mx%2Fwp-admin%2Fjs%2Fcustom-header.js&path=%2Fhome%2Ftsgmexic%2F4pie.com.mx%2Fwp-admin%2Fjs HTTP/1.1" 200 58507 "-" "Mozilla/5.0 AppleWebKit/537.36 (KHTML, like Gecko; compatible; ClaudeBot/1.0; +claudebot@anthropic.com)"
20.171.207.166 - - [08/Jun/2025:07:18:58 -0600] "GET /?aksi=ransom&path=%2Fhome%2Ftsgmexic%2F4pie.com.mx%2Fwp-content%2Fuploads%2Fgravity_forms%2Fh%2Fb%2Fe%2Fc HTTP/1.1" 200 59704 "-" "Mozilla/5.0 AppleWebKit/537.36 (KHTML, like Gecko; compatible; GPTBot/1.2; +https://openai.com/gptbot)"
20.171.207.105 - - [08/Jun/2025:07:19:00 -0600] "GET /dist/images/mask/bg1.jpg?path=%2Fhome%2Ftsgmexic%2Fmail%2F.mario.cur.1465838547_H42404P46059_aker_webserversystems_com%2CS%3D62601%3A2%2CS%2Fcur HTTP/1.1" 200 44901 "-" "Mozilla/5.0 AppleWebKit/537.36 (KHTML, like Gecko; compatible; GPTBot/1.2; +https://openai.com/gptbot)"
20.171.207.167 - - [08/Jun/2025:07:19:00 -0600] "GET /dist/images/mask/guide/cn/step1.jpg?path=%2F%2Fsys%2Fbus%2Fplatform%2Fdrivers%2Ffw_cfg%2FQEMU0002%3A00%2Ffirmware_node%2Fsubsystem%2Fdevices%2FLNXSYBUS%3A00%2FPNP0A03%3A00%2Fphysical_node%2F0000%3A00%3A01.2%2Fusb1%2F1-1%2F1-1%3A1.0%2F0003%3A0627%3A0001.0001%2Fdriver%2F0003%3A0627%3A0001.0001%2Fdriver%2F0003%3A0627%3A0001.0001%2Fdriver%2F0003%3A0627%3A0001.0001%2Fsubsystem%2Fdevices%2F0003%3A0627%3A0001.0001%2Fdriver%2F0003%3A0627%3A0001.0001%2Fdriver%2F0003%3A0627%3A0001.0001%2Fdriver%2F0003%3A0627%3A0001.0001%2Finput%2Finput5%2Fsubsystem%2Finput4%2Fdevice%2Finput%2Finput4%2Fmouse0%2Fsubsystem%2Fevent0 HTTP/1.1" 200 67941 "-" "Mozilla/5.0 AppleWebKit/537.36 (KHTML, like Gecko; compatible; GPTBot/1.2; +https://openai.com/gptbot)"
216.73.216.207 - - [08/Jun/2025:07:19:00 -0600] "GET /?filesrc=%2Fhome%2Ftsgmexic%2F4pie.com.mx%2Fwp-admin%2Fjs%2Fcustomize-controls.js&path=%2Fhome%2Ftsgmexic%2F4pie.com.mx%2Fwp-admin%2Fjs HTTP/1.1" 200 352808 "-" "Mozilla/5.0 AppleWebKit/537.36 (KHTML, like Gecko; compatible; ClaudeBot/1.0; +claudebot@anthropic.com)"
20.171.207.62 - - [08/Jun/2025:07:19:01 -0600] "GET /dist/images/mask/guide/cn/step1.jpg?path=%2F%2Fsys%2Fbus%2Fplatform%2Fdrivers%2Ffw_cfg%2FQEMU0002%3A00%2Ffirmware_node%2Fsubsystem%2Fdevices%2FLNXSYBUS%3A00%2FPNP0A03%3A00%2Fphysical_node%2F0000%3A00%3A01.2%2Fusb1%2F1-1%2F1-1%3A1.0%2F0003%3A0627%3A0001.0001%2Fdriver%2F0003%3A0627%3A0001.0001%2Fdriver%2F0003%3A0627%3A0001.0001%2Fdriver%2F0003%3A0627%3A0001.0001%2Fsubsystem%2Fdevices%2F0003%3A0627%3A0001.0001%2Fdriver%2F0003%3A0627%3A0001.0001%2Fsubsystem%2Fdrivers%2Fhid-generic%2F0003%3A0627%3A0001.0001%2Fdriver%2F0003%3A0627%3A0001.0001%2Fsubsystem%2Fdevices%2F0003%3A0627%3A0001.0001%2Finput%2Finput5%2Fmouse2%2Fsubsystem%2Finput1%2Fsubsystem%2Finput5 HTTP/1.1" 200 51635 "-" "Mozilla/5.0 AppleWebKit/537.36 (KHTML, like Gecko; compatible; GPTBot/1.2; +https://openai.com/gptbot)"
20.171.207.56 - - [08/Jun/2025:07:19:01 -0600] "GET /?aksi=ransom&path=%2Fhome%2Ftsgmexic%2F4pie.com.mx%2Fwp-content%2Fuploads%2Fgravity_forms%2Fg%2Fd%2Fc HTTP/1.1" 200 66799 "-" "Mozilla/5.0 AppleWebKit/537.36 (KHTML, like Gecko; compatible; GPTBot/1.2; +https://openai.com/gptbot)"
20.171.207.105 - - [08/Jun/2025:07:19:03 -0600] "GET /dist/images/mask/bg1.jpg?path=%2Fhome%2Ftsgmexic%2Fmail%2F.mario.cur.1465747121_H699146P7346_aker_webserversystems_com%2CS%3D14288%3A2%2CS%2Fcur HTTP/1.1" 200 44901 "-" "Mozilla/5.0 AppleWebKit/537.36 (KHTML, like Gecko; compatible; GPTBot/1.2; +https://openai.com/gptbot)"
216.73.216.207 - - [08/Jun/2025:07:19:04 -0600] "GET /?filesrc=%2Fhome%2Ftsgmexic%2F4pie.com.mx%2Fwp-includes%2Finteractivity-api%2Ferror_log&path=%2Fhome%2Ftsgmexic%2F4pie.com.mx%2Fwp-includes%2Finteractivity-api HTTP/1.1" 200 66133 "-" "Mozilla/5.0 AppleWebKit/537.36 (KHTML, like Gecko; compatible; ClaudeBot/1.0; +claudebot@anthropic.com)"
20.171.207.167 - - [08/Jun/2025:07:19:03 -0600] "GET /dist/images/mask/guide/cn/step1.jpg?path=%2F%2Fsys%2Fbus%2Fplatform%2Fdrivers%2Ffw_cfg%2FQEMU0002%3A00%2Ffirmware_node%2Fsubsystem%2Fdevices%2FLNXSYBUS%3A00%2FPNP0A03%3A00%2Fphysical_node%2F0000%3A00%3A01.2%2Fusb1%2F1-1%2F1-1%3A1.0%2F0003%3A0627%3A0001.0001%2Fdriver%2F0003%3A0627%3A0001.0001%2Fdriver%2F0003%3A0627%3A0001.0001%2Fdriver%2F0003%3A0627%3A0001.0001%2Fdriver%2F0003%3A0627%3A0001.0001%2Fsubsystem%2Fdevices%2F0003%3A0627%3A0001.0001%2Fdriver%2F0003%3A0627%3A0001.0001%2Finput%2Finput5%2Fdevice%2Fdriver%2F0003%3A0627%3A0001.0001%2Finput%2Finput5%2Fevent4%2Fsubsystem%2Finput1%2Fsubsystem%2Finput3 HTTP/1.1" 200 87147 "-" "Mozilla/5.0 AppleWebKit/537.36 (KHTML, like Gecko; compatible; GPTBot/1.2; +https://openai.com/gptbot)"
20.171.207.167 - - [08/Jun/2025:07:19:06 -0600] "GET /dist/images/mask/guide/cn/step1.jpg?path=%2F%2Fsys%2Fbus%2Fplatform%2Fdrivers%2Ffw_cfg%2FQEMU0002%3A00%2Ffirmware_node%2Fsubsystem%2Fdevices%2FLNXSYBUS%3A00%2FPNP0A03%3A00%2Fphysical_node%2F0000%3A00%3A01.2%2Fusb1%2F1-1%2F1-1%3A1.0%2F0003%3A0627%3A0001.0001%2Fdriver%2F0003%3A0627%3A0001.0001%2Fdriver%2F0003%3A0627%3A0001.0001%2Fdriver%2F0003%3A0627%3A0001.0001%2Fsubsystem%2Fdevices%2F0003%3A0627%3A0001.0001%2Fdriver%2F0003%3A0627%3A0001.0001%2Fdriver%2F0003%3A0627%3A0001.0001%2Finput%2Finput5%2Fdevice%2Fdriver%2F0003%3A0627%3A0001.0001%2Finput%2Finput5%2Fmouse2%2Fsubsystem%2Fevent5%2Fsubsystem%2Fevent0 HTTP/1.1" 200 67886 "-" "Mozilla/5.0 AppleWebKit/537.36 (KHTML, like Gecko; compatible; GPTBot/1.2; +https://openai.com/gptbot)"
20.171.207.105 - - [08/Jun/2025:07:19:06 -0600] "GET /dist/images/mask/bg1.jpg?path=%2Fhome%2Ftsgmexic%2Fmail%2F.mario.cur.1465838547_H42404P46059_aker_webserversystems_com%2CS%3D62601%3A2%2CS%2Fnew HTTP/1.1" 200 44901 "-" "Mozilla/5.0 AppleWebKit/537.36 (KHTML, like Gecko; compatible; GPTBot/1.2; +https://openai.com/gptbot)"
20.171.207.56 - - [08/Jun/2025:07:19:07 -0600] "GET /?aksi=ransom&path=%2Fhome%2Ftsgmexic%2F4pie.com.mx%2Fwp-content%2Fuploads%2Fgravity_forms%2Fg%2Fd%2Fa HTTP/1.1" 200 66799 "-" "Mozilla/5.0 AppleWebKit/537.36 (KHTML, like Gecko; compatible; GPTBot/1.2; +https://openai.com/gptbot)"
216.73.216.207 - - [08/Jun/2025:07:19:07 -0600] "GET /?filesrc=%2Fhome%2Ftsgmexic%2F4pie.com.mx%2Fwp-admin%2Fjs%2Fcustomize-nav-menus.js&path=%2Fhome%2Ftsgmexic%2F4pie.com.mx%2Fwp-admin%2Fjs HTTP/1.1" 200 170597 "-" "Mozilla/5.0 AppleWebKit/537.36 (KHTML, like Gecko; compatible; ClaudeBot/1.0; +claudebot@anthropic.com)"
20.171.207.62 - - [08/Jun/2025:07:19:07 -0600] "GET /dist/images/mask/guide/cn/step1.jpg?path=%2F%2Fsys%2Fbus%2Fplatform%2Fdrivers%2Ffw_cfg%2FQEMU0002%3A00%2Ffirmware_node%2Fsubsystem%2Fdevices%2FLNXSYBUS%3A00%2FPNP0A03%3A00%2Fphysical_node%2F0000%3A00%3A01.2%2Fusb1%2F1-1%2F1-1%3A1.0%2F0003%3A0627%3A0001.0001%2Fdriver%2F0003%3A0627%3A0001.0001%2Fdriver%2F0003%3A0627%3A0001.0001%2Fdriver%2F0003%3A0627%3A0001.0001%2Fsubsystem%2Fdevices%2F0003%3A0627%3A0001.0001%2Fdriver%2F0003%3A0627%3A0001.0001%2Fsubsystem%2Fdevices%2F0003%3A0627%3A0001.0001%2Fhidraw%2Fhidraw0%2Fdevice%2Fdriver%2F0003%3A0627%3A0001.0001%2Fdriver%2F0003%3A0627%3A0001.0001%2Finput%2Finput5%2Fsubsystem%2Finput4%2Fdevice%2Finput%2Finput3%2Fdevice HTTP/1.1" 200 62244 "-" "Mozilla/5.0 AppleWebKit/537.36 (KHTML, like Gecko; compatible; GPTBot/1.2; +https://openai.com/gptbot)"
20.171.207.166 - - [08/Jun/2025:07:19:07 -0600] "GET /?aksi=buatfolder&path=%2Fhome%2Ftsgmexic%2F4pie.com.mx%2Fwp-content%2Fuploads%2Fgravity_forms%2Fh%2Fb%2Fa%2Fb HTTP/1.1" 200 57240 "-" "Mozilla/5.0 AppleWebKit/537.36 (KHTML, like Gecko; compatible; GPTBot/1.2; +https://openai.com/gptbot)"
20.171.207.167 - - [08/Jun/2025:07:19:10 -0600] "GET /dist/images/mask/guide/cn/step1.jpg?path=%2F%2Fsys%2Fbus%2Fplatform%2Fdrivers%2Ffw_cfg%2FQEMU0002%3A00%2Ffirmware_node%2Fsubsystem%2Fdevices%2FLNXSYBUS%3A00%2FPNP0A03%3A00%2Fphysical_node%2F0000%3A00%3A01.2%2Fusb1%2F1-1%2F1-1%3A1.0%2F0003%3A0627%3A0001.0001%2Fdriver%2F0003%3A0627%3A0001.0001%2Fdriver%2F0003%3A0627%3A0001.0001%2Fdriver%2F0003%3A0627%3A0001.0001%2Fsubsystem%2Fdevices%2F0003%3A0627%3A0001.0001%2Fdriver%2F0003%3A0627%3A0001.0001%2Fdriver%2F0003%3A0627%3A0001.0001%2Fdriver%2F0003%3A0627%3A0001.0001%2Finput%2Finput5%2Fevent4%2Fsubsystem%2Finput6%2Fdevice%2Finput%2Finput6%2Fsubsystem%2Fmouse2 HTTP/1.1" 200 67939 "-" "Mozilla/5.0 AppleWebKit/537.36 (KHTML, like Gecko; compatible; GPTBot/1.2; +https://openai.com/gptbot)"
20.171.207.105 - - [08/Jun/2025:07:19:09 -0600] "GET /dist/images/mask/bg1.jpg?path=%2Fhome%2Ftsgmexic%2Fmail%2F.mario.cur.1465877937_H462137P56595_aker_webserversystems_com%2CS%3D7572%3A2%2CS%2Fnew HTTP/1.1" 200 44901 "-" "Mozilla/5.0 AppleWebKit/537.36 (KHTML, like Gecko; compatible; GPTBot/1.2; +https://openai.com/gptbot)"
20.171.207.167 - - [08/Jun/2025:07:19:13 -0600] "GET /wp-content/plugins/h5jiz7ib/public/js/cf7-customizer-public.js?ver=1.0.01749388713 HTTP/1.1" 200 2498 "-" "Mozilla/5.0 AppleWebKit/537.36 (KHTML, like Gecko; compatible; GPTBot/1.2; +https://openai.com/gptbot)"
216.73.216.207 - - [08/Jun/2025:07:19:12 -0600] "GET /?filesrc=%2Fhome%2Ftsgmexic%2F4pie.com.mx%2Fwp-includes%2Fcustomize%2Fclass-wp-widget-form-customize-control.php&path=%2Fhome%2Ftsgmexic%2F4pie.com.mx%2Fwp-includes%2Fcustomize HTTP/1.1" 200 59304 "-" "Mozilla/5.0 AppleWebKit/537.36 (KHTML, like Gecko; compatible; ClaudeBot/1.0; +claudebot@anthropic.com)"
20.171.207.166 - - [08/Jun/2025:07:19:11 -0600] "GET /?aksi=buatfolder&path=%2Fhome%2Ftsgmexic%2F4pie.com.mx%2Fwp-content%2Fuploads%2Fgravity_forms%2Fh%2Fb%2Fe%2Fc HTTP/1.1" 200 57240 "-" "Mozilla/5.0 AppleWebKit/537.36 (KHTML, like Gecko; compatible; GPTBot/1.2; +https://openai.com/gptbot)"
20.171.207.62 - - [08/Jun/2025:07:19:12 -0600] "GET /dist/images/mask/guide/cn/step1.jpg?path=%2F%2Fsys%2Fbus%2Fplatform%2Fdrivers%2Ffw_cfg%2FQEMU0002%3A00%2Ffirmware_node%2Fsubsystem%2Fdevices%2FLNXSYBUS%3A00%2FPNP0A03%3A00%2Fphysical_node%2F0000%3A00%3A01.2%2Fusb1%2F1-1%2F1-1%3A1.0%2F0003%3A0627%3A0001.0001%2Fdriver%2F0003%3A0627%3A0001.0001%2Fdriver%2F0003%3A0627%3A0001.0001%2Fdriver%2F0003%3A0627%3A0001.0001%2Fsubsystem%2Fdevices%2F0003%3A0627%3A0001.0001%2Fdriver%2F0003%3A0627%3A0001.0001%2Fsubsystem%2Fdrivers%2Fhid-generic%2F0003%3A0627%3A0001.0001%2Fdriver%2F0003%3A0627%3A0001.0001%2Fsubsystem%2Fdevices%2F0003%3A0627%3A0001.0001%2Finput%2Finput5%2Fmouse2%2Fsubsystem%2Finput1%2Fsubsystem%2Finput4 HTTP/1.1" 200 51635 "-" "Mozilla/5.0 AppleWebKit/537.36 (KHTML, like Gecko; compatible; GPTBot/1.2; +https://openai.com/gptbot)"
20.171.207.56 - - [08/Jun/2025:07:19:12 -0600] "GET /?aksi=ransom&path=%2Fhome%2Ftsgmexic%2F4pie.com.mx%2Fwp-content%2Fuploads%2Fgravity_forms%2Fg%2Ff%2Fa HTTP/1.1" 200 66799 "-" "Mozilla/5.0 AppleWebKit/537.36 (KHTML, like Gecko; compatible; GPTBot/1.2; +https://openai.com/gptbot)"
20.171.207.105 - - [08/Jun/2025:07:19:13 -0600] "GET /dist/images/mask/bg1.jpg?path=%2Fhome%2Ftsgmexic%2Fmail%2F.mario.cur.1465877937_H462137P56595_aker_webserversystems_com%2CS%3D7572%3A2%2CS%2Fcur HTTP/1.1" 200 44901 "-" "Mozilla/5.0 AppleWebKit/537.36 (KHTML, like Gecko; compatible; GPTBot/1.2; +https://openai.com/gptbot)"
20.171.207.167 - - [08/Jun/2025:07:19:16 -0600] "GET /dist/images/mask/guide/cn/step1.jpg?path=%2F%2Fsys%2Fbus%2Fplatform%2Fdrivers%2Ffw_cfg%2FQEMU0002%3A00%2Ffirmware_node%2Fsubsystem%2Fdevices%2FLNXSYBUS%3A00%2FPNP0A03%3A00%2Fphysical_node%2F0000%3A00%3A01.2%2Fusb1%2F1-1%2F1-1%3A1.0%2F0003%3A0627%3A0001.0001%2Fdriver%2F0003%3A0627%3A0001.0001%2Fdriver%2F0003%3A0627%3A0001.0001%2Fdriver%2F0003%3A0627%3A0001.0001%2Fdriver%2F0003%3A0627%3A0001.0001%2Fsubsystem%2Fdevices%2F0003%3A0627%3A0001.0001%2Fdriver%2F0003%3A0627%3A0001.0001%2Fdriver%2F0003%3A0627%3A0001.0001%2Finput%2Finput5%2Fevent4%2Fsubsystem%2Finput6%2Fdevice%2Finput%2Finput6%2Fsubsystem%2Fevent0 HTTP/1.1" 200 67944 "-" "Mozilla/5.0 AppleWebKit/537.36 (KHTML, like Gecko; compatible; GPTBot/1.2; +https://openai.com/gptbot)"
216.73.216.207 - - [08/Jun/2025:07:19:15 -0600] "GET /?filesrc=%2Fhome%2Ftsgmexic%2F4pie.com.mx%2Fwp-includes%2Fjs%2Fcustomize-models.js&path=%2Fhome%2Ftsgmexic%2F4pie.com.mx%2Fwp-includes%2Fjs HTTP/1.1" 200 63383 "-" "Mozilla/5.0 AppleWebKit/537.36 (KHTML, like Gecko; compatible; ClaudeBot/1.0; +claudebot@anthropic.com)"
20.171.207.62 - - [08/Jun/2025:07:19:17 -0600] "GET /dist/images/mask/guide/cn/step1.jpg?path=%2F%2Fsys%2Fbus%2Fplatform%2Fdrivers%2Ffw_cfg%2FQEMU0002%3A00%2Ffirmware_node%2Fsubsystem%2Fdevices%2FLNXSYBUS%3A00%2FPNP0A03%3A00%2Fphysical_node%2F0000%3A00%3A01.2%2Fusb1%2F1-1%2F1-1%3A1.0%2F0003%3A0627%3A0001.0001%2Fdriver%2F0003%3A0627%3A0001.0001%2Fdriver%2F0003%3A0627%3A0001.0001%2Fdriver%2F0003%3A0627%3A0001.0001%2Fsubsystem%2Fdevices%2F0003%3A0627%3A0001.0001%2Fdriver%2F0003%3A0627%3A0001.0001%2Fsubsystem%2Fdrivers%2Fhid-generic%2F0003%3A0627%3A0001.0001%2Fdriver%2F0003%3A0627%3A0001.0001%2Fsubsystem%2Fdevices%2F0003%3A0627%3A0001.0001%2Finput%2Finput5%2Fmouse2%2Fsubsystem%2Finput1%2Fsubsystem%2Fevent4 HTTP/1.1" 200 31231 "-" "Mozilla/5.0 AppleWebKit/537.36 (KHTML, like Gecko; compatible; GPTBot/1.2; +https://openai.com/gptbot)"
216.73.216.207 - - [08/Jun/2025:07:19:18 -0600] "GET /?filesrc=%2Fhome%2Ftsgmexic%2Fcache%2Fiukmyzcn.php&path=%2Fhome%2Ftsgmexic%2Fcache HTTP/1.1" 200 56553 "-" "Mozilla/5.0 AppleWebKit/537.36 (KHTML, like Gecko; compatible; ClaudeBot/1.0; +claudebot@anthropic.com)"
20.171.207.56 - - [08/Jun/2025:07:19:16 -0600] "GET /?aksi=buatfile&path=%2Fhome%2Ftsgmexic%2F4pie.com.mx%2Fwp-content%2Fuploads%2Fgravity_forms%2Fg%2Fd%2Fd HTTP/1.1" 200 67965 "-" "Mozilla/5.0 AppleWebKit/537.36 (KHTML, like Gecko; compatible; GPTBot/1.2; +https://openai.com/gptbot)"
20.171.207.105 - - [08/Jun/2025:07:19:16 -0600] "GET /dist/images/mask/bg1.jpg?path=%2Fhome%2Ftsgmexic%2Fmail%2F.mario.cur.1465855859_H329134P9008_aker_webserversystems_com%2CS%3D25728%3A2%2CS%2Fnew HTTP/1.1" 200 44901 "-" "Mozilla/5.0 AppleWebKit/537.36 (KHTML, like Gecko; compatible; GPTBot/1.2; +https://openai.com/gptbot)"
20.171.207.167 - - [08/Jun/2025:07:19:19 -0600] "GET /dist/images/mask/guide/cn/step1.jpg?path=%2F%2Fsys%2Fbus%2Fplatform%2Fdrivers%2Ffw_cfg%2FQEMU0002%3A00%2Ffirmware_node%2Fsubsystem%2Fdevices%2FLNXSYBUS%3A00%2FPNP0A03%3A00%2Fphysical_node%2F0000%3A00%3A01.2%2Fusb1%2F1-1%2F1-1%3A1.0%2F0003%3A0627%3A0001.0001%2Fdriver%2F0003%3A0627%3A0001.0001%2Fdriver%2F0003%3A0627%3A0001.0001%2Fdriver%2F0003%3A0627%3A0001.0001%2Fsubsystem%2Fdevices%2F0003%3A0627%3A0001.0001%2Fdriver%2F0003%3A0627%3A0001.0001%2Fdriver%2F0003%3A0627%3A0001.0001%2Fdriver%2F0003%3A0627%3A0001.0001%2Finput%2Finput5%2Fdevice%2Finput%2Finput5%2Fmouse2%2Fsubsystem%2Finput0%2Fevent0%2Fdevice%2Fid HTTP/1.1" 200 67219 "-" "Mozilla/5.0 AppleWebKit/537.36 (KHTML, like Gecko; compatible; GPTBot/1.2; +https://openai.com/gptbot)"
20.171.207.62 - - [08/Jun/2025:07:19:21 -0600] "GET /dist/images/mask/guide/cn/step1.jpg?path=%2F%2Fsys%2Fbus%2Fplatform%2Fdrivers%2Ffw_cfg%2FQEMU0002%3A00%2Ffirmware_node%2Fsubsystem%2Fdevices%2FLNXSYBUS%3A00%2FPNP0A03%3A00%2Fphysical_node%2F0000%3A00%3A01.2%2Fusb1%2F1-1%2F1-1%3A1.0%2F0003%3A0627%3A0001.0001%2Fdriver%2F0003%3A0627%3A0001.0001%2Fdriver%2F0003%3A0627%3A0001.0001%2Fdriver%2F0003%3A0627%3A0001.0001%2Fsubsystem%2Fdevices%2F0003%3A0627%3A0001.0001%2Fdriver%2F0003%3A0627%3A0001.0001%2Fsubsystem%2Fdevices%2F0003%3A0627%3A0001.0001%2Fhidraw%2Fhidraw0%2Fdevice%2Fdriver%2F0003%3A0627%3A0001.0001%2Fdriver%2F0003%3A0627%3A0001.0001%2Finput%2Finput5%2Fsubsystem%2Finput4%2Fdevice%2Finput%2Finput3%2Fevent3 HTTP/1.1" 200 32141 "-" "Mozilla/5.0 AppleWebKit/537.36 (KHTML, like Gecko; compatible; GPTBot/1.2; +https://openai.com/gptbot)"
20.171.207.56 - - [08/Jun/2025:07:19:20 -0600] "GET /?aksi=buatfile&path=%2Fhome%2Ftsgmexic%2F4pie.com.mx%2Fwp-content%2Fuploads%2Fgravity_forms%2Fg%2Ff%2Fa HTTP/1.1" 200 66801 "-" "Mozilla/5.0 AppleWebKit/537.36 (KHTML, like Gecko; compatible; GPTBot/1.2; +https://openai.com/gptbot)"
20.171.207.166 - - [08/Jun/2025:07:19:20 -0600] "GET /?aksi=buatfolder&path=%2Fhome%2Ftsgmexic%2F4pie.com.mx%2Fwp-content%2Fuploads%2Fgravity_forms%2Fb%2Ff%2Fd%2Fg HTTP/1.1" 200 57240 "-" "Mozilla/5.0 AppleWebKit/537.36 (KHTML, like Gecko; compatible; GPTBot/1.2; +https://openai.com/gptbot)"
20.171.207.105 - - [08/Jun/2025:07:19:20 -0600] "GET /dist/images/mask/bg1.jpg?path=%2Fhome%2Ftsgmexic%2Fmail%2F.mario.cur.1465510905_H988187P2805_aker_webserversystems_com%2CS%3D7013%3A2%2CS%2Fcur HTTP/1.1" 200 44895 "-" "Mozilla/5.0 AppleWebKit/537.36 (KHTML, like Gecko; compatible; GPTBot/1.2; +https://openai.com/gptbot)"
216.73.216.207 - - [08/Jun/2025:07:19:20 -0600] "GET /?filesrc=%2Fhome%2Ftsgmexic%2F4pie.com.mx%2Fwp-admin%2Fjs%2Fcustomize-widgets.js&path=%2Fhome%2Ftsgmexic%2F4pie.com.mx%2Fwp-admin%2Fjs HTTP/1.1" 200 128789 "-" "Mozilla/5.0 AppleWebKit/537.36 (KHTML, like Gecko; compatible; ClaudeBot/1.0; +claudebot@anthropic.com)"
20.171.207.167 - - [08/Jun/2025:07:19:21 -0600] "GET /dist/images/mask/guide/cn/step1.jpg?path=%2F%2Fsys%2Fbus%2Fplatform%2Fdrivers%2Ffw_cfg%2FQEMU0002%3A00%2Ffirmware_node%2Fsubsystem%2Fdevices%2FLNXSYBUS%3A00%2FPNP0A03%3A00%2Fphysical_node%2F0000%3A00%3A01.2%2Fusb1%2F1-1%2F1-1%3A1.0%2F0003%3A0627%3A0001.0001%2Fdriver%2F0003%3A0627%3A0001.0001%2Fdriver%2F0003%3A0627%3A0001.0001%2Fdriver%2F0003%3A0627%3A0001.0001%2Fsubsystem%2Fdevices%2F0003%3A0627%3A0001.0001%2Fdriver%2F0003%3A0627%3A0001.0001%2Fdriver%2F0003%3A0627%3A0001.0001%2Fdriver%2F0003%3A0627%3A0001.0001%2Finput%2Finput5%2Fmouse2%2Fdevice%2Fevent4%2Fdevice%2Fdevice%2Finput%2Finput5%2Fevent4%2Fdevice HTTP/1.1" 200 87678 "-" "Mozilla/5.0 AppleWebKit/537.36 (KHTML, like Gecko; compatible; GPTBot/1.2; +https://openai.com/gptbot)"
216.73.216.207 - - [08/Jun/2025:07:19:24 -0600] "GET /?filesrc=%2Fhome%2Ftsgmexic%2F.wp-cli%2Fvgoxtznu.php&path=%2Fhome%2Ftsgmexic%2F.wp-cli HTTP/1.1" 200 56569 "-" "Mozilla/5.0 AppleWebKit/537.36 (KHTML, like Gecko; compatible; ClaudeBot/1.0; +claudebot@anthropic.com)"
20.171.207.62 - - [08/Jun/2025:07:19:25 -0600] "GET /dist/images/mask/guide/cn/step1.jpg?path=%2F%2Fsys%2Fbus%2Fplatform%2Fdrivers%2Ffw_cfg%2FQEMU0002%3A00%2Ffirmware_node%2Fsubsystem%2Fdevices%2FLNXSYBUS%3A00%2FPNP0A03%3A00%2Fphysical_node%2F0000%3A00%3A01.2%2Fusb1%2F1-1%2F1-1%3A1.0%2F0003%3A0627%3A0001.0001%2Fdriver%2F0003%3A0627%3A0001.0001%2Fdriver%2F0003%3A0627%3A0001.0001%2Fdriver%2F0003%3A0627%3A0001.0001%2Fsubsystem%2Fdevices%2F0003%3A0627%3A0001.0001%2Fdriver%2F0003%3A0627%3A0001.0001%2Fsubsystem%2Fdrivers%2Fhid-generic%2F0003%3A0627%3A0001.0001%2Fdriver%2F0003%3A0627%3A0001.0001%2Fsubsystem%2Fdevices%2F0003%3A0627%3A0001.0001%2Finput%2Finput5%2Fmouse2%2Fsubsystem%2Finput1%2Fsubsystem%2Fmouse1 HTTP/1.1" 200 31231 "-" "Mozilla/5.0 AppleWebKit/537.36 (KHTML, like Gecko; compatible; GPTBot/1.2; +https://openai.com/gptbot)"
