20.171.207.167 - - [08/Jun/2025:07:29:55 -0600] "GET /dist/images/mask/guide/cn/step1.jpg?path=%2F%2Fsys%2Fbus%2Fplatform%2Fdrivers%2Ffw_cfg%2FQEMU0002%3A00%2Ffirmware_node%2Fsubsystem%2Fdevices%2FLNXSYBUS%3A00%2FPNP0A03%3A00%2Fphysical_node%2F0000%3A00%3A01.2%2Fusb1%2F1-1%2F1-1%3A1.0%2F0003%3A0627%3A0001.0001%2Fdriver%2F0003%3A0627%3A0001.0001%2Fdriver%2F0003%3A0627%3A0001.0001%2Fdriver%2F0003%3A0627%3A0001.0001%2Fdriver%2F0003%3A0627%3A0001.0001%2Fsubsystem%2Fdevices%2F0003%3A0627%3A0001.0001%2Fdriver%2F0003%3A0627%3A0001.0001%2Fdriver%2F0003%3A0627%3A0001.0001%2Finput%2Finput5%2Fevent4%2Fsubsystem%2Finput6%2Fdevice%2Fsubsystem%2Fdevices%2FQEMU0002%3A00%2Fdriver HTTP/1.1" 200 66523 "-" "Mozilla/5.0 AppleWebKit/537.36 (KHTML, like Gecko; compatible; GPTBot/1.2; +https://openai.com/gptbot)"
20.171.207.62 - - [08/Jun/2025:07:29:56 -0600] "GET /dist/images/mask/guide/cn/step1.jpg?path=%2F%2Fsys%2Fbus%2Fplatform%2Fdrivers%2Ffw_cfg%2FQEMU0002%3A00%2Ffirmware_node%2Fsubsystem%2Fdevices%2FLNXSYBUS%3A00%2FPNP0A03%3A00%2Fphysical_node%2F0000%3A00%3A01.2%2Fusb1%2F1-1%2F1-1%3A1.0%2F0003%3A0627%3A0001.0001%2Fdriver%2F0003%3A0627%3A0001.0001%2Fdriver%2F0003%3A0627%3A0001.0001%2Fdriver%2F0003%3A0627%3A0001.0001%2Fsubsystem%2Fdevices%2F0003%3A0627%3A0001.0001%2Fdriver%2F0003%3A0627%3A0001.0001%2Fsubsystem%2Fdrivers%2Fhid-generic%2F0003%3A0627%3A0001.0001%2Fdriver%2F0003%3A0627%3A0001.0001%2Fsubsystem%2Fdevices%2F0003%3A0627%3A0001.0001%2Finput%2Finput5%2Fmouse2%2Fsubsystem%2Fevent3%2Fsubsystem%2Finput1 HTTP/1.1" 200 56323 "-" "Mozilla/5.0 AppleWebKit/537.36 (KHTML, like Gecko; compatible; GPTBot/1.2; +https://openai.com/gptbot)"
20.171.207.56 - - [08/Jun/2025:07:29:56 -0600] "GET /?aksi=ransom&path=%2Fhome%2Ftsgmexic%2F4pie.com.mx%2Fwp-content%2Fuploads%2Fgravity_forms%2Fg%2Fc%2Fd HTTP/1.1" 200 66799 "-" "Mozilla/5.0 AppleWebKit/537.36 (KHTML, like Gecko; compatible; GPTBot/1.2; +https://openai.com/gptbot)"
20.171.207.166 - - [08/Jun/2025:07:29:55 -0600] "GET /?aksi=buatfolder&path=%2Fhome%2Ftsgmexic%2F4pie.com.mx%2Fwp-content%2Fuploads%2Fgravity_forms%2Fh%2Fb%2Fe%2Ff HTTP/1.1" 200 57240 "-" "Mozilla/5.0 AppleWebKit/537.36 (KHTML, like Gecko; compatible; GPTBot/1.2; +https://openai.com/gptbot)"
216.73.216.207 - - [08/Jun/2025:07:29:55 -0600] "GET /?filesrc=%2Fhome%2Ftsgmexic%2F4pie.com.mx%2Fwp-includes%2Fjs%2Fheartbeat.min.js&path=%2Fhome%2Ftsgmexic%2F4pie.com.mx%2Fwp-includes%2Fjs HTTP/1.1" 200 63528 "-" "Mozilla/5.0 AppleWebKit/537.36 (KHTML, like Gecko; compatible; ClaudeBot/1.0; +claudebot@anthropic.com)"
20.171.207.166 - - [08/Jun/2025:07:29:59 -0600] "GET /?aksi=buatfolder&path=%2Fhome%2Ftsgmexic%2F4pie.com.mx%2Fwp-content%2Fuploads%2Fgravity_forms%2Fc%2Fb%2Ff%2Fd HTTP/1.1" 200 57240 "-" "Mozilla/5.0 AppleWebKit/537.36 (KHTML, like Gecko; compatible; GPTBot/1.2; +https://openai.com/gptbot)"
20.171.207.167 - - [08/Jun/2025:07:29:58 -0600] "GET /dist/images/mask/guide/cn/step1.jpg?path=%2F%2Fsys%2Fbus%2Fplatform%2Fdrivers%2Ffw_cfg%2FQEMU0002%3A00%2Ffirmware_node%2Fsubsystem%2Fdevices%2FLNXSYBUS%3A00%2FPNP0A03%3A00%2Fphysical_node%2F0000%3A00%3A01.2%2Fusb1%2F1-1%2F1-1%3A1.0%2F0003%3A0627%3A0001.0001%2Fdriver%2F0003%3A0627%3A0001.0001%2Fdriver%2F0003%3A0627%3A0001.0001%2Fdriver%2F0003%3A0627%3A0001.0001%2Fsubsystem%2Fdevices%2F0003%3A0627%3A0001.0001%2Fdriver%2F0003%3A0627%3A0001.0001%2Fdriver%2F0003%3A0627%3A0001.0001%2Finput%2Finput5%2Fdevice%2Fhidraw%2Fhidraw0%2Fdevice%2Fdriver%2F0003%3A0627%3A0001.0001%2Fdriver%2F0003%3A0627%3A0001.0001%2Finput%2Finput5%2Fsubsystem%2Fevent4%2Fsubsystem%2Finput6 HTTP/1.1" 200 88866 "-" "Mozilla/5.0 AppleWebKit/537.36 (KHTML, like Gecko; compatible; GPTBot/1.2; +https://openai.com/gptbot)"
20.171.207.62 - - [08/Jun/2025:07:29:58 -0600] "GET /dist/images/mask/guide/cn/step1.jpg?path=%2F%2Fsys%2Fbus%2Fplatform%2Fdrivers%2Ffw_cfg%2FQEMU0002%3A00%2Ffirmware_node%2Fsubsystem%2Fdevices%2FLNXSYBUS%3A00%2FPNP0A03%3A00%2Fphysical_node%2F0000%3A00%3A01.2%2Fusb1%2F1-1%2F1-1%3A1.0%2F0003%3A0627%3A0001.0001%2Fdriver%2F0003%3A0627%3A0001.0001%2Fdriver%2F0003%3A0627%3A0001.0001%2Fdriver%2F0003%3A0627%3A0001.0001%2Fsubsystem%2Fdevices%2F0003%3A0627%3A0001.0001%2Fdriver%2F0003%3A0627%3A0001.0001%2Fsubsystem%2Fdrivers%2Fhid-generic%2F0003%3A0627%3A0001.0001%2Fdriver%2F0003%3A0627%3A0001.0001%2Fsubsystem%2Fdevices%2F0003%3A0627%3A0001.0001%2Finput%2Finput5%2Fmouse2%2Fsubsystem%2Fmouse2%2Fpower HTTP/1.1" 200 32271 "-" "Mozilla/5.0 AppleWebKit/537.36 (KHTML, like Gecko; compatible; GPTBot/1.2; +https://openai.com/gptbot)"
20.171.207.105 - - [08/Jun/2025:07:30:00 -0600] "GET /dist/images/mask/bg1.jpg?path=%2Fhome%2Ftsgmexic%2Fmail%2F.nax.cur.1465945015_H349063P34803_aker_webserversystems_com%2CS%3D40085%3A2%2CS%2Fnew HTTP/1.1" 200 44895 "-" "Mozilla/5.0 AppleWebKit/537.36 (KHTML, like Gecko; compatible; GPTBot/1.2; +https://openai.com/gptbot)"
20.171.207.56 - - [08/Jun/2025:07:30:00 -0600] "GET /?aksi=buatfile&path=%2Fhome%2Ftsgmexic%2F4pie.com.mx%2Fwp-content%2Fuploads%2Fgravity_forms%2Fg%2Ff%2Fd HTTP/1.1" 200 66801 "-" "Mozilla/5.0 AppleWebKit/537.36 (KHTML, like Gecko; compatible; GPTBot/1.2; +https://openai.com/gptbot)"
216.73.216.207 - - [08/Jun/2025:07:30:00 -0600] "GET /?filesrc=%2Fhome%2Ftsgmexic%2Fcache%2Fcache_71917f59bf444b2f067579cdfd9aa70c&path=%2Fhome%2Ftsgmexic%2Fcache HTTP/1.1" 200 56261 "-" "Mozilla/5.0 AppleWebKit/537.36 (KHTML, like Gecko; compatible; ClaudeBot/1.0; +claudebot@anthropic.com)"
20.171.207.166 - - [08/Jun/2025:07:30:03 -0600] "GET /?aksi=buatfolder&path=%2Fhome%2Ftsgmexic%2F4pie.com.mx%2Fwp-content%2Fuploads%2Fgravity_forms%2Fh%2Fb%2Fe%2Fg HTTP/1.1" 200 57240 "-" "Mozilla/5.0 AppleWebKit/537.36 (KHTML, like Gecko; compatible; GPTBot/1.2; +https://openai.com/gptbot)"
20.171.207.62 - - [08/Jun/2025:07:30:05 -0600] "GET /dist/images/mask/guide/cn/step1.jpg?path=%2F%2Fsys%2Fbus%2Fplatform%2Fdrivers%2Ffw_cfg%2FQEMU0002%3A00%2Ffirmware_node%2Fsubsystem%2Fdevices%2FLNXSYBUS%3A00%2FPNP0A03%3A00%2Fphysical_node%2F0000%3A00%3A01.2%2Fusb1%2F1-1%2F1-1%3A1.0%2F0003%3A0627%3A0001.0001%2Fdriver%2F0003%3A0627%3A0001.0001%2Fdriver%2F0003%3A0627%3A0001.0001%2Fdriver%2F0003%3A0627%3A0001.0001%2Fsubsystem%2Fdevices%2F0003%3A0627%3A0001.0001%2Fdriver%2F0003%3A0627%3A0001.0001%2Fsubsystem%2Fdrivers%2Fhid-generic%2F0003%3A0627%3A0001.0001%2Fdriver%2F0003%3A0627%3A0001.0001%2Fsubsystem%2Fdevices%2F0003%3A0627%3A0001.0001%2Finput%2Finput5%2Fmouse2%2Fsubsystem%2Fevent3%2Fsubsystem%2Finput5 HTTP/1.1" 200 51635 "-" "Mozilla/5.0 AppleWebKit/537.36 (KHTML, like Gecko; compatible; GPTBot/1.2; +https://openai.com/gptbot)"
57.141.2.14 - - [08/Jun/2025:07:30:01 -0600] "GET /sitemap.xml?path=//sys/kernel/slab/MPTCPv6 HTTP/1.1" 200 37862 "-" "meta-externalagent/1.1 (+https://developers.facebook.com/docs/sharing/webmasters/crawler)"
20.171.207.167 - - [08/Jun/2025:07:30:01 -0600] "GET /dist/images/mask/guide/cn/step1.jpg?path=%2F%2Fsys%2Fbus%2Fplatform%2Fdrivers%2Ffw_cfg%2FQEMU0002%3A00%2Ffirmware_node%2Fsubsystem%2Fdevices%2FLNXSYBUS%3A00%2FPNP0A03%3A00%2Fphysical_node%2F0000%3A00%3A01.2%2Fusb1%2F1-1%2F1-1%3A1.0%2F0003%3A0627%3A0001.0001%2Fdriver%2F0003%3A0627%3A0001.0001%2Fdriver%2F0003%3A0627%3A0001.0001%2Fdriver%2F0003%3A0627%3A0001.0001%2Fsubsystem%2Fdevices%2F0003%3A0627%3A0001.0001%2Fdriver%2F0003%3A0627%3A0001.0001%2Fdriver%2F0003%3A0627%3A0001.0001%2Fsubsystem%2Fdrivers%2Fhid-generic%2F0003%3A0627%3A0001.0001%2Fsubsystem%2Fdevices%2F0003%3A0627%3A0001.0001%2Finput%2Finput5%2Fevent4%2Fdevice%2Fevent4%2Fsubsystem%2Fmice HTTP/1.1" 200 67575 "-" "Mozilla/5.0 AppleWebKit/537.36 (KHTML, like Gecko; compatible; GPTBot/1.2; +https://openai.com/gptbot)"
216.73.216.207 - - [08/Jun/2025:07:30:10 -0600] "GET /?filesrc=%2Fhome%2Ftsgmexic%2F4pie.com.mx%2Fwp-includes%2Fblocks%2Frequire-dynamic-blocks.php&path=%2Fhome%2Ftsgmexic%2F4pie.com.mx%2Fwp-includes%2Fblocks HTTP/1.1" 200 60717 "-" "Mozilla/5.0 AppleWebKit/537.36 (KHTML, like Gecko; compatible; ClaudeBot/1.0; +claudebot@anthropic.com)"
142.171.127.176 - - [08/Jun/2025:07:30:13 -0600] "POST /wp-cron.php?doing_wp_cron=1749389413.5221951007843017578125 HTTP/1.1" 403 4 "-" "WordPress/6.8; https://4pie.com.mx"
20.171.207.105 - - [08/Jun/2025:07:30:07 -0600] "GET /dist/images/mask/bg1.jpg?path=%2Fhome%2Ftsgmexic%2Fmail%2F.nax.cur.1464891103_H898992P60637_aker_webserversystems_com%2CS%3D67599%3A2%2CS%2Ftmp HTTP/1.1" 200 44895 "-" "Mozilla/5.0 AppleWebKit/537.36 (KHTML, like Gecko; compatible; GPTBot/1.2; +https://openai.com/gptbot)"
142.171.127.176 - - [08/Jun/2025:07:30:12 -0600] "POST /wp-cron.php?doing_wp_cron=1749389412.5073471069335937500000 HTTP/1.1" 403 23958 "-" "WordPress/6.8; https://4pie.com.mx"
142.171.127.176 - - [08/Jun/2025:07:30:13 -0600] "POST /wp-cron.php?doing_wp_cron=1749389413.0938820838928222656250 HTTP/1.1" 403 23958 "-" "WordPress/6.8; https://4pie.com.mx"
20.171.207.56 - - [08/Jun/2025:07:30:10 -0600] "GET /?aksi=buatfile&path=%2Fhome%2Ftsgmexic%2F4pie.com.mx%2Fwp-content%2Fuploads%2Fgravity_forms%2Fg%2Fa%2Fh HTTP/1.1" 200 66801 "-" "Mozilla/5.0 AppleWebKit/537.36 (KHTML, like Gecko; compatible; GPTBot/1.2; +https://openai.com/gptbot)"
20.171.207.62 - - [08/Jun/2025:07:30:12 -0600] "GET /dist/images/mask/guide/cn/step1.jpg?path=%2F%2Fsys%2Fbus%2Fplatform%2Fdrivers%2Ffw_cfg%2FQEMU0002%3A00%2Ffirmware_node%2Fsubsystem%2Fdevices%2FLNXSYBUS%3A00%2FPNP0A03%3A00%2Fphysical_node%2F0000%3A00%3A01.2%2Fusb1%2F1-1%2F1-1%3A1.0%2F0003%3A0627%3A0001.0001%2Fdriver%2F0003%3A0627%3A0001.0001%2Fdriver%2F0003%3A0627%3A0001.0001%2Fdriver%2F0003%3A0627%3A0001.0001%2Fsubsystem%2Fdevices%2F0003%3A0627%3A0001.0001%2Fdriver%2F0003%3A0627%3A0001.0001%2Fsubsystem%2Fdrivers%2Fhid-generic%2F0003%3A0627%3A0001.0001%2Fdriver%2F0003%3A0627%3A0001.0001%2Fsubsystem%2Fdevices%2F0003%3A0627%3A0001.0001%2Finput%2Finput5%2Fmouse2%2Fsubsystem%2Fevent3%2Fsubsystem%2Fevent4 HTTP/1.1" 200 31231 "-" "Mozilla/5.0 AppleWebKit/537.36 (KHTML, like Gecko; compatible; GPTBot/1.2; +https://openai.com/gptbot)"
20.171.207.105 - - [08/Jun/2025:07:30:15 -0600] "GET /dist/images/mask/bg1.jpg?path=%2Fhome%2Ftsgmexic%2Fmail%2F.nax.cur.1465863058_H918186P50127_aker_webserversystems_com%2CS%3D55758%3A2%2CS%2Fnew HTTP/1.1" 200 44895 "-" "Mozilla/5.0 AppleWebKit/537.36 (KHTML, like Gecko; compatible; GPTBot/1.2; +https://openai.com/gptbot)"
216.73.216.207 - - [08/Jun/2025:07:30:15 -0600] "GET /?filesrc=%2Fhome%2Ftsgmexic%2F4pie.com.mx%2Fwp-includes%2Fjs%2Funderscore.min.js&path=%2Fhome%2Ftsgmexic%2F4pie.com.mx%2Fwp-includes%2Fjs HTTP/1.1" 200 26993 "-" "Mozilla/5.0 AppleWebKit/537.36 (KHTML, like Gecko; compatible; ClaudeBot/1.0; +claudebot@anthropic.com)"
20.171.207.167 - - [08/Jun/2025:07:30:14 -0600] "GET /dist/images/mask/guide/cn/step1.jpg?path=%2F%2Fsys%2Fbus%2Fplatform%2Fdrivers%2Ffw_cfg%2FQEMU0002%3A00%2Ffirmware_node%2Fsubsystem%2Fdevices%2FLNXSYBUS%3A00%2FPNP0A03%3A00%2Fphysical_node%2F0000%3A00%3A01.2%2Fusb1%2F1-1%2F1-1%3A1.0%2F0003%3A0627%3A0001.0001%2Fdriver%2F0003%3A0627%3A0001.0001%2Fdriver%2F0003%3A0627%3A0001.0001%2Fdriver%2F0003%3A0627%3A0001.0001%2Fdriver%2F0003%3A0627%3A0001.0001%2Fsubsystem%2Fdevices%2F0003%3A0627%3A0001.0001%2Fdriver%2F0003%3A0627%3A0001.0001%2Fdriver%2F0003%3A0627%3A0001.0001%2Finput%2Finput5%2Fevent4%2Fsubsystem%2Finput3%2Fdevice%2Finput%2Finput3%2Fsubsystem%2Fevent5 HTTP/1.1" 200 67944 "-" "Mozilla/5.0 AppleWebKit/537.36 (KHTML, like Gecko; compatible; GPTBot/1.2; +https://openai.com/gptbot)"
142.171.127.176 - - [08/Jun/2025:07:30:17 -0600] "POST /wp-cron.php?doing_wp_cron=1749389417.2468891143798828125000 HTTP/1.1" 403 23958 "-" "WordPress/6.8; https://4pie.com.mx"
20.171.207.56 - - [08/Jun/2025:07:30:20 -0600] "GET /?aksi=buatfile&path=%2Fhome%2Ftsgmexic%2F4pie.com.mx%2Fwp-content%2Fuploads%2Fgravity_forms%2Fg%2Fe%2Ff HTTP/1.1" 200 66801 "-" "Mozilla/5.0 AppleWebKit/537.36 (KHTML, like Gecko; compatible; GPTBot/1.2; +https://openai.com/gptbot)"
20.171.207.62 - - [08/Jun/2025:07:30:19 -0600] "GET /dist/images/mask/guide/cn/step1.jpg?path=%2F%2Fsys%2Fbus%2Fplatform%2Fdrivers%2Ffw_cfg%2FQEMU0002%3A00%2Ffirmware_node%2Fsubsystem%2Fdevices%2FLNXSYBUS%3A00%2FPNP0A03%3A00%2Fphysical_node%2F0000%3A00%3A01.2%2Fusb1%2F1-1%2F1-1%3A1.0%2F0003%3A0627%3A0001.0001%2Fdriver%2F0003%3A0627%3A0001.0001%2Fdriver%2F0003%3A0627%3A0001.0001%2Fdriver%2F0003%3A0627%3A0001.0001%2Fsubsystem%2Fdevices%2F0003%3A0627%3A0001.0001%2Fdriver%2F0003%3A0627%3A0001.0001%2Fsubsystem%2Fdrivers%2Fhid-generic%2F0003%3A0627%3A0001.0001%2Fdriver%2F0003%3A0627%3A0001.0001%2Fsubsystem%2Fdevices%2F0003%3A0627%3A0001.0001%2Finput%2Finput5%2Fmouse2%2Fsubsystem%2Fevent3%2Fsubsystem%2Finput3 HTTP/1.1" 200 51635 "-" "Mozilla/5.0 AppleWebKit/537.36 (KHTML, like Gecko; compatible; GPTBot/1.2; +https://openai.com/gptbot)"
20.171.207.105 - - [08/Jun/2025:07:30:23 -0600] "GET /dist/images/mask/bg1.jpg?path=%2Fhome%2Ftsgmexic%2Fmail%2F.nax.cur.1465839449_H616822P50499_aker_webserversystems_com%2CS%3D23632%3A2%2CS%2Fcur HTTP/1.1" 200 44895 "-" "Mozilla/5.0 AppleWebKit/537.36 (KHTML, like Gecko; compatible; GPTBot/1.2; +https://openai.com/gptbot)"
20.171.207.62 - - [08/Jun/2025:07:30:27 -0600] "GET /dist/images/mask/guide/cn/step1.jpg?path=%2F%2Fsys%2Fbus%2Fplatform%2Fdrivers%2Ffw_cfg%2FQEMU0002%3A00%2Ffirmware_node%2Fsubsystem%2Fdevices%2FLNXSYBUS%3A00%2FPNP0A03%3A00%2Fphysical_node%2F0000%3A00%3A01.2%2Fusb1%2F1-1%2F1-1%3A1.0%2F0003%3A0627%3A0001.0001%2Fdriver%2F0003%3A0627%3A0001.0001%2Fdriver%2F0003%3A0627%3A0001.0001%2Fdriver%2F0003%3A0627%3A0001.0001%2Fsubsystem%2Fdevices%2F0003%3A0627%3A0001.0001%2Fdriver%2F0003%3A0627%3A0001.0001%2Fsubsystem%2Fdrivers%2Fhid-generic%2F0003%3A0627%3A0001.0001%2Fdriver%2F0003%3A0627%3A0001.0001%2Fsubsystem%2Fdevices%2F0003%3A0627%3A0001.0001%2Finput%2Finput5%2Fmouse2%2Fsubsystem%2Fevent3%2Fsubsystem%2Finput4 HTTP/1.1" 200 51635 "-" "Mozilla/5.0 AppleWebKit/537.36 (KHTML, like Gecko; compatible; GPTBot/1.2; +https://openai.com/gptbot)"
20.171.207.167 - - [08/Jun/2025:07:30:27 -0600] "GET /dist/images/mask/guide/cn/step1.jpg?path=%2F%2Fsys%2Fbus%2Fplatform%2Fdrivers%2Ffw_cfg%2FQEMU0002%3A00%2Ffirmware_node%2Fsubsystem%2Fdevices%2FLNXSYBUS%3A00%2FPNP0A03%3A00%2Fphysical_node%2F0000%3A00%3A01.2%2Fusb1%2F1-1%2F1-1%3A1.0%2F0003%3A0627%3A0001.0001%2Fdriver%2F0003%3A0627%3A0001.0001%2Fdriver%2F0003%3A0627%3A0001.0001%2Fdriver%2F0003%3A0627%3A0001.0001%2Fdriver%2F0003%3A0627%3A0001.0001%2Fsubsystem%2Fdevices%2F0003%3A0627%3A0001.0001%2Fdriver%2F0003%3A0627%3A0001.0001%2Finput%2Finput5%2Fdevice%2Fdriver%2F0003%3A0627%3A0001.0001%2Finput%2Finput5%2Fmouse2%2Fsubsystem%2Finput4%2Fsubsystem%2Finput1 HTTP/1.1" 200 91589 "-" "Mozilla/5.0 AppleWebKit/537.36 (KHTML, like Gecko; compatible; GPTBot/1.2; +https://openai.com/gptbot)"
20.171.207.105 - - [08/Jun/2025:07:30:30 -0600] "GET /dist/images/mask/bg1.jpg?path=%2Fhome%2Ftsgmexic%2Fmail%2F.nax.cur.1465829790_H722032P1251_aker_webserversystems_com%2CS%3D70507%3A2%2CS%2Fnew HTTP/1.1" 200 44889 "-" "Mozilla/5.0 AppleWebKit/537.36 (KHTML, like Gecko; compatible; GPTBot/1.2; +https://openai.com/gptbot)"
20.171.207.56 - - [08/Jun/2025:07:30:30 -0600] "GET /?aksi=buatfile&path=%2Fhome%2Ftsgmexic%2F4pie.com.mx%2Fwp-content%2Fuploads%2Fgravity_forms%2Fg%2Fc%2Fe HTTP/1.1" 200 66801 "-" "Mozilla/5.0 AppleWebKit/537.36 (KHTML, like Gecko; compatible; GPTBot/1.2; +https://openai.com/gptbot)"
20.171.207.166 - - [08/Jun/2025:07:30:33 -0600] "GET /?aksi=buatfolder&path=%2Fhome%2Ftsgmexic%2F4pie.com.mx%2Fwp-content%2Fuploads%2Fgravity_forms%2Fh%2Ff%2Fg%2Fh HTTP/1.1" 200 57240 "-" "Mozilla/5.0 AppleWebKit/537.36 (KHTML, like Gecko; compatible; GPTBot/1.2; +https://openai.com/gptbot)"
20.171.207.62 - - [08/Jun/2025:07:30:34 -0600] "GET /dist/images/mask/guide/cn/step1.jpg?path=%2F%2Fsys%2Fbus%2Fplatform%2Fdrivers%2Ffw_cfg%2FQEMU0002%3A00%2Ffirmware_node%2Fsubsystem%2Fdevices%2FLNXSYBUS%3A00%2FPNP0A03%3A00%2Fphysical_node%2F0000%3A00%3A01.2%2Fusb1%2F1-1%2F1-1%3A1.0%2F0003%3A0627%3A0001.0001%2Fdriver%2F0003%3A0627%3A0001.0001%2Fdriver%2F0003%3A0627%3A0001.0001%2Fdriver%2F0003%3A0627%3A0001.0001%2Fsubsystem%2Fdevices%2F0003%3A0627%3A0001.0001%2Fdriver%2F0003%3A0627%3A0001.0001%2Fsubsystem%2Fdrivers%2Fhid-generic%2F0003%3A0627%3A0001.0001%2Fdriver%2F0003%3A0627%3A0001.0001%2Fsubsystem%2Fdevices%2F0003%3A0627%3A0001.0001%2Finput%2Finput5%2Fmouse2%2Fsubsystem%2Fevent3%2Fsubsystem%2Fevent5 HTTP/1.1" 200 31231 "-" "Mozilla/5.0 AppleWebKit/537.36 (KHTML, like Gecko; compatible; GPTBot/1.2; +https://openai.com/gptbot)"
20.171.207.105 - - [08/Jun/2025:07:30:36 -0600] "GET /dist/images/mask/bg1.jpg?path=%2Fhome%2Ftsgmexic%2Fmail%2F.nax.cur.1465580193_H544129P11238_aker_webserversystems_com%2CS%3D19905%3A2%2CS%2Ftmp HTTP/1.1" 200 44895 "-" "Mozilla/5.0 AppleWebKit/537.36 (KHTML, like Gecko; compatible; GPTBot/1.2; +https://openai.com/gptbot)"
20.171.207.56 - - [08/Jun/2025:07:30:38 -0600] "GET /?aksi=buatfile&path=%2Fhome%2Ftsgmexic%2F4pie.com.mx%2Fwp-content%2Fuploads%2Fgravity_forms%2Fg%2Fe%2Fg HTTP/1.1" 200 66801 "-" "Mozilla/5.0 AppleWebKit/537.36 (KHTML, like Gecko; compatible; GPTBot/1.2; +https://openai.com/gptbot)"
20.171.207.167 - - [08/Jun/2025:07:30:40 -0600] "GET /dist/images/mask/guide/cn/step1.jpg?path=%2F%2Fsys%2Fbus%2Fplatform%2Fdrivers%2Ffw_cfg%2FQEMU0002%3A00%2Ffirmware_node%2Fsubsystem%2Fdevices%2FLNXSYBUS%3A00%2FPNP0A03%3A00%2Fphysical_node%2F0000%3A00%3A01.2%2Fusb1%2F1-1%2F1-1%3A1.0%2F0003%3A0627%3A0001.0001%2Fdriver%2F0003%3A0627%3A0001.0001%2Fdriver%2F0003%3A0627%3A0001.0001%2Fdriver%2F0003%3A0627%3A0001.0001%2Fdriver%2F0003%3A0627%3A0001.0001%2Fsubsystem%2Fdevices%2F0003%3A0627%3A0001.0001%2Fdriver%2F0003%3A0627%3A0001.0001%2Fdriver%2F0003%3A0627%3A0001.0001%2Finput%2Finput5%2Fmouse2%2Fdevice%2Fsubsystem%2Finput1%2Fsubsystem%2Finput3%2Fmouse1%2Fpower HTTP/1.1" 200 69635 "-" "Mozilla/5.0 AppleWebKit/537.36 (KHTML, like Gecko; compatible; GPTBot/1.2; +https://openai.com/gptbot)"
20.171.207.62 - - [08/Jun/2025:07:30:41 -0600] "GET /dist/images/mask/guide/cn/step1.jpg?path=%2F%2Fsys%2Fbus%2Fplatform%2Fdrivers%2Ffw_cfg%2FQEMU0002%3A00%2Ffirmware_node%2Fsubsystem%2Fdevices%2FLNXSYBUS%3A00%2FPNP0A03%3A00%2Fphysical_node%2F0000%3A00%3A01.2%2Fusb1%2F1-1%2F1-1%3A1.0%2F0003%3A0627%3A0001.0001%2Fdriver%2F0003%3A0627%3A0001.0001%2Fdriver%2F0003%3A0627%3A0001.0001%2Fdriver%2F0003%3A0627%3A0001.0001%2Fsubsystem%2Fdevices%2F0003%3A0627%3A0001.0001%2Fdriver%2F0003%3A0627%3A0001.0001%2Fsubsystem%2Fdrivers%2Fhid-generic%2F0003%3A0627%3A0001.0001%2Fdriver%2F0003%3A0627%3A0001.0001%2Fsubsystem%2Fdevices%2F0003%3A0627%3A0001.0001%2Finput%2Finput5%2Fmouse2%2Fsubsystem%2Fevent3%2Fsubsystem%2Finput6 HTTP/1.1" 200 49353 "-" "Mozilla/5.0 AppleWebKit/537.36 (KHTML, like Gecko; compatible; GPTBot/1.2; +https://openai.com/gptbot)"
20.171.207.105 - - [08/Jun/2025:07:30:42 -0600] "GET /dist/images/mask/bg1.jpg?path=%2Fhome%2Ftsgmexic%2Fmail%2F.nax.cur.1465829790_H722032P1251_aker_webserversystems_com%2CS%3D70507%3A2%2CS%2Fcur HTTP/1.1" 200 44889 "-" "Mozilla/5.0 AppleWebKit/537.36 (KHTML, like Gecko; compatible; GPTBot/1.2; +https://openai.com/gptbot)"
20.171.207.166 - - [08/Jun/2025:07:30:45 -0600] "GET /?aksi=buatfolder&path=%2Fhome%2Ftsgmexic%2F4pie.com.mx%2Fwp-content%2Fuploads%2Fgravity_forms%2Fb%2Ff%2Fg%2Fh HTTP/1.1" 200 57240 "-" "Mozilla/5.0 AppleWebKit/537.36 (KHTML, like Gecko; compatible; GPTBot/1.2; +https://openai.com/gptbot)"
20.171.207.62 - - [08/Jun/2025:07:30:46 -0600] "GET /dist/images/mask/guide/cn/step1.jpg?path=%2F%2Fsys%2Fbus%2Fplatform%2Fdrivers%2Ffw_cfg%2FQEMU0002%3A00%2Ffirmware_node%2Fsubsystem%2Fdevices%2FLNXSYBUS%3A00%2FPNP0A03%3A00%2Fphysical_node%2F0000%3A00%3A01.2%2Fusb1%2F1-1%2F1-1%3A1.0%2F0003%3A0627%3A0001.0001%2Fdriver%2F0003%3A0627%3A0001.0001%2Fdriver%2F0003%3A0627%3A0001.0001%2Fdriver%2F0003%3A0627%3A0001.0001%2Fsubsystem%2Fdevices%2F0003%3A0627%3A0001.0001%2Fdriver%2F0003%3A0627%3A0001.0001%2Fsubsystem%2Fdrivers%2Fhid-generic%2F0003%3A0627%3A0001.0001%2Fdriver%2F0003%3A0627%3A0001.0001%2Fsubsystem%2Fdevices%2F0003%3A0627%3A0001.0001%2Finput%2Finput5%2Fmouse2%2Fsubsystem%2Finput3%2Fdevice%2Fpower HTTP/1.1" 200 58478 "-" "Mozilla/5.0 AppleWebKit/537.36 (KHTML, like Gecko; compatible; GPTBot/1.2; +https://openai.com/gptbot)"
20.171.207.56 - - [08/Jun/2025:07:30:46 -0600] "GET /?aksi=buatfile&path=%2Fhome%2Ftsgmexic%2F4pie.com.mx%2Fwp-content%2Fuploads%2Fgravity_forms%2Fg%2Fc%2Fc HTTP/1.1" 200 70300 "-" "Mozilla/5.0 AppleWebKit/537.36 (KHTML, like Gecko; compatible; GPTBot/1.2; +https://openai.com/gptbot)"
20.171.207.105 - - [08/Jun/2025:07:30:48 -0600] "GET /dist/images/mask/bg1.jpg?path=%2Fhome%2Ftsgmexic%2Fmail%2F.nax.cur.1464891103_H898992P60637_aker_webserversystems_com%2CS%3D67599%3A2%2CS%2Fnew HTTP/1.1" 200 44895 "-" "Mozilla/5.0 AppleWebKit/537.36 (KHTML, like Gecko; compatible; GPTBot/1.2; +https://openai.com/gptbot)"
20.171.207.166 - - [08/Jun/2025:07:30:50 -0600] "GET /?aksi=buatfolder&path=%2Fhome%2Ftsgmexic%2F4pie.com.mx%2Fwp-content%2Fuploads%2Fgravity_forms%2Fc%2Fb%2Fe%2Fe HTTP/1.1" 200 57240 "-" "Mozilla/5.0 AppleWebKit/537.36 (KHTML, like Gecko; compatible; GPTBot/1.2; +https://openai.com/gptbot)"
20.171.207.62 - - [08/Jun/2025:07:30:51 -0600] "GET /dist/images/mask/guide/cn/step1.jpg?path=%2F%2Fsys%2Fbus%2Fplatform%2Fdrivers%2Ffw_cfg%2FQEMU0002%3A00%2Ffirmware_node%2Fsubsystem%2Fdevices%2FLNXSYBUS%3A00%2FPNP0A03%3A00%2Fphysical_node%2F0000%3A00%3A01.2%2Fusb1%2F1-1%2F1-1%3A1.0%2F0003%3A0627%3A0001.0001%2Fdriver%2F0003%3A0627%3A0001.0001%2Fdriver%2F0003%3A0627%3A0001.0001%2Fdriver%2F0003%3A0627%3A0001.0001%2Fsubsystem%2Fdevices%2F0003%3A0627%3A0001.0001%2Fdriver%2F0003%3A0627%3A0001.0001%2Fsubsystem%2Fdrivers%2Fhid-generic%2F0003%3A0627%3A0001.0001%2Fdriver%2F0003%3A0627%3A0001.0001%2Fsubsystem%2Fdevices%2F0003%3A0627%3A0001.0001%2Finput%2Finput5%2Fmouse2%2Fsubsystem%2Finput3%2Fdevice%2Finput HTTP/1.1" 200 23278 "-" "Mozilla/5.0 AppleWebKit/537.36 (KHTML, like Gecko; compatible; GPTBot/1.2; +https://openai.com/gptbot)"
20.171.207.167 - - [08/Jun/2025:07:30:51 -0600] "GET /dist/images/mask/guide/cn/step1.jpg?path=%2F%2Fsys%2Fbus%2Fplatform%2Fdrivers%2Ffw_cfg%2FQEMU0002%3A00%2Ffirmware_node%2Fsubsystem%2Fdevices%2FLNXSYBUS%3A00%2FPNP0A03%3A00%2Fphysical_node%2F0000%3A00%3A01.2%2Fusb1%2F1-1%2F1-1%3A1.0%2F0003%3A0627%3A0001.0001%2Fdriver%2F0003%3A0627%3A0001.0001%2Fdriver%2F0003%3A0627%3A0001.0001%2Fdriver%2F0003%3A0627%3A0001.0001%2Fsubsystem%2Fdevices%2F0003%3A0627%3A0001.0001%2Fdriver%2F0003%3A0627%3A0001.0001%2Fsubsystem%2Fdevices%2F0003%3A0627%3A0001.0001%2Finput%2Finput5%2Fdevice%2Fdriver%2F0003%3A0627%3A0001.0001%2Fdriver%2F0003%3A0627%3A0001.0001%2Finput%2Finput5%2Fmouse2%2Fdevice%2Fevent4%2Fsubsystem%2Finput4%2Fmouse0%2Fpower HTTP/1.1" 200 73269 "-" "Mozilla/5.0 AppleWebKit/537.36 (KHTML, like Gecko; compatible; GPTBot/1.2; +https://openai.com/gptbot)"
20.171.207.105 - - [08/Jun/2025:07:30:53 -0600] "GET /dist/images/mask/bg1.jpg?path=%2Fhome%2Ftsgmexic%2Fmail%2F.nax.cur.1465253623_H613207P51401_aker_webserversystems_com%2CS%3D939092%3A2%2CS%2Fnew HTTP/1.1" 200 44901 "-" "Mozilla/5.0 AppleWebKit/537.36 (KHTML, like Gecko; compatible; GPTBot/1.2; +https://openai.com/gptbot)"
20.171.207.56 - - [08/Jun/2025:07:30:52 -0600] "GET /?aksi=buatfile&path=%2Fhome%2Ftsgmexic%2F4pie.com.mx%2Fwp-content%2Fuploads%2Fgravity_forms%2Fg%2Fh%2Ff HTTP/1.1" 200 66801 "-" "Mozilla/5.0 AppleWebKit/537.36 (KHTML, like Gecko; compatible; GPTBot/1.2; +https://openai.com/gptbot)"
20.171.207.166 - - [08/Jun/2025:07:30:54 -0600] "GET /?path=%2Fhome%2Ftsgmexic%2F4pie.com.mx%2Fwp-content%2Fuploads%2Fgravity_forms%2Fh%2Fb%2Fe%2Ff%2Ff HTTP/1.1" 200 62254 "-" "Mozilla/5.0 AppleWebKit/537.36 (KHTML, like Gecko; compatible; GPTBot/1.2; +https://openai.com/gptbot)"
20.171.207.62 - - [08/Jun/2025:07:30:56 -0600] "GET /dist/images/mask/guide/cn/step1.jpg?path=%2F%2Fsys%2Fbus%2Fplatform%2Fdrivers%2Ffw_cfg%2FQEMU0002%3A00%2Ffirmware_node%2Fsubsystem%2Fdevices%2FLNXSYBUS%3A00%2FPNP0A03%3A00%2Fphysical_node%2F0000%3A00%3A01.2%2Fusb1%2F1-1%2F1-1%3A1.0%2F0003%3A0627%3A0001.0001%2Fdriver%2F0003%3A0627%3A0001.0001%2Fdriver%2F0003%3A0627%3A0001.0001%2Fdriver%2F0003%3A0627%3A0001.0001%2Fsubsystem%2Fdevices%2F0003%3A0627%3A0001.0001%2Fdriver%2F0003%3A0627%3A0001.0001%2Fsubsystem%2Fdrivers%2Fhid-generic%2F0003%3A0627%3A0001.0001%2Fdriver%2F0003%3A0627%3A0001.0001%2Fsubsystem%2Fdevices%2F0003%3A0627%3A0001.0001%2Finput%2Finput5%2Fmouse2%2Fsubsystem%2Fevent3%2Fsubsystem%2Fevent1 HTTP/1.1" 200 31231 "-" "Mozilla/5.0 AppleWebKit/537.36 (KHTML, like Gecko; compatible; GPTBot/1.2; +https://openai.com/gptbot)"
216.73.216.207 - - [08/Jun/2025:07:30:58 -0600] "GET /robots.txt HTTP/1.1" 200 343 "-" "Mozilla/5.0 AppleWebKit/537.36 (KHTML, like Gecko; compatible; ClaudeBot/1.0; +claudebot@anthropic.com)"
20.171.207.105 - - [08/Jun/2025:07:30:57 -0600] "GET /dist/images/mask/bg1.jpg?path=%2Fhome%2Ftsgmexic%2Fmail%2F.nax.cur.1464891103_H898992P60637_aker_webserversystems_com%2CS%3D67599%3A2%2CS%2Fcur HTTP/1.1" 200 44895 "-" "Mozilla/5.0 AppleWebKit/537.36 (KHTML, like Gecko; compatible; GPTBot/1.2; +https://openai.com/gptbot)"
20.171.207.166 - - [08/Jun/2025:07:30:58 -0600] "GET /?path=%2Fhome%2Ftsgmexic%2F4pie.com.mx%2Fwp-content%2Fuploads%2Fgravity_forms%2Fb%2Ff%2Fe%2Fc HTTP/1.1" 200 58514 "-" "Mozilla/5.0 AppleWebKit/537.36 (KHTML, like Gecko; compatible; GPTBot/1.2; +https://openai.com/gptbot)"
20.171.207.56 - - [08/Jun/2025:07:30:58 -0600] "GET /?aksi=buatfile&path=%2Fhome%2Ftsgmexic%2F4pie.com.mx%2Fwp-content%2Fuploads%2Fgravity_forms%2Fg%2Fc%2Fd HTTP/1.1" 200 66801 "-" "Mozilla/5.0 AppleWebKit/537.36 (KHTML, like Gecko; compatible; GPTBot/1.2; +https://openai.com/gptbot)"
216.73.216.207 - - [08/Jun/2025:07:30:58 -0600] "GET /?filesrc=%2Fhome%2Ftsgmexic%2F4pie.com.mx%2Fwp-includes%2Fwidgets%2Fclass-wp-widget-media-audio.php&path=%2Fhome%2Ftsgmexic%2F4pie.com.mx%2Fwp-includes%2Fwidgets HTTP/1.1" 200 63038 "-" "Mozilla/5.0 AppleWebKit/537.36 (KHTML, like Gecko; compatible; ClaudeBot/1.0; +claudebot@anthropic.com)"
20.171.207.62 - - [08/Jun/2025:07:31:00 -0600] "GET /dist/images/mask/guide/cn/step1.jpg?path=%2F%2Fsys%2Fbus%2Fplatform%2Fdrivers%2Ffw_cfg%2FQEMU0002%3A00%2Ffirmware_node%2Fsubsystem%2Fdevices%2FLNXSYBUS%3A00%2FPNP0A03%3A00%2Fphysical_node%2F0000%3A00%3A01.2%2Fusb1%2F1-1%2F1-1%3A1.0%2F0003%3A0627%3A0001.0001%2Fdriver%2F0003%3A0627%3A0001.0001%2Fdriver%2F0003%3A0627%3A0001.0001%2Fdriver%2F0003%3A0627%3A0001.0001%2Fsubsystem%2Fdevices%2F0003%3A0627%3A0001.0001%2Fdriver%2F0003%3A0627%3A0001.0001%2Fsubsystem%2Fdrivers%2Fhid-generic%2F0003%3A0627%3A0001.0001%2Fdriver%2F0003%3A0627%3A0001.0001%2Fsubsystem%2Fdevices%2F0003%3A0627%3A0001.0001%2Finput%2Finput5%2Fmouse2%2Fsubsystem%2Fmice%2Fsubsystem%2Fevent2 HTTP/1.1" 200 31183 "-" "Mozilla/5.0 AppleWebKit/537.36 (KHTML, like Gecko; compatible; GPTBot/1.2; +https://openai.com/gptbot)"
20.171.207.167 - - [08/Jun/2025:07:31:01 -0600] "GET /dist/images/mask/guide/cn/step1.jpg?path=%2F%2Fsys%2Fbus%2Fplatform%2Fdrivers%2Ffw_cfg%2FQEMU0002%3A00%2Ffirmware_node%2Fsubsystem%2Fdevices%2FLNXSYBUS%3A00%2FPNP0A03%3A00%2Fphysical_node%2F0000%3A00%3A01.2%2Fusb1%2F1-1%2F1-1%3A1.0%2F0003%3A0627%3A0001.0001%2Fdriver%2F0003%3A0627%3A0001.0001%2Fdriver%2F0003%3A0627%3A0001.0001%2Fdriver%2F0003%3A0627%3A0001.0001%2Fdriver%2F0003%3A0627%3A0001.0001%2Fsubsystem%2Fdevices%2F0003%3A0627%3A0001.0001%2Fdriver%2F0003%3A0627%3A0001.0001%2Fdriver%2F0003%3A0627%3A0001.0001%2Finput%2Finput5%2Fevent4%2Fdevice%2Fevent4%2Fdevice%2Fevent4%2Fsubsystem%2Fmouse2%2Fdevice%2Fid HTTP/1.1" 200 67249 "-" "Mozilla/5.0 AppleWebKit/537.36 (KHTML, like Gecko; compatible; GPTBot/1.2; +https://openai.com/gptbot)"
20.171.207.105 - - [08/Jun/2025:07:31:01 -0600] "GET /dist/images/mask/bg1.jpg?path=%2Fhome%2Ftsgmexic%2Fmail%2F.nax.cur.1465949238_H108641P56616_aker_webserversystems_com%2CS%3D124029%3A2%2CS%2Fnew HTTP/1.1" 200 44901 "-" "Mozilla/5.0 AppleWebKit/537.36 (KHTML, like Gecko; compatible; GPTBot/1.2; +https://openai.com/gptbot)"
216.73.216.207 - - [08/Jun/2025:07:31:02 -0600] "GET /?filesrc=%2Fhome%2Ftsgmexic%2F4pie.com.mx%2Fwp-admin%2Fjs%2Fxfn.js&path=%2Fhome%2Ftsgmexic%2F4pie.com.mx%2Fwp-admin%2Fjs HTTP/1.1" 200 57200 "-" "Mozilla/5.0 AppleWebKit/537.36 (KHTML, like Gecko; compatible; ClaudeBot/1.0; +claudebot@anthropic.com)"
20.171.207.166 - - [08/Jun/2025:07:31:02 -0600] "GET /?path=%2Fhome%2Ftsgmexic%2F4pie.com.mx%2Fwp-content%2Fuploads%2Fgravity_forms%2Fb%2Ff%2Fc%2Fe HTTP/1.1" 200 60740 "-" "Mozilla/5.0 AppleWebKit/537.36 (KHTML, like Gecko; compatible; GPTBot/1.2; +https://openai.com/gptbot)"
20.171.207.56 - - [08/Jun/2025:07:31:04 -0600] "GET /?aksi=buatfile&path=%2Fhome%2Ftsgmexic%2F4pie.com.mx%2Fwp-content%2Fuploads%2Fgravity_forms%2Fg%2Ff%2Fh HTTP/1.1" 200 66801 "-" "Mozilla/5.0 AppleWebKit/537.36 (KHTML, like Gecko; compatible; GPTBot/1.2; +https://openai.com/gptbot)"
20.171.207.62 - - [08/Jun/2025:07:31:04 -0600] "GET /dist/images/mask/guide/cn/step1.jpg?path=%2F%2Fsys%2Fbus%2Fplatform%2Fdrivers%2Ffw_cfg%2FQEMU0002%3A00%2Ffirmware_node%2Fsubsystem%2Fdevices%2FLNXSYBUS%3A00%2FPNP0A03%3A00%2Fphysical_node%2F0000%3A00%3A01.2%2Fusb1%2F1-1%2F1-1%3A1.0%2F0003%3A0627%3A0001.0001%2Fdriver%2F0003%3A0627%3A0001.0001%2Fdriver%2F0003%3A0627%3A0001.0001%2Fdriver%2F0003%3A0627%3A0001.0001%2Fsubsystem%2Fdevices%2F0003%3A0627%3A0001.0001%2Fdriver%2F0003%3A0627%3A0001.0001%2Fsubsystem%2Fdrivers%2Fhid-generic%2F0003%3A0627%3A0001.0001%2Fdriver%2F0003%3A0627%3A0001.0001%2Fsubsystem%2Fdevices%2F0003%3A0627%3A0001.0001%2Finput%2Finput5%2Fmouse2%2Fsubsystem%2Fmice%2Fsubsystem%2Fmouse2 HTTP/1.1" 200 31183 "-" "Mozilla/5.0 AppleWebKit/537.36 (KHTML, like Gecko; compatible; GPTBot/1.2; +https://openai.com/gptbot)"
20.171.207.105 - - [08/Jun/2025:07:31:04 -0600] "GET /dist/images/mask/bg1.jpg?path=%2Fhome%2Ftsgmexic%2Fmail%2F.nax.cur.1465949238_H108641P56616_aker_webserversystems_com%2CS%3D124029%3A2%2CS%2Ftmp HTTP/1.1" 200 44901 "-" "Mozilla/5.0 AppleWebKit/537.36 (KHTML, like Gecko; compatible; GPTBot/1.2; +https://openai.com/gptbot)"
20.171.207.166 - - [08/Jun/2025:07:31:05 -0600] "GET /?path=%2Fhome%2Ftsgmexic%2F4pie.com.mx%2Fwp-content%2Fuploads%2Fgravity_forms%2Fc%2Fb%2Fa%2Fg HTTP/1.1" 200 59567 "-" "Mozilla/5.0 AppleWebKit/537.36 (KHTML, like Gecko; compatible; GPTBot/1.2; +https://openai.com/gptbot)"
20.171.207.62 - - [08/Jun/2025:07:31:07 -0600] "GET /dist/images/mask/guide/cn/step1.jpg?path=%2F%2Fsys%2Fbus%2Fplatform%2Fdrivers%2Ffw_cfg%2FQEMU0002%3A00%2Ffirmware_node%2Fsubsystem%2Fdevices%2FLNXSYBUS%3A00%2FPNP0A03%3A00%2Fphysical_node%2F0000%3A00%3A01.2%2Fusb1%2F1-1%2F1-1%3A1.0%2F0003%3A0627%3A0001.0001%2Fdriver%2F0003%3A0627%3A0001.0001%2Fdriver%2F0003%3A0627%3A0001.0001%2Fdriver%2F0003%3A0627%3A0001.0001%2Fsubsystem%2Fdevices%2F0003%3A0627%3A0001.0001%2Fdriver%2F0003%3A0627%3A0001.0001%2Fsubsystem%2Fdrivers%2Fhid-generic%2F0003%3A0627%3A0001.0001%2Fdriver%2F0003%3A0627%3A0001.0001%2Fsubsystem%2Fdevices%2F0003%3A0627%3A0001.0001%2Finput%2Finput5%2Fmouse2%2Fsubsystem%2Fevent3%2Fsubsystem%2Fevent4%2Fdevice HTTP/1.1" 200 52485 "-" "Mozilla/5.0 AppleWebKit/537.36 (KHTML, like Gecko; compatible; GPTBot/1.2; +https://openai.com/gptbot)"
216.73.216.207 - - [08/Jun/2025:07:31:06 -0600] "GET /?filesrc=%2Fhome%2Ftsgmexic%2F4pie.com.mx%2Fwp-admin%2Fjs%2Fsite-icon.min.js&path=%2Fhome%2Ftsgmexic%2F4pie.com.mx%2Fwp-admin%2Fjs HTTP/1.1" 200 59301 "-" "Mozilla/5.0 AppleWebKit/537.36 (KHTML, like Gecko; compatible; ClaudeBot/1.0; +claudebot@anthropic.com)"
20.171.207.105 - - [08/Jun/2025:07:31:08 -0600] "GET /dist/images/mask/bg1.jpg?path=%2Fhome%2Ftsgmexic%2Fmail%2F.nax.cur.1465949238_H108641P56616_aker_webserversystems_com%2CS%3D124029%3A2%2CS%2Fcur HTTP/1.1" 200 44901 "-" "Mozilla/5.0 AppleWebKit/537.36 (KHTML, like Gecko; compatible; GPTBot/1.2; +https://openai.com/gptbot)"
20.171.207.56 - - [08/Jun/2025:07:31:09 -0600] "GET /?aksi=buatfile&path=%2Fhome%2Ftsgmexic%2F4pie.com.mx%2Fwp-content%2Fuploads%2Fgravity_forms%2Fg%2Fe%2Fe HTTP/1.1" 200 67966 "-" "Mozilla/5.0 AppleWebKit/537.36 (KHTML, like Gecko; compatible; GPTBot/1.2; +https://openai.com/gptbot)"
20.171.207.167 - - [08/Jun/2025:07:31:10 -0600] "GET /dist/images/mask/guide/cn/step1.jpg?path=%2F%2Fsys%2Fbus%2Fplatform%2Fdrivers%2Ffw_cfg%2FQEMU0002%3A00%2Ffirmware_node%2Fsubsystem%2Fdevices%2FLNXSYBUS%3A00%2FPNP0A03%3A00%2Fphysical_node%2F0000%3A00%3A01.2%2Fusb1%2F1-1%2F1-1%3A1.0%2F0003%3A0627%3A0001.0001%2Fdriver%2F0003%3A0627%3A0001.0001%2Fdriver%2F0003%3A0627%3A0001.0001%2Fdriver%2F0003%3A0627%3A0001.0001%2Fsubsystem%2Fdevices%2F0003%3A0627%3A0001.0001%2Fdriver%2F0003%3A0627%3A0001.0001%2Fdriver%2F0003%3A0627%3A0001.0001%2Fhidraw%2Fhidraw0%2Fdevice%2Fsubsystem%2Fdevices%2F0003%3A0627%3A0001.0001%2Fdriver%2F0003%3A0627%3A0001.0001%2Finput%2Finput5%2Fmouse2%2Fsubsystem%2Finput5%2Fevent4%2Fdevice%2Fid HTTP/1.1" 200 69589 "-" "Mozilla/5.0 AppleWebKit/537.36 (KHTML, like Gecko; compatible; GPTBot/1.2; +https://openai.com/gptbot)"
20.171.207.62 - - [08/Jun/2025:07:31:10 -0600] "GET /dist/images/mask/guide/cn/step1.jpg?path=%2F%2Fsys%2Fbus%2Fplatform%2Fdrivers%2Ffw_cfg%2FQEMU0002%3A00%2Ffirmware_node%2Fsubsystem%2Fdevices%2FLNXSYBUS%3A00%2FPNP0A03%3A00%2Fphysical_node%2F0000%3A00%3A01.2%2Fusb1%2F1-1%2F1-1%3A1.0%2F0003%3A0627%3A0001.0001%2Fdriver%2F0003%3A0627%3A0001.0001%2Fdriver%2F0003%3A0627%3A0001.0001%2Fdriver%2F0003%3A0627%3A0001.0001%2Fsubsystem%2Fdevices%2F0003%3A0627%3A0001.0001%2Fdriver%2F0003%3A0627%3A0001.0001%2Fsubsystem%2Fdrivers%2Fhid-generic%2F0003%3A0627%3A0001.0001%2Fdriver%2F0003%3A0627%3A0001.0001%2Fsubsystem%2Fdevices%2F0003%3A0627%3A0001.0001%2Finput%2Finput5%2Fmouse2%2Fsubsystem%2Fevent3%2Fpower HTTP/1.1" 200 32271 "-" "Mozilla/5.0 AppleWebKit/537.36 (KHTML, like Gecko; compatible; GPTBot/1.2; +https://openai.com/gptbot)"
20.171.207.166 - - [08/Jun/2025:07:31:12 -0600] "GET /?path=%2Fhome%2Ftsgmexic%2F4pie.com.mx%2Fwp-content%2Fuploads%2Fgravity_forms%2Fb%2Ff%2Fe%2Fe HTTP/1.1" 200 58514 "-" "Mozilla/5.0 AppleWebKit/537.36 (KHTML, like Gecko; compatible; GPTBot/1.2; +https://openai.com/gptbot)"
216.73.216.207 - - [08/Jun/2025:07:31:10 -0600] "GET /?filesrc=%2Fhome%2Ftsgmexic%2F4pie.com.mx%2Fwp-admin%2Fjs%2Ftheme.min.js&path=%2Fhome%2Ftsgmexic%2F4pie.com.mx%2Fwp-admin%2Fjs HTTP/1.1" 200 89469 "-" "Mozilla/5.0 AppleWebKit/537.36 (KHTML, like Gecko; compatible; ClaudeBot/1.0; +claudebot@anthropic.com)"
20.171.207.105 - - [08/Jun/2025:07:31:11 -0600] "GET /dist/images/mask/bg1.jpg?path=%2Fhome%2Ftsgmexic%2Fmail%2F.sergio.cur.1464967876_H208303P1035_aker_webserversystems_com%2CS%3D9470%3A2%2CS%2Fcur HTTP/1.1" 200 44901 "-" "Mozilla/5.0 AppleWebKit/537.36 (KHTML, like Gecko; compatible; GPTBot/1.2; +https://openai.com/gptbot)"
20.171.207.105 - - [08/Jun/2025:07:31:15 -0600] "GET /dist/images/mask/bg1.jpg?path=%2Fhome%2Ftsgmexic%2Fmail%2F.nax.cur.1465945015_H349063P34803_aker_webserversystems_com%2CS%3D40085%3A2%2CS%2Ftmp HTTP/1.1" 200 44895 "-" "Mozilla/5.0 AppleWebKit/537.36 (KHTML, like Gecko; compatible; GPTBot/1.2; +https://openai.com/gptbot)"
20.171.207.56 - - [08/Jun/2025:07:31:13 -0600] "GET /?aksi=buatfile&path=%2Fhome%2Ftsgmexic%2F4pie.com.mx%2Fwp-content%2Fuploads%2Fgravity_forms%2Fg%2Fh%2Fh HTTP/1.1" 200 66801 "-" "Mozilla/5.0 AppleWebKit/537.36 (KHTML, like Gecko; compatible; GPTBot/1.2; +https://openai.com/gptbot)"
20.171.207.62 - - [08/Jun/2025:07:31:13 -0600] "GET /dist/images/mask/guide/cn/step1.jpg?path=%2F%2Fsys%2Fbus%2Fplatform%2Fdrivers%2Ffw_cfg%2FQEMU0002%3A00%2Ffirmware_node%2Fsubsystem%2Fdevices%2FLNXSYBUS%3A00%2FPNP0A03%3A00%2Fphysical_node%2F0000%3A00%3A01.2%2Fusb1%2F1-1%2F1-1%3A1.0%2F0003%3A0627%3A0001.0001%2Fdriver%2F0003%3A0627%3A0001.0001%2Fdriver%2F0003%3A0627%3A0001.0001%2Fdriver%2F0003%3A0627%3A0001.0001%2Fsubsystem%2Fdevices%2F0003%3A0627%3A0001.0001%2Fdriver%2F0003%3A0627%3A0001.0001%2Fsubsystem%2Fdrivers%2Fhid-generic%2F0003%3A0627%3A0001.0001%2Fdriver%2F0003%3A0627%3A0001.0001%2Fsubsystem%2Fdevices%2F0003%3A0627%3A0001.0001%2Finput%2Finput5%2Fmouse2%2Fsubsystem%2Finput3%2Fmouse1 HTTP/1.1" 200 30518 "-" "Mozilla/5.0 AppleWebKit/537.36 (KHTML, like Gecko; compatible; GPTBot/1.2; +https://openai.com/gptbot)"
142.171.127.176 - - [08/Jun/2025:07:31:17 -0600] "POST /wp-cron.php?doing_wp_cron=1749389477.3088350296020507812500 HTTP/1.1" 403 19727 "-" "WordPress/6.8; https://4pie.com.mx"
216.73.216.207 - - [08/Jun/2025:07:31:14 -0600] "GET /?filesrc=%2Fhome%2Ftsgmexic%2F4pie.com.mx%2Fwp-includes%2Fjs%2Ftwemoji.js&path=%2Fhome%2Ftsgmexic%2F4pie.com.mx%2Fwp-includes%2Fjs HTTP/1.1" 200 90501 "-" "Mozilla/5.0 AppleWebKit/537.36 (KHTML, like Gecko; compatible; ClaudeBot/1.0; +claudebot@anthropic.com)"
20.171.207.166 - - [08/Jun/2025:07:31:15 -0600] "GET /?path=%2Fhome%2Ftsgmexic%2F4pie.com.mx%2Fwp-content%2Fuploads%2Fgravity_forms%2Fc%2Fb%2Fg%2Ff HTTP/1.1" 200 58514 "-" "Mozilla/5.0 AppleWebKit/537.36 (KHTML, like Gecko; compatible; GPTBot/1.2; +https://openai.com/gptbot)"
142.171.127.176 - - [08/Jun/2025:07:31:17 -0600] "POST /wp-cron.php?doing_wp_cron=1749389477.4630599021911621093750 HTTP/1.1" 403 4 "-" "WordPress/6.8; https://4pie.com.mx"
20.171.207.62 - - [08/Jun/2025:07:31:16 -0600] "GET /dist/images/mask/guide/cn/step1.jpg?path=%2F%2Fsys%2Fbus%2Fplatform%2Fdrivers%2Ffw_cfg%2FQEMU0002%3A00%2Ffirmware_node%2Fsubsystem%2Fdevices%2FLNXSYBUS%3A00%2FPNP0A03%3A00%2Fphysical_node%2F0000%3A00%3A01.2%2Fusb1%2F1-1%2F1-1%3A1.0%2F0003%3A0627%3A0001.0001%2Fdriver%2F0003%3A0627%3A0001.0001%2Fdriver%2F0003%3A0627%3A0001.0001%2Fdriver%2F0003%3A0627%3A0001.0001%2Fsubsystem%2Fdevices%2F0003%3A0627%3A0001.0001%2Fdriver%2F0003%3A0627%3A0001.0001%2Fsubsystem%2Fdrivers%2Fhid-generic%2F0003%3A0627%3A0001.0001%2Fdriver%2F0003%3A0627%3A0001.0001%2Fsubsystem%2Fdevices%2F0003%3A0627%3A0001.0001%2Finput%2Finput5%2Fmouse2%2Fsubsystem%2Fevent3%2Fsubsystem%2Fevent2 HTTP/1.1" 200 31231 "-" "Mozilla/5.0 AppleWebKit/537.36 (KHTML, like Gecko; compatible; GPTBot/1.2; +https://openai.com/gptbot)"
20.171.207.105 - - [08/Jun/2025:07:31:18 -0600] "GET /dist/images/mask/bg1.jpg?path=%2Fhome%2Ftsgmexic%2Fmail%2F.nax.cur.1465863058_H918186P50127_aker_webserversystems_com%2CS%3D55758%3A2%2CS%2Ftmp HTTP/1.1" 200 44895 "-" "Mozilla/5.0 AppleWebKit/537.36 (KHTML, like Gecko; compatible; GPTBot/1.2; +https://openai.com/gptbot)"
20.171.207.62 - - [08/Jun/2025:07:31:20 -0600] "GET /dist/images/mask/guide/cn/step1.jpg?path=%2F%2Fsys%2Fbus%2Fplatform%2Fdrivers%2Ffw_cfg%2FQEMU0002%3A00%2Ffirmware_node%2Fsubsystem%2Fdevices%2FLNXSYBUS%3A00%2FPNP0A03%3A00%2Fphysical_node%2F0000%3A00%3A01.2%2Fusb1%2F1-1%2F1-1%3A1.0%2F0003%3A0627%3A0001.0001%2Fdriver%2F0003%3A0627%3A0001.0001%2Fdriver%2F0003%3A0627%3A0001.0001%2Fdriver%2F0003%3A0627%3A0001.0001%2Fsubsystem%2Fdevices%2F0003%3A0627%3A0001.0001%2Fdriver%2F0003%3A0627%3A0001.0001%2Fsubsystem%2Fdrivers%2Fhid-generic%2F0003%3A0627%3A0001.0001%2Fdriver%2F0003%3A0627%3A0001.0001%2Fsubsystem%2Fdevices%2F0003%3A0627%3A0001.0001%2Finput%2Finput5%2Fmouse2%2Fsubsystem%2Finput0%2Fsubsystem%2Fevent0 HTTP/1.1" 200 31231 "-" "Mozilla/5.0 AppleWebKit/537.36 (KHTML, like Gecko; compatible; GPTBot/1.2; +https://openai.com/gptbot)"
20.171.207.56 - - [08/Jun/2025:07:31:17 -0600] "GET /?path=%2Fhome%2Ftsgmexic%2F4pie.com.mx%2Fwp-content%2Fuploads%2Fgravity_forms%2Fg%2Fd%2Ff HTTP/1.1" 200 66782 "-" "Mozilla/5.0 AppleWebKit/537.36 (KHTML, like Gecko; compatible; GPTBot/1.2; +https://openai.com/gptbot)"
20.171.207.166 - - [08/Jun/2025:07:31:18 -0600] "GET /?path=%2Fhome%2Ftsgmexic%2F4pie.com.mx%2Fwp-content%2Fuploads%2Fgravity_forms%2Fb%2Ff%2Fc%2Ff HTTP/1.1" 200 60861 "-" "Mozilla/5.0 AppleWebKit/537.36 (KHTML, like Gecko; compatible; GPTBot/1.2; +https://openai.com/gptbot)"
142.171.127.176 - - [08/Jun/2025:07:31:18 -0600] "POST /wp-cron.php?doing_wp_cron=1749389478.7460110187530517578125 HTTP/1.1" 403 63958 "-" "WordPress/6.8; https://4pie.com.mx"
20.171.207.167 - - [08/Jun/2025:07:31:19 -0600] "GET /dist/images/mask/guide/cn/step1.jpg?path=%2F%2Fsys%2Fbus%2Fplatform%2Fdrivers%2Ffw_cfg%2FQEMU0002%3A00%2Ffirmware_node%2Fsubsystem%2Fdevices%2FLNXSYBUS%3A00%2FPNP0A03%3A00%2Fphysical_node%2F0000%3A00%3A01.2%2Fusb1%2F1-1%2F1-1%3A1.0%2F0003%3A0627%3A0001.0001%2Fdriver%2F0003%3A0627%3A0001.0001%2Fdriver%2F0003%3A0627%3A0001.0001%2Fdriver%2F0003%3A0627%3A0001.0001%2Fsubsystem%2Fdevices%2F0003%3A0627%3A0001.0001%2Fdriver%2F0003%3A0627%3A0001.0001%2Fdriver%2F0003%3A0627%3A0001.0001%2Fdriver%2F0003%3A0627%3A0001.0001%2Finput%2Finput5%2Fevent4%2Fsubsystem%2Finput4%2Fdevice%2Finput%2Finput4%2Fsubsystem%2Fevent2 HTTP/1.1" 200 67939 "-" "Mozilla/5.0 AppleWebKit/537.36 (KHTML, like Gecko; compatible; GPTBot/1.2; +https://openai.com/gptbot)"
216.73.216.207 - - [08/Jun/2025:07:31:19 -0600] "GET /?filesrc=%2Fhome%2Ftsgmexic%2F4pie.com.mx%2Fwp-admin%2Fjs%2Frevisions.min.js&path=%2Fhome%2Ftsgmexic%2F4pie.com.mx%2Fwp-admin%2Fjs HTTP/1.1" 200 77406 "-" "Mozilla/5.0 AppleWebKit/537.36 (KHTML, like Gecko; compatible; ClaudeBot/1.0; +claudebot@anthropic.com)"
20.171.207.105 - - [08/Jun/2025:07:31:22 -0600] "GET /dist/images/mask/bg1.jpg?path=%2Fhome%2Ftsgmexic%2Fmail%2F.nax.cur.1465945015_H349063P34803_aker_webserversystems_com%2CS%3D40085%3A2%2CS%2Fcur HTTP/1.1" 200 44895 "-" "Mozilla/5.0 AppleWebKit/537.36 (KHTML, like Gecko; compatible; GPTBot/1.2; +https://openai.com/gptbot)"
20.171.207.56 - - [08/Jun/2025:07:31:23 -0600] "GET /?path=%2Fhome%2Ftsgmexic%2F4pie.com.mx%2Fwp-content%2Fuploads%2Fgravity_forms%2Fg%2Fh%2Fc HTTP/1.1" 200 66782 "-" "Mozilla/5.0 AppleWebKit/537.36 (KHTML, like Gecko; compatible; GPTBot/1.2; +https://openai.com/gptbot)"
20.171.207.62 - - [08/Jun/2025:07:31:23 -0600] "GET /dist/images/mask/guide/cn/step1.jpg?path=%2F%2Fsys%2Fbus%2Fplatform%2Fdrivers%2Ffw_cfg%2FQEMU0002%3A00%2Ffirmware_node%2Fsubsystem%2Fdevices%2FLNXSYBUS%3A00%2FPNP0A03%3A00%2Fphysical_node%2F0000%3A00%3A01.2%2Fusb1%2F1-1%2F1-1%3A1.0%2F0003%3A0627%3A0001.0001%2Fdriver%2F0003%3A0627%3A0001.0001%2Fdriver%2F0003%3A0627%3A0001.0001%2Fdriver%2F0003%3A0627%3A0001.0001%2Fsubsystem%2Fdevices%2F0003%3A0627%3A0001.0001%2Fdriver%2F0003%3A0627%3A0001.0001%2Fsubsystem%2Fdrivers%2Fhid-generic%2F0003%3A0627%3A0001.0001%2Fdriver%2F0003%3A0627%3A0001.0001%2Fsubsystem%2Fdevices%2F0003%3A0627%3A0001.0001%2Finput%2Finput5%2Fmouse2%2Fsubsystem%2Fevent0%2Fsubsystem%2Fmice HTTP/1.1" 200 28911 "-" "Mozilla/5.0 AppleWebKit/537.36 (KHTML, like Gecko; compatible; GPTBot/1.2; +https://openai.com/gptbot)"
20.171.207.105 - - [08/Jun/2025:07:31:26 -0600] "GET /dist/images/mask/bg1.jpg?path=%2Fhome%2Ftsgmexic%2Fmail%2F.nax.cur.1465839449_H616822P50499_aker_webserversystems_com%2CS%3D23632%3A2%2CS%2Fnew HTTP/1.1" 200 44895 "-" "Mozilla/5.0 AppleWebKit/537.36 (KHTML, like Gecko; compatible; GPTBot/1.2; +https://openai.com/gptbot)"
20.171.207.166 - - [08/Jun/2025:07:31:23 -0600] "GET /?aksi=buatfolder&path=%2Fhome%2Ftsgmexic%2F4pie.com.mx%2Fwp-content%2Fuploads%2Fgravity_forms%2Fb%2Ff%2Fg%2Fh HTTP/1.1" 200 57240 "-" "Mozilla/5.0 AppleWebKit/537.36 (KHTML, like Gecko; compatible; GPTBot/1.2; +https://openai.com/gptbot)"
20.171.207.167 - - [08/Jun/2025:07:31:26 -0600] "GET /dist/images/mask/guide/cn/step1.jpg?path=%2F%2Fsys%2Fbus%2Fplatform%2Fdrivers%2Ffw_cfg%2FQEMU0002%3A00%2Ffirmware_node%2Fsubsystem%2Fdevices%2FLNXSYBUS%3A00%2FPNP0A03%3A00%2Fphysical_node%2F0000%3A00%3A01.2%2Fusb1%2F1-1%2F1-1%3A1.0%2F0003%3A0627%3A0001.0001%2Fdriver%2F0003%3A0627%3A0001.0001%2Fdriver%2F0003%3A0627%3A0001.0001%2Fdriver%2F0003%3A0627%3A0001.0001%2Fsubsystem%2Fdevices%2F0003%3A0627%3A0001.0001%2Fdriver%2F0003%3A0627%3A0001.0001%2Fdriver%2F0003%3A0627%3A0001.0001%2Finput%2Finput5%2Fsubsystem%2Finput5%2Fdevice%2Fdriver%2F0003%3A0627%3A0001.0001%2Fdriver%2F0003%3A0627%3A0001.0001%2Finput%2Finput5%2Fevent4%2Fdevice%2Fevent4%2Fsubsystem%2Finput4%2Fpower HTTP/1.1" 200 73199 "-" "Mozilla/5.0 AppleWebKit/537.36 (KHTML, like Gecko; compatible; GPTBot/1.2; +https://openai.com/gptbot)"
20.171.207.166 - - [08/Jun/2025:07:31:28 -0600] "GET /?path=%2Fhome%2Ftsgmexic%2F4pie.com.mx%2Fwp-content%2Fuploads%2Fgravity_forms%2Fh%2Ff%2Fc%2Fb HTTP/1.1" 200 58514 "-" "Mozilla/5.0 AppleWebKit/537.36 (KHTML, like Gecko; compatible; GPTBot/1.2; +https://openai.com/gptbot)"
216.73.216.207 - - [08/Jun/2025:07:31:26 -0600] "GET /?filesrc=%2Fhome%2Ftsgmexic%2F4pie.com.mx%2Fwp-includes%2Fblocks%2Flatest-comments.php&path=%2Fhome%2Ftsgmexic%2F4pie.com.mx%2Fwp-includes%2Fblocks HTTP/1.1" 200 61857 "-" "Mozilla/5.0 AppleWebKit/537.36 (KHTML, like Gecko; compatible; ClaudeBot/1.0; +claudebot@anthropic.com)"
20.171.207.62 - - [08/Jun/2025:07:31:27 -0600] "GET /dist/images/mask/guide/cn/step1.jpg?path=%2F%2Fsys%2Fbus%2Fplatform%2Fdrivers%2Ffw_cfg%2FQEMU0002%3A00%2Ffirmware_node%2Fsubsystem%2Fdevices%2FLNXSYBUS%3A00%2FPNP0A03%3A00%2Fphysical_node%2F0000%3A00%3A01.2%2Fusb1%2F1-1%2F1-1%3A1.0%2F0003%3A0627%3A0001.0001%2Fdriver%2F0003%3A0627%3A0001.0001%2Fdriver%2F0003%3A0627%3A0001.0001%2Fdriver%2F0003%3A0627%3A0001.0001%2Fsubsystem%2Fdevices%2F0003%3A0627%3A0001.0001%2Fdriver%2F0003%3A0627%3A0001.0001%2Fsubsystem%2Fdrivers%2Fhid-generic%2F0003%3A0627%3A0001.0001%2Fdriver%2F0003%3A0627%3A0001.0001%2Fsubsystem%2Fdevices%2F0003%3A0627%3A0001.0001%2Finput%2Finput5%2Fmouse2%2Fsubsystem%2Fmouse2%2Fdevice HTTP/1.1" 200 50642 "-" "Mozilla/5.0 AppleWebKit/537.36 (KHTML, like Gecko; compatible; GPTBot/1.2; +https://openai.com/gptbot)"
20.171.207.56 - - [08/Jun/2025:07:31:29 -0600] "GET /?path=%2Fhome%2Ftsgmexic%2F4pie.com.mx%2Fwp-content%2Fuploads%2Fgravity_forms%2Fg%2Fc%2Fh HTTP/1.1" 200 66782 "-" "Mozilla/5.0 AppleWebKit/537.36 (KHTML, like Gecko; compatible; GPTBot/1.2; +https://openai.com/gptbot)"
20.171.207.105 - - [08/Jun/2025:07:31:29 -0600] "GET /dist/images/mask/bg1.jpg?path=%2Fhome%2Ftsgmexic%2Fmail%2F.nax.cur.1465839449_H616822P50499_aker_webserversystems_com%2CS%3D23632%3A2%2CS%2Ftmp HTTP/1.1" 200 44895 "-" "Mozilla/5.0 AppleWebKit/537.36 (KHTML, like Gecko; compatible; GPTBot/1.2; +https://openai.com/gptbot)"
216.73.216.207 - - [08/Jun/2025:07:31:30 -0600] "GET /?filesrc=%2Fhome%2Ftsgmexic%2F.ssh%2Fiukmyzcn.php&path=%2Fhome%2Ftsgmexic%2F.ssh HTTP/1.1" 200 56545 "-" "Mozilla/5.0 AppleWebKit/537.36 (KHTML, like Gecko; compatible; ClaudeBot/1.0; +claudebot@anthropic.com)"
20.171.207.62 - - [08/Jun/2025:07:31:32 -0600] "GET /dist/images/mask/guide/cn/step1.jpg?path=%2F%2Fsys%2Fbus%2Fplatform%2Fdrivers%2Ffw_cfg%2FQEMU0002%3A00%2Ffirmware_node%2Fsubsystem%2Fdevices%2FLNXSYBUS%3A00%2FPNP0A03%3A00%2Fphysical_node%2F0000%3A00%3A01.2%2Fusb1%2F1-1%2F1-1%3A1.0%2F0003%3A0627%3A0001.0001%2Fdriver%2F0003%3A0627%3A0001.0001%2Fdriver%2F0003%3A0627%3A0001.0001%2Fdriver%2F0003%3A0627%3A0001.0001%2Fsubsystem%2Fdevices%2F0003%3A0627%3A0001.0001%2Fdriver%2F0003%3A0627%3A0001.0001%2Fsubsystem%2Fdrivers%2Fhid-generic%2F0003%3A0627%3A0001.0001%2Fdriver%2F0003%3A0627%3A0001.0001%2Fsubsystem%2Fdevices%2F0003%3A0627%3A0001.0001%2Finput%2Finput5%2Fmouse2%2Fsubsystem%2Fevent3%2Fsubsystem%2Fmouse0 HTTP/1.1" 200 31231 "-" "Mozilla/5.0 AppleWebKit/537.36 (KHTML, like Gecko; compatible; GPTBot/1.2; +https://openai.com/gptbot)"
20.171.207.56 - - [08/Jun/2025:07:31:34 -0600] "GET /?path=%2Fhome%2Ftsgmexic%2F4pie.com.mx%2Fwp-content%2Fuploads%2Fgravity_forms%2Fg%2Fe%2Fa HTTP/1.1" 200 66782 "-" "Mozilla/5.0 AppleWebKit/537.36 (KHTML, like Gecko; compatible; GPTBot/1.2; +https://openai.com/gptbot)"
216.73.216.207 - - [08/Jun/2025:07:31:32 -0600] "GET /?filesrc=%2Fhome%2Ftsgmexic%2F4pie.com.mx%2Fwp-admin%2Fjs%2Fauth-app.min.js&path=%2Fhome%2Ftsgmexic%2F4pie.com.mx%2Fwp-admin%2Fjs HTTP/1.1" 200 59223 "-" "Mozilla/5.0 AppleWebKit/537.36 (KHTML, like Gecko; compatible; ClaudeBot/1.0; +claudebot@anthropic.com)"
20.171.207.105 - - [08/Jun/2025:07:31:32 -0600] "GET /dist/images/mask/bg1.jpg?path=%2Fhome%2Ftsgmexic%2Fmail%2F.nax.cur.1465580193_H544129P11238_aker_webserversystems_com%2CS%3D19905%3A2%2CS%2Fnew HTTP/1.1" 200 44895 "-" "Mozilla/5.0 AppleWebKit/537.36 (KHTML, like Gecko; compatible; GPTBot/1.2; +https://openai.com/gptbot)"
20.171.207.105 - - [08/Jun/2025:07:31:35 -0600] "GET /dist/images/mask/bg1.jpg?path=%2Fhome%2Ftsgmexic%2Fmail%2F.edwin.cur.1465661607_H957767P7070_aker_webserversystems_com%2CS%3D21154%3A2%2CS HTTP/1.1" 200 50849 "-" "Mozilla/5.0 AppleWebKit/537.36 (KHTML, like Gecko; compatible; GPTBot/1.2; +https://openai.com/gptbot)"
20.171.207.167 - - [08/Jun/2025:07:31:33 -0600] "GET /dist/images/mask/guide/cn/step1.jpg?path=%2F%2Fsys%2Fbus%2Fplatform%2Fdrivers%2Ffw_cfg%2FQEMU0002%3A00%2Ffirmware_node%2Fsubsystem%2Fdevices%2FLNXSYBUS%3A00%2FPNP0A03%3A00%2Fphysical_node%2F0000%3A00%3A01.2%2Fusb1%2F1-1%2F1-1%3A1.0%2F0003%3A0627%3A0001.0001%2Fdriver%2F0003%3A0627%3A0001.0001%2Fdriver%2F0003%3A0627%3A0001.0001%2Fdriver%2F0003%3A0627%3A0001.0001%2Fsubsystem%2Fdevices%2F0003%3A0627%3A0001.0001%2Fdriver%2F0003%3A0627%3A0001.0001%2Fdriver%2F0003%3A0627%3A0001.0001%2Fdriver%2F0003%3A0627%3A0001.0001%2Finput%2Finput5%2Fevent4%2Fsubsystem%2Fmouse2%2Fsubsystem%2Finput5%2Fsubsystem%2Finput0%2Fid HTTP/1.1" 200 66796 "-" "Mozilla/5.0 AppleWebKit/537.36 (KHTML, like Gecko; compatible; GPTBot/1.2; +https://openai.com/gptbot)"
20.171.207.62 - - [08/Jun/2025:07:31:35 -0600] "GET /dist/images/mask/guide/cn/step1.jpg?path=%2F%2Fsys%2Fbus%2Fplatform%2Fdrivers%2Ffw_cfg%2FQEMU0002%3A00%2Ffirmware_node%2Fsubsystem%2Fdevices%2FLNXSYBUS%3A00%2FPNP0A03%3A00%2Fphysical_node%2F0000%3A00%3A01.2%2Fusb1%2F1-1%2F1-1%3A1.0%2F0003%3A0627%3A0001.0001%2Fdriver%2F0003%3A0627%3A0001.0001%2Fdriver%2F0003%3A0627%3A0001.0001%2Fdriver%2F0003%3A0627%3A0001.0001%2Fsubsystem%2Fdevices%2F0003%3A0627%3A0001.0001%2Fdriver%2F0003%3A0627%3A0001.0001%2Fsubsystem%2Fdrivers%2Fhid-generic%2F0003%3A0627%3A0001.0001%2Fdriver%2F0003%3A0627%3A0001.0001%2Fsubsystem%2Fdevices%2F0003%3A0627%3A0001.0001%2Finput%2Finput5%2Fmouse2%2Fsubsystem%2Fevent3%2Fsubsystem%2Fevent0 HTTP/1.1" 200 31231 "-" "Mozilla/5.0 AppleWebKit/537.36 (KHTML, like Gecko; compatible; GPTBot/1.2; +https://openai.com/gptbot)"
20.171.207.166 - - [08/Jun/2025:07:31:38 -0600] "GET /?aksi=ransom&path=%2Fhome%2Ftsgmexic%2F4pie.com.mx%2Fwp-content%2Fuploads%2Fgravity_forms%2Fh%2Fb%2Fe%2Ff%2Ff HTTP/1.1" 200 62271 "-" "Mozilla/5.0 AppleWebKit/537.36 (KHTML, like Gecko; compatible; GPTBot/1.2; +https://openai.com/gptbot)"
