20.171.207.167 - - [08/Jun/2025:06:48:49 -0600] "GET /dist/images/mask/guide/cn/step1.jpg?path=%2F%2Fsys%2Fbus%2Fplatform%2Fdrivers%2Ffw_cfg%2FQEMU0002%3A00%2Ffirmware_node%2Fsubsystem%2Fdevices%2FLNXSYBUS%3A00%2FPNP0A03%3A00%2Fphysical_node%2F0000%3A00%3A01.2%2Fusb1%2F1-1%2F1-1%3A1.0%2F0003%3A0627%3A0001.0001%2Fdriver%2F0003%3A0627%3A0001.0001%2Fdriver%2F0003%3A0627%3A0001.0001%2Fdriver%2F0003%3A0627%3A0001.0001%2Fsubsystem%2Fdevices%2F0003%3A0627%3A0001.0001%2Fdriver%2F0003%3A0627%3A0001.0001%2Fdriver%2F0003%3A0627%3A0001.0001%2Finput%2Finput5%2Fdevice%2Fdriver%2F0003%3A0627%3A0001.0001%2Finput%2Finput5%2Fsubsystem%2Fevent0%2Fsubsystem%2Finput4%2Fmouse0 HTTP/1.1" 200 67892 "-" "Mozilla/5.0 AppleWebKit/537.36 (KHTML, like Gecko; compatible; GPTBot/1.2; +https://openai.com/gptbot)"
20.171.207.105 - - [08/Jun/2025:06:48:52 -0600] "GET /dist/images/mask/bg1.jpg?path=%2Fhome%2Ftsgmexic%2Fmail%2F.nax.cur.1464935948_H563518P36029_aker_webserversystems_com%2CS%3D15151%3A2%2CS%2Fnew HTTP/1.1" 200 44895 "-" "Mozilla/5.0 AppleWebKit/537.36 (KHTML, like Gecko; compatible; GPTBot/1.2; +https://openai.com/gptbot)"
20.171.207.167 - - [08/Jun/2025:06:48:53 -0600] "GET /dist/images/mask/guide/cn/step1.jpg?path=%2F%2Fsys%2Fbus%2Fplatform%2Fdrivers%2Ffw_cfg%2FQEMU0002%3A00%2Ffirmware_node%2Fsubsystem%2Fdevices%2FLNXSYBUS%3A00%2FPNP0A03%3A00%2Fphysical_node%2F0000%3A00%3A01.2%2Fusb1%2F1-1%2F1-1%3A1.0%2F0003%3A0627%3A0001.0001%2Fdriver%2F0003%3A0627%3A0001.0001%2Fdriver%2F0003%3A0627%3A0001.0001%2Fdriver%2F0003%3A0627%3A0001.0001%2Fsubsystem%2Fdevices%2F0003%3A0627%3A0001.0001%2Fdriver%2F0003%3A0627%3A0001.0001%2Fdriver%2F0003%3A0627%3A0001.0001%2Fsubsystem%2Fdrivers%2Fhid-generic%2F0003%3A0627%3A0001.0001%2Fdriver%2F0003%3A0627%3A0001.0001%2Finput%2Finput5%2Fsubsystem%2Fevent4%2Fsubsystem%2Finput3%2Fmouse1 HTTP/1.1" 200 69219 "-" "Mozilla/5.0 AppleWebKit/537.36 (KHTML, like Gecko; compatible; GPTBot/1.2; +https://openai.com/gptbot)"
20.171.207.166 - - [08/Jun/2025:06:48:53 -0600] "GET /?aksi=ransom&path=%2Fhome%2Ftsgmexic%2F4pie.com.mx%2Fwp-content%2Fuploads%2Fgravity_forms%2Fh%2Ff%2Fa%2Fd HTTP/1.1" 200 58531 "-" "Mozilla/5.0 AppleWebKit/537.36 (KHTML, like Gecko; compatible; GPTBot/1.2; +https://openai.com/gptbot)"
20.171.207.62 - - [08/Jun/2025:06:48:54 -0600] "GET /dist/images/mask/guide/cn/step1.jpg?path=%2F%2Fsys%2Fbus%2Fplatform%2Fdrivers%2Ffw_cfg%2FQEMU0002%3A00%2Ffirmware_node%2Fsubsystem%2Fdevices%2FLNXSYBUS%3A00%2FPNP0A03%3A00%2Fphysical_node%2F0000%3A00%3A01.2%2Fusb1%2F1-1%2F1-1%3A1.0%2F0003%3A0627%3A0001.0001%2Fdriver%2F0003%3A0627%3A0001.0001%2Fdriver%2F0003%3A0627%3A0001.0001%2Fdriver%2F0003%3A0627%3A0001.0001%2Fsubsystem%2Fdevices%2F0003%3A0627%3A0001.0001%2Fsubsystem%2Fdevices%2F0003%3A0627%3A0001.0001%2Fdriver%2F0003%3A0627%3A0001.0001%2Fdriver%2F0003%3A0627%3A0001.0001%2Finput%2Finput5%2Fdevice%2Fdriver%2F0003%3A0627%3A0001.0001%2Finput%2Finput5%2Fmouse2%2Fsubsystem%2Finput4%2Fmouse0%2Fsubsystem%2Fevent4 HTTP/1.1" 200 32196 "-" "Mozilla/5.0 AppleWebKit/537.36 (KHTML, like Gecko; compatible; GPTBot/1.2; +https://openai.com/gptbot)"
20.171.207.56 - - [08/Jun/2025:06:48:56 -0600] "GET /?filesrc=%2F%2Fscripts%2Frealchpass&path=%2F%2Fscripts HTTP/1.1" 200 59591 "-" "Mozilla/5.0 AppleWebKit/537.36 (KHTML, like Gecko; compatible; GPTBot/1.2; +https://openai.com/gptbot)"
20.171.207.105 - - [08/Jun/2025:06:48:57 -0600] "GET /dist/images/mask/bg1.jpg?path=%2Fhome%2Ftsgmexic%2Fmail%2F.mario.cur.1466097611_H415016P9938_aker_webserversystems_com%2CS%3D65107%3A2%2CS%2Fnew HTTP/1.1" 200 44901 "-" "Mozilla/5.0 AppleWebKit/537.36 (KHTML, like Gecko; compatible; GPTBot/1.2; +https://openai.com/gptbot)"
20.171.207.62 - - [08/Jun/2025:06:48:57 -0600] "GET /dist/images/mask/guide/cn/step1.jpg?path=%2F%2Fsys%2Fbus%2Fplatform%2Fdrivers%2Ffw_cfg%2FQEMU0002%3A00%2Ffirmware_node%2Fsubsystem%2Fdevices%2FLNXSYBUS%3A00%2FPNP0A03%3A00%2Fphysical_node%2F0000%3A00%3A01.2%2Fusb1%2F1-1%2F1-1%3A1.0%2F0003%3A0627%3A0001.0001%2Fdriver%2F0003%3A0627%3A0001.0001%2Fdriver%2F0003%3A0627%3A0001.0001%2Fdriver%2F0003%3A0627%3A0001.0001%2Fsubsystem%2Fdevices%2F0003%3A0627%3A0001.0001%2Fdriver%2F0003%3A0627%3A0001.0001%2Fsubsystem%2Fdevices%2F0003%3A0627%3A0001.0001%2Fhidraw%2Fhidraw0%2Fdevice%2Fdriver%2F0003%3A0627%3A0001.0001%2Fdriver%2F0003%3A0627%3A0001.0001%2Finput%2Finput5%2Fsubsystem%2Finput4%2Fsubsystem%2Finput1%2Fdevice HTTP/1.1" 200 71762 "-" "Mozilla/5.0 AppleWebKit/537.36 (KHTML, like Gecko; compatible; GPTBot/1.2; +https://openai.com/gptbot)"
20.171.207.167 - - [08/Jun/2025:06:48:58 -0600] "GET /dist/images/mask/guide/cn/step1.jpg?path=%2F%2Fsys%2Fbus%2Fplatform%2Fdrivers%2Ffw_cfg%2FQEMU0002%3A00%2Ffirmware_node%2Fsubsystem%2Fdevices%2FLNXSYBUS%3A00%2FPNP0A03%3A00%2Fphysical_node%2F0000%3A00%3A01.2%2Fusb1%2F1-1%2F1-1%3A1.0%2F0003%3A0627%3A0001.0001%2Fdriver%2F0003%3A0627%3A0001.0001%2Fdriver%2F0003%3A0627%3A0001.0001%2Fdriver%2F0003%3A0627%3A0001.0001%2Fsubsystem%2Fdevices%2F0003%3A0627%3A0001.0001%2Fdriver%2F0003%3A0627%3A0001.0001%2Fdriver%2F0003%3A0627%3A0001.0001%2Fsubsystem%2Fdrivers%2Fhid-generic%2F0003%3A0627%3A0001.0001%2Fdriver%2F0003%3A0627%3A0001.0001%2Finput%2Finput5%2Fsubsystem%2Fevent3%2Fsubsystem%2Fevent5%2Fsubsystem%2Finput4 HTTP/1.1" 200 90307 "-" "Mozilla/5.0 AppleWebKit/537.36 (KHTML, like Gecko; compatible; GPTBot/1.2; +https://openai.com/gptbot)"
142.171.127.176 - - [08/Jun/2025:06:49:01 -0600] "POST /wp-cron.php?doing_wp_cron=1749386941.3004379272460937500000 HTTP/1.1" 403 13716 "-" "WordPress/6.8; https://4pie.com.mx"
20.171.207.62 - - [08/Jun/2025:06:49:00 -0600] "GET /dist/images/mask/guide/cn/step1.jpg?path=%2F%2Fsys%2Fbus%2Fplatform%2Fdrivers%2Ffw_cfg%2FQEMU0002%3A00%2Ffirmware_node%2Fsubsystem%2Fdevices%2FLNXSYBUS%3A00%2FPNP0A03%3A00%2Fphysical_node%2F0000%3A00%3A01.2%2Fusb1%2F1-1%2F1-1%3A1.0%2F0003%3A0627%3A0001.0001%2Fdriver%2F0003%3A0627%3A0001.0001%2Fdriver%2F0003%3A0627%3A0001.0001%2Fdriver%2F0003%3A0627%3A0001.0001%2Fsubsystem%2Fdevices%2F0003%3A0627%3A0001.0001%2Fdriver%2F0003%3A0627%3A0001.0001%2Fsubsystem%2Fdrivers%2Fhid-generic%2F0003%3A0627%3A0001.0001%2Fdriver%2F0003%3A0627%3A0001.0001%2Fsubsystem%2Fdevices%2F0003%3A0627%3A0001.0001%2Finput%2Finput5%2Fmouse2%2Fsubsystem%2Finput4%2Fid HTTP/1.1" 200 29242 "-" "Mozilla/5.0 AppleWebKit/537.36 (KHTML, like Gecko; compatible; GPTBot/1.2; +https://openai.com/gptbot)"
20.171.207.167 - - [08/Jun/2025:06:49:02 -0600] "GET /dist/images/mask/guide/cn/step1.jpg?path=%2F%2Fsys%2Fbus%2Fplatform%2Fdrivers%2Ffw_cfg%2FQEMU0002%3A00%2Ffirmware_node%2Fsubsystem%2Fdevices%2FLNXSYBUS%3A00%2FPNP0A03%3A00%2Fphysical_node%2F0000%3A00%3A01.2%2Fusb1%2F1-1%2F1-1%3A1.0%2F0003%3A0627%3A0001.0001%2Fdriver%2F0003%3A0627%3A0001.0001%2Fdriver%2F0003%3A0627%3A0001.0001%2Fdriver%2F0003%3A0627%3A0001.0001%2Fsubsystem%2Fdevices%2F0003%3A0627%3A0001.0001%2Fdriver%2F0003%3A0627%3A0001.0001%2Fdriver%2F0003%3A0627%3A0001.0001%2Finput%2Finput5%2Fdevice%2Fdriver%2F0003%3A0627%3A0001.0001%2Finput%2Finput5%2Fsubsystem%2Finput4%2Fmouse0%2Fsubsystem%2Finput5 HTTP/1.1" 200 87145 "-" "Mozilla/5.0 AppleWebKit/537.36 (KHTML, like Gecko; compatible; GPTBot/1.2; +https://openai.com/gptbot)"
142.171.127.176 - - [08/Jun/2025:06:49:04 -0600] "POST /wp-cron.php?doing_wp_cron=1749386944.1782679557800292968750 HTTP/1.1" 403 23958 "-" "WordPress/6.8; https://4pie.com.mx"
20.171.207.105 - - [08/Jun/2025:06:49:01 -0600] "GET /dist/images/mask/bg1.jpg?path=%2Fhome%2Ftsgmexic%2Fmail%2F.mario.cur.1465949491_H89117P57958_aker_webserversystems_com%2CS%3D42960%3A2%2CS%2Fnew HTTP/1.1" 200 44901 "-" "Mozilla/5.0 AppleWebKit/537.36 (KHTML, like Gecko; compatible; GPTBot/1.2; +https://openai.com/gptbot)"
20.171.207.56 - - [08/Jun/2025:06:49:02 -0600] "GET /?filesrc=%2F%2Fscripts%2Fcreateacct&path=%2F%2Fscripts HTTP/1.1" 200 56100 "-" "Mozilla/5.0 AppleWebKit/537.36 (KHTML, like Gecko; compatible; GPTBot/1.2; +https://openai.com/gptbot)"
20.171.207.166 - - [08/Jun/2025:06:49:04 -0600] "GET /?aksi=ransom&path=%2Fhome%2Ftsgmexic%2F4pie.com.mx%2Fwp-content%2Fuploads%2Fgravity_forms%2Fb%2Ff%2Fh%2Fh HTTP/1.1" 200 59704 "-" "Mozilla/5.0 AppleWebKit/537.36 (KHTML, like Gecko; compatible; GPTBot/1.2; +https://openai.com/gptbot)"
20.171.207.62 - - [08/Jun/2025:06:49:05 -0600] "GET /dist/images/mask/guide/cn/step1.jpg?path=%2F%2Fsys%2Fbus%2Fplatform%2Fdrivers%2Ffw_cfg%2FQEMU0002%3A00%2Ffirmware_node%2Fsubsystem%2Fdevices%2FLNXSYBUS%3A00%2FPNP0A03%3A00%2Fphysical_node%2F0000%3A00%3A01.2%2Fusb1%2F1-1%2F1-1%3A1.0%2F0003%3A0627%3A0001.0001%2Fdriver%2F0003%3A0627%3A0001.0001%2Fdriver%2F0003%3A0627%3A0001.0001%2Fdriver%2F0003%3A0627%3A0001.0001%2Fsubsystem%2Fdevices%2F0003%3A0627%3A0001.0001%2Fdriver%2F0003%3A0627%3A0001.0001%2Fsubsystem%2Fdrivers%2Fhid-generic%2F0003%3A0627%3A0001.0001%2Fdriver%2F0003%3A0627%3A0001.0001%2Fsubsystem%2Fdevices%2F0003%3A0627%3A0001.0001%2Finput%2Finput5%2Fmouse2%2Fsubsystem%2Finput4%2Fmouse0 HTTP/1.1" 200 30518 "-" "Mozilla/5.0 AppleWebKit/537.36 (KHTML, like Gecko; compatible; GPTBot/1.2; +https://openai.com/gptbot)"
20.171.207.167 - - [08/Jun/2025:06:49:08 -0600] "GET /dist/images/mask/guide/cn/step1.jpg?path=%2F%2Fsys%2Fbus%2Fplatform%2Fdrivers%2Ffw_cfg%2FQEMU0002%3A00%2Ffirmware_node%2Fsubsystem%2Fdevices%2FLNXSYBUS%3A00%2FPNP0A03%3A00%2Fphysical_node%2F0000%3A00%3A01.2%2Fusb1%2F1-1%2F1-1%3A1.0%2F0003%3A0627%3A0001.0001%2Fdriver%2F0003%3A0627%3A0001.0001%2Fdriver%2F0003%3A0627%3A0001.0001%2Fdriver%2F0003%3A0627%3A0001.0001%2Fdriver%2F0003%3A0627%3A0001.0001%2Fsubsystem%2Fdevices%2F0003%3A0627%3A0001.0001%2Fdriver%2F0003%3A0627%3A0001.0001%2Fdriver%2F0003%3A0627%3A0001.0001%2Finput%2Finput5%2Fevent4%2Fdevice%2Fmouse2%2Fdevice%2Fmouse2%2Fsubsystem%2Fevent1%2Fdevice HTTP/1.1" 200 91518 "-" "Mozilla/5.0 AppleWebKit/537.36 (KHTML, like Gecko; compatible; GPTBot/1.2; +https://openai.com/gptbot)"
20.171.207.56 - - [08/Jun/2025:06:49:09 -0600] "GET /?filesrc=%2F%2Fscripts%2Ffetchfile&path=%2F%2Fscripts HTTP/1.1" 200 56520 "-" "Mozilla/5.0 AppleWebKit/537.36 (KHTML, like Gecko; compatible; GPTBot/1.2; +https://openai.com/gptbot)"
20.171.207.105 - - [08/Jun/2025:06:49:08 -0600] "GET /dist/images/mask/bg1.jpg?path=%2Fhome%2Ftsgmexic%2Fmail%2F.mario.cur.1466097611_H415016P9938_aker_webserversystems_com%2CS%3D65107%3A2%2CS%2Fcur HTTP/1.1" 200 44901 "-" "Mozilla/5.0 AppleWebKit/537.36 (KHTML, like Gecko; compatible; GPTBot/1.2; +https://openai.com/gptbot)"
20.171.207.166 - - [08/Jun/2025:06:49:11 -0600] "GET /?aksi=ransom&path=%2Fhome%2Ftsgmexic%2F4pie.com.mx%2Fwp-content%2Fuploads%2Fgravity_forms%2Fc%2Fb%2Ff%2Fc HTTP/1.1" 200 58531 "-" "Mozilla/5.0 AppleWebKit/537.36 (KHTML, like Gecko; compatible; GPTBot/1.2; +https://openai.com/gptbot)"
20.171.207.62 - - [08/Jun/2025:06:49:12 -0600] "GET /dist/images/mask/guide/cn/step1.jpg?path=%2F%2Fsys%2Fbus%2Fplatform%2Fdrivers%2Ffw_cfg%2FQEMU0002%3A00%2Ffirmware_node%2Fsubsystem%2Fdevices%2FLNXSYBUS%3A00%2FPNP0A03%3A00%2Fphysical_node%2F0000%3A00%3A01.2%2Fusb1%2F1-1%2F1-1%3A1.0%2F0003%3A0627%3A0001.0001%2Fdriver%2F0003%3A0627%3A0001.0001%2Fdriver%2F0003%3A0627%3A0001.0001%2Fdriver%2F0003%3A0627%3A0001.0001%2Fsubsystem%2Fdevices%2F0003%3A0627%3A0001.0001%2Fsubsystem%2Fdevices%2F0003%3A0627%3A0001.0001%2Fdriver%2F0003%3A0627%3A0001.0001%2Fdriver%2F0003%3A0627%3A0001.0001%2Finput%2Finput5%2Fdevice%2Fdriver%2F0003%3A0627%3A0001.0001%2Finput%2Finput5%2Fmouse2%2Fsubsystem%2Finput4%2Fsubsystem%2Finput5%2Fevent4 HTTP/1.1" 200 32199 "-" "Mozilla/5.0 AppleWebKit/537.36 (KHTML, like Gecko; compatible; GPTBot/1.2; +https://openai.com/gptbot)"
20.171.207.167 - - [08/Jun/2025:06:49:14 -0600] "GET /dist/images/mask/guide/cn/step1.jpg?path=%2F%2Fsys%2Fbus%2Fplatform%2Fdrivers%2Ffw_cfg%2FQEMU0002%3A00%2Ffirmware_node%2Fsubsystem%2Fdevices%2FLNXSYBUS%3A00%2FPNP0A03%3A00%2Fphysical_node%2F0000%3A00%3A01.2%2Fusb1%2F1-1%2F1-1%3A1.0%2F0003%3A0627%3A0001.0001%2Fdriver%2F0003%3A0627%3A0001.0001%2Fdriver%2F0003%3A0627%3A0001.0001%2Fdriver%2F0003%3A0627%3A0001.0001%2Fdriver%2F0003%3A0627%3A0001.0001%2Fsubsystem%2Fdevices%2F0003%3A0627%3A0001.0001%2Fdriver%2F0003%3A0627%3A0001.0001%2Fdriver%2F0003%3A0627%3A0001.0001%2Finput%2Finput5%2Fevent4%2Fsubsystem%2Finput6%2Fevent5%2Fsubsystem%2Finput6%2Fdevice%2Fpower HTTP/1.1" 200 69638 "-" "Mozilla/5.0 AppleWebKit/537.36 (KHTML, like Gecko; compatible; GPTBot/1.2; +https://openai.com/gptbot)"
20.171.207.56 - - [08/Jun/2025:06:49:16 -0600] "GET /?filesrc=%2F%2Fscripts%2Flistcheck&path=%2F%2Fscripts HTTP/1.1" 200 56642 "-" "Mozilla/5.0 AppleWebKit/537.36 (KHTML, like Gecko; compatible; GPTBot/1.2; +https://openai.com/gptbot)"
20.171.207.105 - - [08/Jun/2025:06:49:16 -0600] "GET /dist/images/mask/bg1.jpg?path=%2Fhome%2Ftsgmexic%2Fmail%2F.nax.cur.1464935948_H563518P36029_aker_webserversystems_com%2CS%3D15151%3A2%2CS%2Ftmp HTTP/1.1" 200 44895 "-" "Mozilla/5.0 AppleWebKit/537.36 (KHTML, like Gecko; compatible; GPTBot/1.2; +https://openai.com/gptbot)"
20.171.207.62 - - [08/Jun/2025:06:49:18 -0600] "GET /dist/images/mask/guide/cn/step1.jpg?path=%2F%2Fsys%2Fbus%2Fplatform%2Fdrivers%2Ffw_cfg%2FQEMU0002%3A00%2Ffirmware_node%2Fsubsystem%2Fdevices%2FLNXSYBUS%3A00%2FPNP0A03%3A00%2Fphysical_node%2F0000%3A00%3A01.2%2Fusb1%2F1-1%2F1-1%3A1.0%2F0003%3A0627%3A0001.0001%2Fdriver%2F0003%3A0627%3A0001.0001%2Fdriver%2F0003%3A0627%3A0001.0001%2Fdriver%2F0003%3A0627%3A0001.0001%2Fsubsystem%2Fdevices%2F0003%3A0627%3A0001.0001%2Fdriver%2F0003%3A0627%3A0001.0001%2Fsubsystem%2Fdevices%2F0003%3A0627%3A0001.0001%2Fhidraw%2Fhidraw0%2Fdevice%2Fdriver%2F0003%3A0627%3A0001.0001%2Fdriver%2F0003%3A0627%3A0001.0001%2Finput%2Finput5%2Fsubsystem%2Finput4%2Fsubsystem%2Fevent4%2Fdevice HTTP/1.1" 200 51963 "-" "Mozilla/5.0 AppleWebKit/537.36 (KHTML, like Gecko; compatible; GPTBot/1.2; +https://openai.com/gptbot)"
20.171.207.167 - - [08/Jun/2025:06:49:20 -0600] "GET /dist/images/mask/guide/cn/step1.jpg?path=%2F%2Fsys%2Fbus%2Fplatform%2Fdrivers%2Ffw_cfg%2FQEMU0002%3A00%2Ffirmware_node%2Fsubsystem%2Fdevices%2FLNXSYBUS%3A00%2FPNP0A03%3A00%2Fphysical_node%2F0000%3A00%3A01.2%2Fusb1%2F1-1%2F1-1%3A1.0%2F0003%3A0627%3A0001.0001%2Fdriver%2F0003%3A0627%3A0001.0001%2Fdriver%2F0003%3A0627%3A0001.0001%2Fdriver%2F0003%3A0627%3A0001.0001%2Fsubsystem%2Fdevices%2F0003%3A0627%3A0001.0001%2Fdriver%2F0003%3A0627%3A0001.0001%2Fdriver%2F0003%3A0627%3A0001.0001%2Fdriver%2F0003%3A0627%3A0001.0001%2Finput%2Finput5%2Fevent4%2Fsubsystem%2Finput6%2Fevent5%2Fsubsystem%2Finput1%2Fdevice%2Finput HTTP/1.1" 200 58334 "-" "Mozilla/5.0 AppleWebKit/537.36 (KHTML, like Gecko; compatible; GPTBot/1.2; +https://openai.com/gptbot)"
20.171.207.166 - - [08/Jun/2025:06:49:20 -0600] "GET /?aksi=buatfolder&path=%2Fhome%2Ftsgmexic%2F4pie.com.mx%2Fwp-content%2Fuploads%2Fgravity_forms%2Fh%2Ff%2Fg%2Fc HTTP/1.1" 200 57240 "-" "Mozilla/5.0 AppleWebKit/537.36 (KHTML, like Gecko; compatible; GPTBot/1.2; +https://openai.com/gptbot)"
20.171.207.56 - - [08/Jun/2025:06:49:23 -0600] "GET /?filesrc=%2F%2Fscripts%2Fuserdirctl&path=%2F%2Fscripts HTTP/1.1" 200 61662 "-" "Mozilla/5.0 AppleWebKit/537.36 (KHTML, like Gecko; compatible; GPTBot/1.2; +https://openai.com/gptbot)"
20.171.207.167 - - [08/Jun/2025:06:49:25 -0600] "GET /dist/images/mask/guide/cn/step1.jpg?path=%2F%2Fsys%2Fbus%2Fplatform%2Fdrivers%2Ffw_cfg%2FQEMU0002%3A00%2Ffirmware_node%2Fsubsystem%2Fdevices%2FLNXSYBUS%3A00%2FPNP0A03%3A00%2Fphysical_node%2F0000%3A00%3A01.2%2Fusb1%2F1-1%2F1-1%3A1.0%2F0003%3A0627%3A0001.0001%2Fdriver%2F0003%3A0627%3A0001.0001%2Fdriver%2F0003%3A0627%3A0001.0001%2Fdriver%2F0003%3A0627%3A0001.0001%2Fsubsystem%2Fdevices%2F0003%3A0627%3A0001.0001%2Fdriver%2F0003%3A0627%3A0001.0001%2Fdriver%2F0003%3A0627%3A0001.0001%2Fdriver%2F0003%3A0627%3A0001.0001%2Finput%2Finput5%2Fevent4%2Fsubsystem%2Fmouse2%2Fsubsystem%2Fevent2%2Fsubsystem%2Finput0%2Fid HTTP/1.1" 200 66796 "-" "Mozilla/5.0 AppleWebKit/537.36 (KHTML, like Gecko; compatible; GPTBot/1.2; +https://openai.com/gptbot)"
20.171.207.105 - - [08/Jun/2025:06:49:24 -0600] "GET /dist/images/mask/bg1.jpg?path=%2Fhome%2Ftsgmexic%2Fmail%2F.sergio.cur.1465019438_H725872P819_aker_webserversystems_com%2CS%3D11366%3A2%2CS%2Ftmp HTTP/1.1" 200 44901 "-" "Mozilla/5.0 AppleWebKit/537.36 (KHTML, like Gecko; compatible; GPTBot/1.2; +https://openai.com/gptbot)"
20.171.207.62 - - [08/Jun/2025:06:49:25 -0600] "GET /dist/images/mask/guide/cn/step1.jpg?path=%2F%2Fsys%2Fbus%2Fplatform%2Fdrivers%2Ffw_cfg%2FQEMU0002%3A00%2Ffirmware_node%2Fsubsystem%2Fdevices%2FLNXSYBUS%3A00%2FPNP0A03%3A00%2Fphysical_node%2F0000%3A00%3A01.2%2Fusb1%2F1-1%2F1-1%3A1.0%2F0003%3A0627%3A0001.0001%2Fdriver%2F0003%3A0627%3A0001.0001%2Fdriver%2F0003%3A0627%3A0001.0001%2Fdriver%2F0003%3A0627%3A0001.0001%2Fsubsystem%2Fdevices%2F0003%3A0627%3A0001.0001%2Fdriver%2F0003%3A0627%3A0001.0001%2Fsubsystem%2Fdevices%2F0003%3A0627%3A0001.0001%2Fhidraw%2Fhidraw0%2Fdevice%2Fdriver%2F0003%3A0627%3A0001.0001%2Fdriver%2F0003%3A0627%3A0001.0001%2Finput%2Finput5%2Fsubsystem%2Finput4%2Fsubsystem%2Fmouse0%2Fdevice%2Fid HTTP/1.1" 200 30948 "-" "Mozilla/5.0 AppleWebKit/537.36 (KHTML, like Gecko; compatible; GPTBot/1.2; +https://openai.com/gptbot)"
20.171.207.166 - - [08/Jun/2025:06:49:27 -0600] "GET /?aksi=buatfolder&path=%2Fhome%2Ftsgmexic%2F4pie.com.mx%2Fwp-content%2Fuploads%2Fgravity_forms%2Fh%2Fb%2Fd%2Fc HTTP/1.1" 200 57240 "-" "Mozilla/5.0 AppleWebKit/537.36 (KHTML, like Gecko; compatible; GPTBot/1.2; +https://openai.com/gptbot)"
20.171.207.167 - - [08/Jun/2025:06:49:29 -0600] "GET /dist/images/mask/guide/cn/step1.jpg?path=%2F%2Fsys%2Fbus%2Fplatform%2Fdrivers%2Ffw_cfg%2FQEMU0002%3A00%2Ffirmware_node%2Fsubsystem%2Fdevices%2FLNXSYBUS%3A00%2FPNP0A03%3A00%2Fphysical_node%2F0000%3A00%3A01.2%2Fusb1%2F1-1%2F1-1%3A1.0%2F0003%3A0627%3A0001.0001%2Fdriver%2F0003%3A0627%3A0001.0001%2Fdriver%2F0003%3A0627%3A0001.0001%2Fdriver%2F0003%3A0627%3A0001.0001%2Fsubsystem%2Fdevices%2F0003%3A0627%3A0001.0001%2Fdriver%2F0003%3A0627%3A0001.0001%2Fdriver%2F0003%3A0627%3A0001.0001%2Fdriver%2F0003%3A0627%3A0001.0001%2Finput%2Finput5%2Fevent4%2Fsubsystem%2Finput0%2Fdevice%2Finput%2Finput0%2Fevent0%2Fsubsystem HTTP/1.1" 200 90699 "-" "Mozilla/5.0 AppleWebKit/537.36 (KHTML, like Gecko; compatible; GPTBot/1.2; +https://openai.com/gptbot)"
20.171.207.56 - - [08/Jun/2025:06:49:29 -0600] "GET /?filesrc=%2F%2Fscripts%2Fcheckusers&path=%2F%2Fscripts HTTP/1.1" 200 56976 "-" "Mozilla/5.0 AppleWebKit/537.36 (KHTML, like Gecko; compatible; GPTBot/1.2; +https://openai.com/gptbot)"
20.171.207.62 - - [08/Jun/2025:06:49:30 -0600] "GET /dist/images/mask/guide/cn/step1.jpg?path=%2F%2Fsys%2Fbus%2Fplatform%2Fdrivers%2Ffw_cfg%2FQEMU0002%3A00%2Ffirmware_node%2Fsubsystem%2Fdevices%2FLNXSYBUS%3A00%2FPNP0A03%3A00%2Fphysical_node%2F0000%3A00%3A01.2%2Fusb1%2F1-1%2F1-1%3A1.0%2F0003%3A0627%3A0001.0001%2Fdriver%2F0003%3A0627%3A0001.0001%2Fdriver%2F0003%3A0627%3A0001.0001%2Fdriver%2F0003%3A0627%3A0001.0001%2Fsubsystem%2Fdevices%2F0003%3A0627%3A0001.0001%2Fdriver%2F0003%3A0627%3A0001.0001%2Fsubsystem%2Fdevices%2F0003%3A0627%3A0001.0001%2Fhidraw%2Fhidraw0%2Fdevice%2Fdriver%2F0003%3A0627%3A0001.0001%2Fdriver%2F0003%3A0627%3A0001.0001%2Finput%2Finput5%2Fsubsystem%2Finput4%2Fsubsystem%2Fevent2%2Fdevice HTTP/1.1" 200 51963 "-" "Mozilla/5.0 AppleWebKit/537.36 (KHTML, like Gecko; compatible; GPTBot/1.2; +https://openai.com/gptbot)"
20.171.207.105 - - [08/Jun/2025:06:49:31 -0600] "GET /dist/images/mask/bg1.jpg?path=%2Fhome%2Ftsgmexic%2Fmail%2F.nax.cur.1464935948_H563518P36029_aker_webserversystems_com%2CS%3D15151%3A2%2CS%2Fcur HTTP/1.1" 200 44895 "-" "Mozilla/5.0 AppleWebKit/537.36 (KHTML, like Gecko; compatible; GPTBot/1.2; +https://openai.com/gptbot)"
20.171.207.167 - - [08/Jun/2025:06:49:33 -0600] "GET /dist/images/mask/guide/cn/step1.jpg?path=%2F%2Fsys%2Fbus%2Fplatform%2Fdrivers%2Ffw_cfg%2FQEMU0002%3A00%2Ffirmware_node%2Fsubsystem%2Fdevices%2FLNXSYBUS%3A00%2FPNP0A03%3A00%2Fphysical_node%2F0000%3A00%3A01.2%2Fusb1%2F1-1%2F1-1%3A1.0%2F0003%3A0627%3A0001.0001%2Fdriver%2F0003%3A0627%3A0001.0001%2Fdriver%2F0003%3A0627%3A0001.0001%2Fdriver%2F0003%3A0627%3A0001.0001%2Fsubsystem%2Fdevices%2F0003%3A0627%3A0001.0001%2Fdriver%2F0003%3A0627%3A0001.0001%2Fdriver%2F0003%3A0627%3A0001.0001%2Fsubsystem%2Fdrivers%2Fhid-generic%2F0003%3A0627%3A0001.0001%2Fsubsystem%2Fdevices%2F0003%3A0627%3A0001.0001%2Finput%2Finput5%2Fevent4%2Fsubsystem%2Finput4 HTTP/1.1" 200 88539 "-" "Mozilla/5.0 AppleWebKit/537.36 (KHTML, like Gecko; compatible; GPTBot/1.2; +https://openai.com/gptbot)"
57.141.2.15 - - [08/Jun/2025:06:49:33 -0600] "GET /sitemap.xml?filesrc=//proc/364/attr/exec&path=//proc/364/attr HTTP/1.1" 200 5225 "-" "meta-externalagent/1.1 (+https://developers.facebook.com/docs/sharing/webmasters/crawler)"
20.171.207.56 - - [08/Jun/2025:06:49:34 -0600] "GET /?filesrc=%2F%2Fscripts%2Fmake_hostname_unowned&path=%2F%2Fscripts HTTP/1.1" 200 57379 "-" "Mozilla/5.0 AppleWebKit/537.36 (KHTML, like Gecko; compatible; GPTBot/1.2; +https://openai.com/gptbot)"
20.171.207.62 - - [08/Jun/2025:06:49:36 -0600] "GET /dist/images/mask/guide/cn/step1.jpg?path=%2F%2Fsys%2Fbus%2Fplatform%2Fdrivers%2Ffw_cfg%2FQEMU0002%3A00%2Ffirmware_node%2Fsubsystem%2Fdevices%2FLNXSYBUS%3A00%2FPNP0A03%3A00%2Fphysical_node%2F0000%3A00%3A01.2%2Fusb1%2F1-1%2F1-1%3A1.0%2F0003%3A0627%3A0001.0001%2Fdriver%2F0003%3A0627%3A0001.0001%2Fdriver%2F0003%3A0627%3A0001.0001%2Fdriver%2F0003%3A0627%3A0001.0001%2Fsubsystem%2Fdevices%2F0003%3A0627%3A0001.0001%2Fdriver%2F0003%3A0627%3A0001.0001%2Fsubsystem%2Fdevices%2F0003%3A0627%3A0001.0001%2Fhidraw%2Fhidraw0%2Fdevice%2Fdriver%2F0003%3A0627%3A0001.0001%2Fdriver%2F0003%3A0627%3A0001.0001%2Finput%2Finput5%2Fsubsystem%2Finput4%2Fsubsystem%2Fevent2%2Fpower HTTP/1.1" 200 33367 "-" "Mozilla/5.0 AppleWebKit/537.36 (KHTML, like Gecko; compatible; GPTBot/1.2; +https://openai.com/gptbot)"
20.171.207.105 - - [08/Jun/2025:06:49:36 -0600] "GET /dist/images/mask/bg1.jpg?path=%2Fhome%2Ftsgmexic%2Fmail%2F.nax.cur.1465407956_H728986P14394_aker_webserversystems_com%2CS%3D51189%3A2%2CS%2Ftmp HTTP/1.1" 200 44895 "-" "Mozilla/5.0 AppleWebKit/537.36 (KHTML, like Gecko; compatible; GPTBot/1.2; +https://openai.com/gptbot)"
203.26.151.142 - - [08/Jun/2025:06:49:37 -0600] "GET /wp-login.php HTTP/1.1" 200 64636 "-" "Mozilla/5.0 (X11; Ubuntu; Linux x86_64; rv:85.0) Gecko/20100101 Firefox/91.0"
20.171.207.167 - - [08/Jun/2025:06:49:37 -0600] "GET /dist/images/mask/guide/cn/step1.jpg?path=%2F%2Fsys%2Fbus%2Fplatform%2Fdrivers%2Ffw_cfg%2FQEMU0002%3A00%2Ffirmware_node%2Fsubsystem%2Fdevices%2FLNXSYBUS%3A00%2FPNP0A03%3A00%2Fphysical_node%2F0000%3A00%3A01.2%2Fusb1%2F1-1%2F1-1%3A1.0%2F0003%3A0627%3A0001.0001%2Fdriver%2F0003%3A0627%3A0001.0001%2Fdriver%2F0003%3A0627%3A0001.0001%2Fdriver%2F0003%3A0627%3A0001.0001%2Fsubsystem%2Fdevices%2F0003%3A0627%3A0001.0001%2Fdriver%2F0003%3A0627%3A0001.0001%2Fdriver%2F0003%3A0627%3A0001.0001%2Fsubsystem%2Fdrivers%2Fhid-generic%2F0003%3A0627%3A0001.0001%2Fdriver%2F0003%3A0627%3A0001.0001%2Finput%2Finput5%2Fsubsystem%2Finput5%2Fsubsystem%2Finput4%2Fsubsystem%2Fevent1%2Fsubsystem HTTP/1.1" 200 94963 "-" "Mozilla/5.0 AppleWebKit/537.36 (KHTML, like Gecko; compatible; GPTBot/1.2; +https://openai.com/gptbot)"
20.171.207.167 - - [08/Jun/2025:06:49:40 -0600] "GET /dist/images/mask/guide/cn/step1.jpg?path=%2F%2Fsys%2Fbus%2Fplatform%2Fdrivers%2Ffw_cfg%2FQEMU0002%3A00%2Ffirmware_node%2Fsubsystem%2Fdevices%2FLNXSYBUS%3A00%2FPNP0A03%3A00%2Fphysical_node%2F0000%3A00%3A01.2%2Fusb1%2F1-1%2F1-1%3A1.0%2F0003%3A0627%3A0001.0001%2Fdriver%2F0003%3A0627%3A0001.0001%2Fdriver%2F0003%3A0627%3A0001.0001%2Fdriver%2F0003%3A0627%3A0001.0001%2Fsubsystem%2Fdevices%2F0003%3A0627%3A0001.0001%2Fdriver%2F0003%3A0627%3A0001.0001%2Fdriver%2F0003%3A0627%3A0001.0001%2Fsubsystem%2Fdrivers%2Fhid-generic%2F0003%3A0627%3A0001.0001%2Fdriver%2F0003%3A0627%3A0001.0001%2Finput%2Finput5%2Fsubsystem%2Finput5%2Fsubsystem%2Finput4%2Fsubsystem HTTP/1.1" 200 93071 "-" "Mozilla/5.0 AppleWebKit/537.36 (KHTML, like Gecko; compatible; GPTBot/1.2; +https://openai.com/gptbot)"
20.171.207.56 - - [08/Jun/2025:06:49:39 -0600] "GET /?filesrc=%2F%2Fscripts%2Fdcpumon-wrapper&path=%2F%2Fscripts HTTP/1.1" 200 56960 "-" "Mozilla/5.0 AppleWebKit/537.36 (KHTML, like Gecko; compatible; GPTBot/1.2; +https://openai.com/gptbot)"
203.26.151.142 - - [08/Jun/2025:06:49:40 -0600] "POST /wp-login.php HTTP/1.1" 200 64636 "-" "Mozilla/5.0 (X11; Ubuntu; Linux x86_64; rv:85.0) Gecko/20100101 Firefox/91.0"
20.171.207.166 - - [08/Jun/2025:06:49:39 -0600] "GET /?aksi=buatfolder&path=%2Fhome%2Ftsgmexic%2F4pie.com.mx%2Fwp-content%2Fuploads%2Fgravity_forms%2Fc%2Fb%2Ff%2Fc HTTP/1.1" 200 57240 "-" "Mozilla/5.0 AppleWebKit/537.36 (KHTML, like Gecko; compatible; GPTBot/1.2; +https://openai.com/gptbot)"
20.171.207.62 - - [08/Jun/2025:06:49:40 -0600] "GET /dist/images/mask/guide/cn/step1.jpg?path=%2F%2Fsys%2Fbus%2Fplatform%2Fdrivers%2Ffw_cfg%2FQEMU0002%3A00%2Ffirmware_node%2Fsubsystem%2Fdevices%2FLNXSYBUS%3A00%2FPNP0A03%3A00%2Fphysical_node%2F0000%3A00%3A01.2%2Fusb1%2F1-1%2F1-1%3A1.0%2F0003%3A0627%3A0001.0001%2Fdriver%2F0003%3A0627%3A0001.0001%2Fdriver%2F0003%3A0627%3A0001.0001%2Fdriver%2F0003%3A0627%3A0001.0001%2Fsubsystem%2Fdevices%2F0003%3A0627%3A0001.0001%2Fdriver%2F0003%3A0627%3A0001.0001%2Fsubsystem%2Fdevices%2F0003%3A0627%3A0001.0001%2Fhidraw%2Fhidraw0%2Fdevice%2Fdriver%2F0003%3A0627%3A0001.0001%2Fdriver%2F0003%3A0627%3A0001.0001%2Finput%2Finput5%2Fsubsystem%2Finput4%2Fsubsystem%2Fmouse2%2Fpower HTTP/1.1" 200 33367 "-" "Mozilla/5.0 AppleWebKit/537.36 (KHTML, like Gecko; compatible; GPTBot/1.2; +https://openai.com/gptbot)"
20.171.207.105 - - [08/Jun/2025:06:49:42 -0600] "GET /dist/images/mask/bg1.jpg?path=%2Fhome%2Ftsgmexic%2Fmail%2F.mario.cur.1465949491_H89117P57958_aker_webserversystems_com%2CS%3D42960%3A2%2CS%2Ftmp HTTP/1.1" 200 44901 "-" "Mozilla/5.0 AppleWebKit/537.36 (KHTML, like Gecko; compatible; GPTBot/1.2; +https://openai.com/gptbot)"
20.171.207.62 - - [08/Jun/2025:06:49:44 -0600] "GET /dist/images/mask/guide/cn/step1.jpg?path=%2F%2Fsys%2Fbus%2Fplatform%2Fdrivers%2Ffw_cfg%2FQEMU0002%3A00%2Ffirmware_node%2Fsubsystem%2Fdevices%2FLNXSYBUS%3A00%2FPNP0A03%3A00%2Fphysical_node%2F0000%3A00%3A01.2%2Fusb1%2F1-1%2F1-1%3A1.0%2F0003%3A0627%3A0001.0001%2Fdriver%2F0003%3A0627%3A0001.0001%2Fdriver%2F0003%3A0627%3A0001.0001%2Fdriver%2F0003%3A0627%3A0001.0001%2Fsubsystem%2Fdevices%2F0003%3A0627%3A0001.0001%2Fsubsystem%2Fdevices%2F0003%3A0627%3A0001.0001%2Fdriver%2F0003%3A0627%3A0001.0001%2Fdriver%2F0003%3A0627%3A0001.0001%2Finput%2Finput5%2Fdevice%2Fdriver%2F0003%3A0627%3A0001.0001%2Finput%2Finput5%2Fmouse2%2Fsubsystem%2Finput4%2Fmouse0%2Fsubsystem%2Fevent4 HTTP/1.1" 200 32196 "-" "Mozilla/5.0 AppleWebKit/537.36 (KHTML, like Gecko; compatible; GPTBot/1.2; +https://openai.com/gptbot)"
20.171.207.167 - - [08/Jun/2025:06:49:43 -0600] "GET /dist/images/mask/guide/cn/step1.jpg?path=%2F%2Fsys%2Fbus%2Fplatform%2Fdrivers%2Ffw_cfg%2FQEMU0002%3A00%2Ffirmware_node%2Fsubsystem%2Fdevices%2FLNXSYBUS%3A00%2FPNP0A03%3A00%2Fphysical_node%2F0000%3A00%3A01.2%2Fusb1%2F1-1%2F1-1%3A1.0%2F0003%3A0627%3A0001.0001%2Fdriver%2F0003%3A0627%3A0001.0001%2Fdriver%2F0003%3A0627%3A0001.0001%2Fdriver%2F0003%3A0627%3A0001.0001%2Fsubsystem%2Fdevices%2F0003%3A0627%3A0001.0001%2Fdriver%2F0003%3A0627%3A0001.0001%2Fdriver%2F0003%3A0627%3A0001.0001%2Fdriver%2F0003%3A0627%3A0001.0001%2Finput%2Finput5%2Fsubsystem%2Finput4%2Fdevice%2Finput%2Finput4%2Fmouse0%2Fsubsystem%2Fmouse1 HTTP/1.1" 200 67941 "-" "Mozilla/5.0 AppleWebKit/537.36 (KHTML, like Gecko; compatible; GPTBot/1.2; +https://openai.com/gptbot)"
20.171.207.56 - - [08/Jun/2025:06:49:44 -0600] "GET /?filesrc=%2F%2Fscripts%2Fcopy_user_mail_as_user&path=%2F%2Fscripts HTTP/1.1" 200 57565 "-" "Mozilla/5.0 AppleWebKit/537.36 (KHTML, like Gecko; compatible; GPTBot/1.2; +https://openai.com/gptbot)"
20.171.207.166 - - [08/Jun/2025:06:49:45 -0600] "GET /?aksi=buatfolder&path=%2Fhome%2Ftsgmexic%2F4pie.com.mx%2Fwp-content%2Fuploads%2Fgravity_forms%2Fc%2Fb%2Fg%2Fb HTTP/1.1" 200 57240 "-" "Mozilla/5.0 AppleWebKit/537.36 (KHTML, like Gecko; compatible; GPTBot/1.2; +https://openai.com/gptbot)"
20.171.207.167 - - [08/Jun/2025:06:49:46 -0600] "GET /dist/images/mask/guide/cn/step1.jpg?path=%2F%2Fsys%2Fbus%2Fplatform%2Fdrivers%2Ffw_cfg%2FQEMU0002%3A00%2Ffirmware_node%2Fsubsystem%2Fdevices%2FLNXSYBUS%3A00%2FPNP0A03%3A00%2Fphysical_node%2F0000%3A00%3A01.2%2Fusb1%2F1-1%2F1-1%3A1.0%2F0003%3A0627%3A0001.0001%2Fdriver%2F0003%3A0627%3A0001.0001%2Fdriver%2F0003%3A0627%3A0001.0001%2Fdriver%2F0003%3A0627%3A0001.0001%2Fsubsystem%2Fdevices%2F0003%3A0627%3A0001.0001%2Fdriver%2F0003%3A0627%3A0001.0001%2Fdriver%2F0003%3A0627%3A0001.0001%2Fdriver%2F0003%3A0627%3A0001.0001%2Finput%2Finput5%2Fevent4%2Fsubsystem%2Finput5%2Fmouse2%2Fsubsystem%2Finput5%2Fmouse2%2Fpower HTTP/1.1" 200 69633 "-" "Mozilla/5.0 AppleWebKit/537.36 (KHTML, like Gecko; compatible; GPTBot/1.2; +https://openai.com/gptbot)"
20.171.207.56 - - [08/Jun/2025:06:49:48 -0600] "GET /?aksi=buatfolder&path=%2Fhome%2Ftsgmexic%2F4pie.com.mx%2Fwp-content%2Fplugins%2Fcontact-form-7%2Fincludes%2Fblock-editor HTTP/1.1" 200 57165 "-" "Mozilla/5.0 AppleWebKit/537.36 (KHTML, like Gecko; compatible; GPTBot/1.2; +https://openai.com/gptbot)"
20.171.207.105 - - [08/Jun/2025:06:49:47 -0600] "GET /dist/images/mask/bg1.jpg?path=%2Fhome%2Ftsgmexic%2Fmail%2F.nax.cur.1465407956_H728986P14394_aker_webserversystems_com%2CS%3D51189%3A2%2CS%2Fnew HTTP/1.1" 200 44895 "-" "Mozilla/5.0 AppleWebKit/537.36 (KHTML, like Gecko; compatible; GPTBot/1.2; +https://openai.com/gptbot)"
20.171.207.167 - - [08/Jun/2025:06:49:49 -0600] "GET /dist/images/mask/guide/cn/step1.jpg?path=%2F%2Fsys%2Fbus%2Fplatform%2Fdrivers%2Ffw_cfg%2FQEMU0002%3A00%2Ffirmware_node%2Fsubsystem%2Fdevices%2FLNXSYBUS%3A00%2FPNP0A03%3A00%2Fphysical_node%2F0000%3A00%3A01.2%2Fusb1%2F1-1%2F1-1%3A1.0%2F0003%3A0627%3A0001.0001%2Fdriver%2F0003%3A0627%3A0001.0001%2Fdriver%2F0003%3A0627%3A0001.0001%2Fdriver%2F0003%3A0627%3A0001.0001%2Fdriver%2F0003%3A0627%3A0001.0001%2Fsubsystem%2Fdevices%2F0003%3A0627%3A0001.0001%2Fdriver%2F0003%3A0627%3A0001.0001%2Fdriver%2F0003%3A0627%3A0001.0001%2Finput%2Finput5%2Fevent4%2Fdevice%2Fmouse2%2Fdevice%2Fmouse2%2Fsubsystem%2Fevent1%2Fdevice%2Fid HTTP/1.1" 200 67249 "-" "Mozilla/5.0 AppleWebKit/537.36 (KHTML, like Gecko; compatible; GPTBot/1.2; +https://openai.com/gptbot)"
20.171.207.62 - - [08/Jun/2025:06:49:48 -0600] "GET /dist/images/mask/guide/cn/step1.jpg?path=%2F%2Fsys%2Fbus%2Fplatform%2Fdrivers%2Ffw_cfg%2FQEMU0002%3A00%2Ffirmware_node%2Fsubsystem%2Fdevices%2FLNXSYBUS%3A00%2FPNP0A03%3A00%2Fphysical_node%2F0000%3A00%3A01.2%2Fusb1%2F1-1%2F1-1%3A1.0%2F0003%3A0627%3A0001.0001%2Fdriver%2F0003%3A0627%3A0001.0001%2Fdriver%2F0003%3A0627%3A0001.0001%2Fdriver%2F0003%3A0627%3A0001.0001%2Fsubsystem%2Fdevices%2F0003%3A0627%3A0001.0001%2Fdriver%2F0003%3A0627%3A0001.0001%2Fsubsystem%2Fdrivers%2Fhid-generic%2F0003%3A0627%3A0001.0001%2Fdriver%2F0003%3A0627%3A0001.0001%2Fsubsystem%2Fdevices%2F0003%3A0627%3A0001.0001%2Finput%2Finput5%2Fmouse2%2Fsubsystem%2Finput4%2Fpower HTTP/1.1" 200 32271 "-" "Mozilla/5.0 AppleWebKit/537.36 (KHTML, like Gecko; compatible; GPTBot/1.2; +https://openai.com/gptbot)"
20.171.207.166 - - [08/Jun/2025:06:49:50 -0600] "GET /?aksi=buatfolder&path=%2Fhome%2Ftsgmexic%2F4pie.com.mx%2Fwp-content%2Fuploads%2Fgravity_forms%2Fb%2Ff%2Fh%2Fh HTTP/1.1" 200 57240 "-" "Mozilla/5.0 AppleWebKit/537.36 (KHTML, like Gecko; compatible; GPTBot/1.2; +https://openai.com/gptbot)"
20.171.207.167 - - [08/Jun/2025:06:49:52 -0600] "GET /dist/images/mask/guide/cn/step1.jpg?path=%2F%2Fsys%2Fbus%2Fplatform%2Fdrivers%2Ffw_cfg%2FQEMU0002%3A00%2Ffirmware_node%2Fsubsystem%2Fdevices%2FLNXSYBUS%3A00%2FPNP0A03%3A00%2Fphysical_node%2F0000%3A00%3A01.2%2Fusb1%2F1-1%2F1-1%3A1.0%2F0003%3A0627%3A0001.0001%2Fdriver%2F0003%3A0627%3A0001.0001%2Fdriver%2F0003%3A0627%3A0001.0001%2Fdriver%2F0003%3A0627%3A0001.0001%2Fsubsystem%2Fdevices%2F0003%3A0627%3A0001.0001%2Fdriver%2F0003%3A0627%3A0001.0001%2Fdriver%2F0003%3A0627%3A0001.0001%2Fsubsystem%2Fdrivers%2Fhid-generic%2F0003%3A0627%3A0001.0001%2Fdriver%2F0003%3A0627%3A0001.0001%2Finput%2Finput5%2Fsubsystem%2Finput0%2Fsubsystem%2Finput4 HTTP/1.1" 200 88483 "-" "Mozilla/5.0 AppleWebKit/537.36 (KHTML, like Gecko; compatible; GPTBot/1.2; +https://openai.com/gptbot)"
20.171.207.105 - - [08/Jun/2025:06:49:51 -0600] "GET /dist/images/mask/bg1.jpg?path=%2Fhome%2Ftsgmexic%2Fmail%2F.mario.cur.1466020758_H498238P24369_aker_webserversystems_com%2CS%3D8243%3A2%2CS%2Ftmp HTTP/1.1" 200 44901 "-" "Mozilla/5.0 AppleWebKit/537.36 (KHTML, like Gecko; compatible; GPTBot/1.2; +https://openai.com/gptbot)"
20.171.207.56 - - [08/Jun/2025:06:49:51 -0600] "GET /?aksi=buatfile&path=%2Fhome%2Ftsgmexic%2F4pie.com.mx%2Fwp-content%2Fplugins%2Fcontact-form-7%2Fincludes%2Fblock-editor HTTP/1.1" 200 76448 "-" "Mozilla/5.0 AppleWebKit/537.36 (KHTML, like Gecko; compatible; GPTBot/1.2; +https://openai.com/gptbot)"
20.171.207.62 - - [08/Jun/2025:06:49:52 -0600] "GET /dist/images/mask/guide/cn/step1.jpg?path=%2F%2Fsys%2Fbus%2Fplatform%2Fdrivers%2Ffw_cfg%2FQEMU0002%3A00%2Ffirmware_node%2Fsubsystem%2Fdevices%2FLNXSYBUS%3A00%2FPNP0A03%3A00%2Fphysical_node%2F0000%3A00%3A01.2%2Fusb1%2F1-1%2F1-1%3A1.0%2F0003%3A0627%3A0001.0001%2Fdriver%2F0003%3A0627%3A0001.0001%2Fdriver%2F0003%3A0627%3A0001.0001%2Fdriver%2F0003%3A0627%3A0001.0001%2Fsubsystem%2Fdevices%2F0003%3A0627%3A0001.0001%2Fdriver%2F0003%3A0627%3A0001.0001%2Fsubsystem%2Fdevices%2F0003%3A0627%3A0001.0001%2Fhidraw%2Fhidraw0%2Fdevice%2Fdriver%2F0003%3A0627%3A0001.0001%2Fdriver%2F0003%3A0627%3A0001.0001%2Finput%2Finput5%2Fsubsystem%2Finput4%2Fsubsystem%2Finput1%2Fdevice%2Fid HTTP/1.1" 200 30904 "-" "Mozilla/5.0 AppleWebKit/537.36 (KHTML, like Gecko; compatible; GPTBot/1.2; +https://openai.com/gptbot)"
20.171.207.105 - - [08/Jun/2025:06:49:55 -0600] "GET /dist/images/mask/bg1.jpg?path=%2Fhome%2Ftsgmexic%2Fmail%2F.mario.cur.1465949491_H89117P57958_aker_webserversystems_com%2CS%3D42960%3A2%2CS%2Fcur HTTP/1.1" 200 44901 "-" "Mozilla/5.0 AppleWebKit/537.36 (KHTML, like Gecko; compatible; GPTBot/1.2; +https://openai.com/gptbot)"
20.171.207.166 - - [08/Jun/2025:06:49:54 -0600] "GET /?aksi=buatfolder&path=%2Fhome%2Ftsgmexic%2F4pie.com.mx%2Fwp-content%2Fuploads%2Fgravity_forms%2Fh%2Ff%2Fa%2Fd HTTP/1.1" 200 57240 "-" "Mozilla/5.0 AppleWebKit/537.36 (KHTML, like Gecko; compatible; GPTBot/1.2; +https://openai.com/gptbot)"
20.171.207.56 - - [08/Jun/2025:06:49:55 -0600] "GET /?filesrc=%2F%2Fscripts%2Fmagicloader&path=%2F%2Fscripts HTTP/1.1" 200 58147 "-" "Mozilla/5.0 AppleWebKit/537.36 (KHTML, like Gecko; compatible; GPTBot/1.2; +https://openai.com/gptbot)"
20.171.207.167 - - [08/Jun/2025:06:49:55 -0600] "GET /dist/images/mask/guide/cn/step1.jpg?path=%2F%2Fsys%2Fbus%2Fplatform%2Fdrivers%2Ffw_cfg%2FQEMU0002%3A00%2Ffirmware_node%2Fsubsystem%2Fdevices%2FLNXSYBUS%3A00%2FPNP0A03%3A00%2Fphysical_node%2F0000%3A00%3A01.2%2Fusb1%2F1-1%2F1-1%3A1.0%2F0003%3A0627%3A0001.0001%2Fdriver%2F0003%3A0627%3A0001.0001%2Fdriver%2F0003%3A0627%3A0001.0001%2Fdriver%2F0003%3A0627%3A0001.0001%2Fdriver%2F0003%3A0627%3A0001.0001%2Fsubsystem%2Fdevices%2F0003%3A0627%3A0001.0001%2Fdriver%2F0003%3A0627%3A0001.0001%2Fdriver%2F0003%3A0627%3A0001.0001%2Finput%2Finput5%2Fdevice%2Finput%2Finput5%2Fsubsystem%2Fmouse1%2Fsubsystem%2Finput5%2Fevent4 HTTP/1.1" 200 67938 "-" "Mozilla/5.0 AppleWebKit/537.36 (KHTML, like Gecko; compatible; GPTBot/1.2; +https://openai.com/gptbot)"
20.171.207.62 - - [08/Jun/2025:06:49:56 -0600] "GET /dist/images/mask/guide/cn/step1.jpg?path=%2F%2Fsys%2Fbus%2Fplatform%2Fdrivers%2Ffw_cfg%2FQEMU0002%3A00%2Ffirmware_node%2Fsubsystem%2Fdevices%2FLNXSYBUS%3A00%2FPNP0A03%3A00%2Fphysical_node%2F0000%3A00%3A01.2%2Fusb1%2F1-1%2F1-1%3A1.0%2F0003%3A0627%3A0001.0001%2Fdriver%2F0003%3A0627%3A0001.0001%2Fdriver%2F0003%3A0627%3A0001.0001%2Fdriver%2F0003%3A0627%3A0001.0001%2Fsubsystem%2Fdevices%2F0003%3A0627%3A0001.0001%2Fdriver%2F0003%3A0627%3A0001.0001%2Fsubsystem%2Fdrivers%2Fhid-generic%2F0003%3A0627%3A0001.0001%2Fdriver%2F0003%3A0627%3A0001.0001%2Fsubsystem%2Fdevices%2F0003%3A0627%3A0001.0001%2Finput%2Finput5%2Fmouse2%2Fsubsystem%2Finput4%2Fsubsystem%2Fevent0 HTTP/1.1" 200 31231 "-" "Mozilla/5.0 AppleWebKit/537.36 (KHTML, like Gecko; compatible; GPTBot/1.2; +https://openai.com/gptbot)"
20.171.207.167 - - [08/Jun/2025:06:50:00 -0600] "GET /dist/images/mask/guide/cn/step1.jpg?path=%2F%2Fsys%2Fbus%2Fplatform%2Fdrivers%2Ffw_cfg%2FQEMU0002%3A00%2Ffirmware_node%2Fsubsystem%2Fdevices%2FLNXSYBUS%3A00%2FPNP0A03%3A00%2Fphysical_node%2F0000%3A00%3A01.2%2Fusb1%2F1-1%2F1-1%3A1.0%2F0003%3A0627%3A0001.0001%2Fdriver%2F0003%3A0627%3A0001.0001%2Fdriver%2F0003%3A0627%3A0001.0001%2Fdriver%2F0003%3A0627%3A0001.0001%2Fsubsystem%2Fdevices%2F0003%3A0627%3A0001.0001%2Fdriver%2F0003%3A0627%3A0001.0001%2Fsubsystem%2Fdevices%2F0003%3A0627%3A0001.0001%2Fhidraw%2Fhidraw0%2Fdevice%2Fdriver%2F0003%3A0627%3A0001.0001%2Fdriver%2F0003%3A0627%3A0001.0001%2Finput%2Finput5%2Fsubsystem%2Fevent5%2Fsubsystem%2Fevent5 HTTP/1.1" 200 69663 "-" "Mozilla/5.0 AppleWebKit/537.36 (KHTML, like Gecko; compatible; GPTBot/1.2; +https://openai.com/gptbot)"
20.171.207.105 - - [08/Jun/2025:06:49:59 -0600] "GET /dist/images/mask/bg1.jpg?path=%2Fhome%2Ftsgmexic%2Fmail%2F.mario.cur.1466020758_H498238P24369_aker_webserversystems_com%2CS%3D8243%3A2%2CS%2Fcur HTTP/1.1" 200 44901 "-" "Mozilla/5.0 AppleWebKit/537.36 (KHTML, like Gecko; compatible; GPTBot/1.2; +https://openai.com/gptbot)"
20.171.207.62 - - [08/Jun/2025:06:50:04 -0600] "GET /dist/images/mask/guide/cn/step1.jpg?path=%2F%2Fsys%2Fbus%2Fplatform%2Fdrivers%2Ffw_cfg%2FQEMU0002%3A00%2Ffirmware_node%2Fsubsystem%2Fdevices%2FLNXSYBUS%3A00%2FPNP0A03%3A00%2Fphysical_node%2F0000%3A00%3A01.2%2Fusb1%2F1-1%2F1-1%3A1.0%2F0003%3A0627%3A0001.0001%2Fdriver%2F0003%3A0627%3A0001.0001%2Fdriver%2F0003%3A0627%3A0001.0001%2Fdriver%2F0003%3A0627%3A0001.0001%2Fsubsystem%2Fdevices%2F0003%3A0627%3A0001.0001%2Fdriver%2F0003%3A0627%3A0001.0001%2Fsubsystem%2Fdrivers%2Fhid-generic%2F0003%3A0627%3A0001.0001%2Fdriver%2F0003%3A0627%3A0001.0001%2Fsubsystem%2Fdevices%2F0003%3A0627%3A0001.0001%2Finput%2Finput5%2Fmouse2%2Fsubsystem%2Finput4%2Fevent2%2Fdevice%2Fevent2 HTTP/1.1" 200 31813 "-" "Mozilla/5.0 AppleWebKit/537.36 (KHTML, like Gecko; compatible; GPTBot/1.2; +https://openai.com/gptbot)"
20.171.207.56 - - [08/Jun/2025:06:50:00 -0600] "GET /?filesrc=%2F%2Fscripts%2Fcomparecdb&path=%2F%2Fscripts HTTP/1.1" 200 57765 "-" "Mozilla/5.0 AppleWebKit/537.36 (KHTML, like Gecko; compatible; GPTBot/1.2; +https://openai.com/gptbot)"
142.171.127.176 - - [08/Jun/2025:06:50:05 -0600] "POST /wp-cron.php?doing_wp_cron=1749387005.1040689945220947265625 HTTP/1.1" 403 23958 "-" "WordPress/6.8; https://4pie.com.mx"
142.171.127.176 - - [08/Jun/2025:06:50:05 -0600] "POST /wp-cron.php?doing_wp_cron=1749387005.8510789871215820312500 HTTP/1.1" 403 4 "-" "WordPress/6.8; https://4pie.com.mx"
142.171.127.176 - - [08/Jun/2025:06:50:08 -0600] "POST /wp-cron.php?doing_wp_cron=1749387008.3867189884185791015625 HTTP/1.1" 403 23958 "-" "WordPress/6.8; https://4pie.com.mx"
20.171.207.105 - - [08/Jun/2025:06:50:07 -0600] "GET /dist/images/mask/bg1.jpg?path=%2Fhome%2Ftsgmexic%2Fmail%2F.nax.cur.1465324415_H28483P5216_aker_webserversystems_com%2CS%3D273760%3A2%2CS%2Fnew HTTP/1.1" 200 44889 "-" "Mozilla/5.0 AppleWebKit/537.36 (KHTML, like Gecko; compatible; GPTBot/1.2; +https://openai.com/gptbot)"
20.171.207.167 - - [08/Jun/2025:06:50:06 -0600] "GET /dist/images/mask/guide/cn/step1.jpg?path=%2F%2Fsys%2Fbus%2Fplatform%2Fdrivers%2Ffw_cfg%2FQEMU0002%3A00%2Ffirmware_node%2Fsubsystem%2Fdevices%2FLNXSYBUS%3A00%2FPNP0A03%3A00%2Fphysical_node%2F0000%3A00%3A01.2%2Fusb1%2F1-1%2F1-1%3A1.0%2F0003%3A0627%3A0001.0001%2Fdriver%2F0003%3A0627%3A0001.0001%2Fdriver%2F0003%3A0627%3A0001.0001%2Fdriver%2F0003%3A0627%3A0001.0001%2Fsubsystem%2Fdevices%2F0003%3A0627%3A0001.0001%2Fdriver%2F0003%3A0627%3A0001.0001%2Fdriver%2F0003%3A0627%3A0001.0001%2Fsubsystem%2Fdrivers%2Fhid-generic%2F0003%3A0627%3A0001.0001%2Fdriver%2F0003%3A0627%3A0001.0001%2Finput%2Finput5%2Fevent4%2Fsubsystem%2Finput1%2Fsubsystem%2Fmouse0%2Fsubsystem HTTP/1.1" 200 93925 "-" "Mozilla/5.0 AppleWebKit/537.36 (KHTML, like Gecko; compatible; GPTBot/1.2; +https://openai.com/gptbot)"
20.171.207.62 - - [08/Jun/2025:06:50:13 -0600] "GET /dist/images/mask/guide/cn/step1.jpg?path=%2F%2Fsys%2Fbus%2Fplatform%2Fdrivers%2Ffw_cfg%2FQEMU0002%3A00%2Ffirmware_node%2Fsubsystem%2Fdevices%2FLNXSYBUS%3A00%2FPNP0A03%3A00%2Fphysical_node%2F0000%3A00%3A01.2%2Fusb1%2F1-1%2F1-1%3A1.0%2F0003%3A0627%3A0001.0001%2Fdriver%2F0003%3A0627%3A0001.0001%2Fdriver%2F0003%3A0627%3A0001.0001%2Fdriver%2F0003%3A0627%3A0001.0001%2Fsubsystem%2Fdevices%2F0003%3A0627%3A0001.0001%2Fdriver%2F0003%3A0627%3A0001.0001%2Fsubsystem%2Fdrivers%2Fhid-generic%2F0003%3A0627%3A0001.0001%2Fdriver%2F0003%3A0627%3A0001.0001%2Fsubsystem%2Fdevices%2F0003%3A0627%3A0001.0001%2Finput%2Finput5%2Fmouse2%2Fsubsystem%2Finput4%2Fmouse0%2Fdevice HTTP/1.1" 200 51482 "-" "Mozilla/5.0 AppleWebKit/537.36 (KHTML, like Gecko; compatible; GPTBot/1.2; +https://openai.com/gptbot)"
20.171.207.56 - - [08/Jun/2025:06:50:10 -0600] "GET /?filesrc=%2F%2Fscripts%2Frestorepkg&path=%2F%2Fscripts HTTP/1.1" 200 56100 "-" "Mozilla/5.0 AppleWebKit/537.36 (KHTML, like Gecko; compatible; GPTBot/1.2; +https://openai.com/gptbot)"
20.171.207.105 - - [08/Jun/2025:06:50:16 -0600] "GET /dist/images/mask/bg1.jpg?path=%2Fhome%2Ftsgmexic%2Fmail%2F.sergio.cur.1465019438_H725872P819_aker_webserversystems_com%2CS%3D11366%3A2%2CS%2Fcur HTTP/1.1" 200 44901 "-" "Mozilla/5.0 AppleWebKit/537.36 (KHTML, like Gecko; compatible; GPTBot/1.2; +https://openai.com/gptbot)"
20.171.207.167 - - [08/Jun/2025:06:50:16 -0600] "GET /dist/images/mask/guide/cn/step1.jpg?path=%2F%2Fsys%2Fbus%2Fplatform%2Fdrivers%2Ffw_cfg%2FQEMU0002%3A00%2Ffirmware_node%2Fsubsystem%2Fdevices%2FLNXSYBUS%3A00%2FPNP0A03%3A00%2Fphysical_node%2F0000%3A00%3A01.2%2Fusb1%2F1-1%2F1-1%3A1.0%2F0003%3A0627%3A0001.0001%2Fdriver%2F0003%3A0627%3A0001.0001%2Fdriver%2F0003%3A0627%3A0001.0001%2Fdriver%2F0003%3A0627%3A0001.0001%2Fsubsystem%2Fdevices%2F0003%3A0627%3A0001.0001%2Fdriver%2F0003%3A0627%3A0001.0001%2Fdriver%2F0003%3A0627%3A0001.0001%2Fdriver%2F0003%3A0627%3A0001.0001%2Finput%2Finput5%2Fsubsystem%2Finput4%2Fdevice%2Finput%2Finput4%2Fmouse0%2Fsubsystem%2Finput0 HTTP/1.1" 200 85038 "-" "Mozilla/5.0 AppleWebKit/537.36 (KHTML, like Gecko; compatible; GPTBot/1.2; +https://openai.com/gptbot)"
20.171.207.56 - - [08/Jun/2025:06:50:20 -0600] "GET /?filesrc=%2F%2Fscripts%2Fsmartcheck&path=%2F%2Fscripts HTTP/1.1" 200 72129 "-" "Mozilla/5.0 AppleWebKit/537.36 (KHTML, like Gecko; compatible; GPTBot/1.2; +https://openai.com/gptbot)"
20.171.207.62 - - [08/Jun/2025:06:50:20 -0600] "GET /dist/images/mask/guide/cn/step1.jpg?path=%2F%2Fsys%2Fbus%2Fplatform%2Fdrivers%2Ffw_cfg%2FQEMU0002%3A00%2Ffirmware_node%2Fsubsystem%2Fdevices%2FLNXSYBUS%3A00%2FPNP0A03%3A00%2Fphysical_node%2F0000%3A00%3A01.2%2Fusb1%2F1-1%2F1-1%3A1.0%2F0003%3A0627%3A0001.0001%2Fdriver%2F0003%3A0627%3A0001.0001%2Fdriver%2F0003%3A0627%3A0001.0001%2Fdriver%2F0003%3A0627%3A0001.0001%2Fsubsystem%2Fdevices%2F0003%3A0627%3A0001.0001%2Fdriver%2F0003%3A0627%3A0001.0001%2Fsubsystem%2Fdrivers%2Fhid-generic%2F0003%3A0627%3A0001.0001%2Fdriver%2F0003%3A0627%3A0001.0001%2Fsubsystem%2Fdevices%2F0003%3A0627%3A0001.0001%2Finput%2Finput5%2Fmouse2%2Fsubsystem%2Finput4%2Fmouse0%2Fpower HTTP/1.1" 200 32936 "-" "Mozilla/5.0 AppleWebKit/537.36 (KHTML, like Gecko; compatible; GPTBot/1.2; +https://openai.com/gptbot)"
20.171.207.105 - - [08/Jun/2025:06:50:24 -0600] "GET /dist/images/mask/bg1.jpg?path=%2Fhome%2Ftsgmexic%2Fmail%2F.nax.cur.1465324415_H28483P5216_aker_webserversystems_com%2CS%3D273760%3A2%2CS%2Ftmp HTTP/1.1" 200 44889 "-" "Mozilla/5.0 AppleWebKit/537.36 (KHTML, like Gecko; compatible; GPTBot/1.2; +https://openai.com/gptbot)"
20.171.207.167 - - [08/Jun/2025:06:50:26 -0600] "GET /dist/images/mask/guide/cn/step1.jpg?path=%2F%2Fsys%2Fbus%2Fplatform%2Fdrivers%2Ffw_cfg%2FQEMU0002%3A00%2Ffirmware_node%2Fsubsystem%2Fdevices%2FLNXSYBUS%3A00%2FPNP0A03%3A00%2Fphysical_node%2F0000%3A00%3A01.2%2Fusb1%2F1-1%2F1-1%3A1.0%2F0003%3A0627%3A0001.0001%2Fdriver%2F0003%3A0627%3A0001.0001%2Fdriver%2F0003%3A0627%3A0001.0001%2Fdriver%2F0003%3A0627%3A0001.0001%2Fsubsystem%2Fdevices%2F0003%3A0627%3A0001.0001%2Fdriver%2F0003%3A0627%3A0001.0001%2Fdriver%2F0003%3A0627%3A0001.0001%2Fsubsystem%2Fdrivers%2Fhid-generic%2F0003%3A0627%3A0001.0001%2Fsubsystem%2Fdevices%2F0003%3A0627%3A0001.0001%2Finput%2Finput5%2Fevent4%2Fsubsystem%2Finput4%2Fid HTTP/1.1" 200 67972 "-" "Mozilla/5.0 AppleWebKit/537.36 (KHTML, like Gecko; compatible; GPTBot/1.2; +https://openai.com/gptbot)"
20.171.207.62 - - [08/Jun/2025:06:50:27 -0600] "GET /dist/images/mask/guide/cn/step1.jpg?path=%2F%2Fsys%2Fbus%2Fplatform%2Fdrivers%2Ffw_cfg%2FQEMU0002%3A00%2Ffirmware_node%2Fsubsystem%2Fdevices%2FLNXSYBUS%3A00%2FPNP0A03%3A00%2Fphysical_node%2F0000%3A00%3A01.2%2Fusb1%2F1-1%2F1-1%3A1.0%2F0003%3A0627%3A0001.0001%2Fdriver%2F0003%3A0627%3A0001.0001%2Fdriver%2F0003%3A0627%3A0001.0001%2Fdriver%2F0003%3A0627%3A0001.0001%2Fsubsystem%2Fdevices%2F0003%3A0627%3A0001.0001%2Fdriver%2F0003%3A0627%3A0001.0001%2Fsubsystem%2Fdevices%2F0003%3A0627%3A0001.0001%2Fhidraw%2Fhidraw0%2Fdevice%2Fdriver%2F0003%3A0627%3A0001.0001%2Fdriver%2F0003%3A0627%3A0001.0001%2Finput%2Finput5%2Fsubsystem%2Finput4%2Fsubsystem%2Fevent4%2Fdevice%2Fid HTTP/1.1" 200 30948 "-" "Mozilla/5.0 AppleWebKit/537.36 (KHTML, like Gecko; compatible; GPTBot/1.2; +https://openai.com/gptbot)"
20.171.207.56 - - [08/Jun/2025:06:50:29 -0600] "GET /?filesrc=%2F%2Fscripts%2Fmainipcheck&path=%2F%2Fscripts HTTP/1.1" 200 66658 "-" "Mozilla/5.0 AppleWebKit/537.36 (KHTML, like Gecko; compatible; GPTBot/1.2; +https://openai.com/gptbot)"
20.171.207.166 - - [08/Jun/2025:06:50:30 -0600] "GET /?path=%2Fhome%2Ftsgmexic%2F4pie.com.mx%2Fwp-content%2Fuploads%2Fgravity_forms%2Fh%2Fb%2Fd%2Fc%2Fc HTTP/1.1" 200 62254 "-" "Mozilla/5.0 AppleWebKit/537.36 (KHTML, like Gecko; compatible; GPTBot/1.2; +https://openai.com/gptbot)"
20.171.207.105 - - [08/Jun/2025:06:50:31 -0600] "GET /dist/images/mask/bg1.jpg?path=%2Fhome%2Ftsgmexic%2Fmail%2F.nax.cur.1465489386_H651125P13948_aker_webserversystems_com%2CS%3D27941%3A2%2CS%2Ftmp HTTP/1.1" 200 44895 "-" "Mozilla/5.0 AppleWebKit/537.36 (KHTML, like Gecko; compatible; GPTBot/1.2; +https://openai.com/gptbot)"
20.171.207.62 - - [08/Jun/2025:06:50:33 -0600] "GET /dist/images/mask/guide/cn/step1.jpg?path=%2F%2Fsys%2Fbus%2Fplatform%2Fdrivers%2Ffw_cfg%2FQEMU0002%3A00%2Ffirmware_node%2Fsubsystem%2Fdevices%2FLNXSYBUS%3A00%2FPNP0A03%3A00%2Fphysical_node%2F0000%3A00%3A01.2%2Fusb1%2F1-1%2F1-1%3A1.0%2F0003%3A0627%3A0001.0001%2Fdriver%2F0003%3A0627%3A0001.0001%2Fdriver%2F0003%3A0627%3A0001.0001%2Fdriver%2F0003%3A0627%3A0001.0001%2Fsubsystem%2Fdevices%2F0003%3A0627%3A0001.0001%2Fdriver%2F0003%3A0627%3A0001.0001%2Fsubsystem%2Fdevices%2F0003%3A0627%3A0001.0001%2Fhidraw%2Fhidraw0%2Fdevice%2Fdriver%2F0003%3A0627%3A0001.0001%2Fdriver%2F0003%3A0627%3A0001.0001%2Finput%2Finput5%2Fsubsystem%2Finput4%2Fsubsystem%2Fevent2%2Fdevice%2Fid HTTP/1.1" 200 30948 "-" "Mozilla/5.0 AppleWebKit/537.36 (KHTML, like Gecko; compatible; GPTBot/1.2; +https://openai.com/gptbot)"
20.171.207.167 - - [08/Jun/2025:06:50:35 -0600] "GET /dist/images/mask/guide/cn/step1.jpg?path=%2F%2Fsys%2Fbus%2Fplatform%2Fdrivers%2Ffw_cfg%2FQEMU0002%3A00%2Ffirmware_node%2Fsubsystem%2Fdevices%2FLNXSYBUS%3A00%2FPNP0A03%3A00%2Fphysical_node%2F0000%3A00%3A01.2%2Fusb1%2F1-1%2F1-1%3A1.0%2F0003%3A0627%3A0001.0001%2Fdriver%2F0003%3A0627%3A0001.0001%2Fdriver%2F0003%3A0627%3A0001.0001%2Fdriver%2F0003%3A0627%3A0001.0001%2Fsubsystem%2Fdevices%2F0003%3A0627%3A0001.0001%2Fdriver%2F0003%3A0627%3A0001.0001%2Fdriver%2F0003%3A0627%3A0001.0001%2Fsubsystem%2Fdrivers%2Fhid-generic%2F0003%3A0627%3A0001.0001%2Fdriver%2F0003%3A0627%3A0001.0001%2Finput%2Finput5%2Fsubsystem%2Finput5%2Fsubsystem%2Finput4%2Fsubsystem%2Finput5 HTTP/1.1" 200 90307 "-" "Mozilla/5.0 AppleWebKit/537.36 (KHTML, like Gecko; compatible; GPTBot/1.2; +https://openai.com/gptbot)"
14.225.205.165 - - [08/Jun/2025:06:50:37 -0600] "GET /wp-login.php HTTP/1.1" 200 64636 "-" "Mozilla/5.0 (X11; Ubuntu; Linux x86_64; rv:85.0) Gecko/20100101 Firefox/91.0"
20.171.207.56 - - [08/Jun/2025:06:50:37 -0600] "GET /?filesrc=%2F%2Fscripts%2Fcpaddonsup&path=%2F%2Fscripts HTTP/1.1" 200 59542 "-" "Mozilla/5.0 AppleWebKit/537.36 (KHTML, like Gecko; compatible; GPTBot/1.2; +https://openai.com/gptbot)"
20.171.207.105 - - [08/Jun/2025:06:50:37 -0600] "GET /dist/images/mask/bg1.jpg?path=%2Fhome%2Ftsgmexic%2Fmail%2F.nax.cur.1465407956_H728986P14394_aker_webserversystems_com%2CS%3D51189%3A2%2CS%2Fcur HTTP/1.1" 200 44895 "-" "Mozilla/5.0 AppleWebKit/537.36 (KHTML, like Gecko; compatible; GPTBot/1.2; +https://openai.com/gptbot)"
20.171.207.62 - - [08/Jun/2025:06:50:38 -0600] "GET /dist/images/mask/guide/cn/step1.jpg?path=%2F%2Fsys%2Fbus%2Fplatform%2Fdrivers%2Ffw_cfg%2FQEMU0002%3A00%2Ffirmware_node%2Fsubsystem%2Fdevices%2FLNXSYBUS%3A00%2FPNP0A03%3A00%2Fphysical_node%2F0000%3A00%3A01.2%2Fusb1%2F1-1%2F1-1%3A1.0%2F0003%3A0627%3A0001.0001%2Fdriver%2F0003%3A0627%3A0001.0001%2Fdriver%2F0003%3A0627%3A0001.0001%2Fdriver%2F0003%3A0627%3A0001.0001%2Fsubsystem%2Fdevices%2F0003%3A0627%3A0001.0001%2Fdriver%2F0003%3A0627%3A0001.0001%2Fsubsystem%2Fdrivers%2Fhid-generic%2F0003%3A0627%3A0001.0001%2Fdriver%2F0003%3A0627%3A0001.0001%2Fsubsystem%2Fdevices%2F0003%3A0627%3A0001.0001%2Finput%2Finput5%2Fmouse2%2Fsubsystem%2Finput4%2Fmouse0%2Fsubsystem HTTP/1.1" 200 55262 "-" "Mozilla/5.0 AppleWebKit/537.36 (KHTML, like Gecko; compatible; GPTBot/1.2; +https://openai.com/gptbot)"
20.171.207.166 - - [08/Jun/2025:06:50:39 -0600] "GET /?path=%2Fhome%2Ftsgmexic%2F4pie.com.mx%2Fwp-content%2Fuploads%2Fgravity_forms%2Fh%2Fb%2Fa%2Fa HTTP/1.1" 200 59686 "-" "Mozilla/5.0 AppleWebKit/537.36 (KHTML, like Gecko; compatible; GPTBot/1.2; +https://openai.com/gptbot)"
14.225.205.165 - - [08/Jun/2025:06:50:40 -0600] "POST /wp-login.php HTTP/1.1" 200 64636 "-" "Mozilla/5.0 (X11; Ubuntu; Linux x86_64; rv:85.0) Gecko/20100101 Firefox/91.0"
