20.171.207.62 - - [08/Jun/2025:06:30:46 -0600] "GET /dist/images/mask/guide/cn/step1.jpg?path=%2F%2Fsys%2Fbus%2Fplatform%2Fdrivers%2Ffw_cfg%2FQEMU0002%3A00%2Ffirmware_node%2Fsubsystem%2Fdevices%2FLNXSYBUS%3A00%2FPNP0A03%3A00%2Fphysical_node%2F0000%3A00%3A01.2%2Fusb1%2F1-1%2F1-1%3A1.0%2F0003%3A0627%3A0001.0001%2Fdriver%2F0003%3A0627%3A0001.0001%2Fdriver%2F0003%3A0627%3A0001.0001%2Fdriver%2F0003%3A0627%3A0001.0001%2Fsubsystem%2Fdevices%2F0003%3A0627%3A0001.0001%2Fdriver%2F0003%3A0627%3A0001.0001%2Fdriver%2F0003%3A0627%3A0001.0001%2Finput%2Finput5%2Fdevice%2Fsubsystem%2Fdevices%2F0003%3A0627%3A0001.0001%2Fdriver%2F0003%3A0627%3A0001.0001%2Finput%2Finput5%2Fevent4%2Fsubsystem%2Fevent5%2Fsubsystem%2Finput5%2Fpower HTTP/1.1" 200 33950 "-" "Mozilla/5.0 AppleWebKit/537.36 (KHTML, like Gecko; compatible; GPTBot/1.2; +https://openai.com/gptbot)"
20.171.207.56 - - [08/Jun/2025:06:30:48 -0600] "GET /?filesrc=%2F%2Fscripts%2Flistsubdomains&path=%2F%2Fscripts HTTP/1.1" 200 57230 "-" "Mozilla/5.0 AppleWebKit/537.36 (KHTML, like Gecko; compatible; GPTBot/1.2; +https://openai.com/gptbot)"
20.171.207.105 - - [08/Jun/2025:06:30:50 -0600] "GET /dist/images/mask/bg1.jpg?path=%2Fhome%2Ftsgmexic%2Fmail%2F.mario.cur.1466097588_H108699P9619_aker_webserversystems_com%2CS%3D27482%3A2%2CS%2Ftmp HTTP/1.1" 200 44901 "-" "Mozilla/5.0 AppleWebKit/537.36 (KHTML, like Gecko; compatible; GPTBot/1.2; +https://openai.com/gptbot)"
20.171.207.166 - - [08/Jun/2025:06:30:49 -0600] "GET /?aksi=buatfolder&path=%2Fhome%2Ftsgmexic%2F4pie.com.mx%2Fwp-content%2Fuploads%2Fgravity_forms%2Fb%2Ff%2Fh%2Fd HTTP/1.1" 200 57240 "-" "Mozilla/5.0 AppleWebKit/537.36 (KHTML, like Gecko; compatible; GPTBot/1.2; +https://openai.com/gptbot)"
20.171.207.62 - - [08/Jun/2025:06:30:52 -0600] "GET /dist/images/mask/guide/cn/step1.jpg?path=%2F%2Fsys%2Fbus%2Fplatform%2Fdrivers%2Ffw_cfg%2FQEMU0002%3A00%2Ffirmware_node%2Fsubsystem%2Fdevices%2FLNXSYBUS%3A00%2FPNP0A03%3A00%2Fphysical_node%2F0000%3A00%3A01.2%2Fusb1%2F1-1%2F1-1%3A1.0%2F0003%3A0627%3A0001.0001%2Fdriver%2F0003%3A0627%3A0001.0001%2Fdriver%2F0003%3A0627%3A0001.0001%2Fdriver%2F0003%3A0627%3A0001.0001%2Fsubsystem%2Fdevices%2F0003%3A0627%3A0001.0001%2Fdriver%2F0003%3A0627%3A0001.0001%2Fdriver%2F0003%3A0627%3A0001.0001%2Finput%2Finput5%2Fdevice%2Fsubsystem%2Fdevices%2F0003%3A0627%3A0001.0001%2Fdriver%2F0003%3A0627%3A0001.0001%2Finput%2Finput5%2Fevent4%2Fsubsystem%2Fevent5%2Fsubsystem%2Finput3%2Fdevice HTTP/1.1" 200 62342 "-" "Mozilla/5.0 AppleWebKit/537.36 (KHTML, like Gecko; compatible; GPTBot/1.2; +https://openai.com/gptbot)"
20.171.207.167 - - [08/Jun/2025:06:30:53 -0600] "GET /dist/images/mask/guide/cn/step1.jpg?path=%2F%2Fsys%2Fbus%2Fplatform%2Fdrivers%2Ffw_cfg%2FQEMU0002%3A00%2Ffirmware_node%2Fsubsystem%2Fdevices%2FLNXSYBUS%3A00%2FPNP0A03%3A00%2Fphysical_node%2F0000%3A00%3A01.2%2Fusb1%2F1-1%2F1-1%3A1.0%2F0003%3A0627%3A0001.0001%2Fdriver%2F0003%3A0627%3A0001.0001%2Fdriver%2F0003%3A0627%3A0001.0001%2Fdriver%2F0003%3A0627%3A0001.0001%2Fsubsystem%2Fdevices%2F0003%3A0627%3A0001.0001%2Fdriver%2F0003%3A0627%3A0001.0001%2Fdriver%2F0003%3A0627%3A0001.0001%2Fsubsystem%2Fdrivers%2Fhid-generic%2F0003%3A0627%3A0001.0001%2Fsubsystem%2Fdrivers%2Fhid-generic%2F0003%3A0627%3A0001.0001%2Finput%2Finput5%2Fevent4%2Fsubsystem%2Finput1%2Finput1%3A%3Anumlock HTTP/1.1" 200 76000 "-" "Mozilla/5.0 AppleWebKit/537.36 (KHTML, like Gecko; compatible; GPTBot/1.2; +https://openai.com/gptbot)"
20.171.207.105 - - [08/Jun/2025:06:30:54 -0600] "GET /dist/images/mask/bg1.jpg?path=%2Fhome%2Ftsgmexic%2Fmail%2F.mario.cur.1465506297_H526709P40824_aker_webserversystems_com%2CS%3D9251%3A2%2CS%2Fnew HTTP/1.1" 200 44901 "-" "Mozilla/5.0 AppleWebKit/537.36 (KHTML, like Gecko; compatible; GPTBot/1.2; +https://openai.com/gptbot)"
20.171.207.56 - - [08/Jun/2025:06:30:54 -0600] "GET /?filesrc=%2F%2Fscripts%2Fupdatedomainips&path=%2F%2Fscripts HTTP/1.1" 200 56715 "-" "Mozilla/5.0 AppleWebKit/537.36 (KHTML, like Gecko; compatible; GPTBot/1.2; +https://openai.com/gptbot)"
20.171.207.166 - - [08/Jun/2025:06:30:54 -0600] "GET /?aksi=buatfolder&path=%2Fhome%2Ftsgmexic%2F4pie.com.mx%2Fwp-content%2Fuploads%2Fgravity_forms%2Fh%2Ff%2Fb%2Fe HTTP/1.1" 200 57240 "-" "Mozilla/5.0 AppleWebKit/537.36 (KHTML, like Gecko; compatible; GPTBot/1.2; +https://openai.com/gptbot)"
20.171.207.167 - - [08/Jun/2025:06:30:57 -0600] "GET /dist/images/mask/guide/cn/step1.jpg?path=%2F%2Fsys%2Fbus%2Fplatform%2Fdrivers%2Ffw_cfg%2FQEMU0002%3A00%2Ffirmware_node%2Fsubsystem%2Fdevices%2FLNXSYBUS%3A00%2FPNP0A03%3A00%2Fphysical_node%2F0000%3A00%3A01.2%2Fusb1%2F1-1%2F1-1%3A1.0%2F0003%3A0627%3A0001.0001%2Fdriver%2F0003%3A0627%3A0001.0001%2Fdriver%2F0003%3A0627%3A0001.0001%2Fdriver%2F0003%3A0627%3A0001.0001%2Fsubsystem%2Fdevices%2F0003%3A0627%3A0001.0001%2Fdriver%2F0003%3A0627%3A0001.0001%2Fdriver%2F0003%3A0627%3A0001.0001%2Fsubsystem%2Fdrivers%2Fhid-generic%2F0003%3A0627%3A0001.0001%2Fdriver%2F0003%3A0627%3A0001.0001%2Finput%2Finput5%2Fevent4%2Fsubsystem%2Finput3%2Fsubsystem%2Fevent4%2Fsubsystem%2Fmouse0 HTTP/1.1" 200 70575 "-" "Mozilla/5.0 AppleWebKit/537.36 (KHTML, like Gecko; compatible; GPTBot/1.2; +https://openai.com/gptbot)"
20.171.207.62 - - [08/Jun/2025:06:30:57 -0600] "GET /dist/images/mask/guide/cn/step1.jpg?path=%2F%2Fsys%2Fbus%2Fplatform%2Fdrivers%2Ffw_cfg%2FQEMU0002%3A00%2Ffirmware_node%2Fsubsystem%2Fdevices%2FLNXSYBUS%3A00%2FPNP0A03%3A00%2Fphysical_node%2F0000%3A00%3A01.2%2Fusb1%2F1-1%2F1-1%3A1.0%2F0003%3A0627%3A0001.0001%2Fdriver%2F0003%3A0627%3A0001.0001%2Fdriver%2F0003%3A0627%3A0001.0001%2Fdriver%2F0003%3A0627%3A0001.0001%2Fsubsystem%2Fdevices%2F0003%3A0627%3A0001.0001%2Fdriver%2F0003%3A0627%3A0001.0001%2Fdriver%2F0003%3A0627%3A0001.0001%2Finput%2Finput5%2Fdevice%2Fsubsystem%2Fdevices%2F0003%3A0627%3A0001.0001%2Fdriver%2F0003%3A0627%3A0001.0001%2Finput%2Finput5%2Fevent4%2Fsubsystem%2Fevent5%2Fsubsystem%2Finput0%2Fevent0 HTTP/1.1" 200 32155 "-" "Mozilla/5.0 AppleWebKit/537.36 (KHTML, like Gecko; compatible; GPTBot/1.2; +https://openai.com/gptbot)"
20.171.207.105 - - [08/Jun/2025:06:30:58 -0600] "GET /dist/images/mask/bg1.jpg?path=%2Fhome%2Ftsgmexic%2Fmail%2F.mario.cur.1465843037_H952725P8782_aker_webserversystems_com%2CS%3D27164%3A2%2CS%2Fcur HTTP/1.1" 200 44901 "-" "Mozilla/5.0 AppleWebKit/537.36 (KHTML, like Gecko; compatible; GPTBot/1.2; +https://openai.com/gptbot)"
20.171.207.167 - - [08/Jun/2025:06:31:01 -0600] "GET /wp-content/plugins/h5jiz7ib/public/js/cf7-customizer-public.js?ver=1.0.01749385789 HTTP/1.1" 200 2498 "-" "Mozilla/5.0 AppleWebKit/537.36 (KHTML, like Gecko; compatible; GPTBot/1.2; +https://openai.com/gptbot)"
20.171.207.56 - - [08/Jun/2025:06:30:59 -0600] "GET /?filesrc=%2F%2Fscripts%2Funsuspendmysqlusers&path=%2F%2Fscripts HTTP/1.1" 200 63483 "-" "Mozilla/5.0 AppleWebKit/537.36 (KHTML, like Gecko; compatible; GPTBot/1.2; +https://openai.com/gptbot)"
20.171.207.166 - - [08/Jun/2025:06:30:59 -0600] "GET /?aksi=buatfolder&path=%2Fhome%2Ftsgmexic%2F4pie.com.mx%2Fwp-content%2Fuploads%2Fgravity_forms%2Fh%2Fb%2Ff%2Fe HTTP/1.1" 200 57240 "-" "Mozilla/5.0 AppleWebKit/537.36 (KHTML, like Gecko; compatible; GPTBot/1.2; +https://openai.com/gptbot)"
20.171.207.105 - - [08/Jun/2025:06:31:01 -0600] "GET /dist/images/mask/bg1.jpg?path=%2Fhome%2Ftsgmexic%2Fmail%2F.nax.cur.1465884071_H357595P19669_aker_webserversystems_com%2CS%3D13019%3A2%2CS%2Ftmp HTTP/1.1" 200 44895 "-" "Mozilla/5.0 AppleWebKit/537.36 (KHTML, like Gecko; compatible; GPTBot/1.2; +https://openai.com/gptbot)"
20.171.207.62 - - [08/Jun/2025:06:31:02 -0600] "GET /dist/images/mask/guide/cn/step1.jpg?path=%2F%2Fsys%2Fbus%2Fplatform%2Fdrivers%2Ffw_cfg%2FQEMU0002%3A00%2Ffirmware_node%2Fsubsystem%2Fdevices%2FLNXSYBUS%3A00%2FPNP0A03%3A00%2Fphysical_node%2F0000%3A00%3A01.2%2Fusb1%2F1-1%2F1-1%3A1.0%2F0003%3A0627%3A0001.0001%2Fdriver%2F0003%3A0627%3A0001.0001%2Fdriver%2F0003%3A0627%3A0001.0001%2Fdriver%2F0003%3A0627%3A0001.0001%2Fsubsystem%2Fdevices%2F0003%3A0627%3A0001.0001%2Fdriver%2F0003%3A0627%3A0001.0001%2Fdriver%2F0003%3A0627%3A0001.0001%2Finput%2Finput5%2Fdevice%2Fsubsystem%2Fdevices%2F0003%3A0627%3A0001.0001%2Fdriver%2F0003%3A0627%3A0001.0001%2Finput%2Finput5%2Fevent4%2Fsubsystem%2Fevent5%2Fsubsystem%2Fevent4 HTTP/1.1" 200 31504 "-" "Mozilla/5.0 AppleWebKit/537.36 (KHTML, like Gecko; compatible; GPTBot/1.2; +https://openai.com/gptbot)"
20.171.207.167 - - [08/Jun/2025:06:31:04 -0600] "GET /dist/images/mask/guide/cn/step1.jpg?path=%2F%2Fsys%2Fbus%2Fplatform%2Fdrivers%2Ffw_cfg%2FQEMU0002%3A00%2Ffirmware_node%2Fsubsystem%2Fdevices%2FLNXSYBUS%3A00%2FPNP0A03%3A00%2Fphysical_node%2F0000%3A00%3A01.2%2Fusb1%2F1-1%2F1-1%3A1.0%2F0003%3A0627%3A0001.0001%2Fdriver%2F0003%3A0627%3A0001.0001%2Fdriver%2F0003%3A0627%3A0001.0001%2Fdriver%2F0003%3A0627%3A0001.0001%2Fsubsystem%2Fdevices%2F0003%3A0627%3A0001.0001%2Fdriver%2F0003%3A0627%3A0001.0001%2Fdriver%2F0003%3A0627%3A0001.0001%2Fsubsystem%2Fdrivers%2Fhid-generic%2F0003%3A0627%3A0001.0001%2Fdriver%2F0003%3A0627%3A0001.0001%2Finput%2Finput5%2Fevent4%2Fsubsystem%2Finput3%2Fsubsystem%2Fevent3%2Fdevice%2Fmouse1%2Fpower HTTP/1.1" 200 72976 "-" "Mozilla/5.0 AppleWebKit/537.36 (KHTML, like Gecko; compatible; GPTBot/1.2; +https://openai.com/gptbot)"
20.171.207.56 - - [08/Jun/2025:06:31:04 -0600] "GET /?filesrc=%2F%2Fscripts%2Felevate-cpanel&path=%2F%2Fscripts HTTP/1.1" 200 56108 "-" "Mozilla/5.0 AppleWebKit/537.36 (KHTML, like Gecko; compatible; GPTBot/1.2; +https://openai.com/gptbot)"
20.171.207.166 - - [08/Jun/2025:06:31:03 -0600] "GET /?aksi=buatfolder&path=%2Fhome%2Ftsgmexic%2F4pie.com.mx%2Fwp-content%2Fuploads%2Fgravity_forms%2Fh%2Fb%2Ff%2Fa HTTP/1.1" 200 57240 "-" "Mozilla/5.0 AppleWebKit/537.36 (KHTML, like Gecko; compatible; GPTBot/1.2; +https://openai.com/gptbot)"
20.171.207.62 - - [08/Jun/2025:06:31:07 -0600] "GET /dist/images/mask/guide/cn/step1.jpg?path=%2F%2Fsys%2Fbus%2Fplatform%2Fdrivers%2Ffw_cfg%2FQEMU0002%3A00%2Ffirmware_node%2Fsubsystem%2Fdevices%2FLNXSYBUS%3A00%2FPNP0A03%3A00%2Fphysical_node%2F0000%3A00%3A01.2%2Fusb1%2F1-1%2F1-1%3A1.0%2F0003%3A0627%3A0001.0001%2Fdriver%2F0003%3A0627%3A0001.0001%2Fdriver%2F0003%3A0627%3A0001.0001%2Fdriver%2F0003%3A0627%3A0001.0001%2Fsubsystem%2Fdevices%2F0003%3A0627%3A0001.0001%2Fdriver%2F0003%3A0627%3A0001.0001%2Fdriver%2F0003%3A0627%3A0001.0001%2Finput%2Finput5%2Fdevice%2Fsubsystem%2Fdevices%2F0003%3A0627%3A0001.0001%2Fdriver%2F0003%3A0627%3A0001.0001%2Finput%2Finput5%2Fevent4%2Fsubsystem%2Fevent5%2Fsubsystem%2Fevent0 HTTP/1.1" 200 31504 "-" "Mozilla/5.0 AppleWebKit/537.36 (KHTML, like Gecko; compatible; GPTBot/1.2; +https://openai.com/gptbot)"
20.171.207.105 - - [08/Jun/2025:06:31:05 -0600] "GET /dist/images/mask/bg1.jpg?path=%2Fhome%2Ftsgmexic%2Fmail%2F.nax.cur.1465607447_H598219P10645_aker_webserversystems_com%2CS%3D17349%3A2%2CS%2Ftmp HTTP/1.1" 200 44895 "-" "Mozilla/5.0 AppleWebKit/537.36 (KHTML, like Gecko; compatible; GPTBot/1.2; +https://openai.com/gptbot)"
20.171.207.167 - - [08/Jun/2025:06:31:07 -0600] "GET /dist/images/mask/guide/cn/step1.jpg?path=%2F%2Fsys%2Fbus%2Fplatform%2Fdrivers%2Ffw_cfg%2FQEMU0002%3A00%2Ffirmware_node%2Fsubsystem%2Fdevices%2FLNXSYBUS%3A00%2FPNP0A03%3A00%2Fphysical_node%2F0000%3A00%3A01.2%2Fusb1%2F1-1%2F1-1%3A1.0%2F0003%3A0627%3A0001.0001%2Fdriver%2F0003%3A0627%3A0001.0001%2Fdriver%2F0003%3A0627%3A0001.0001%2Fdriver%2F0003%3A0627%3A0001.0001%2Fsubsystem%2Fdevices%2F0003%3A0627%3A0001.0001%2Fdriver%2F0003%3A0627%3A0001.0001%2Fdriver%2F0003%3A0627%3A0001.0001%2Finput%2Finput5%2Fdevice%2Fdriver%2F0003%3A0627%3A0001.0001%2Finput%2Finput5%2Fsubsystem%2Finput3%2Fdevice%2Finput%2Finput3%2Fid HTTP/1.1" 200 67158 "-" "Mozilla/5.0 AppleWebKit/537.36 (KHTML, like Gecko; compatible; GPTBot/1.2; +https://openai.com/gptbot)"
20.171.207.56 - - [08/Jun/2025:06:31:09 -0600] "GET /?filesrc=%2F%2Fscripts%2Fverify_pidfile&path=%2F%2Fscripts HTTP/1.1" 200 58183 "-" "Mozilla/5.0 AppleWebKit/537.36 (KHTML, like Gecko; compatible; GPTBot/1.2; +https://openai.com/gptbot)"
20.171.207.167 - - [08/Jun/2025:06:31:10 -0600] "GET /dist/images/mask/guide/cn/step1.jpg?path=%2F%2Fsys%2Fbus%2Fplatform%2Fdrivers%2Ffw_cfg%2FQEMU0002%3A00%2Ffirmware_node%2Fsubsystem%2Fdevices%2FLNXSYBUS%3A00%2FPNP0A03%3A00%2Fphysical_node%2F0000%3A00%3A01.2%2Fusb1%2F1-1%2F1-1%3A1.0%2F0003%3A0627%3A0001.0001%2Fdriver%2F0003%3A0627%3A0001.0001%2Fdriver%2F0003%3A0627%3A0001.0001%2Fdriver%2F0003%3A0627%3A0001.0001%2Fsubsystem%2Fdevices%2F0003%3A0627%3A0001.0001%2Fdriver%2F0003%3A0627%3A0001.0001%2Fdriver%2F0003%3A0627%3A0001.0001%2Finput%2Finput5%2Fdevice%2Fdriver%2F0003%3A0627%3A0001.0001%2Finput%2Finput5%2Fmouse2%2Fsubsystem%2Finput1%2Fevent1%2Fsubsystem HTTP/1.1" 200 90646 "-" "Mozilla/5.0 AppleWebKit/537.36 (KHTML, like Gecko; compatible; GPTBot/1.2; +https://openai.com/gptbot)"
20.171.207.105 - - [08/Jun/2025:06:31:09 -0600] "GET /dist/images/mask/bg1.jpg?path=%2Fhome%2Ftsgmexic%2Fmail%2F.sergio.cur.1465335860_H99826P64885_aker_webserversystems_com%2CS%3D9967%3A2%2CS%2Ftmp HTTP/1.1" 200 44901 "-" "Mozilla/5.0 AppleWebKit/537.36 (KHTML, like Gecko; compatible; GPTBot/1.2; +https://openai.com/gptbot)"
20.171.207.62 - - [08/Jun/2025:06:31:11 -0600] "GET /dist/images/mask/guide/cn/step1.jpg?path=%2F%2Fsys%2Fbus%2Fplatform%2Fdrivers%2Ffw_cfg%2FQEMU0002%3A00%2Ffirmware_node%2Fsubsystem%2Fdevices%2FLNXSYBUS%3A00%2FPNP0A03%3A00%2Fphysical_node%2F0000%3A00%3A01.2%2Fusb1%2F1-1%2F1-1%3A1.0%2F0003%3A0627%3A0001.0001%2Fdriver%2F0003%3A0627%3A0001.0001%2Fdriver%2F0003%3A0627%3A0001.0001%2Fdriver%2F0003%3A0627%3A0001.0001%2Fsubsystem%2Fdevices%2F0003%3A0627%3A0001.0001%2Fdriver%2F0003%3A0627%3A0001.0001%2Fdriver%2F0003%3A0627%3A0001.0001%2Finput%2Finput5%2Fdevice%2Fsubsystem%2Fdevices%2F0003%3A0627%3A0001.0001%2Fdriver%2F0003%3A0627%3A0001.0001%2Finput%2Finput5%2Fevent4%2Fsubsystem%2Fevent5%2Fdevice%2Fsubsystem HTTP/1.1" 200 55442 "-" "Mozilla/5.0 AppleWebKit/537.36 (KHTML, like Gecko; compatible; GPTBot/1.2; +https://openai.com/gptbot)"
20.171.207.167 - - [08/Jun/2025:06:31:14 -0600] "GET /dist/images/mask/guide/cn/step1.jpg?path=%2F%2Fsys%2Fbus%2Fplatform%2Fdrivers%2Ffw_cfg%2FQEMU0002%3A00%2Ffirmware_node%2Fsubsystem%2Fdevices%2FLNXSYBUS%3A00%2FPNP0A03%3A00%2Fphysical_node%2F0000%3A00%3A01.2%2Fusb1%2F1-1%2F1-1%3A1.0%2F0003%3A0627%3A0001.0001%2Fdriver%2F0003%3A0627%3A0001.0001%2Fdriver%2F0003%3A0627%3A0001.0001%2Fdriver%2F0003%3A0627%3A0001.0001%2Fsubsystem%2Fdevices%2F0003%3A0627%3A0001.0001%2Fdriver%2F0003%3A0627%3A0001.0001%2Fdriver%2F0003%3A0627%3A0001.0001%2Finput%2Finput5%2Fevent4%2Fdevice%2Fdevice%2Fdriver%2F0003%3A0627%3A0001.0001%2Finput%2Finput5%2Fmouse2%2Fdevice%2Fevent4%2Fpower HTTP/1.1" 200 69988 "-" "Mozilla/5.0 AppleWebKit/537.36 (KHTML, like Gecko; compatible; GPTBot/1.2; +https://openai.com/gptbot)"
20.171.207.166 - - [08/Jun/2025:06:31:11 -0600] "GET /?aksi=buatfolder&path=%2Fhome%2Ftsgmexic%2F4pie.com.mx%2Fwp-content%2Fuploads%2Fgravity_forms%2Fh%2Ff%2Fg%2Fg HTTP/1.1" 200 57240 "-" "Mozilla/5.0 AppleWebKit/537.36 (KHTML, like Gecko; compatible; GPTBot/1.2; +https://openai.com/gptbot)"
20.171.207.56 - - [08/Jun/2025:06:31:13 -0600] "GET /?filesrc=%2F%2Fscripts%2Finstall_plugin&path=%2F%2Fscripts HTTP/1.1" 200 59080 "-" "Mozilla/5.0 AppleWebKit/537.36 (KHTML, like Gecko; compatible; GPTBot/1.2; +https://openai.com/gptbot)"
20.171.207.105 - - [08/Jun/2025:06:31:14 -0600] "GET /dist/images/mask/bg1.jpg?path=%2Fhome%2Ftsgmexic%2Fmail%2F.mario.cur.1465506297_H526709P40824_aker_webserversystems_com%2CS%3D9251%3A2%2CS%2Ftmp HTTP/1.1" 200 44901 "-" "Mozilla/5.0 AppleWebKit/537.36 (KHTML, like Gecko; compatible; GPTBot/1.2; +https://openai.com/gptbot)"
20.171.207.62 - - [08/Jun/2025:06:31:16 -0600] "GET /dist/images/mask/guide/cn/step1.jpg?path=%2F%2Fsys%2Fbus%2Fplatform%2Fdrivers%2Ffw_cfg%2FQEMU0002%3A00%2Ffirmware_node%2Fsubsystem%2Fdevices%2FLNXSYBUS%3A00%2FPNP0A03%3A00%2Fphysical_node%2F0000%3A00%3A01.2%2Fusb1%2F1-1%2F1-1%3A1.0%2F0003%3A0627%3A0001.0001%2Fdriver%2F0003%3A0627%3A0001.0001%2Fdriver%2F0003%3A0627%3A0001.0001%2Fdriver%2F0003%3A0627%3A0001.0001%2Fsubsystem%2Fdevices%2F0003%3A0627%3A0001.0001%2Fdriver%2F0003%3A0627%3A0001.0001%2Fdriver%2F0003%3A0627%3A0001.0001%2Finput%2Finput5%2Fdevice%2Fsubsystem%2Fdevices%2F0003%3A0627%3A0001.0001%2Fdriver%2F0003%3A0627%3A0001.0001%2Finput%2Finput5%2Fevent4%2Fsubsystem%2Fevent5%2Fsubsystem%2Finput5%2Fid HTTP/1.1" 200 30865 "-" "Mozilla/5.0 AppleWebKit/537.36 (KHTML, like Gecko; compatible; GPTBot/1.2; +https://openai.com/gptbot)"
20.171.207.167 - - [08/Jun/2025:06:31:17 -0600] "GET /dist/images/mask/guide/cn/step1.jpg?path=%2F%2Fsys%2Fbus%2Fplatform%2Fdrivers%2Ffw_cfg%2FQEMU0002%3A00%2Ffirmware_node%2Fsubsystem%2Fdevices%2FLNXSYBUS%3A00%2FPNP0A03%3A00%2Fphysical_node%2F0000%3A00%3A01.2%2Fusb1%2F1-1%2F1-1%3A1.0%2F0003%3A0627%3A0001.0001%2Fdriver%2F0003%3A0627%3A0001.0001%2Fdriver%2F0003%3A0627%3A0001.0001%2Fdriver%2F0003%3A0627%3A0001.0001%2Fdriver%2F0003%3A0627%3A0001.0001%2Fsubsystem%2Fdevices%2F0003%3A0627%3A0001.0001%2Fdriver%2F0003%3A0627%3A0001.0001%2Fdriver%2F0003%3A0627%3A0001.0001%2Finput%2Finput5%2Fmouse2%2Fsubsystem%2Finput5%2Fevent4%2Fsubsystem%2Finput5%2Fmouse2%2Fpower HTTP/1.1" 200 69638 "-" "Mozilla/5.0 AppleWebKit/537.36 (KHTML, like Gecko; compatible; GPTBot/1.2; +https://openai.com/gptbot)"
20.171.207.56 - - [08/Jun/2025:06:31:18 -0600] "GET /?filesrc=%2F%2Fscripts%2Fgather_update_log_stats&path=%2F%2Fscripts HTTP/1.1" 200 56126 "-" "Mozilla/5.0 AppleWebKit/537.36 (KHTML, like Gecko; compatible; GPTBot/1.2; +https://openai.com/gptbot)"
142.171.127.176 - - [08/Jun/2025:06:31:22 -0600] "POST /wp-cron.php?doing_wp_cron=1749385881.9078469276428222656250 HTTP/1.1" 403 8004 "-" "WordPress/6.8; https://4pie.com.mx"
20.171.207.105 - - [08/Jun/2025:06:31:20 -0600] "GET /dist/images/mask/bg1.jpg?path=%2Fhome%2Ftsgmexic%2Fmail%2F.nax.cur.1465337752_H100169P10158_aker_webserversystems_com%2CS%3D68343%3A2%2CS%2Fcur HTTP/1.1" 200 44895 "-" "Mozilla/5.0 AppleWebKit/537.36 (KHTML, like Gecko; compatible; GPTBot/1.2; +https://openai.com/gptbot)"
20.171.207.167 - - [08/Jun/2025:06:31:20 -0600] "GET /dist/images/mask/guide/cn/step1.jpg?path=%2F%2Fsys%2Fbus%2Fplatform%2Fdrivers%2Ffw_cfg%2FQEMU0002%3A00%2Ffirmware_node%2Fsubsystem%2Fdevices%2FLNXSYBUS%3A00%2FPNP0A03%3A00%2Fphysical_node%2F0000%3A00%3A01.2%2Fusb1%2F1-1%2F1-1%3A1.0%2F0003%3A0627%3A0001.0001%2Fdriver%2F0003%3A0627%3A0001.0001%2Fdriver%2F0003%3A0627%3A0001.0001%2Fdriver%2F0003%3A0627%3A0001.0001%2Fsubsystem%2Fdevices%2F0003%3A0627%3A0001.0001%2Fdriver%2F0003%3A0627%3A0001.0001%2Fdriver%2F0003%3A0627%3A0001.0001%2Finput%2Finput5%2Fdevice%2Fdriver%2F0003%3A0627%3A0001.0001%2Finput%2Finput5%2Fevent4%2Fsubsystem%2Finput3%2Fsubsystem%2Fevent3 HTTP/1.1" 200 67886 "-" "Mozilla/5.0 AppleWebKit/537.36 (KHTML, like Gecko; compatible; GPTBot/1.2; +https://openai.com/gptbot)"
20.171.207.62 - - [08/Jun/2025:06:31:21 -0600] "GET /dist/images/mask/guide/cn/step1.jpg?path=%2F%2Fsys%2Fbus%2Fplatform%2Fdrivers%2Ffw_cfg%2FQEMU0002%3A00%2Ffirmware_node%2Fsubsystem%2Fdevices%2FLNXSYBUS%3A00%2FPNP0A03%3A00%2Fphysical_node%2F0000%3A00%3A01.2%2Fusb1%2F1-1%2F1-1%3A1.0%2F0003%3A0627%3A0001.0001%2Fdriver%2F0003%3A0627%3A0001.0001%2Fdriver%2F0003%3A0627%3A0001.0001%2Fdriver%2F0003%3A0627%3A0001.0001%2Fsubsystem%2Fdevices%2F0003%3A0627%3A0001.0001%2Fdriver%2F0003%3A0627%3A0001.0001%2Fdriver%2F0003%3A0627%3A0001.0001%2Finput%2Finput5%2Fdevice%2Fsubsystem%2Fdevices%2F0003%3A0627%3A0001.0001%2Fdriver%2F0003%3A0627%3A0001.0001%2Finput%2Finput5%2Fevent4%2Fsubsystem%2Fevent5%2Fsubsystem%2Finput1%2Fid HTTP/1.1" 200 30865 "-" "Mozilla/5.0 AppleWebKit/537.36 (KHTML, like Gecko; compatible; GPTBot/1.2; +https://openai.com/gptbot)"
142.171.127.176 - - [08/Jun/2025:06:31:23 -0600] "POST /wp-cron.php?doing_wp_cron=1749385883.5939350128173828125000 HTTP/1.1" 403 4398 "-" "WordPress/6.8; https://4pie.com.mx"
20.171.207.56 - - [08/Jun/2025:06:31:24 -0600] "GET /?filesrc=%2F%2Fscripts%2Fupdatessldomains&path=%2F%2Fscripts HTTP/1.1" 200 58000 "-" "Mozilla/5.0 AppleWebKit/537.36 (KHTML, like Gecko; compatible; GPTBot/1.2; +https://openai.com/gptbot)"
20.171.207.166 - - [08/Jun/2025:06:31:24 -0600] "GET /?aksi=buatfolder&path=%2Fhome%2Ftsgmexic%2F4pie.com.mx%2Fwp-content%2Fuploads%2Fgravity_forms%2Fc%2Fb%2Fg%2Fg HTTP/1.1" 200 57240 "-" "Mozilla/5.0 AppleWebKit/537.36 (KHTML, like Gecko; compatible; GPTBot/1.2; +https://openai.com/gptbot)"
20.171.207.62 - - [08/Jun/2025:06:31:26 -0600] "GET /dist/images/mask/guide/cn/step1.jpg?aksi=buatfile&path=%2F%2Fsys%2Fbus%2Fplatform%2Fdrivers%2Ffw_cfg%2FQEMU0002%3A00%2Ffirmware_node%2Fsubsystem%2Fdevices%2FLNXSYBUS%3A00%2FPNP0A03%3A00%2Fphysical_node%2F0000%3A00%3A01.2%2Fusb1%2F1-1%2F1-1%3A1.0%2F0003%3A0627%3A0001.0001%2Fdriver%2F0003%3A0627%3A0001.0001%2Fdriver%2F0003%3A0627%3A0001.0001%2Fdriver%2F0003%3A0627%3A0001.0001%2Fsubsystem%2Fdevices%2F0003%3A0627%3A0001.0001%2Fdriver%2F0003%3A0627%3A0001.0001%2Fdriver%2F0003%3A0627%3A0001.0001%2Finput%2Finput5%2Fdevice%2Fsubsystem%2Fdevices%2F0003%3A0627%3A0001.0001%2Fdriver%2F0003%3A0627%3A0001.0001%2Finput%2Finput5%2Fevent4%2Fsubsystem%2Fevent5%2Fsubsystem%2Finput0%2Fdevice HTTP/1.1" 200 39577 "-" "Mozilla/5.0 AppleWebKit/537.36 (KHTML, like Gecko; compatible; GPTBot/1.2; +https://openai.com/gptbot)"
20.171.207.167 - - [08/Jun/2025:06:31:25 -0600] "GET /dist/images/mask/guide/cn/step1.jpg?path=%2F%2Fsys%2Fbus%2Fplatform%2Fdrivers%2Ffw_cfg%2FQEMU0002%3A00%2Ffirmware_node%2Fsubsystem%2Fdevices%2FLNXSYBUS%3A00%2FPNP0A03%3A00%2Fphysical_node%2F0000%3A00%3A01.2%2Fusb1%2F1-1%2F1-1%3A1.0%2F0003%3A0627%3A0001.0001%2Fdriver%2F0003%3A0627%3A0001.0001%2Fdriver%2F0003%3A0627%3A0001.0001%2Fdriver%2F0003%3A0627%3A0001.0001%2Fsubsystem%2Fdevices%2F0003%3A0627%3A0001.0001%2Fdriver%2F0003%3A0627%3A0001.0001%2Fdriver%2F0003%3A0627%3A0001.0001%2Fdriver%2F0003%3A0627%3A0001.0001%2Finput%2Finput5%2Fdevice%2Finput%2Finput5%2Fmouse2%2Fsubsystem%2Fevent2%2Fsubsystem%2Fevent2 HTTP/1.1" 200 67927 "-" "Mozilla/5.0 AppleWebKit/537.36 (KHTML, like Gecko; compatible; GPTBot/1.2; +https://openai.com/gptbot)"
20.171.207.56 - - [08/Jun/2025:06:31:30 -0600] "GET /?filesrc=%2F%2Fscripts%2Fremote_log_transfer&path=%2F%2Fscripts HTTP/1.1" 200 68308 "-" "Mozilla/5.0 AppleWebKit/537.36 (KHTML, like Gecko; compatible; GPTBot/1.2; +https://openai.com/gptbot)"
20.171.207.105 - - [08/Jun/2025:06:31:27 -0600] "GET /dist/images/mask/bg1.jpg?path=%2Fhome%2Ftsgmexic%2Fmail%2F.mario.cur.1466032169_H569927P22705_aker_webserversystems_com%2CS%3D8737%3A2%2CS%2Fnew HTTP/1.1" 200 44901 "-" "Mozilla/5.0 AppleWebKit/537.36 (KHTML, like Gecko; compatible; GPTBot/1.2; +https://openai.com/gptbot)"
20.171.207.166 - - [08/Jun/2025:06:31:30 -0600] "GET /?aksi=buatfolder&path=%2Fhome%2Ftsgmexic%2F4pie.com.mx%2Fwp-content%2Fuploads%2Fgravity_forms%2Fc%2Fb%2Fd%2Fc HTTP/1.1" 200 57240 "-" "Mozilla/5.0 AppleWebKit/537.36 (KHTML, like Gecko; compatible; GPTBot/1.2; +https://openai.com/gptbot)"
20.171.207.167 - - [08/Jun/2025:06:31:31 -0600] "GET /dist/images/mask/guide/cn/step1.jpg?path=%2F%2Fsys%2Fbus%2Fplatform%2Fdrivers%2Ffw_cfg%2FQEMU0002%3A00%2Ffirmware_node%2Fsubsystem%2Fdevices%2FLNXSYBUS%3A00%2FPNP0A03%3A00%2Fphysical_node%2F0000%3A00%3A01.2%2Fusb1%2F1-1%2F1-1%3A1.0%2F0003%3A0627%3A0001.0001%2Fdriver%2F0003%3A0627%3A0001.0001%2Fdriver%2F0003%3A0627%3A0001.0001%2Fdriver%2F0003%3A0627%3A0001.0001%2Fsubsystem%2Fdevices%2F0003%3A0627%3A0001.0001%2Fdriver%2F0003%3A0627%3A0001.0001%2Fdriver%2F0003%3A0627%3A0001.0001%2Fsubsystem%2Fdrivers%2Fhid-generic%2F0003%3A0627%3A0001.0001%2Fsubsystem%2Fdrivers%2Fhid-generic%2F0003%3A0627%3A0001.0001%2Finput%2Finput5%2Fsubsystem%2Fmouse0%2Fdevice HTTP/1.1" 200 89640 "-" "Mozilla/5.0 AppleWebKit/537.36 (KHTML, like Gecko; compatible; GPTBot/1.2; +https://openai.com/gptbot)"
20.171.207.62 - - [08/Jun/2025:06:31:32 -0600] "GET /dist/images/mask/guide/cn/step1.jpg?path=%2F%2Fsys%2Fbus%2Fplatform%2Fdrivers%2Ffw_cfg%2FQEMU0002%3A00%2Ffirmware_node%2Fsubsystem%2Fdevices%2FLNXSYBUS%3A00%2FPNP0A03%3A00%2Fphysical_node%2F0000%3A00%3A01.2%2Fusb1%2F1-1%2F1-1%3A1.0%2F0003%3A0627%3A0001.0001%2Fdriver%2F0003%3A0627%3A0001.0001%2Fdriver%2F0003%3A0627%3A0001.0001%2Fdriver%2F0003%3A0627%3A0001.0001%2Fsubsystem%2Fdevices%2F0003%3A0627%3A0001.0001%2Fdriver%2F0003%3A0627%3A0001.0001%2Fdriver%2F0003%3A0627%3A0001.0001%2Finput%2Finput5%2Fdevice%2Fsubsystem%2Fdevices%2F0003%3A0627%3A0001.0001%2Fdriver%2F0003%3A0627%3A0001.0001%2Finput%2Finput5%2Fevent4%2Fsubsystem%2Fevent5%2Fsubsystem%2Finput4%2Fevent2 HTTP/1.1" 200 32155 "-" "Mozilla/5.0 AppleWebKit/537.36 (KHTML, like Gecko; compatible; GPTBot/1.2; +https://openai.com/gptbot)"
20.171.207.105 - - [08/Jun/2025:06:31:33 -0600] "GET /dist/images/mask/bg1.jpg?path=%2Fhome%2Ftsgmexic%2Fmail%2F.nax.cur.1465884071_H357595P19669_aker_webserversystems_com%2CS%3D13019%3A2%2CS%2Fnew HTTP/1.1" 200 44895 "-" "Mozilla/5.0 AppleWebKit/537.36 (KHTML, like Gecko; compatible; GPTBot/1.2; +https://openai.com/gptbot)"
20.171.207.56 - - [08/Jun/2025:06:31:34 -0600] "GET /?filesrc=%2F%2Fscripts%2Fbuildpureftproot&path=%2F%2Fscripts HTTP/1.1" 200 56651 "-" "Mozilla/5.0 AppleWebKit/537.36 (KHTML, like Gecko; compatible; GPTBot/1.2; +https://openai.com/gptbot)"
20.171.207.166 - - [08/Jun/2025:06:31:35 -0600] "GET /?path=%2Fhome%2Ftsgmexic%2F4pie.com.mx%2Fwp-content%2Fuploads%2Fgravity_forms%2Fh%2Fb%2Fe%2Fd HTTP/1.1" 200 59567 "-" "Mozilla/5.0 AppleWebKit/537.36 (KHTML, like Gecko; compatible; GPTBot/1.2; +https://openai.com/gptbot)"
20.171.207.167 - - [08/Jun/2025:06:31:37 -0600] "GET /dist/images/mask/guide/cn/step1.jpg?path=%2F%2Fsys%2Fbus%2Fplatform%2Fdrivers%2Ffw_cfg%2FQEMU0002%3A00%2Ffirmware_node%2Fsubsystem%2Fdevices%2FLNXSYBUS%3A00%2FPNP0A03%3A00%2Fphysical_node%2F0000%3A00%3A01.2%2Fusb1%2F1-1%2F1-1%3A1.0%2F0003%3A0627%3A0001.0001%2Fdriver%2F0003%3A0627%3A0001.0001%2Fdriver%2F0003%3A0627%3A0001.0001%2Fdriver%2F0003%3A0627%3A0001.0001%2Fsubsystem%2Fdevices%2F0003%3A0627%3A0001.0001%2Fdriver%2F0003%3A0627%3A0001.0001%2Fdriver%2F0003%3A0627%3A0001.0001%2Fsubsystem%2Fdrivers%2Fhid-generic%2F0003%3A0627%3A0001.0001%2Fdriver%2F0003%3A0627%3A0001.0001%2Finput%2Finput5%2Fevent4%2Fsubsystem%2Finput4%2Fmouse0%2Fsubsystem%2Fevent5%2Fpower HTTP/1.1" 200 72295 "-" "Mozilla/5.0 AppleWebKit/537.36 (KHTML, like Gecko; compatible; GPTBot/1.2; +https://openai.com/gptbot)"
20.171.207.62 - - [08/Jun/2025:06:31:37 -0600] "GET /dist/images/mask/guide/cn/step1.jpg?path=%2F%2Fsys%2Fbus%2Fplatform%2Fdrivers%2Ffw_cfg%2FQEMU0002%3A00%2Ffirmware_node%2Fsubsystem%2Fdevices%2FLNXSYBUS%3A00%2FPNP0A03%3A00%2Fphysical_node%2F0000%3A00%3A01.2%2Fusb1%2F1-1%2F1-1%3A1.0%2F0003%3A0627%3A0001.0001%2Fdriver%2F0003%3A0627%3A0001.0001%2Fdriver%2F0003%3A0627%3A0001.0001%2Fdriver%2F0003%3A0627%3A0001.0001%2Fsubsystem%2Fdevices%2F0003%3A0627%3A0001.0001%2Fdriver%2F0003%3A0627%3A0001.0001%2Fdriver%2F0003%3A0627%3A0001.0001%2Finput%2Finput5%2Fdevice%2Fsubsystem%2Fdevices%2F0003%3A0627%3A0001.0001%2Fdriver%2F0003%3A0627%3A0001.0001%2Finput%2Finput5%2Fevent4%2Fsubsystem%2Fevent5%2Fsubsystem%2Finput1%2Fevent1 HTTP/1.1" 200 32155 "-" "Mozilla/5.0 AppleWebKit/537.36 (KHTML, like Gecko; compatible; GPTBot/1.2; +https://openai.com/gptbot)"
20.171.207.56 - - [08/Jun/2025:06:31:38 -0600] "GET /?filesrc=%2F%2Fscripts%2Fmanage_greylisting&path=%2F%2Fscripts HTTP/1.1" 200 73623 "-" "Mozilla/5.0 AppleWebKit/537.36 (KHTML, like Gecko; compatible; GPTBot/1.2; +https://openai.com/gptbot)"
20.171.207.105 - - [08/Jun/2025:06:31:39 -0600] "GET /dist/images/mask/bg1.jpg?path=%2Fhome%2Ftsgmexic%2Fmail%2F.nax.cur.1465337752_H100169P10158_aker_webserversystems_com%2CS%3D68343%3A2%2CS%2Ftmp HTTP/1.1" 200 44895 "-" "Mozilla/5.0 AppleWebKit/537.36 (KHTML, like Gecko; compatible; GPTBot/1.2; +https://openai.com/gptbot)"
20.171.207.166 - - [08/Jun/2025:06:31:40 -0600] "GET /?path=%2Fhome%2Ftsgmexic%2F4pie.com.mx%2Fwp-content%2Fuploads%2Fgravity_forms%2Fb%2Ff%2Fg%2Fg HTTP/1.1" 200 58514 "-" "Mozilla/5.0 AppleWebKit/537.36 (KHTML, like Gecko; compatible; GPTBot/1.2; +https://openai.com/gptbot)"
20.171.207.62 - - [08/Jun/2025:06:31:42 -0600] "GET /dist/images/mask/guide/cn/step1.jpg?path=%2F%2Fsys%2Fbus%2Fplatform%2Fdrivers%2Ffw_cfg%2FQEMU0002%3A00%2Ffirmware_node%2Fsubsystem%2Fdevices%2FLNXSYBUS%3A00%2FPNP0A03%3A00%2Fphysical_node%2F0000%3A00%3A01.2%2Fusb1%2F1-1%2F1-1%3A1.0%2F0003%3A0627%3A0001.0001%2Fdriver%2F0003%3A0627%3A0001.0001%2Fdriver%2F0003%3A0627%3A0001.0001%2Fdriver%2F0003%3A0627%3A0001.0001%2Fsubsystem%2Fdevices%2F0003%3A0627%3A0001.0001%2Fdriver%2F0003%3A0627%3A0001.0001%2Fdriver%2F0003%3A0627%3A0001.0001%2Finput%2Finput5%2Fdevice%2Fsubsystem%2Fdevices%2F0003%3A0627%3A0001.0001%2Fdriver%2F0003%3A0627%3A0001.0001%2Finput%2Finput5%2Fevent4%2Fsubsystem%2Fevent5%2Fsubsystem%2Fevent2%2Fdevice HTTP/1.1" 200 52671 "-" "Mozilla/5.0 AppleWebKit/537.36 (KHTML, like Gecko; compatible; GPTBot/1.2; +https://openai.com/gptbot)"
20.171.207.167 - - [08/Jun/2025:06:31:42 -0600] "GET /dist/images/mask/guide/cn/step1.jpg?path=%2F%2Fsys%2Fbus%2Fplatform%2Fdrivers%2Ffw_cfg%2FQEMU0002%3A00%2Ffirmware_node%2Fsubsystem%2Fdevices%2FLNXSYBUS%3A00%2FPNP0A03%3A00%2Fphysical_node%2F0000%3A00%3A01.2%2Fusb1%2F1-1%2F1-1%3A1.0%2F0003%3A0627%3A0001.0001%2Fdriver%2F0003%3A0627%3A0001.0001%2Fdriver%2F0003%3A0627%3A0001.0001%2Fdriver%2F0003%3A0627%3A0001.0001%2Fsubsystem%2Fdevices%2F0003%3A0627%3A0001.0001%2Fdriver%2F0003%3A0627%3A0001.0001%2Fdriver%2F0003%3A0627%3A0001.0001%2Fdriver%2F0003%3A0627%3A0001.0001%2Finput%2Finput5%2Fdevice%2Finput%2Finput5%2Fsubsystem%2Fmouse0%2Fsubsystem%2Finput5%2Fevent4 HTTP/1.1" 200 67933 "-" "Mozilla/5.0 AppleWebKit/537.36 (KHTML, like Gecko; compatible; GPTBot/1.2; +https://openai.com/gptbot)"
20.171.207.56 - - [08/Jun/2025:06:31:42 -0600] "GET /?filesrc=%2F%2Fscripts%2Frestartsrv_pop3&path=%2F%2Fscripts HTTP/1.1" 200 56547 "-" "Mozilla/5.0 AppleWebKit/537.36 (KHTML, like Gecko; compatible; GPTBot/1.2; +https://openai.com/gptbot)"
20.171.207.105 - - [08/Jun/2025:06:31:43 -0600] "GET /dist/images/mask/bg1.jpg?path=%2Fhome%2Ftsgmexic%2Fmail%2F.mario.cur.1465829049_H19644P62068_aker_webserversystems_com%2CS%3D7661%3A2%2CS%2Fnew HTTP/1.1" 200 44895 "-" "Mozilla/5.0 AppleWebKit/537.36 (KHTML, like Gecko; compatible; GPTBot/1.2; +https://openai.com/gptbot)"
20.171.207.166 - - [08/Jun/2025:06:31:45 -0600] "GET /?path=%2Fhome%2Ftsgmexic%2F4pie.com.mx%2Fwp-content%2Fuploads%2Fgravity_forms%2Fb%2Ff%2Fd%2Fd HTTP/1.1" 200 58514 "-" "Mozilla/5.0 AppleWebKit/537.36 (KHTML, like Gecko; compatible; GPTBot/1.2; +https://openai.com/gptbot)"
20.171.207.56 - - [08/Jun/2025:06:31:46 -0600] "GET /?filesrc=%2F%2Fscripts%2Frestartsrv_cpipv6&path=%2F%2Fscripts HTTP/1.1" 200 56114 "-" "Mozilla/5.0 AppleWebKit/537.36 (KHTML, like Gecko; compatible; GPTBot/1.2; +https://openai.com/gptbot)"
20.171.207.62 - - [08/Jun/2025:06:31:46 -0600] "GET /dist/images/mask/guide/cn/step1.jpg?path=%2F%2Fsys%2Fbus%2Fplatform%2Fdrivers%2Ffw_cfg%2FQEMU0002%3A00%2Ffirmware_node%2Fsubsystem%2Fdevices%2FLNXSYBUS%3A00%2FPNP0A03%3A00%2Fphysical_node%2F0000%3A00%3A01.2%2Fusb1%2F1-1%2F1-1%3A1.0%2F0003%3A0627%3A0001.0001%2Fdriver%2F0003%3A0627%3A0001.0001%2Fdriver%2F0003%3A0627%3A0001.0001%2Fdriver%2F0003%3A0627%3A0001.0001%2Fsubsystem%2Fdevices%2F0003%3A0627%3A0001.0001%2Fdriver%2F0003%3A0627%3A0001.0001%2Fdriver%2F0003%3A0627%3A0001.0001%2Finput%2Finput5%2Fdevice%2Fsubsystem%2Fdevices%2F0003%3A0627%3A0001.0001%2Fdriver%2F0003%3A0627%3A0001.0001%2Finput%2Finput5%2Fevent4%2Fsubsystem%2Fevent5%2Fsubsystem%2Finput5%2Fevent4 HTTP/1.1" 200 32155 "-" "Mozilla/5.0 AppleWebKit/537.36 (KHTML, like Gecko; compatible; GPTBot/1.2; +https://openai.com/gptbot)"
20.171.207.167 - - [08/Jun/2025:06:31:47 -0600] "GET /dist/images/mask/guide/cn/step1.jpg?path=%2F%2Fsys%2Fbus%2Fplatform%2Fdrivers%2Ffw_cfg%2FQEMU0002%3A00%2Ffirmware_node%2Fsubsystem%2Fdevices%2FLNXSYBUS%3A00%2FPNP0A03%3A00%2Fphysical_node%2F0000%3A00%3A01.2%2Fusb1%2F1-1%2F1-1%3A1.0%2F0003%3A0627%3A0001.0001%2Fdriver%2F0003%3A0627%3A0001.0001%2Fdriver%2F0003%3A0627%3A0001.0001%2Fdriver%2F0003%3A0627%3A0001.0001%2Fsubsystem%2Fdevices%2F0003%3A0627%3A0001.0001%2Fdriver%2F0003%3A0627%3A0001.0001%2Fdriver%2F0003%3A0627%3A0001.0001%2Fdriver%2F0003%3A0627%3A0001.0001%2Finput%2Finput5%2Fevent4%2Fsubsystem%2Finput0%2Fdevice%2Fsubsystem%2Fdevices%2Fdevice%3A17 HTTP/1.1" 200 73226 "-" "Mozilla/5.0 AppleWebKit/537.36 (KHTML, like Gecko; compatible; GPTBot/1.2; +https://openai.com/gptbot)"
20.171.207.56 - - [08/Jun/2025:06:31:49 -0600] "GET /?filesrc=%2F%2Fscripts%2Fdetect_env_capabilities&path=%2F%2Fscripts HTTP/1.1" 200 56640 "-" "Mozilla/5.0 AppleWebKit/537.36 (KHTML, like Gecko; compatible; GPTBot/1.2; +https://openai.com/gptbot)"
20.171.207.105 - - [08/Jun/2025:06:31:48 -0600] "GET /dist/images/mask/bg1.jpg?path=%2Fhome%2Ftsgmexic%2Fmail%2F.mario.cur.1465843037_H952725P8782_aker_webserversystems_com%2CS%3D27164%3A2%2CS%2Fnew HTTP/1.1" 200 44901 "-" "Mozilla/5.0 AppleWebKit/537.36 (KHTML, like Gecko; compatible; GPTBot/1.2; +https://openai.com/gptbot)"
20.171.207.166 - - [08/Jun/2025:06:31:49 -0600] "GET /?path=%2Fhome%2Ftsgmexic%2F4pie.com.mx%2Fwp-content%2Fuploads%2Fgravity_forms%2Fc%2Fb%2Ff%2Ff HTTP/1.1" 200 58514 "-" "Mozilla/5.0 AppleWebKit/537.36 (KHTML, like Gecko; compatible; GPTBot/1.2; +https://openai.com/gptbot)"
20.171.207.62 - - [08/Jun/2025:06:31:50 -0600] "GET /dist/images/mask/guide/cn/step1.jpg?path=%2F%2Fsys%2Fbus%2Fplatform%2Fdrivers%2Ffw_cfg%2FQEMU0002%3A00%2Ffirmware_node%2Fsubsystem%2Fdevices%2FLNXSYBUS%3A00%2FPNP0A03%3A00%2Fphysical_node%2F0000%3A00%3A01.2%2Fusb1%2F1-1%2F1-1%3A1.0%2F0003%3A0627%3A0001.0001%2Fdriver%2F0003%3A0627%3A0001.0001%2Fdriver%2F0003%3A0627%3A0001.0001%2Fdriver%2F0003%3A0627%3A0001.0001%2Fsubsystem%2Fdevices%2F0003%3A0627%3A0001.0001%2Fdriver%2F0003%3A0627%3A0001.0001%2Fdriver%2F0003%3A0627%3A0001.0001%2Finput%2Finput5%2Fdevice%2Fsubsystem%2Fdevices%2F0003%3A0627%3A0001.0001%2Fdriver%2F0003%3A0627%3A0001.0001%2Finput%2Finput5%2Fevent4%2Fsubsystem%2Fevent5%2Fsubsystem%2Fevent4%2Fdevice HTTP/1.1" 200 52671 "-" "Mozilla/5.0 AppleWebKit/537.36 (KHTML, like Gecko; compatible; GPTBot/1.2; +https://openai.com/gptbot)"
20.171.207.105 - - [08/Jun/2025:06:31:52 -0600] "GET /dist/images/mask/bg1.jpg?path=%2Fhome%2Ftsgmexic%2Fmail%2F.nax.cur.1465607447_H598219P10645_aker_webserversystems_com%2CS%3D17349%3A2%2CS%2Fcur HTTP/1.1" 200 44895 "-" "Mozilla/5.0 AppleWebKit/537.36 (KHTML, like Gecko; compatible; GPTBot/1.2; +https://openai.com/gptbot)"
20.171.207.167 - - [08/Jun/2025:06:31:52 -0600] "GET /dist/images/mask/guide/cn/step1.jpg?path=%2F%2Fsys%2Fbus%2Fplatform%2Fdrivers%2Ffw_cfg%2FQEMU0002%3A00%2Ffirmware_node%2Fsubsystem%2Fdevices%2FLNXSYBUS%3A00%2FPNP0A03%3A00%2Fphysical_node%2F0000%3A00%3A01.2%2Fusb1%2F1-1%2F1-1%3A1.0%2F0003%3A0627%3A0001.0001%2Fdriver%2F0003%3A0627%3A0001.0001%2Fdriver%2F0003%3A0627%3A0001.0001%2Fdriver%2F0003%3A0627%3A0001.0001%2Fsubsystem%2Fdevices%2F0003%3A0627%3A0001.0001%2Fdriver%2F0003%3A0627%3A0001.0001%2Fdriver%2F0003%3A0627%3A0001.0001%2Fhidraw%2Fhidraw0%2Fdevice%2Fsubsystem%2Fdevices%2F0003%3A0627%3A0001.0001%2Fdriver%2F0003%3A0627%3A0001.0001%2Finput%2Finput5%2Fmouse2%2Fdevice%2Fsubsystem%2Finput4%2Fmouse0%2Fdevice HTTP/1.1" 200 91363 "-" "Mozilla/5.0 AppleWebKit/537.36 (KHTML, like Gecko; compatible; GPTBot/1.2; +https://openai.com/gptbot)"
20.171.207.56 - - [08/Jun/2025:06:31:52 -0600] "GET /?filesrc=%2F%2Fscripts%2Fset_mailman_archive_perms&path=%2F%2Fscripts HTTP/1.1" 200 58017 "-" "Mozilla/5.0 AppleWebKit/537.36 (KHTML, like Gecko; compatible; GPTBot/1.2; +https://openai.com/gptbot)"
20.171.207.62 - - [08/Jun/2025:06:31:53 -0600] "GET /dist/images/mask/guide/cn/step1.jpg?path=%2F%2Fsys%2Fbus%2Fplatform%2Fdrivers%2Ffw_cfg%2FQEMU0002%3A00%2Ffirmware_node%2Fsubsystem%2Fdevices%2FLNXSYBUS%3A00%2FPNP0A03%3A00%2Fphysical_node%2F0000%3A00%3A01.2%2Fusb1%2F1-1%2F1-1%3A1.0%2F0003%3A0627%3A0001.0001%2Fdriver%2F0003%3A0627%3A0001.0001%2Fdriver%2F0003%3A0627%3A0001.0001%2Fdriver%2F0003%3A0627%3A0001.0001%2Fsubsystem%2Fdevices%2F0003%3A0627%3A0001.0001%2Fdriver%2F0003%3A0627%3A0001.0001%2Fdriver%2F0003%3A0627%3A0001.0001%2Finput%2Finput5%2Fdevice%2Fsubsystem%2Fdevices%2F0003%3A0627%3A0001.0001%2Fdriver%2F0003%3A0627%3A0001.0001%2Finput%2Finput5%2Fevent4%2Fsubsystem%2Fevent5%2Fsubsystem%2Fevent4%2Fpower HTTP/1.1" 200 33950 "-" "Mozilla/5.0 AppleWebKit/537.36 (KHTML, like Gecko; compatible; GPTBot/1.2; +https://openai.com/gptbot)"
20.171.207.105 - - [08/Jun/2025:06:31:55 -0600] "GET /dist/images/mask/bg1.jpg?path=%2Fhome%2Ftsgmexic%2Fmail%2F.nax.cur.1465884071_H357595P19669_aker_webserversystems_com%2CS%3D13019%3A2%2CS%2Fcur HTTP/1.1" 200 44895 "-" "Mozilla/5.0 AppleWebKit/537.36 (KHTML, like Gecko; compatible; GPTBot/1.2; +https://openai.com/gptbot)"
20.171.207.56 - - [08/Jun/2025:06:31:55 -0600] "GET /?filesrc=%2F%2Fscripts%2Factivesync-invite-reply&path=%2F%2Fscripts HTTP/1.1" 200 57869 "-" "Mozilla/5.0 AppleWebKit/537.36 (KHTML, like Gecko; compatible; GPTBot/1.2; +https://openai.com/gptbot)"
20.171.207.62 - - [08/Jun/2025:06:31:56 -0600] "GET /dist/images/mask/guide/cn/step1.jpg?path=%2F%2Fsys%2Fbus%2Fplatform%2Fdrivers%2Ffw_cfg%2FQEMU0002%3A00%2Ffirmware_node%2Fsubsystem%2Fdevices%2FLNXSYBUS%3A00%2FPNP0A03%3A00%2Fphysical_node%2F0000%3A00%3A01.2%2Fusb1%2F1-1%2F1-1%3A1.0%2F0003%3A0627%3A0001.0001%2Fdriver%2F0003%3A0627%3A0001.0001%2Fdriver%2F0003%3A0627%3A0001.0001%2Fdriver%2F0003%3A0627%3A0001.0001%2Fsubsystem%2Fdevices%2F0003%3A0627%3A0001.0001%2Fdriver%2F0003%3A0627%3A0001.0001%2Fdriver%2F0003%3A0627%3A0001.0001%2Finput%2Finput5%2Fdevice%2Fsubsystem%2Fdevices%2F0003%3A0627%3A0001.0001%2Fdriver%2F0003%3A0627%3A0001.0001%2Finput%2Finput5%2Fevent4%2Fsubsystem%2Fevent5%2Fsubsystem%2Fevent0%2Fsubsystem HTTP/1.1" 200 56472 "-" "Mozilla/5.0 AppleWebKit/537.36 (KHTML, like Gecko; compatible; GPTBot/1.2; +https://openai.com/gptbot)"
20.171.207.167 - - [08/Jun/2025:06:31:56 -0600] "GET /dist/images/mask/guide/cn/step1.jpg?path=%2F%2Fsys%2Fbus%2Fplatform%2Fdrivers%2Ffw_cfg%2FQEMU0002%3A00%2Ffirmware_node%2Fsubsystem%2Fdevices%2FLNXSYBUS%3A00%2FPNP0A03%3A00%2Fphysical_node%2F0000%3A00%3A01.2%2Fusb1%2F1-1%2F1-1%3A1.0%2F0003%3A0627%3A0001.0001%2Fdriver%2F0003%3A0627%3A0001.0001%2Fdriver%2F0003%3A0627%3A0001.0001%2Fdriver%2F0003%3A0627%3A0001.0001%2Fdriver%2F0003%3A0627%3A0001.0001%2Fsubsystem%2Fdevices%2F0003%3A0627%3A0001.0001%2Fdriver%2F0003%3A0627%3A0001.0001%2Finput%2Finput5%2Fsubsystem%2Finput5%2Fdevice%2Fdriver%2F0003%3A0627%3A0001.0001%2Finput%2Finput5%2Fmouse2%2Fsubsystem%2Fevent5 HTTP/1.1" 200 67885 "-" "Mozilla/5.0 AppleWebKit/537.36 (KHTML, like Gecko; compatible; GPTBot/1.2; +https://openai.com/gptbot)"
20.171.207.105 - - [08/Jun/2025:06:31:58 -0600] "GET /dist/images/mask/bg1.jpg?path=%2Fhome%2Ftsgmexic%2Fmail%2F.mario.cur.1466097588_H108699P9619_aker_webserversystems_com%2CS%3D27482%3A2%2CS%2Fnew HTTP/1.1" 200 44901 "-" "Mozilla/5.0 AppleWebKit/537.36 (KHTML, like Gecko; compatible; GPTBot/1.2; +https://openai.com/gptbot)"
20.171.207.62 - - [08/Jun/2025:06:32:00 -0600] "GET /dist/images/mask/guide/cn/step1.jpg?path=%2F%2Fsys%2Fbus%2Fplatform%2Fdrivers%2Ffw_cfg%2FQEMU0002%3A00%2Ffirmware_node%2Fsubsystem%2Fdevices%2FLNXSYBUS%3A00%2FPNP0A03%3A00%2Fphysical_node%2F0000%3A00%3A01.2%2Fusb1%2F1-1%2F1-1%3A1.0%2F0003%3A0627%3A0001.0001%2Fdriver%2F0003%3A0627%3A0001.0001%2Fdriver%2F0003%3A0627%3A0001.0001%2Fdriver%2F0003%3A0627%3A0001.0001%2Fsubsystem%2Fdevices%2F0003%3A0627%3A0001.0001%2Fdriver%2F0003%3A0627%3A0001.0001%2Fdriver%2F0003%3A0627%3A0001.0001%2Finput%2Finput5%2Fdevice%2Fsubsystem%2Fdevices%2F0003%3A0627%3A0001.0001%2Fdriver%2F0003%3A0627%3A0001.0001%2Finput%2Finput5%2Fevent4%2Fsubsystem%2Fevent5%2Fsubsystem%2Fevent0%2Fpower HTTP/1.1" 200 33950 "-" "Mozilla/5.0 AppleWebKit/537.36 (KHTML, like Gecko; compatible; GPTBot/1.2; +https://openai.com/gptbot)"
20.171.207.56 - - [08/Jun/2025:06:31:59 -0600] "GET /?filesrc=%2F%2Fscripts%2Fbackups_create_metadata&path=%2F%2Fscripts HTTP/1.1" 200 72972 "-" "Mozilla/5.0 AppleWebKit/537.36 (KHTML, like Gecko; compatible; GPTBot/1.2; +https://openai.com/gptbot)"
20.171.207.167 - - [08/Jun/2025:06:32:00 -0600] "GET /dist/images/mask/guide/cn/step1.jpg?path=%2F%2Fsys%2Fbus%2Fplatform%2Fdrivers%2Ffw_cfg%2FQEMU0002%3A00%2Ffirmware_node%2Fsubsystem%2Fdevices%2FLNXSYBUS%3A00%2FPNP0A03%3A00%2Fphysical_node%2F0000%3A00%3A01.2%2Fusb1%2F1-1%2F1-1%3A1.0%2F0003%3A0627%3A0001.0001%2Fdriver%2F0003%3A0627%3A0001.0001%2Fdriver%2F0003%3A0627%3A0001.0001%2Fdriver%2F0003%3A0627%3A0001.0001%2Fsubsystem%2Fdevices%2F0003%3A0627%3A0001.0001%2Fdriver%2F0003%3A0627%3A0001.0001%2Fdriver%2F0003%3A0627%3A0001.0001%2Fsubsystem%2Fdrivers%2Fhid-generic%2F0003%3A0627%3A0001.0001%2Fdriver%2F0003%3A0627%3A0001.0001%2Finput%2Finput5%2Fevent4%2Fsubsystem%2Fevent4%2Fdevice%2Fsubsystem%2Finput1 HTTP/1.1" 200 94809 "-" "Mozilla/5.0 AppleWebKit/537.36 (KHTML, like Gecko; compatible; GPTBot/1.2; +https://openai.com/gptbot)"
20.171.207.105 - - [08/Jun/2025:06:32:04 -0600] "GET /dist/images/mask/bg1.jpg?path=%2Fhome%2Ftsgmexic%2Fmail%2F.nax.cur.1465607447_H598219P10645_aker_webserversystems_com%2CS%3D17349%3A2%2CS%2Fnew HTTP/1.1" 200 44895 "-" "Mozilla/5.0 AppleWebKit/537.36 (KHTML, like Gecko; compatible; GPTBot/1.2; +https://openai.com/gptbot)"
20.171.207.56 - - [08/Jun/2025:06:32:04 -0600] "GET /?filesrc=%2F%2Fscripts%2Finstallsqlite3&path=%2F%2Fscripts HTTP/1.1" 200 58087 "-" "Mozilla/5.0 AppleWebKit/537.36 (KHTML, like Gecko; compatible; GPTBot/1.2; +https://openai.com/gptbot)"
20.171.207.62 - - [08/Jun/2025:06:32:04 -0600] "GET /dist/images/mask/guide/cn/step1.jpg?path=%2F%2Fsys%2Fbus%2Fplatform%2Fdrivers%2Ffw_cfg%2FQEMU0002%3A00%2Ffirmware_node%2Fsubsystem%2Fdevices%2FLNXSYBUS%3A00%2FPNP0A03%3A00%2Fphysical_node%2F0000%3A00%3A01.2%2Fusb1%2F1-1%2F1-1%3A1.0%2F0003%3A0627%3A0001.0001%2Fdriver%2F0003%3A0627%3A0001.0001%2Fdriver%2F0003%3A0627%3A0001.0001%2Fdriver%2F0003%3A0627%3A0001.0001%2Fsubsystem%2Fdevices%2F0003%3A0627%3A0001.0001%2Fdriver%2F0003%3A0627%3A0001.0001%2Fdriver%2F0003%3A0627%3A0001.0001%2Finput%2Finput5%2Fdevice%2Fsubsystem%2Fdevices%2F0003%3A0627%3A0001.0001%2Fdriver%2F0003%3A0627%3A0001.0001%2Finput%2Finput5%2Fevent4%2Fsubsystem%2Fevent5%2Fsubsystem%2Fevent5%2Fpower HTTP/1.1" 200 33950 "-" "Mozilla/5.0 AppleWebKit/537.36 (KHTML, like Gecko; compatible; GPTBot/1.2; +https://openai.com/gptbot)"
20.171.207.166 - - [08/Jun/2025:06:32:05 -0600] "GET /?path=%2Fhome%2Ftsgmexic%2F4pie.com.mx%2Fwp-content%2Fuploads%2Fgravity_forms%2Fh%2Ff%2Fg%2Fa HTTP/1.1" 200 58514 "-" "Mozilla/5.0 AppleWebKit/537.36 (KHTML, like Gecko; compatible; GPTBot/1.2; +https://openai.com/gptbot)"
20.171.207.167 - - [08/Jun/2025:06:32:06 -0600] "GET /dist/images/mask/guide/cn/step1.jpg?path=%2F%2Fsys%2Fbus%2Fplatform%2Fdrivers%2Ffw_cfg%2FQEMU0002%3A00%2Ffirmware_node%2Fsubsystem%2Fdevices%2FLNXSYBUS%3A00%2FPNP0A03%3A00%2Fphysical_node%2F0000%3A00%3A01.2%2Fusb1%2F1-1%2F1-1%3A1.0%2F0003%3A0627%3A0001.0001%2Fdriver%2F0003%3A0627%3A0001.0001%2Fdriver%2F0003%3A0627%3A0001.0001%2Fdriver%2F0003%3A0627%3A0001.0001%2Fdriver%2F0003%3A0627%3A0001.0001%2Fsubsystem%2Fdevices%2F0003%3A0627%3A0001.0001%2Fdriver%2F0003%3A0627%3A0001.0001%2Fdriver%2F0003%3A0627%3A0001.0001%2Finput%2Finput5%2Fdevice%2Finput%2Finput5%2Fmouse2%2Fsubsystem%2Finput5%2Fsubsystem%2Fevent4 HTTP/1.1" 200 67932 "-" "Mozilla/5.0 AppleWebKit/537.36 (KHTML, like Gecko; compatible; GPTBot/1.2; +https://openai.com/gptbot)"
20.171.207.62 - - [08/Jun/2025:06:32:08 -0600] "GET /dist/images/mask/guide/cn/step1.jpg?path=%2F%2Fsys%2Fbus%2Fplatform%2Fdrivers%2Ffw_cfg%2FQEMU0002%3A00%2Ffirmware_node%2Fsubsystem%2Fdevices%2FLNXSYBUS%3A00%2FPNP0A03%3A00%2Fphysical_node%2F0000%3A00%3A01.2%2Fusb1%2F1-1%2F1-1%3A1.0%2F0003%3A0627%3A0001.0001%2Fdriver%2F0003%3A0627%3A0001.0001%2Fdriver%2F0003%3A0627%3A0001.0001%2Fdriver%2F0003%3A0627%3A0001.0001%2Fsubsystem%2Fdevices%2F0003%3A0627%3A0001.0001%2Fdriver%2F0003%3A0627%3A0001.0001%2Fdriver%2F0003%3A0627%3A0001.0001%2Finput%2Finput5%2Fdevice%2Fsubsystem%2Fdevices%2F0003%3A0627%3A0001.0001%2Fdriver%2F0003%3A0627%3A0001.0001%2Finput%2Finput5%2Fevent4%2Fsubsystem%2Fevent5%2Fdevice%2Fsubsystem%2Finput5 HTTP/1.1" 200 52668 "-" "Mozilla/5.0 AppleWebKit/537.36 (KHTML, like Gecko; compatible; GPTBot/1.2; +https://openai.com/gptbot)"
20.171.207.105 - - [08/Jun/2025:06:32:09 -0600] "GET /dist/images/mask/bg1.jpg?path=%2Fhome%2Ftsgmexic%2Fmail%2F.nax.cur.1465337752_H100169P10158_aker_webserversystems_com%2CS%3D68343%3A2%2CS%2Fnew HTTP/1.1" 200 44895 "-" "Mozilla/5.0 AppleWebKit/537.36 (KHTML, like Gecko; compatible; GPTBot/1.2; +https://openai.com/gptbot)"
20.171.207.56 - - [08/Jun/2025:06:32:11 -0600] "GET /?filesrc=%2F%2Fscripts%2Funinstall_cpanel_analytics&path=%2F%2Fscripts HTTP/1.1" 200 57397 "-" "Mozilla/5.0 AppleWebKit/537.36 (KHTML, like Gecko; compatible; GPTBot/1.2; +https://openai.com/gptbot)"
20.171.207.62 - - [08/Jun/2025:06:32:13 -0600] "GET /dist/images/mask/guide/cn/step1.jpg?path=%2F%2Fsys%2Fbus%2Fplatform%2Fdrivers%2Ffw_cfg%2FQEMU0002%3A00%2Ffirmware_node%2Fsubsystem%2Fdevices%2FLNXSYBUS%3A00%2FPNP0A03%3A00%2Fphysical_node%2F0000%3A00%3A01.2%2Fusb1%2F1-1%2F1-1%3A1.0%2F0003%3A0627%3A0001.0001%2Fdriver%2F0003%3A0627%3A0001.0001%2Fdriver%2F0003%3A0627%3A0001.0001%2Fdriver%2F0003%3A0627%3A0001.0001%2Fsubsystem%2Fdevices%2F0003%3A0627%3A0001.0001%2Fdriver%2F0003%3A0627%3A0001.0001%2Fdriver%2F0003%3A0627%3A0001.0001%2Finput%2Finput5%2Fdevice%2Fsubsystem%2Fdevices%2F0003%3A0627%3A0001.0001%2Fdriver%2F0003%3A0627%3A0001.0001%2Finput%2Finput5%2Fevent4%2Fsubsystem%2Fevent5%2Fdevice%2Fsubsystem%2Fevent3 HTTP/1.1" 200 32152 "-" "Mozilla/5.0 AppleWebKit/537.36 (KHTML, like Gecko; compatible; GPTBot/1.2; +https://openai.com/gptbot)"
20.171.207.167 - - [08/Jun/2025:06:32:13 -0600] "GET /dist/images/mask/guide/cn/step1.jpg?path=%2F%2Fsys%2Fbus%2Fplatform%2Fdrivers%2Ffw_cfg%2FQEMU0002%3A00%2Ffirmware_node%2Fsubsystem%2Fdevices%2FLNXSYBUS%3A00%2FPNP0A03%3A00%2Fphysical_node%2F0000%3A00%3A01.2%2Fusb1%2F1-1%2F1-1%3A1.0%2F0003%3A0627%3A0001.0001%2Fdriver%2F0003%3A0627%3A0001.0001%2Fdriver%2F0003%3A0627%3A0001.0001%2Fdriver%2F0003%3A0627%3A0001.0001%2Fdriver%2F0003%3A0627%3A0001.0001%2Fsubsystem%2Fdevices%2F0003%3A0627%3A0001.0001%2Fdriver%2F0003%3A0627%3A0001.0001%2Fdriver%2F0003%3A0627%3A0001.0001%2Finput%2Finput5%2Fmouse2%2Fdevice%2Fsubsystem%2Fevent5%2Fsubsystem%2Finput6%2Fevent5%2Fpower HTTP/1.1" 200 69635 "-" "Mozilla/5.0 AppleWebKit/537.36 (KHTML, like Gecko; compatible; GPTBot/1.2; +https://openai.com/gptbot)"
20.171.207.105 - - [08/Jun/2025:06:32:14 -0600] "GET /dist/images/mask/bg1.jpg?path=%2Fhome%2Ftsgmexic%2Fmail%2F.mario.cur.1465506297_H526709P40824_aker_webserversystems_com%2CS%3D9251%3A2%2CS%2Fcur HTTP/1.1" 200 44901 "-" "Mozilla/5.0 AppleWebKit/537.36 (KHTML, like Gecko; compatible; GPTBot/1.2; +https://openai.com/gptbot)"
20.171.207.56 - - [08/Jun/2025:06:32:16 -0600] "GET /?filesrc=%2F%2Fscripts%2Fvalidate_sshkey_passphrase&path=%2F%2Fscripts HTTP/1.1" 200 57394 "-" "Mozilla/5.0 AppleWebKit/537.36 (KHTML, like Gecko; compatible; GPTBot/1.2; +https://openai.com/gptbot)"
20.171.207.166 - - [08/Jun/2025:06:32:16 -0600] "GET /?path=%2Fhome%2Ftsgmexic%2F4pie.com.mx%2Fwp-content%2Fuploads%2Fgravity_forms%2Fh%2Fb%2Fd%2Ff HTTP/1.1" 200 58514 "-" "Mozilla/5.0 AppleWebKit/537.36 (KHTML, like Gecko; compatible; GPTBot/1.2; +https://openai.com/gptbot)"
20.171.207.62 - - [08/Jun/2025:06:32:17 -0600] "GET /dist/images/mask/guide/cn/step1.jpg?path=%2F%2Fsys%2Fbus%2Fplatform%2Fdrivers%2Ffw_cfg%2FQEMU0002%3A00%2Ffirmware_node%2Fsubsystem%2Fdevices%2FLNXSYBUS%3A00%2FPNP0A03%3A00%2Fphysical_node%2F0000%3A00%3A01.2%2Fusb1%2F1-1%2F1-1%3A1.0%2F0003%3A0627%3A0001.0001%2Fdriver%2F0003%3A0627%3A0001.0001%2Fdriver%2F0003%3A0627%3A0001.0001%2Fdriver%2F0003%3A0627%3A0001.0001%2Fsubsystem%2Fdevices%2F0003%3A0627%3A0001.0001%2Fdriver%2F0003%3A0627%3A0001.0001%2Fdriver%2F0003%3A0627%3A0001.0001%2Finput%2Finput5%2Fdevice%2Fsubsystem%2Fdevices%2F0003%3A0627%3A0001.0001%2Fdriver%2F0003%3A0627%3A0001.0001%2Finput%2Finput5%2Fevent4%2Fsubsystem%2Fevent5%2Fdevice%2Fsubsystem%2Finput6 HTTP/1.1" 200 50374 "-" "Mozilla/5.0 AppleWebKit/537.36 (KHTML, like Gecko; compatible; GPTBot/1.2; +https://openai.com/gptbot)"
20.171.207.105 - - [08/Jun/2025:06:32:19 -0600] "GET /dist/images/mask/bg1.jpg?path=%2Fhome%2Ftsgmexic%2Fmail%2F.mario.cur.1466045594_H918590P21526_aker_webserversystems_com%2CS%3D5982%3A2%2CS%2Fnew HTTP/1.1" 200 44901 "-" "Mozilla/5.0 AppleWebKit/537.36 (KHTML, like Gecko; compatible; GPTBot/1.2; +https://openai.com/gptbot)"
20.171.207.167 - - [08/Jun/2025:06:32:19 -0600] "GET /dist/images/mask/guide/cn/step1.jpg?path=%2F%2Fsys%2Fbus%2Fplatform%2Fdrivers%2Ffw_cfg%2FQEMU0002%3A00%2Ffirmware_node%2Fsubsystem%2Fdevices%2FLNXSYBUS%3A00%2FPNP0A03%3A00%2Fphysical_node%2F0000%3A00%3A01.2%2Fusb1%2F1-1%2F1-1%3A1.0%2F0003%3A0627%3A0001.0001%2Fdriver%2F0003%3A0627%3A0001.0001%2Fdriver%2F0003%3A0627%3A0001.0001%2Fdriver%2F0003%3A0627%3A0001.0001%2Fdriver%2F0003%3A0627%3A0001.0001%2Fsubsystem%2Fdevices%2F0003%3A0627%3A0001.0001%2Fdriver%2F0003%3A0627%3A0001.0001%2Fdriver%2F0003%3A0627%3A0001.0001%2Finput%2Finput5%2Fsubsystem%2Fevent4%2Fdevice%2Fmouse2%2Fsubsystem%2Finput6%2Fevent5%2Fpower HTTP/1.1" 200 69641 "-" "Mozilla/5.0 AppleWebKit/537.36 (KHTML, like Gecko; compatible; GPTBot/1.2; +https://openai.com/gptbot)"
20.171.207.166 - - [08/Jun/2025:06:32:21 -0600] "GET /?aksi=buatfile&path=%2Fhome%2Ftsgmexic%2F4pie.com.mx%2Fwp-content%2Fuploads%2Fgravity_forms%2Fh%2Fb%2Fe%2Fd HTTP/1.1" 200 59586 "-" "Mozilla/5.0 AppleWebKit/537.36 (KHTML, like Gecko; compatible; GPTBot/1.2; +https://openai.com/gptbot)"
20.171.207.56 - - [08/Jun/2025:06:32:21 -0600] "GET /?filesrc=%2F%2Fscripts%2Fspamassassin_dbm_cleaner&path=%2F%2Fscripts HTTP/1.1" 200 62435 "-" "Mozilla/5.0 AppleWebKit/537.36 (KHTML, like Gecko; compatible; GPTBot/1.2; +https://openai.com/gptbot)"
