20.171.207.167 - - [08/Jun/2025:07:11:31 -0600] "GET /dist/images/mask/guide/cn/step1.jpg?path=%2F%2Fsys%2Fbus%2Fplatform%2Fdrivers%2Ffw_cfg%2FQEMU0002%3A00%2Ffirmware_node%2Fsubsystem%2Fdevices%2FLNXSYBUS%3A00%2FPNP0A03%3A00%2Fphysical_node%2F0000%3A00%3A01.2%2Fusb1%2F1-1%2F1-1%3A1.0%2F0003%3A0627%3A0001.0001%2Fdriver%2F0003%3A0627%3A0001.0001%2Fdriver%2F0003%3A0627%3A0001.0001%2Fdriver%2F0003%3A0627%3A0001.0001%2Fsubsystem%2Fdevices%2F0003%3A0627%3A0001.0001%2Fdriver%2F0003%3A0627%3A0001.0001%2Fdriver%2F0003%3A0627%3A0001.0001%2Fdriver%2F0003%3A0627%3A0001.0001%2Finput%2Finput5%2Fmouse2%2Fsubsystem%2Finput1%2Fdevice%2Finput%2Finput1%2Fsubsystem%2Finput4 HTTP/1.1" 200 87195 "-" "Mozilla/5.0 AppleWebKit/537.36 (KHTML, like Gecko; compatible; GPTBot/1.2; +https://openai.com/gptbot)"
20.171.207.105 - - [08/Jun/2025:07:11:30 -0600] "GET /dist/images/mask/bg1.jpg?path=%2Fhome%2Ftsgmexic%2Fmail%2F.edwin.cur.1465232597_H789665P1397_aker_webserversystems_com%2CS%3D15101%3A2%2CS%2Ftmp HTTP/1.1" 200 44901 "-" "Mozilla/5.0 AppleWebKit/537.36 (KHTML, like Gecko; compatible; GPTBot/1.2; +https://openai.com/gptbot)"
20.171.207.62 - - [08/Jun/2025:07:11:34 -0600] "GET /dist/images/mask/guide/cn/step1.jpg?path=%2F%2Fsys%2Fbus%2Fplatform%2Fdrivers%2Ffw_cfg%2FQEMU0002%3A00%2Ffirmware_node%2Fsubsystem%2Fdevices%2FLNXSYBUS%3A00%2FPNP0A03%3A00%2Fphysical_node%2F0000%3A00%3A01.2%2Fusb1%2F1-1%2F1-1%3A1.0%2F0003%3A0627%3A0001.0001%2Fdriver%2F0003%3A0627%3A0001.0001%2Fdriver%2F0003%3A0627%3A0001.0001%2Fdriver%2F0003%3A0627%3A0001.0001%2Fsubsystem%2Fdevices%2F0003%3A0627%3A0001.0001%2Fdriver%2F0003%3A0627%3A0001.0001%2Fsubsystem%2Fdrivers%2Fhid-generic%2F0003%3A0627%3A0001.0001%2Fdriver%2F0003%3A0627%3A0001.0001%2Fsubsystem%2Fdevices%2F0003%3A0627%3A0001.0001%2Finput%2Finput5%2Fmouse2%2Fsubsystem%2Finput5%2Fevent4 HTTP/1.1" 200 30518 "-" "Mozilla/5.0 AppleWebKit/537.36 (KHTML, like Gecko; compatible; GPTBot/1.2; +https://openai.com/gptbot)"
20.171.207.166 - - [08/Jun/2025:07:11:38 -0600] "GET /?aksi=ransom&path=%2Fhome%2Ftsgmexic%2F4pie.com.mx%2Fwp-content%2Fuploads%2Fgravity_forms%2Fh%2Fb%2Fa%2Ff HTTP/1.1" 200 59704 "-" "Mozilla/5.0 AppleWebKit/537.36 (KHTML, like Gecko; compatible; GPTBot/1.2; +https://openai.com/gptbot)"
20.171.207.62 - - [08/Jun/2025:07:11:39 -0600] "GET /dist/images/mask/guide/cn/step1.jpg?path=%2F%2Fsys%2Fbus%2Fplatform%2Fdrivers%2Ffw_cfg%2FQEMU0002%3A00%2Ffirmware_node%2Fsubsystem%2Fdevices%2FLNXSYBUS%3A00%2FPNP0A03%3A00%2Fphysical_node%2F0000%3A00%3A01.2%2Fusb1%2F1-1%2F1-1%3A1.0%2F0003%3A0627%3A0001.0001%2Fdriver%2F0003%3A0627%3A0001.0001%2Fdriver%2F0003%3A0627%3A0001.0001%2Fdriver%2F0003%3A0627%3A0001.0001%2Fsubsystem%2Fdevices%2F0003%3A0627%3A0001.0001%2Fdriver%2F0003%3A0627%3A0001.0001%2Fsubsystem%2Fdrivers%2Fhid-generic%2F0003%3A0627%3A0001.0001%2Fdriver%2F0003%3A0627%3A0001.0001%2Fsubsystem%2Fdevices%2F0003%3A0627%3A0001.0001%2Finput%2Finput5%2Fmouse2%2Fsubsystem%2Fmouse1%2Fsubsystem%2Finput4 HTTP/1.1" 200 51635 "-" "Mozilla/5.0 AppleWebKit/537.36 (KHTML, like Gecko; compatible; GPTBot/1.2; +https://openai.com/gptbot)"
20.171.207.167 - - [08/Jun/2025:07:11:41 -0600] "GET /dist/images/mask/guide/cn/step1.jpg?path=%2F%2Fsys%2Fbus%2Fplatform%2Fdrivers%2Ffw_cfg%2FQEMU0002%3A00%2Ffirmware_node%2Fsubsystem%2Fdevices%2FLNXSYBUS%3A00%2FPNP0A03%3A00%2Fphysical_node%2F0000%3A00%3A01.2%2Fusb1%2F1-1%2F1-1%3A1.0%2F0003%3A0627%3A0001.0001%2Fdriver%2F0003%3A0627%3A0001.0001%2Fdriver%2F0003%3A0627%3A0001.0001%2Fdriver%2F0003%3A0627%3A0001.0001%2Fdriver%2F0003%3A0627%3A0001.0001%2Fsubsystem%2Fdevices%2F0003%3A0627%3A0001.0001%2Fdriver%2F0003%3A0627%3A0001.0001%2Fdriver%2F0003%3A0627%3A0001.0001%2Finput%2Finput5%2Fevent4%2Fsubsystem%2Finput1%2Fevent1%2Fsubsystem%2Fevent0%2Fdevice%2Fevent0 HTTP/1.1" 200 67975 "-" "Mozilla/5.0 AppleWebKit/537.36 (KHTML, like Gecko; compatible; GPTBot/1.2; +https://openai.com/gptbot)"
20.171.207.105 - - [08/Jun/2025:07:11:42 -0600] "GET /dist/images/mask/bg1.jpg?path=%2Fhome%2Ftsgmexic%2Fmail%2F.edwin.cur.1465232597_H789665P1397_aker_webserversystems_com%2CS%3D15101%3A2%2CS%2Fnew HTTP/1.1" 200 44901 "-" "Mozilla/5.0 AppleWebKit/537.36 (KHTML, like Gecko; compatible; GPTBot/1.2; +https://openai.com/gptbot)"
20.171.207.166 - - [08/Jun/2025:07:11:42 -0600] "GET /?aksi=buatfile&path=%2Fhome%2Ftsgmexic%2F4pie.com.mx%2Fwp-content%2Fuploads%2Fgravity_forms%2Fb%2Ff%2Fg%2Fc HTTP/1.1" 200 58533 "-" "Mozilla/5.0 AppleWebKit/537.36 (KHTML, like Gecko; compatible; GPTBot/1.2; +https://openai.com/gptbot)"
20.171.207.56 - - [08/Jun/2025:07:11:44 -0600] "GET /?filesrc=%2F%2Fscripts%2Fcheck_unmonitored_enabled_services&path=%2F%2Fscripts HTTP/1.1" 200 61129 "-" "Mozilla/5.0 AppleWebKit/537.36 (KHTML, like Gecko; compatible; GPTBot/1.2; +https://openai.com/gptbot)"
20.171.207.62 - - [08/Jun/2025:07:11:44 -0600] "GET /dist/images/mask/guide/cn/step1.jpg?path=%2F%2Fsys%2Fbus%2Fplatform%2Fdrivers%2Ffw_cfg%2FQEMU0002%3A00%2Ffirmware_node%2Fsubsystem%2Fdevices%2FLNXSYBUS%3A00%2FPNP0A03%3A00%2Fphysical_node%2F0000%3A00%3A01.2%2Fusb1%2F1-1%2F1-1%3A1.0%2F0003%3A0627%3A0001.0001%2Fdriver%2F0003%3A0627%3A0001.0001%2Fdriver%2F0003%3A0627%3A0001.0001%2Fdriver%2F0003%3A0627%3A0001.0001%2Fsubsystem%2Fdevices%2F0003%3A0627%3A0001.0001%2Fdriver%2F0003%3A0627%3A0001.0001%2Fsubsystem%2Fdrivers%2Fhid-generic%2F0003%3A0627%3A0001.0001%2Fdriver%2F0003%3A0627%3A0001.0001%2Fsubsystem%2Fdevices%2F0003%3A0627%3A0001.0001%2Finput%2Finput5%2Fmouse2%2Fsubsystem%2Fmouse1%2Fsubsystem%2Finput0 HTTP/1.1" 200 49353 "-" "Mozilla/5.0 AppleWebKit/537.36 (KHTML, like Gecko; compatible; GPTBot/1.2; +https://openai.com/gptbot)"
20.171.207.62 - - [08/Jun/2025:07:11:48 -0600] "GET /dist/images/mask/guide/cn/step1.jpg?path=%2F%2Fsys%2Fbus%2Fplatform%2Fdrivers%2Ffw_cfg%2FQEMU0002%3A00%2Ffirmware_node%2Fsubsystem%2Fdevices%2FLNXSYBUS%3A00%2FPNP0A03%3A00%2Fphysical_node%2F0000%3A00%3A01.2%2Fusb1%2F1-1%2F1-1%3A1.0%2F0003%3A0627%3A0001.0001%2Fdriver%2F0003%3A0627%3A0001.0001%2Fdriver%2F0003%3A0627%3A0001.0001%2Fdriver%2F0003%3A0627%3A0001.0001%2Fsubsystem%2Fdevices%2F0003%3A0627%3A0001.0001%2Fdriver%2F0003%3A0627%3A0001.0001%2Fsubsystem%2Fdrivers%2Fhid-generic%2F0003%3A0627%3A0001.0001%2Fdriver%2F0003%3A0627%3A0001.0001%2Fsubsystem%2Fdevices%2F0003%3A0627%3A0001.0001%2Finput%2Finput5%2Fmouse2%2Fsubsystem%2Fmouse1%2Fsubsystem%2Fevent3 HTTP/1.1" 200 31231 "-" "Mozilla/5.0 AppleWebKit/537.36 (KHTML, like Gecko; compatible; GPTBot/1.2; +https://openai.com/gptbot)"
20.171.207.167 - - [08/Jun/2025:07:11:49 -0600] "GET /dist/images/mask/guide/cn/step1.jpg?path=%2F%2Fsys%2Fbus%2Fplatform%2Fdrivers%2Ffw_cfg%2FQEMU0002%3A00%2Ffirmware_node%2Fsubsystem%2Fdevices%2FLNXSYBUS%3A00%2FPNP0A03%3A00%2Fphysical_node%2F0000%3A00%3A01.2%2Fusb1%2F1-1%2F1-1%3A1.0%2F0003%3A0627%3A0001.0001%2Fdriver%2F0003%3A0627%3A0001.0001%2Fdriver%2F0003%3A0627%3A0001.0001%2Fdriver%2F0003%3A0627%3A0001.0001%2Fsubsystem%2Fdevices%2F0003%3A0627%3A0001.0001%2Fdriver%2F0003%3A0627%3A0001.0001%2Fsubsystem%2Fdrivers%2Fhid-generic%2F0003%3A0627%3A0001.0001%2Finput%2Finput5%2Fdevice%2Fdriver%2F0003%3A0627%3A0001.0001%2Fdriver%2F0003%3A0627%3A0001.0001%2Finput%2Finput5%2Fdevice%2Finput%2Finput5%2Fevent4 HTTP/1.1" 200 70209 "-" "Mozilla/5.0 AppleWebKit/537.36 (KHTML, like Gecko; compatible; GPTBot/1.2; +https://openai.com/gptbot)"
20.171.207.62 - - [08/Jun/2025:07:11:51 -0600] "GET /dist/images/mask/guide/cn/step1.jpg?path=%2F%2Fsys%2Fbus%2Fplatform%2Fdrivers%2Ffw_cfg%2FQEMU0002%3A00%2Ffirmware_node%2Fsubsystem%2Fdevices%2FLNXSYBUS%3A00%2FPNP0A03%3A00%2Fphysical_node%2F0000%3A00%3A01.2%2Fusb1%2F1-1%2F1-1%3A1.0%2F0003%3A0627%3A0001.0001%2Fdriver%2F0003%3A0627%3A0001.0001%2Fdriver%2F0003%3A0627%3A0001.0001%2Fdriver%2F0003%3A0627%3A0001.0001%2Fsubsystem%2Fdevices%2F0003%3A0627%3A0001.0001%2Fdriver%2F0003%3A0627%3A0001.0001%2Fsubsystem%2Fdrivers%2Fhid-generic%2F0003%3A0627%3A0001.0001%2Fdriver%2F0003%3A0627%3A0001.0001%2Fsubsystem%2Fdevices%2F0003%3A0627%3A0001.0001%2Finput%2Finput5%2Fmouse2%2Fsubsystem%2Fmouse1%2Fsubsystem%2Fmouse1 HTTP/1.1" 200 31231 "-" "Mozilla/5.0 AppleWebKit/537.36 (KHTML, like Gecko; compatible; GPTBot/1.2; +https://openai.com/gptbot)"
20.171.207.105 - - [08/Jun/2025:07:11:52 -0600] "GET /dist/images/mask/bg1.jpg?path=%2Fhome%2Ftsgmexic%2Fmail%2F.mario.cur.1465511709_H192249P7519_aker_webserversystems_com%2CS%3D34005%3A2%2CS%2Fcur HTTP/1.1" 200 44901 "-" "Mozilla/5.0 AppleWebKit/537.36 (KHTML, like Gecko; compatible; GPTBot/1.2; +https://openai.com/gptbot)"
20.171.207.62 - - [08/Jun/2025:07:11:55 -0600] "GET /dist/images/mask/guide/cn/step1.jpg?path=%2F%2Fsys%2Fbus%2Fplatform%2Fdrivers%2Ffw_cfg%2FQEMU0002%3A00%2Ffirmware_node%2Fsubsystem%2Fdevices%2FLNXSYBUS%3A00%2FPNP0A03%3A00%2Fphysical_node%2F0000%3A00%3A01.2%2Fusb1%2F1-1%2F1-1%3A1.0%2F0003%3A0627%3A0001.0001%2Fdriver%2F0003%3A0627%3A0001.0001%2Fdriver%2F0003%3A0627%3A0001.0001%2Fdriver%2F0003%3A0627%3A0001.0001%2Fsubsystem%2Fdevices%2F0003%3A0627%3A0001.0001%2Fdriver%2F0003%3A0627%3A0001.0001%2Fsubsystem%2Fdrivers%2Fhid-generic%2F0003%3A0627%3A0001.0001%2Fdriver%2F0003%3A0627%3A0001.0001%2Fsubsystem%2Fdevices%2F0003%3A0627%3A0001.0001%2Finput%2Finput5%2Fmouse2%2Fsubsystem%2Finput5%2Fsubsystem%2Fevent2 HTTP/1.1" 200 31231 "-" "Mozilla/5.0 AppleWebKit/537.36 (KHTML, like Gecko; compatible; GPTBot/1.2; +https://openai.com/gptbot)"
20.171.207.166 - - [08/Jun/2025:07:11:56 -0600] "GET /?aksi=buatfolder&path=%2Fhome%2Ftsgmexic%2F4pie.com.mx%2Fwp-content%2Fuploads%2Fgravity_forms%2Fh%2Fb%2Fa%2Fc HTTP/1.1" 200 57240 "-" "Mozilla/5.0 AppleWebKit/537.36 (KHTML, like Gecko; compatible; GPTBot/1.2; +https://openai.com/gptbot)"
20.171.207.62 - - [08/Jun/2025:07:11:57 -0600] "GET /dist/images/mask/guide/cn/step1.jpg?path=%2F%2Fsys%2Fbus%2Fplatform%2Fdrivers%2Ffw_cfg%2FQEMU0002%3A00%2Ffirmware_node%2Fsubsystem%2Fdevices%2FLNXSYBUS%3A00%2FPNP0A03%3A00%2Fphysical_node%2F0000%3A00%3A01.2%2Fusb1%2F1-1%2F1-1%3A1.0%2F0003%3A0627%3A0001.0001%2Fdriver%2F0003%3A0627%3A0001.0001%2Fdriver%2F0003%3A0627%3A0001.0001%2Fdriver%2F0003%3A0627%3A0001.0001%2Fsubsystem%2Fdevices%2F0003%3A0627%3A0001.0001%2Fdriver%2F0003%3A0627%3A0001.0001%2Fsubsystem%2Fdrivers%2Fhid-generic%2F0003%3A0627%3A0001.0001%2Fdriver%2F0003%3A0627%3A0001.0001%2Fsubsystem%2Fdevices%2F0003%3A0627%3A0001.0001%2Finput%2Finput5%2Fmouse2%2Fsubsystem%2Finput5%2Fsubsystem%2Finput1 HTTP/1.1" 200 56323 "-" "Mozilla/5.0 AppleWebKit/537.36 (KHTML, like Gecko; compatible; GPTBot/1.2; +https://openai.com/gptbot)"
20.171.207.167 - - [08/Jun/2025:07:11:57 -0600] "GET /dist/images/mask/guide/cn/step1.jpg?path=%2F%2Fsys%2Fbus%2Fplatform%2Fdrivers%2Ffw_cfg%2FQEMU0002%3A00%2Ffirmware_node%2Fsubsystem%2Fdevices%2FLNXSYBUS%3A00%2FPNP0A03%3A00%2Fphysical_node%2F0000%3A00%3A01.2%2Fusb1%2F1-1%2F1-1%3A1.0%2F0003%3A0627%3A0001.0001%2Fdriver%2F0003%3A0627%3A0001.0001%2Fdriver%2F0003%3A0627%3A0001.0001%2Fdriver%2F0003%3A0627%3A0001.0001%2Fdriver%2F0003%3A0627%3A0001.0001%2Fsubsystem%2Fdevices%2F0003%3A0627%3A0001.0001%2Fdriver%2F0003%3A0627%3A0001.0001%2Fdriver%2F0003%3A0627%3A0001.0001%2Finput%2Finput5%2Fevent4%2Fdevice%2Fdevice%2Finput%2Finput5%2Fmouse2%2Fsubsystem%2Finput6%2Fid HTTP/1.1" 200 67220 "-" "Mozilla/5.0 AppleWebKit/537.36 (KHTML, like Gecko; compatible; GPTBot/1.2; +https://openai.com/gptbot)"
20.171.207.62 - - [08/Jun/2025:07:12:00 -0600] "GET /dist/images/mask/guide/cn/step1.jpg?path=%2F%2Fsys%2Fbus%2Fplatform%2Fdrivers%2Ffw_cfg%2FQEMU0002%3A00%2Ffirmware_node%2Fsubsystem%2Fdevices%2FLNXSYBUS%3A00%2FPNP0A03%3A00%2Fphysical_node%2F0000%3A00%3A01.2%2Fusb1%2F1-1%2F1-1%3A1.0%2F0003%3A0627%3A0001.0001%2Fdriver%2F0003%3A0627%3A0001.0001%2Fdriver%2F0003%3A0627%3A0001.0001%2Fdriver%2F0003%3A0627%3A0001.0001%2Fsubsystem%2Fdevices%2F0003%3A0627%3A0001.0001%2Fdriver%2F0003%3A0627%3A0001.0001%2Fsubsystem%2Fdrivers%2Fhid-generic%2F0003%3A0627%3A0001.0001%2Fdriver%2F0003%3A0627%3A0001.0001%2Fsubsystem%2Fdevices%2F0003%3A0627%3A0001.0001%2Finput%2Finput5%2Fmouse2%2Fsubsystem%2Finput5%2Fmouse2%2Fsubsystem HTTP/1.1" 200 55262 "-" "Mozilla/5.0 AppleWebKit/537.36 (KHTML, like Gecko; compatible; GPTBot/1.2; +https://openai.com/gptbot)"
20.171.207.56 - - [08/Jun/2025:07:11:59 -0600] "GET /?path=%2Fhome%2Ftsgmexic%2F4pie.com.mx%2Fwp-content%2Fthemes%2Ftwentytwentyfour%2Fpatterns%2Fpatterns%2Fphotos HTTP/1.1" 200 58594 "-" "Mozilla/5.0 AppleWebKit/537.36 (KHTML, like Gecko; compatible; GPTBot/1.2; +https://openai.com/gptbot)"
20.171.207.166 - - [08/Jun/2025:07:11:59 -0600] "GET /?aksi=buatfolder&path=%2Fhome%2Ftsgmexic%2F4pie.com.mx%2Fwp-content%2Fuploads%2Fgravity_forms%2Fh%2Fb%2Fa%2Ff HTTP/1.1" 200 57240 "-" "Mozilla/5.0 AppleWebKit/537.36 (KHTML, like Gecko; compatible; GPTBot/1.2; +https://openai.com/gptbot)"
20.171.207.105 - - [08/Jun/2025:07:12:01 -0600] "GET /dist/images/mask/bg1.jpg?path=%2Fhome%2Ftsgmexic%2Fmail%2F.sergio.cur.1465405903_H691102P4340_aker_webserversystems_com%2CS%3D9374%3A2%2CS%2Ftmp HTTP/1.1" 200 44901 "-" "Mozilla/5.0 AppleWebKit/537.36 (KHTML, like Gecko; compatible; GPTBot/1.2; +https://openai.com/gptbot)"
204.12.252.98 - - [08/Jun/2025:07:12:02 -0600] "GET /wp-content/install.php HTTP/1.1" 403 103358 "http://4pie.com.mx/wp-content/install.php" "Mozilla/5.0 (Windows NT 10.0; Win64; x64) AppleWebKit/537.36 (KHTML, like Gecko) Chrome/58.0.3029.110 Safari/537.3"
20.171.207.62 - - [08/Jun/2025:07:12:02 -0600] "GET /dist/images/mask/guide/cn/step1.jpg?path=%2F%2Fsys%2Fbus%2Fplatform%2Fdrivers%2Ffw_cfg%2FQEMU0002%3A00%2Ffirmware_node%2Fsubsystem%2Fdevices%2FLNXSYBUS%3A00%2FPNP0A03%3A00%2Fphysical_node%2F0000%3A00%3A01.2%2Fusb1%2F1-1%2F1-1%3A1.0%2F0003%3A0627%3A0001.0001%2Fdriver%2F0003%3A0627%3A0001.0001%2Fdriver%2F0003%3A0627%3A0001.0001%2Fdriver%2F0003%3A0627%3A0001.0001%2Fsubsystem%2Fdevices%2F0003%3A0627%3A0001.0001%2Fdriver%2F0003%3A0627%3A0001.0001%2Fsubsystem%2Fdrivers%2Fhid-generic%2F0003%3A0627%3A0001.0001%2Fdriver%2F0003%3A0627%3A0001.0001%2Fsubsystem%2Fdevices%2F0003%3A0627%3A0001.0001%2Finput%2Finput5%2Fmouse2%2Fsubsystem%2Finput5%2Fsubsystem%2Finput5 HTTP/1.1" 200 51635 "-" "Mozilla/5.0 AppleWebKit/537.36 (KHTML, like Gecko; compatible; GPTBot/1.2; +https://openai.com/gptbot)"
20.171.207.167 - - [08/Jun/2025:07:12:04 -0600] "GET /dist/images/mask/guide/cn/step1.jpg?path=%2F%2Fsys%2Fbus%2Fplatform%2Fdrivers%2Ffw_cfg%2FQEMU0002%3A00%2Ffirmware_node%2Fsubsystem%2Fdevices%2FLNXSYBUS%3A00%2FPNP0A03%3A00%2Fphysical_node%2F0000%3A00%3A01.2%2Fusb1%2F1-1%2F1-1%3A1.0%2F0003%3A0627%3A0001.0001%2Fdriver%2F0003%3A0627%3A0001.0001%2Fdriver%2F0003%3A0627%3A0001.0001%2Fdriver%2F0003%3A0627%3A0001.0001%2Fdriver%2F0003%3A0627%3A0001.0001%2Fsubsystem%2Fdevices%2F0003%3A0627%3A0001.0001%2Fdriver%2F0003%3A0627%3A0001.0001%2Fdriver%2F0003%3A0627%3A0001.0001%2Finput%2Finput5%2Fevent4%2Fdevice%2Fmouse2%2Fdevice%2Fmouse2%2Fsubsystem%2Finput3%2Fmouse1 HTTP/1.1" 200 67888 "-" "Mozilla/5.0 AppleWebKit/537.36 (KHTML, like Gecko; compatible; GPTBot/1.2; +https://openai.com/gptbot)"
20.171.207.62 - - [08/Jun/2025:07:12:05 -0600] "GET /dist/images/mask/guide/cn/step1.jpg?path=%2F%2Fsys%2Fbus%2Fplatform%2Fdrivers%2Ffw_cfg%2FQEMU0002%3A00%2Ffirmware_node%2Fsubsystem%2Fdevices%2FLNXSYBUS%3A00%2FPNP0A03%3A00%2Fphysical_node%2F0000%3A00%3A01.2%2Fusb1%2F1-1%2F1-1%3A1.0%2F0003%3A0627%3A0001.0001%2Fdriver%2F0003%3A0627%3A0001.0001%2Fdriver%2F0003%3A0627%3A0001.0001%2Fdriver%2F0003%3A0627%3A0001.0001%2Fsubsystem%2Fdevices%2F0003%3A0627%3A0001.0001%2Fdriver%2F0003%3A0627%3A0001.0001%2Fsubsystem%2Fdrivers%2Fhid-generic%2F0003%3A0627%3A0001.0001%2Fdriver%2F0003%3A0627%3A0001.0001%2Fsubsystem%2Fdevices%2F0003%3A0627%3A0001.0001%2Finput%2Finput5%2Fmouse2%2Fsubsystem%2Finput5%2Fsubsystem%2Fmouse2 HTTP/1.1" 200 31231 "-" "Mozilla/5.0 AppleWebKit/537.36 (KHTML, like Gecko; compatible; GPTBot/1.2; +https://openai.com/gptbot)"
20.171.207.166 - - [08/Jun/2025:07:12:05 -0600] "GET /?aksi=buatfolder&path=%2Fhome%2Ftsgmexic%2F4pie.com.mx%2Fwp-content%2Fuploads%2Fgravity_forms%2Fh%2Fb%2Fg%2Fg HTTP/1.1" 200 57240 "-" "Mozilla/5.0 AppleWebKit/537.36 (KHTML, like Gecko; compatible; GPTBot/1.2; +https://openai.com/gptbot)"
20.171.207.62 - - [08/Jun/2025:07:12:08 -0600] "GET /dist/images/mask/guide/cn/step1.jpg?path=%2F%2Fsys%2Fbus%2Fplatform%2Fdrivers%2Ffw_cfg%2FQEMU0002%3A00%2Ffirmware_node%2Fsubsystem%2Fdevices%2FLNXSYBUS%3A00%2FPNP0A03%3A00%2Fphysical_node%2F0000%3A00%3A01.2%2Fusb1%2F1-1%2F1-1%3A1.0%2F0003%3A0627%3A0001.0001%2Fdriver%2F0003%3A0627%3A0001.0001%2Fdriver%2F0003%3A0627%3A0001.0001%2Fdriver%2F0003%3A0627%3A0001.0001%2Fsubsystem%2Fdevices%2F0003%3A0627%3A0001.0001%2Fdriver%2F0003%3A0627%3A0001.0001%2Fsubsystem%2Fdrivers%2Fhid-generic%2F0003%3A0627%3A0001.0001%2Fdriver%2F0003%3A0627%3A0001.0001%2Fsubsystem%2Fdevices%2F0003%3A0627%3A0001.0001%2Finput%2Finput5%2Fmouse2%2Fsubsystem%2Finput5%2Fdevice%2Finput HTTP/1.1" 200 21008 "-" "Mozilla/5.0 AppleWebKit/537.36 (KHTML, like Gecko; compatible; GPTBot/1.2; +https://openai.com/gptbot)"
20.171.207.105 - - [08/Jun/2025:07:12:10 -0600] "GET /dist/images/mask/bg1.jpg?path=%2Fhome%2Ftsgmexic%2Fmail%2F.mario.cur.1465854617_H475614P1821_aker_webserversystems_com%2CS%3D57881%3A2%2CS%2Fcur HTTP/1.1" 200 44901 "-" "Mozilla/5.0 AppleWebKit/537.36 (KHTML, like Gecko; compatible; GPTBot/1.2; +https://openai.com/gptbot)"
20.171.207.62 - - [08/Jun/2025:07:12:11 -0600] "GET /dist/images/mask/guide/cn/step1.jpg?path=%2F%2Fsys%2Fbus%2Fplatform%2Fdrivers%2Ffw_cfg%2FQEMU0002%3A00%2Ffirmware_node%2Fsubsystem%2Fdevices%2FLNXSYBUS%3A00%2FPNP0A03%3A00%2Fphysical_node%2F0000%3A00%3A01.2%2Fusb1%2F1-1%2F1-1%3A1.0%2F0003%3A0627%3A0001.0001%2Fdriver%2F0003%3A0627%3A0001.0001%2Fdriver%2F0003%3A0627%3A0001.0001%2Fdriver%2F0003%3A0627%3A0001.0001%2Fsubsystem%2Fdevices%2F0003%3A0627%3A0001.0001%2Fdriver%2F0003%3A0627%3A0001.0001%2Fsubsystem%2Fdrivers%2Fhid-generic%2F0003%3A0627%3A0001.0001%2Fdriver%2F0003%3A0627%3A0001.0001%2Fsubsystem%2Fdevices%2F0003%3A0627%3A0001.0001%2Finput%2Finput5%2Fmouse2%2Fsubsystem%2Finput5%2Fsubsystem%2Finput6 HTTP/1.1" 200 49353 "-" "Mozilla/5.0 AppleWebKit/537.36 (KHTML, like Gecko; compatible; GPTBot/1.2; +https://openai.com/gptbot)"
20.171.207.167 - - [08/Jun/2025:07:12:11 -0600] "GET /dist/images/mask/guide/cn/step1.jpg?path=%2F%2Fsys%2Fbus%2Fplatform%2Fdrivers%2Ffw_cfg%2FQEMU0002%3A00%2Ffirmware_node%2Fsubsystem%2Fdevices%2FLNXSYBUS%3A00%2FPNP0A03%3A00%2Fphysical_node%2F0000%3A00%3A01.2%2Fusb1%2F1-1%2F1-1%3A1.0%2F0003%3A0627%3A0001.0001%2Fdriver%2F0003%3A0627%3A0001.0001%2Fdriver%2F0003%3A0627%3A0001.0001%2Fdriver%2F0003%3A0627%3A0001.0001%2Fdriver%2F0003%3A0627%3A0001.0001%2Fsubsystem%2Fdevices%2F0003%3A0627%3A0001.0001%2Fdriver%2F0003%3A0627%3A0001.0001%2Fdriver%2F0003%3A0627%3A0001.0001%2Fhidraw%2Fhidraw0%2Fdevice%2Finput%2Finput5%2Fevent4%2Fdevice%2Fmouse2%2Fsubsystem%2Fmouse2%2Fpower HTTP/1.1" 200 70208 "-" "Mozilla/5.0 AppleWebKit/537.36 (KHTML, like Gecko; compatible; GPTBot/1.2; +https://openai.com/gptbot)"
142.171.127.176 - - [08/Jun/2025:07:12:15 -0600] "POST /wp-cron.php?doing_wp_cron=1749388335.1293439865112304687500 HTTP/1.1" 403 4368 "-" "WordPress/6.8; https://4pie.com.mx"
20.171.207.167 - - [08/Jun/2025:07:12:17 -0600] "GET /dist/images/mask/guide/cn/step1.jpg?path=%2F%2Fsys%2Fbus%2Fplatform%2Fdrivers%2Ffw_cfg%2FQEMU0002%3A00%2Ffirmware_node%2Fsubsystem%2Fdevices%2FLNXSYBUS%3A00%2FPNP0A03%3A00%2Fphysical_node%2F0000%3A00%3A01.2%2Fusb1%2F1-1%2F1-1%3A1.0%2F0003%3A0627%3A0001.0001%2Fdriver%2F0003%3A0627%3A0001.0001%2Fdriver%2F0003%3A0627%3A0001.0001%2Fdriver%2F0003%3A0627%3A0001.0001%2Fsubsystem%2Fdevices%2F0003%3A0627%3A0001.0001%2Fdriver%2F0003%3A0627%3A0001.0001%2Fdriver%2F0003%3A0627%3A0001.0001%2Fdriver%2F0003%3A0627%3A0001.0001%2Finput%2Finput5%2Fevent4%2Fsubsystem%2Finput0%2Fdevice%2Fsubsystem%2Fdevices%2FACPI0010%3A00%2FLNXCPU%3A2f HTTP/1.1" 200 76767 "-" "Mozilla/5.0 AppleWebKit/537.36 (KHTML, like Gecko; compatible; GPTBot/1.2; +https://openai.com/gptbot)"
20.171.207.56 - - [08/Jun/2025:07:12:12 -0600] "GET /?filesrc=%2F%2Flib64%2Flibulockmgr.so.1&path=%2F%2Flib64 HTTP/1.1" 200 56096 "-" "Mozilla/5.0 AppleWebKit/537.36 (KHTML, like Gecko; compatible; GPTBot/1.2; +https://openai.com/gptbot)"
20.171.207.166 - - [08/Jun/2025:07:12:13 -0600] "GET /?aksi=buatfolder&path=%2Fhome%2Ftsgmexic%2F4pie.com.mx%2Fwp-content%2Fuploads%2Fgravity_forms%2Fh%2Fb%2Ff%2Fb HTTP/1.1" 200 57240 "-" "Mozilla/5.0 AppleWebKit/537.36 (KHTML, like Gecko; compatible; GPTBot/1.2; +https://openai.com/gptbot)"
20.171.207.62 - - [08/Jun/2025:07:12:17 -0600] "GET /dist/images/mask/guide/cn/step1.jpg?path=%2F%2Fsys%2Fbus%2Fplatform%2Fdrivers%2Ffw_cfg%2FQEMU0002%3A00%2Ffirmware_node%2Fsubsystem%2Fdevices%2FLNXSYBUS%3A00%2FPNP0A03%3A00%2Fphysical_node%2F0000%3A00%3A01.2%2Fusb1%2F1-1%2F1-1%3A1.0%2F0003%3A0627%3A0001.0001%2Fdriver%2F0003%3A0627%3A0001.0001%2Fdriver%2F0003%3A0627%3A0001.0001%2Fdriver%2F0003%3A0627%3A0001.0001%2Fsubsystem%2Fdevices%2F0003%3A0627%3A0001.0001%2Fdriver%2F0003%3A0627%3A0001.0001%2Fsubsystem%2Fdrivers%2Fhid-generic%2F0003%3A0627%3A0001.0001%2Fdriver%2F0003%3A0627%3A0001.0001%2Fsubsystem%2Fdevices%2F0003%3A0627%3A0001.0001%2Finput%2Finput5%2Fmouse2%2Fsubsystem%2Finput5%2Fsubsystem%2Fevent0 HTTP/1.1" 200 31231 "-" "Mozilla/5.0 AppleWebKit/537.36 (KHTML, like Gecko; compatible; GPTBot/1.2; +https://openai.com/gptbot)"
20.171.207.105 - - [08/Jun/2025:07:12:18 -0600] "GET /dist/images/mask/bg1.jpg?path=%2Fhome%2Ftsgmexic%2Fmail%2F.sergio.cur.1465708973_H27323P27570_aker_webserversystems_com%2CS%3D6363%3A2%2CS%2Fnew HTTP/1.1" 200 44901 "-" "Mozilla/5.0 AppleWebKit/537.36 (KHTML, like Gecko; compatible; GPTBot/1.2; +https://openai.com/gptbot)"
20.171.207.166 - - [08/Jun/2025:07:12:21 -0600] "GET /?aksi=buatfolder&path=%2Fhome%2Ftsgmexic%2F4pie.com.mx%2Fwp-content%2Fuploads%2Fgravity_forms%2Fb%2Ff%2Fg%2Fc HTTP/1.1" 200 57240 "-" "Mozilla/5.0 AppleWebKit/537.36 (KHTML, like Gecko; compatible; GPTBot/1.2; +https://openai.com/gptbot)"
20.171.207.62 - - [08/Jun/2025:07:12:23 -0600] "GET /dist/images/mask/guide/cn/step1.jpg?path=%2F%2Fsys%2Fbus%2Fplatform%2Fdrivers%2Ffw_cfg%2FQEMU0002%3A00%2Ffirmware_node%2Fsubsystem%2Fdevices%2FLNXSYBUS%3A00%2FPNP0A03%3A00%2Fphysical_node%2F0000%3A00%3A01.2%2Fusb1%2F1-1%2F1-1%3A1.0%2F0003%3A0627%3A0001.0001%2Fdriver%2F0003%3A0627%3A0001.0001%2Fdriver%2F0003%3A0627%3A0001.0001%2Fdriver%2F0003%3A0627%3A0001.0001%2Fsubsystem%2Fdevices%2F0003%3A0627%3A0001.0001%2Fdriver%2F0003%3A0627%3A0001.0001%2Fsubsystem%2Fdrivers%2Fhid-generic%2F0003%3A0627%3A0001.0001%2Fdriver%2F0003%3A0627%3A0001.0001%2Fsubsystem%2Fdevices%2F0003%3A0627%3A0001.0001%2Finput%2Finput5%2Fmouse2%2Fsubsystem%2Finput5%2Fsubsystem%2Finput0 HTTP/1.1" 200 49353 "-" "Mozilla/5.0 AppleWebKit/537.36 (KHTML, like Gecko; compatible; GPTBot/1.2; +https://openai.com/gptbot)"
20.171.207.167 - - [08/Jun/2025:07:12:24 -0600] "GET /dist/images/mask/guide/cn/step1.jpg?path=%2F%2Fsys%2Fbus%2Fplatform%2Fdrivers%2Ffw_cfg%2FQEMU0002%3A00%2Ffirmware_node%2Fsubsystem%2Fdevices%2FLNXSYBUS%3A00%2FPNP0A03%3A00%2Fphysical_node%2F0000%3A00%3A01.2%2Fusb1%2F1-1%2F1-1%3A1.0%2F0003%3A0627%3A0001.0001%2Fdriver%2F0003%3A0627%3A0001.0001%2Fdriver%2F0003%3A0627%3A0001.0001%2Fdriver%2F0003%3A0627%3A0001.0001%2Fsubsystem%2Fdevices%2F0003%3A0627%3A0001.0001%2Fdriver%2F0003%3A0627%3A0001.0001%2Fdriver%2F0003%3A0627%3A0001.0001%2Fsubsystem%2Fdrivers%2Fhid-generic%2F0003%3A0627%3A0001.0001%2Fdriver%2F0003%3A0627%3A0001.0001%2Finput%2Finput5%2Fsubsystem%2Finput5%2Fsubsystem%2Fevent1%2Fsubsystem HTTP/1.1" 200 93071 "-" "Mozilla/5.0 AppleWebKit/537.36 (KHTML, like Gecko; compatible; GPTBot/1.2; +https://openai.com/gptbot)"
20.171.207.105 - - [08/Jun/2025:07:12:25 -0600] "GET /dist/images/mask/bg1.jpg?path=%2Fhome%2Ftsgmexic%2Fmail%2F.mario.cur.1465854617_H475614P1821_aker_webserversystems_com%2CS%3D57881%3A2%2CS%2Fnew HTTP/1.1" 200 44901 "-" "Mozilla/5.0 AppleWebKit/537.36 (KHTML, like Gecko; compatible; GPTBot/1.2; +https://openai.com/gptbot)"
20.171.207.56 - - [08/Jun/2025:07:12:24 -0600] "GET //?filesrc=%2F%2Flib64%2Flibkadm5clnt.so&path=%2F%2Flib64 HTTP/1.1" 200 5130 "-" "Mozilla/5.0 AppleWebKit/537.36 (KHTML, like Gecko; compatible; GPTBot/1.2; +https://openai.com/gptbot)"
20.171.207.62 - - [08/Jun/2025:07:12:29 -0600] "GET /dist/images/mask/guide/cn/step1.jpg?path=%2F%2Fsys%2Fbus%2Fplatform%2Fdrivers%2Ffw_cfg%2FQEMU0002%3A00%2Ffirmware_node%2Fsubsystem%2Fdevices%2FLNXSYBUS%3A00%2FPNP0A03%3A00%2Fphysical_node%2F0000%3A00%3A01.2%2Fusb1%2F1-1%2F1-1%3A1.0%2F0003%3A0627%3A0001.0001%2Fdriver%2F0003%3A0627%3A0001.0001%2Fdriver%2F0003%3A0627%3A0001.0001%2Fdriver%2F0003%3A0627%3A0001.0001%2Fsubsystem%2Fdevices%2F0003%3A0627%3A0001.0001%2Fdriver%2F0003%3A0627%3A0001.0001%2Fsubsystem%2Fdrivers%2Fhid-generic%2F0003%3A0627%3A0001.0001%2Fdriver%2F0003%3A0627%3A0001.0001%2Fsubsystem%2Fdevices%2F0003%3A0627%3A0001.0001%2Finput%2Finput5%2Fmouse2%2Fsubsystem%2Finput5%2Fevent4%2Fpower HTTP/1.1" 200 32936 "-" "Mozilla/5.0 AppleWebKit/537.36 (KHTML, like Gecko; compatible; GPTBot/1.2; +https://openai.com/gptbot)"
20.171.207.166 - - [08/Jun/2025:07:12:29 -0600] "GET /?aksi=buatfolder&path=%2Fhome%2Ftsgmexic%2F4pie.com.mx%2Fwp-content%2Fuploads%2Fgravity_forms%2Fh%2Fb%2Fd%2Fd HTTP/1.1" 200 57240 "-" "Mozilla/5.0 AppleWebKit/537.36 (KHTML, like Gecko; compatible; GPTBot/1.2; +https://openai.com/gptbot)"
20.171.207.167 - - [08/Jun/2025:07:12:30 -0600] "GET /dist/images/mask/guide/cn/step1.jpg?path=%2F%2Fsys%2Fbus%2Fplatform%2Fdrivers%2Ffw_cfg%2FQEMU0002%3A00%2Ffirmware_node%2Fsubsystem%2Fdevices%2FLNXSYBUS%3A00%2FPNP0A03%3A00%2Fphysical_node%2F0000%3A00%3A01.2%2Fusb1%2F1-1%2F1-1%3A1.0%2F0003%3A0627%3A0001.0001%2Fdriver%2F0003%3A0627%3A0001.0001%2Fdriver%2F0003%3A0627%3A0001.0001%2Fdriver%2F0003%3A0627%3A0001.0001%2Fsubsystem%2Fdevices%2F0003%3A0627%3A0001.0001%2Fdriver%2F0003%3A0627%3A0001.0001%2Fsubsystem%2Fdrivers%2Fhid-generic%2F0003%3A0627%3A0001.0001%2Finput%2Finput5%2Fdevice%2Fdriver%2F0003%3A0627%3A0001.0001%2Fdriver%2F0003%3A0627%3A0001.0001%2Finput%2Finput5%2Fevent4%2Fsubsystem%2Finput4%2Fmouse0%2Fpower HTTP/1.1" 200 72759 "-" "Mozilla/5.0 AppleWebKit/537.36 (KHTML, like Gecko; compatible; GPTBot/1.2; +https://openai.com/gptbot)"
20.171.207.105 - - [08/Jun/2025:07:12:31 -0600] "GET /dist/images/mask/bg1.jpg?path=%2Fhome%2Ftsgmexic%2Fmail%2F.sergio.cur.1465708973_H27323P27570_aker_webserversystems_com%2CS%3D6363%3A2%2CS%2Fcur HTTP/1.1" 200 44901 "-" "Mozilla/5.0 AppleWebKit/537.36 (KHTML, like Gecko; compatible; GPTBot/1.2; +https://openai.com/gptbot)"
20.171.207.62 - - [08/Jun/2025:07:12:34 -0600] "GET /dist/images/mask/guide/cn/step1.jpg?path=%2F%2Fsys%2Fbus%2Fplatform%2Fdrivers%2Ffw_cfg%2FQEMU0002%3A00%2Ffirmware_node%2Fsubsystem%2Fdevices%2FLNXSYBUS%3A00%2FPNP0A03%3A00%2Fphysical_node%2F0000%3A00%3A01.2%2Fusb1%2F1-1%2F1-1%3A1.0%2F0003%3A0627%3A0001.0001%2Fdriver%2F0003%3A0627%3A0001.0001%2Fdriver%2F0003%3A0627%3A0001.0001%2Fdriver%2F0003%3A0627%3A0001.0001%2Fsubsystem%2Fdevices%2F0003%3A0627%3A0001.0001%2Fdriver%2F0003%3A0627%3A0001.0001%2Fsubsystem%2Fdrivers%2Fhid-generic%2F0003%3A0627%3A0001.0001%2Fdriver%2F0003%3A0627%3A0001.0001%2Fsubsystem%2Fdevices%2F0003%3A0627%3A0001.0001%2Finput%2Finput5%2Fmouse2%2Fsubsystem%2Finput5%2Fdevice%2Fdriver HTTP/1.1" 200 32368 "-" "Mozilla/5.0 AppleWebKit/537.36 (KHTML, like Gecko; compatible; GPTBot/1.2; +https://openai.com/gptbot)"
20.171.207.167 - - [08/Jun/2025:07:12:35 -0600] "GET /dist/images/mask/guide/cn/step1.jpg?path=%2F%2Fsys%2Fbus%2Fplatform%2Fdrivers%2Ffw_cfg%2FQEMU0002%3A00%2Ffirmware_node%2Fsubsystem%2Fdevices%2FLNXSYBUS%3A00%2FPNP0A03%3A00%2Fphysical_node%2F0000%3A00%3A01.2%2Fusb1%2F1-1%2F1-1%3A1.0%2F0003%3A0627%3A0001.0001%2Fdriver%2F0003%3A0627%3A0001.0001%2Fdriver%2F0003%3A0627%3A0001.0001%2Fdriver%2F0003%3A0627%3A0001.0001%2Fsubsystem%2Fdevices%2F0003%3A0627%3A0001.0001%2Fdriver%2F0003%3A0627%3A0001.0001%2Fdriver%2F0003%3A0627%3A0001.0001%2Fsubsystem%2Fdrivers%2Fhid-generic%2F0003%3A0627%3A0001.0001%2Fdriver%2F0003%3A0627%3A0001.0001%2Finput%2Finput5%2Fsubsystem%2Fmice%2Fsubsystem%2Finput4%2Fsubsystem%2Fevent5 HTTP/1.1" 200 69879 "-" "Mozilla/5.0 AppleWebKit/537.36 (KHTML, like Gecko; compatible; GPTBot/1.2; +https://openai.com/gptbot)"
20.171.207.105 - - [08/Jun/2025:07:12:36 -0600] "GET /dist/images/mask/bg1.jpg?path=%2Fhome%2Ftsgmexic%2Fmail%2F.sergio.cur.1465405903_H691102P4340_aker_webserversystems_com%2CS%3D9374%3A2%2CS%2Fcur HTTP/1.1" 200 44901 "-" "Mozilla/5.0 AppleWebKit/537.36 (KHTML, like Gecko; compatible; GPTBot/1.2; +https://openai.com/gptbot)"
20.171.207.56 - - [08/Jun/2025:07:12:36 -0600] "GET /?filesrc=%2F%2Frun%2Frestartsrv_cpanellogd&path=%2F%2Frun HTTP/1.1" 200 56090 "-" "Mozilla/5.0 AppleWebKit/537.36 (KHTML, like Gecko; compatible; GPTBot/1.2; +https://openai.com/gptbot)"
20.171.207.167 - - [08/Jun/2025:07:12:39 -0600] "GET /wp-content/plugins/h5jiz7ib/public/js/cf7-customizer-public.js?ver=1.0.01749388281 HTTP/1.1" 200 2498 "-" "Mozilla/5.0 AppleWebKit/537.36 (KHTML, like Gecko; compatible; GPTBot/1.2; +https://openai.com/gptbot)"
20.171.207.62 - - [08/Jun/2025:07:12:39 -0600] "GET /dist/images/mask/guide/cn/step1.jpg?path=%2F%2Fsys%2Fbus%2Fplatform%2Fdrivers%2Ffw_cfg%2FQEMU0002%3A00%2Ffirmware_node%2Fsubsystem%2Fdevices%2FLNXSYBUS%3A00%2FPNP0A03%3A00%2Fphysical_node%2F0000%3A00%3A01.2%2Fusb1%2F1-1%2F1-1%3A1.0%2F0003%3A0627%3A0001.0001%2Fdriver%2F0003%3A0627%3A0001.0001%2Fdriver%2F0003%3A0627%3A0001.0001%2Fdriver%2F0003%3A0627%3A0001.0001%2Fsubsystem%2Fdevices%2F0003%3A0627%3A0001.0001%2Fdriver%2F0003%3A0627%3A0001.0001%2Fsubsystem%2Fdrivers%2Fhid-generic%2F0003%3A0627%3A0001.0001%2Fdriver%2F0003%3A0627%3A0001.0001%2Fsubsystem%2Fdevices%2F0003%3A0627%3A0001.0001%2Finput%2Finput5%2Fmouse2%2Fsubsystem%2Finput5%2Fmouse2%2Fdevice HTTP/1.1" 200 51482 "-" "Mozilla/5.0 AppleWebKit/537.36 (KHTML, like Gecko; compatible; GPTBot/1.2; +https://openai.com/gptbot)"
20.171.207.105 - - [08/Jun/2025:07:12:41 -0600] "GET /dist/images/mask/bg1.jpg?path=%2Fhome%2Ftsgmexic%2Fmail%2F.sergio.cur.1465708973_H27323P27570_aker_webserversystems_com%2CS%3D6363%3A2%2CS%2Ftmp HTTP/1.1" 200 44901 "-" "Mozilla/5.0 AppleWebKit/537.36 (KHTML, like Gecko; compatible; GPTBot/1.2; +https://openai.com/gptbot)"
20.171.207.62 - - [08/Jun/2025:07:12:43 -0600] "GET /dist/images/mask/guide/cn/step1.jpg?path=%2F%2Fsys%2Fbus%2Fplatform%2Fdrivers%2Ffw_cfg%2FQEMU0002%3A00%2Ffirmware_node%2Fsubsystem%2Fdevices%2FLNXSYBUS%3A00%2FPNP0A03%3A00%2Fphysical_node%2F0000%3A00%3A01.2%2Fusb1%2F1-1%2F1-1%3A1.0%2F0003%3A0627%3A0001.0001%2Fdriver%2F0003%3A0627%3A0001.0001%2Fdriver%2F0003%3A0627%3A0001.0001%2Fdriver%2F0003%3A0627%3A0001.0001%2Fsubsystem%2Fdevices%2F0003%3A0627%3A0001.0001%2Fdriver%2F0003%3A0627%3A0001.0001%2Fsubsystem%2Fdrivers%2Fhid-generic%2F0003%3A0627%3A0001.0001%2Fdriver%2F0003%3A0627%3A0001.0001%2Fsubsystem%2Fdevices%2F0003%3A0627%3A0001.0001%2Finput%2Finput5%2Fmouse2%2Fsubsystem%2Finput5%2Fmouse2%2Fpower HTTP/1.1" 200 32936 "-" "Mozilla/5.0 AppleWebKit/537.36 (KHTML, like Gecko; compatible; GPTBot/1.2; +https://openai.com/gptbot)"
20.171.207.167 - - [08/Jun/2025:07:12:43 -0600] "GET /dist/images/mask/guide/cn/step1.jpg?path=%2F%2Fsys%2Fbus%2Fplatform%2Fdrivers%2Ffw_cfg%2FQEMU0002%3A00%2Ffirmware_node%2Fsubsystem%2Fdevices%2FLNXSYBUS%3A00%2FPNP0A03%3A00%2Fphysical_node%2F0000%3A00%3A01.2%2Fusb1%2F1-1%2F1-1%3A1.0%2F0003%3A0627%3A0001.0001%2Fdriver%2F0003%3A0627%3A0001.0001%2Fdriver%2F0003%3A0627%3A0001.0001%2Fdriver%2F0003%3A0627%3A0001.0001%2Fdriver%2F0003%3A0627%3A0001.0001%2Fsubsystem%2Fdevices%2F0003%3A0627%3A0001.0001%2Fdriver%2F0003%3A0627%3A0001.0001%2Finput%2Finput5%2Fdevice%2Fdriver%2F0003%3A0627%3A0001.0001%2Finput%2Finput5%2Fevent4%2Fsubsystem%2Fmouse2%2Fsubsystem%2Fevent2 HTTP/1.1" 200 67891 "-" "Mozilla/5.0 AppleWebKit/537.36 (KHTML, like Gecko; compatible; GPTBot/1.2; +https://openai.com/gptbot)"
20.171.207.56 - - [08/Jun/2025:07:12:45 -0600] "GET /?filesrc=%2F%2Flib%2Fos-release&path=%2F%2Flib HTTP/1.1" 200 56823 "-" "Mozilla/5.0 AppleWebKit/537.36 (KHTML, like Gecko; compatible; GPTBot/1.2; +https://openai.com/gptbot)"
20.171.207.62 - - [08/Jun/2025:07:12:46 -0600] "GET /dist/images/mask/guide/cn/step1.jpg?path=%2F%2Fsys%2Fbus%2Fplatform%2Fdrivers%2Ffw_cfg%2FQEMU0002%3A00%2Ffirmware_node%2Fsubsystem%2Fdevices%2FLNXSYBUS%3A00%2FPNP0A03%3A00%2Fphysical_node%2F0000%3A00%3A01.2%2Fusb1%2F1-1%2F1-1%3A1.0%2F0003%3A0627%3A0001.0001%2Fdriver%2F0003%3A0627%3A0001.0001%2Fdriver%2F0003%3A0627%3A0001.0001%2Fdriver%2F0003%3A0627%3A0001.0001%2Fsubsystem%2Fdevices%2F0003%3A0627%3A0001.0001%2Fdriver%2F0003%3A0627%3A0001.0001%2Fsubsystem%2Fdrivers%2Fhid-generic%2F0003%3A0627%3A0001.0001%2Fdriver%2F0003%3A0627%3A0001.0001%2Fsubsystem%2Fdevices%2F0003%3A0627%3A0001.0001%2Finput%2Finput5%2Fmouse2%2Fsubsystem%2Finput5%2Fevent4%2Fdevice HTTP/1.1" 200 51482 "-" "Mozilla/5.0 AppleWebKit/537.36 (KHTML, like Gecko; compatible; GPTBot/1.2; +https://openai.com/gptbot)"
20.171.207.105 - - [08/Jun/2025:07:12:45 -0600] "GET /dist/images/mask/bg1.jpg?path=%2Fhome%2Ftsgmexic%2Fmail%2F.mario.cur.1465818592_H1073P11486_aker_webserversystems_com%2CS%3D65998%3A2%2CS%2Ftmp HTTP/1.1" 200 44895 "-" "Mozilla/5.0 AppleWebKit/537.36 (KHTML, like Gecko; compatible; GPTBot/1.2; +https://openai.com/gptbot)"
20.171.207.167 - - [08/Jun/2025:07:12:47 -0600] "GET /dist/images/mask/guide/cn/step1.jpg?path=%2F%2Fsys%2Fbus%2Fplatform%2Fdrivers%2Ffw_cfg%2FQEMU0002%3A00%2Ffirmware_node%2Fsubsystem%2Fdevices%2FLNXSYBUS%3A00%2FPNP0A03%3A00%2Fphysical_node%2F0000%3A00%3A01.2%2Fusb1%2F1-1%2F1-1%3A1.0%2F0003%3A0627%3A0001.0001%2Fdriver%2F0003%3A0627%3A0001.0001%2Fdriver%2F0003%3A0627%3A0001.0001%2Fdriver%2F0003%3A0627%3A0001.0001%2Fsubsystem%2Fdevices%2F0003%3A0627%3A0001.0001%2Fdriver%2F0003%3A0627%3A0001.0001%2Fdriver%2F0003%3A0627%3A0001.0001%2Fsubsystem%2Fdrivers%2Fhid-generic%2F0003%3A0627%3A0001.0001%2Fdriver%2F0003%3A0627%3A0001.0001%2Finput%2Finput5%2Fsubsystem%2Fevent4%2Fsubsystem%2Fevent4%2Fsubsystem%2Finput1 HTTP/1.1" 200 94989 "-" "Mozilla/5.0 AppleWebKit/537.36 (KHTML, like Gecko; compatible; GPTBot/1.2; +https://openai.com/gptbot)"
20.171.207.105 - - [08/Jun/2025:07:12:49 -0600] "GET /dist/images/mask/bg1.jpg?path=%2Fhome%2Ftsgmexic%2Fmail%2F.mario.cur.1465510832_H389883P2648_aker_webserversystems_com%2CS%3D44653%3A2%2CS%2Fnew HTTP/1.1" 200 44901 "-" "Mozilla/5.0 AppleWebKit/537.36 (KHTML, like Gecko; compatible; GPTBot/1.2; +https://openai.com/gptbot)"
20.171.207.62 - - [08/Jun/2025:07:12:50 -0600] "GET /dist/images/mask/guide/cn/step1.jpg?path=%2F%2Fsys%2Fbus%2Fplatform%2Fdrivers%2Ffw_cfg%2FQEMU0002%3A00%2Ffirmware_node%2Fsubsystem%2Fdevices%2FLNXSYBUS%3A00%2FPNP0A03%3A00%2Fphysical_node%2F0000%3A00%3A01.2%2Fusb1%2F1-1%2F1-1%3A1.0%2F0003%3A0627%3A0001.0001%2Fdriver%2F0003%3A0627%3A0001.0001%2Fdriver%2F0003%3A0627%3A0001.0001%2Fdriver%2F0003%3A0627%3A0001.0001%2Fsubsystem%2Fdevices%2F0003%3A0627%3A0001.0001%2Fdriver%2F0003%3A0627%3A0001.0001%2Fsubsystem%2Fdrivers%2Fhid-generic%2F0003%3A0627%3A0001.0001%2Fdriver%2F0003%3A0627%3A0001.0001%2Fsubsystem%2Fdevices%2F0003%3A0627%3A0001.0001%2Finput%2Finput5%2Fmouse2%2Fsubsystem%2Finput5%2Fsubsystem%2Finput4 HTTP/1.1" 200 51635 "-" "Mozilla/5.0 AppleWebKit/537.36 (KHTML, like Gecko; compatible; GPTBot/1.2; +https://openai.com/gptbot)"
20.171.207.167 - - [08/Jun/2025:07:12:50 -0600] "GET /dist/images/mask/guide/cn/step1.jpg?path=%2F%2Fsys%2Fbus%2Fplatform%2Fdrivers%2Ffw_cfg%2FQEMU0002%3A00%2Ffirmware_node%2Fsubsystem%2Fdevices%2FLNXSYBUS%3A00%2FPNP0A03%3A00%2Fphysical_node%2F0000%3A00%3A01.2%2Fusb1%2F1-1%2F1-1%3A1.0%2F0003%3A0627%3A0001.0001%2Fdriver%2F0003%3A0627%3A0001.0001%2Fdriver%2F0003%3A0627%3A0001.0001%2Fdriver%2F0003%3A0627%3A0001.0001%2Fsubsystem%2Fdevices%2F0003%3A0627%3A0001.0001%2Fdriver%2F0003%3A0627%3A0001.0001%2Fdriver%2F0003%3A0627%3A0001.0001%2Fsubsystem%2Fdrivers%2Fhid-generic%2F0003%3A0627%3A0001.0001%2Fdriver%2F0003%3A0627%3A0001.0001%2Finput%2Finput5%2Fevent4%2Fsubsystem%2Finput4%2Fevent2%2Fsubsystem%2Fmouse1%2Fpower HTTP/1.1" 200 72295 "-" "Mozilla/5.0 AppleWebKit/537.36 (KHTML, like Gecko; compatible; GPTBot/1.2; +https://openai.com/gptbot)"
20.171.207.62 - - [08/Jun/2025:07:12:53 -0600] "GET /dist/images/mask/guide/cn/step1.jpg?path=%2F%2Fsys%2Fbus%2Fplatform%2Fdrivers%2Ffw_cfg%2FQEMU0002%3A00%2Ffirmware_node%2Fsubsystem%2Fdevices%2FLNXSYBUS%3A00%2FPNP0A03%3A00%2Fphysical_node%2F0000%3A00%3A01.2%2Fusb1%2F1-1%2F1-1%3A1.0%2F0003%3A0627%3A0001.0001%2Fdriver%2F0003%3A0627%3A0001.0001%2Fdriver%2F0003%3A0627%3A0001.0001%2Fdriver%2F0003%3A0627%3A0001.0001%2Fsubsystem%2Fdevices%2F0003%3A0627%3A0001.0001%2Fdriver%2F0003%3A0627%3A0001.0001%2Fsubsystem%2Fdrivers%2Fhid-generic%2F0003%3A0627%3A0001.0001%2Fdriver%2F0003%3A0627%3A0001.0001%2Fsubsystem%2Fdevices%2F0003%3A0627%3A0001.0001%2Finput%2Finput5%2Fmouse2%2Fsubsystem%2Finput5%2Fsubsystem%2Fevent5 HTTP/1.1" 200 31231 "-" "Mozilla/5.0 AppleWebKit/537.36 (KHTML, like Gecko; compatible; GPTBot/1.2; +https://openai.com/gptbot)"
20.171.207.62 - - [08/Jun/2025:07:12:56 -0600] "GET /dist/images/mask/guide/cn/step1.jpg?path=%2F%2Fsys%2Fbus%2Fplatform%2Fdrivers%2Ffw_cfg%2FQEMU0002%3A00%2Ffirmware_node%2Fsubsystem%2Fdevices%2FLNXSYBUS%3A00%2FPNP0A03%3A00%2Fphysical_node%2F0000%3A00%3A01.2%2Fusb1%2F1-1%2F1-1%3A1.0%2F0003%3A0627%3A0001.0001%2Fdriver%2F0003%3A0627%3A0001.0001%2Fdriver%2F0003%3A0627%3A0001.0001%2Fdriver%2F0003%3A0627%3A0001.0001%2Fsubsystem%2Fdevices%2F0003%3A0627%3A0001.0001%2Fdriver%2F0003%3A0627%3A0001.0001%2Fsubsystem%2Fdrivers%2Fhid-generic%2F0003%3A0627%3A0001.0001%2Fdriver%2F0003%3A0627%3A0001.0001%2Fsubsystem%2Fdevices%2F0003%3A0627%3A0001.0001%2Finput%2Finput5%2Fmouse2%2Fsubsystem%2Finput5%2Fsubsystem%2Fmouse0 HTTP/1.1" 200 31231 "-" "Mozilla/5.0 AppleWebKit/537.36 (KHTML, like Gecko; compatible; GPTBot/1.2; +https://openai.com/gptbot)"
20.171.207.167 - - [08/Jun/2025:07:12:53 -0600] "GET /dist/images/mask/guide/cn/step1.jpg?path=%2F%2Fsys%2Fbus%2Fplatform%2Fdrivers%2Ffw_cfg%2FQEMU0002%3A00%2Ffirmware_node%2Fsubsystem%2Fdevices%2FLNXSYBUS%3A00%2FPNP0A03%3A00%2Fphysical_node%2F0000%3A00%3A01.2%2Fusb1%2F1-1%2F1-1%3A1.0%2F0003%3A0627%3A0001.0001%2Fdriver%2F0003%3A0627%3A0001.0001%2Fdriver%2F0003%3A0627%3A0001.0001%2Fdriver%2F0003%3A0627%3A0001.0001%2Fsubsystem%2Fdevices%2F0003%3A0627%3A0001.0001%2Fdriver%2F0003%3A0627%3A0001.0001%2Fdriver%2F0003%3A0627%3A0001.0001%2Fdriver%2F0003%3A0627%3A0001.0001%2Finput%2Finput5%2Fdevice%2Finput%2Finput5%2Fmouse2%2Fsubsystem%2Fevent3%2Fsubsystem%2Finput5 HTTP/1.1" 200 87183 "-" "Mozilla/5.0 AppleWebKit/537.36 (KHTML, like Gecko; compatible; GPTBot/1.2; +https://openai.com/gptbot)"
20.171.207.105 - - [08/Jun/2025:07:12:53 -0600] "GET /dist/images/mask/bg1.jpg?path=%2Fhome%2Ftsgmexic%2Fmail%2F.mario.cur.1465511709_H192249P7519_aker_webserversystems_com%2CS%3D34005%3A2%2CS%2Fnew HTTP/1.1" 200 44901 "-" "Mozilla/5.0 AppleWebKit/537.36 (KHTML, like Gecko; compatible; GPTBot/1.2; +https://openai.com/gptbot)"
20.171.207.166 - - [08/Jun/2025:07:12:54 -0600] "GET /?path=%2Fhome%2Ftsgmexic%2F4pie.com.mx%2Fwp-content%2Fuploads%2Fgravity_forms%2Fh%2Fb%2Fc%2Fh HTTP/1.1" 200 58514 "-" "Mozilla/5.0 AppleWebKit/537.36 (KHTML, like Gecko; compatible; GPTBot/1.2; +https://openai.com/gptbot)"
20.171.207.56 - - [08/Jun/2025:07:12:54 -0600] "GET /?path=%2Fhome%2Ftsgmexic%2F4pie.com.mx%2Fwp-content%2Fuploads%2Fgravity_forms%2Fg%2Fh HTTP/1.1" 200 67786 "-" "Mozilla/5.0 AppleWebKit/537.36 (KHTML, like Gecko; compatible; GPTBot/1.2; +https://openai.com/gptbot)"
20.171.207.62 - - [08/Jun/2025:07:12:59 -0600] "GET /dist/images/mask/guide/cn/step1.jpg?path=%2F%2Fsys%2Fbus%2Fplatform%2Fdrivers%2Ffw_cfg%2FQEMU0002%3A00%2Ffirmware_node%2Fsubsystem%2Fdevices%2FLNXSYBUS%3A00%2FPNP0A03%3A00%2Fphysical_node%2F0000%3A00%3A01.2%2Fusb1%2F1-1%2F1-1%3A1.0%2F0003%3A0627%3A0001.0001%2Fdriver%2F0003%3A0627%3A0001.0001%2Fdriver%2F0003%3A0627%3A0001.0001%2Fdriver%2F0003%3A0627%3A0001.0001%2Fsubsystem%2Fdevices%2F0003%3A0627%3A0001.0001%2Fdriver%2F0003%3A0627%3A0001.0001%2Fsubsystem%2Fdrivers%2Fhid-generic%2F0003%3A0627%3A0001.0001%2Fdriver%2F0003%3A0627%3A0001.0001%2Fsubsystem%2Fdevices%2F0003%3A0627%3A0001.0001%2Finput%2Finput5%2Fmouse2%2Fsubsystem%2Finput5%2Fsubsystem%2Fevent4 HTTP/1.1" 200 31231 "-" "Mozilla/5.0 AppleWebKit/537.36 (KHTML, like Gecko; compatible; GPTBot/1.2; +https://openai.com/gptbot)"
20.171.207.167 - - [08/Jun/2025:07:12:57 -0600] "GET /dist/images/mask/guide/cn/step1.jpg?path=%2F%2Fsys%2Fbus%2Fplatform%2Fdrivers%2Ffw_cfg%2FQEMU0002%3A00%2Ffirmware_node%2Fsubsystem%2Fdevices%2FLNXSYBUS%3A00%2FPNP0A03%3A00%2Fphysical_node%2F0000%3A00%3A01.2%2Fusb1%2F1-1%2F1-1%3A1.0%2F0003%3A0627%3A0001.0001%2Fdriver%2F0003%3A0627%3A0001.0001%2Fdriver%2F0003%3A0627%3A0001.0001%2Fdriver%2F0003%3A0627%3A0001.0001%2Fsubsystem%2Fdevices%2F0003%3A0627%3A0001.0001%2Fdriver%2F0003%3A0627%3A0001.0001%2Fdriver%2F0003%3A0627%3A0001.0001%2Finput%2Finput5%2Fdevice%2Fdriver%2F0003%3A0627%3A0001.0001%2Finput%2Finput5%2Fmouse2%2Fsubsystem%2Finput1%2Fsubsystem%2Finput5 HTTP/1.1" 200 87142 "-" "Mozilla/5.0 AppleWebKit/537.36 (KHTML, like Gecko; compatible; GPTBot/1.2; +https://openai.com/gptbot)"
20.171.207.105 - - [08/Jun/2025:07:12:57 -0600] "GET /dist/images/mask/bg1.jpg?path=%2Fhome%2Ftsgmexic%2Fmail%2F.mario.cur.1465511709_H192249P7519_aker_webserversystems_com%2CS%3D34005%3A2%2CS%2Ftmp HTTP/1.1" 200 44901 "-" "Mozilla/5.0 AppleWebKit/537.36 (KHTML, like Gecko; compatible; GPTBot/1.2; +https://openai.com/gptbot)"
20.171.207.56 - - [08/Jun/2025:07:13:02 -0600] "GET /?path=%2Fhome%2Ftsgmexic%2F4pie.com.mx%2Fwp-content%2Fuploads%2Fgravity_forms%2Fg%2Fg HTTP/1.1" 200 66628 "-" "Mozilla/5.0 AppleWebKit/537.36 (KHTML, like Gecko; compatible; GPTBot/1.2; +https://openai.com/gptbot)"
20.171.207.166 - - [08/Jun/2025:07:13:00 -0600] "GET /?path=%2Fhome%2Ftsgmexic%2F4pie.com.mx%2Fwp-content%2Fuploads%2Fgravity_forms%2Fh%2Fb%2Fc%2Fg HTTP/1.1" 200 58514 "-" "Mozilla/5.0 AppleWebKit/537.36 (KHTML, like Gecko; compatible; GPTBot/1.2; +https://openai.com/gptbot)"
20.171.207.62 - - [08/Jun/2025:07:13:01 -0600] "GET /dist/images/mask/guide/cn/step1.jpg?path=%2F%2Fsys%2Fbus%2Fplatform%2Fdrivers%2Ffw_cfg%2FQEMU0002%3A00%2Ffirmware_node%2Fsubsystem%2Fdevices%2FLNXSYBUS%3A00%2FPNP0A03%3A00%2Fphysical_node%2F0000%3A00%3A01.2%2Fusb1%2F1-1%2F1-1%3A1.0%2F0003%3A0627%3A0001.0001%2Fdriver%2F0003%3A0627%3A0001.0001%2Fdriver%2F0003%3A0627%3A0001.0001%2Fdriver%2F0003%3A0627%3A0001.0001%2Fsubsystem%2Fdevices%2F0003%3A0627%3A0001.0001%2Fdriver%2F0003%3A0627%3A0001.0001%2Fsubsystem%2Fdrivers%2Fhid-generic%2F0003%3A0627%3A0001.0001%2Fdriver%2F0003%3A0627%3A0001.0001%2Fsubsystem%2Fdevices%2F0003%3A0627%3A0001.0001%2Finput%2Finput5%2Fmouse2%2Fsubsystem%2Finput5%2Fsubsystem%2Fevent1 HTTP/1.1" 200 31231 "-" "Mozilla/5.0 AppleWebKit/537.36 (KHTML, like Gecko; compatible; GPTBot/1.2; +https://openai.com/gptbot)"
20.171.207.105 - - [08/Jun/2025:07:13:02 -0600] "GET /dist/images/mask/bg1.jpg?path=%2Fhome%2Ftsgmexic%2Fmail%2F.mario.cur.1465510832_H389883P2648_aker_webserversystems_com%2CS%3D44653%3A2%2CS%2Ftmp HTTP/1.1" 200 44901 "-" "Mozilla/5.0 AppleWebKit/537.36 (KHTML, like Gecko; compatible; GPTBot/1.2; +https://openai.com/gptbot)"
20.171.207.167 - - [08/Jun/2025:07:13:01 -0600] "GET /dist/images/mask/guide/cn/step1.jpg?path=%2F%2Fsys%2Fbus%2Fplatform%2Fdrivers%2Ffw_cfg%2FQEMU0002%3A00%2Ffirmware_node%2Fsubsystem%2Fdevices%2FLNXSYBUS%3A00%2FPNP0A03%3A00%2Fphysical_node%2F0000%3A00%3A01.2%2Fusb1%2F1-1%2F1-1%3A1.0%2F0003%3A0627%3A0001.0001%2Fdriver%2F0003%3A0627%3A0001.0001%2Fdriver%2F0003%3A0627%3A0001.0001%2Fdriver%2F0003%3A0627%3A0001.0001%2Fsubsystem%2Fdevices%2F0003%3A0627%3A0001.0001%2Fdriver%2F0003%3A0627%3A0001.0001%2Fdriver%2F0003%3A0627%3A0001.0001%2Fsubsystem%2Fdrivers%2Fhid-generic%2F0003%3A0627%3A0001.0001%2Fdriver%2F0003%3A0627%3A0001.0001%2Finput%2Finput5%2Fevent4%2Fsubsystem%2Fevent0%2Fsubsystem%2Finput4%2Fevent2%2Fdevice HTTP/1.1" 200 90994 "-" "Mozilla/5.0 AppleWebKit/537.36 (KHTML, like Gecko; compatible; GPTBot/1.2; +https://openai.com/gptbot)"
20.171.207.62 - - [08/Jun/2025:07:13:05 -0600] "GET /dist/images/mask/guide/cn/step1.jpg?path=%2F%2Fsys%2Fbus%2Fplatform%2Fdrivers%2Ffw_cfg%2FQEMU0002%3A00%2Ffirmware_node%2Fsubsystem%2Fdevices%2FLNXSYBUS%3A00%2FPNP0A03%3A00%2Fphysical_node%2F0000%3A00%3A01.2%2Fusb1%2F1-1%2F1-1%3A1.0%2F0003%3A0627%3A0001.0001%2Fdriver%2F0003%3A0627%3A0001.0001%2Fdriver%2F0003%3A0627%3A0001.0001%2Fdriver%2F0003%3A0627%3A0001.0001%2Fsubsystem%2Fdevices%2F0003%3A0627%3A0001.0001%2Fdriver%2F0003%3A0627%3A0001.0001%2Fsubsystem%2Fdrivers%2Fhid-generic%2F0003%3A0627%3A0001.0001%2Fdriver%2F0003%3A0627%3A0001.0001%2Fsubsystem%2Fdevices%2F0003%3A0627%3A0001.0001%2Finput%2Finput5%2Fmouse2%2Fsubsystem%2Finput5%2Fsubsystem%2Fevent3 HTTP/1.1" 200 31231 "-" "Mozilla/5.0 AppleWebKit/537.36 (KHTML, like Gecko; compatible; GPTBot/1.2; +https://openai.com/gptbot)"
20.171.207.105 - - [08/Jun/2025:07:13:08 -0600] "GET /dist/images/mask/bg1.jpg?path=%2Fhome%2Ftsgmexic%2Fmail%2F.nax.cur.1465831576_H545412P10121_aker_webserversystems_com%2CS%3D131706%3A2%2CS%2Fcur HTTP/1.1" 200 44901 "-" "Mozilla/5.0 AppleWebKit/537.36 (KHTML, like Gecko; compatible; GPTBot/1.2; +https://openai.com/gptbot)"
20.171.207.166 - - [08/Jun/2025:07:13:05 -0600] "GET /?path=%2Fhome%2Ftsgmexic%2F4pie.com.mx%2Fwp-content%2Fuploads%2Fgravity_forms%2Fh%2Fb%2Fa%2Fe HTTP/1.1" 200 58514 "-" "Mozilla/5.0 AppleWebKit/537.36 (KHTML, like Gecko; compatible; GPTBot/1.2; +https://openai.com/gptbot)"
20.171.207.62 - - [08/Jun/2025:07:13:10 -0600] "GET /dist/images/mask/guide/cn/step1.jpg?path=%2F%2Fsys%2Fbus%2Fplatform%2Fdrivers%2Ffw_cfg%2FQEMU0002%3A00%2Ffirmware_node%2Fsubsystem%2Fdevices%2FLNXSYBUS%3A00%2FPNP0A03%3A00%2Fphysical_node%2F0000%3A00%3A01.2%2Fusb1%2F1-1%2F1-1%3A1.0%2F0003%3A0627%3A0001.0001%2Fdriver%2F0003%3A0627%3A0001.0001%2Fdriver%2F0003%3A0627%3A0001.0001%2Fdriver%2F0003%3A0627%3A0001.0001%2Fsubsystem%2Fdevices%2F0003%3A0627%3A0001.0001%2Fdriver%2F0003%3A0627%3A0001.0001%2Fsubsystem%2Fdrivers%2Fhid-generic%2F0003%3A0627%3A0001.0001%2Fdriver%2F0003%3A0627%3A0001.0001%2Fsubsystem%2Fdevices%2F0003%3A0627%3A0001.0001%2Finput%2Finput5%2Fmouse2%2Fsubsystem%2Finput5%2Fsubsystem%2Fmice HTTP/1.1" 200 28911 "-" "Mozilla/5.0 AppleWebKit/537.36 (KHTML, like Gecko; compatible; GPTBot/1.2; +https://openai.com/gptbot)"
20.171.207.167 - - [08/Jun/2025:07:13:07 -0600] "GET /dist/images/mask/guide/cn/step1.jpg?path=%2F%2Fsys%2Fbus%2Fplatform%2Fdrivers%2Ffw_cfg%2FQEMU0002%3A00%2Ffirmware_node%2Fsubsystem%2Fdevices%2FLNXSYBUS%3A00%2FPNP0A03%3A00%2Fphysical_node%2F0000%3A00%3A01.2%2Fusb1%2F1-1%2F1-1%3A1.0%2F0003%3A0627%3A0001.0001%2Fdriver%2F0003%3A0627%3A0001.0001%2Fdriver%2F0003%3A0627%3A0001.0001%2Fdriver%2F0003%3A0627%3A0001.0001%2Fsubsystem%2Fdevices%2F0003%3A0627%3A0001.0001%2Fsubsystem%2Fdevices%2F0003%3A0627%3A0001.0001%2Fdriver%2F0003%3A0627%3A0001.0001%2Finput%2Finput5%2Fdevice%2Fdriver%2F0003%3A0627%3A0001.0001%2Fdriver%2F0003%3A0627%3A0001.0001%2Finput%2Finput5%2Fsubsystem%2Finput4%2Fmouse0%2Fdevice%2Fsubsystem HTTP/1.1" 200 94170 "-" "Mozilla/5.0 AppleWebKit/537.36 (KHTML, like Gecko; compatible; GPTBot/1.2; +https://openai.com/gptbot)"
20.171.207.166 - - [08/Jun/2025:07:13:10 -0600] "GET /?path=%2Fhome%2Ftsgmexic%2F4pie.com.mx%2Fwp-content%2Fuploads%2Fgravity_forms%2Fh%2Ff%2Fb%2Fa HTTP/1.1" 200 58514 "-" "Mozilla/5.0 AppleWebKit/537.36 (KHTML, like Gecko; compatible; GPTBot/1.2; +https://openai.com/gptbot)"
20.171.207.56 - - [08/Jun/2025:07:13:09 -0600] "GET /?path=%2Fhome%2Ftsgmexic%2F4pie.com.mx%2Fwp-content%2Fuploads%2Fgravity_forms%2Fg%2Fc HTTP/1.1" 200 66628 "-" "Mozilla/5.0 AppleWebKit/537.36 (KHTML, like Gecko; compatible; GPTBot/1.2; +https://openai.com/gptbot)"
20.171.207.167 - - [08/Jun/2025:07:13:13 -0600] "GET /dist/images/mask/guide/cn/step1.jpg?path=%2F%2Fsys%2Fbus%2Fplatform%2Fdrivers%2Ffw_cfg%2FQEMU0002%3A00%2Ffirmware_node%2Fsubsystem%2Fdevices%2FLNXSYBUS%3A00%2FPNP0A03%3A00%2Fphysical_node%2F0000%3A00%3A01.2%2Fusb1%2F1-1%2F1-1%3A1.0%2F0003%3A0627%3A0001.0001%2Fdriver%2F0003%3A0627%3A0001.0001%2Fdriver%2F0003%3A0627%3A0001.0001%2Fdriver%2F0003%3A0627%3A0001.0001%2Fsubsystem%2Fdevices%2F0003%3A0627%3A0001.0001%2Fdriver%2F0003%3A0627%3A0001.0001%2Fdriver%2F0003%3A0627%3A0001.0001%2Fsubsystem%2Fdrivers%2Fhid-generic%2F0003%3A0627%3A0001.0001%2Fdriver%2F0003%3A0627%3A0001.0001%2Finput%2Finput5%2Fsubsystem%2Finput5%2Fsubsystem%2Fevent1%2Fsubsystem%2Fmice HTTP/1.1" 200 67614 "-" "Mozilla/5.0 AppleWebKit/537.36 (KHTML, like Gecko; compatible; GPTBot/1.2; +https://openai.com/gptbot)"
142.171.127.176 - - [08/Jun/2025:07:13:16 -0600] "POST /wp-cron.php?doing_wp_cron=1749388396.4453420639038085937500 HTTP/1.1" 403 23958 "-" "WordPress/6.8; https://4pie.com.mx"
20.171.207.166 - - [08/Jun/2025:07:13:16 -0600] "GET /?path=%2Fhome%2Ftsgmexic%2F4pie.com.mx%2Fwp-content%2Fuploads%2Fgravity_forms%2Fh%2Ff%2Fd%2Fc HTTP/1.1" 200 59687 "-" "Mozilla/5.0 AppleWebKit/537.36 (KHTML, like Gecko; compatible; GPTBot/1.2; +https://openai.com/gptbot)"
20.171.207.105 - - [08/Jun/2025:07:13:13 -0600] "GET /dist/images/mask/bg1.jpg?path=%2Fhome%2Ftsgmexic%2Fmail%2F.mario.cur.1465818592_H1073P11486_aker_webserversystems_com%2CS%3D65998%3A2%2CS%2Fnew HTTP/1.1" 200 44895 "-" "Mozilla/5.0 AppleWebKit/537.36 (KHTML, like Gecko; compatible; GPTBot/1.2; +https://openai.com/gptbot)"
20.171.207.56 - - [08/Jun/2025:07:13:15 -0600] "GET /?path=%2Fhome%2Ftsgmexic%2F4pie.com.mx%2Fwp-content%2Fuploads%2Fgravity_forms%2Fg%2Fa HTTP/1.1" 200 66628 "-" "Mozilla/5.0 AppleWebKit/537.36 (KHTML, like Gecko; compatible; GPTBot/1.2; +https://openai.com/gptbot)"
